The Swift Package Index logo.Swift Package Index

Build Information

Failed to build swift-midi-sync, reference 1.0.1 (74ea63), with Swift 6.1 for Wasm on 25 Jun 2026 05:12:59 UTC.

Build Command

bash -c docker run --pull=always --rm -v "checkouts-53886770-0":/host -w "$PWD" -e JAVA_HOME="/root/.sdkman/candidates/java/current" -e SPI_BUILD="1" -e SPI_PROCESSING="1" registry.gitlab.com/swiftpackageindex/spi-images:wasm-6.1-latest swift build --swift-sdk wasm32-unknown-wasi 2>&1

Build Log

========================================
RunAll
========================================
Builder version: 4071e0796c748d991a0123890d2f0ecadc8fcc8c
Interrupt handler set up.
========================================
Checkout
========================================
Clone URL: https://github.com/orchetect/swift-midi-sync.git
Reference: 1.0.1
Initialized empty Git repository in /host/spi-builder-workspace/.git/
hint: Using 'master' as the name for the initial branch. This default branch name
hint: is subject to change. To configure the initial branch name to use in all
hint: of your new repositories, which will suppress this warning, call:
hint:
hint: 	git config --global init.defaultBranch <name>
hint:
hint: Names commonly chosen instead of 'master' are 'main', 'trunk' and
hint: 'development'. The just-created branch can be renamed via this command:
hint:
hint: 	git branch -m <name>
From https://github.com/orchetect/swift-midi-sync
 * tag               1.0.1      -> FETCH_HEAD
HEAD is now at 74ea638 Updated README
Cloned https://github.com/orchetect/swift-midi-sync.git
Revision (git rev-parse @):
74ea63824304a5b90d2f33159213155636065007
SPI manifest file found: $PWD/.spi.yml
SUCCESS checkout https://github.com/orchetect/swift-midi-sync.git at 1.0.1
========================================
Build
========================================
Selected platform:         wasm
Swift version:             6.1
Building package at path:  $PWD
https://github.com/orchetect/swift-midi-sync.git
https://github.com/orchetect/swift-midi-sync.git
WARNING: environment variable SUPPRESS_SWIFT_6_FLAGS is not set
Running build ...
bash -c docker run --pull=always --rm -v "checkouts-53886770-0":/host -w "$PWD" -e JAVA_HOME="/root/.sdkman/candidates/java/current" -e SPI_BUILD="1" -e SPI_PROCESSING="1" registry.gitlab.com/swiftpackageindex/spi-images:wasm-6.1-latest swift build --swift-sdk wasm32-unknown-wasi -Xswiftc -Xfrontend -Xswiftc -stats-output-dir -Xswiftc -Xfrontend -Xswiftc .stats -Xswiftc -strict-concurrency=complete -Xswiftc -enable-upcoming-feature -Xswiftc StrictConcurrency -Xswiftc -enable-upcoming-feature -Xswiftc DisableOutwardActorInference -Xswiftc -enable-upcoming-feature -Xswiftc GlobalActorIsolatedTypesUsability -Xswiftc -enable-upcoming-feature -Xswiftc InferSendableFromCaptures 2>&1
wasm-6.1-latest: Pulling from swiftpackageindex/spi-images
Digest: sha256:87277f180438764e0763769462b4e00642129a1e8364b1cdaa91f88fde66785b
Status: Image is up to date for registry.gitlab.com/swiftpackageindex/spi-images:wasm-6.1-latest
Fetching https://github.com/orchetect/swift-timecode
Fetching https://github.com/orchetect/swift-midi-core
Fetching https://github.com/orchetect/swift-testing-extensions
[1/1635] Fetching swift-midi-core
[1113/28699] Fetching swift-midi-core, swift-timecode
[17063/29843] Fetching swift-midi-core, swift-timecode, swift-testing-extensions
Fetched https://github.com/orchetect/swift-testing-extensions from cache (0.63s)
[22475/28699] Fetching swift-midi-core, swift-timecode
Fetched https://github.com/orchetect/swift-midi-core from cache (0.89s)
Fetched https://github.com/orchetect/swift-timecode from cache (0.90s)
Computing version for https://github.com/orchetect/swift-testing-extensions
Computed https://github.com/orchetect/swift-testing-extensions at 0.3.0 (1.13s)
Fetching https://github.com/swiftlang/swift-syntax.git
Fetching https://github.com/tsolomko/SWCompression
[1/17957] Fetching swcompression
[12931/93700] Fetching swcompression, swift-syntax
Fetched https://github.com/tsolomko/SWCompression from cache (0.96s)
[17421/75743] Fetching swift-syntax
Fetched https://github.com/swiftlang/swift-syntax.git from cache (2.46s)
Computing version for https://github.com/orchetect/swift-timecode
Computed https://github.com/orchetect/swift-timecode at 3.1.2 (3.39s)
Computing version for https://github.com/orchetect/swift-midi-core
Computed https://github.com/orchetect/swift-midi-core at 1.0.2 (0.27s)
Computing version for https://github.com/tsolomko/SWCompression
Computed https://github.com/tsolomko/SWCompression at 4.9.1 (0.20s)
Fetching https://github.com/tsolomko/BitByteData
[1/3278] Fetching bitbytedata
Fetched https://github.com/tsolomko/BitByteData from cache (0.42s)
Computing version for https://github.com/tsolomko/BitByteData
Computed https://github.com/tsolomko/BitByteData at 2.1.0 (0.62s)
Computing version for https://github.com/swiftlang/swift-syntax.git
Computed https://github.com/swiftlang/swift-syntax.git at 603.0.2 (0.30s)
Creating working copy for https://github.com/orchetect/swift-timecode
Working copy of https://github.com/orchetect/swift-timecode resolved at 3.1.2
Creating working copy for https://github.com/swiftlang/swift-syntax.git
Working copy of https://github.com/swiftlang/swift-syntax.git resolved at 603.0.2
Creating working copy for https://github.com/orchetect/swift-midi-core
Working copy of https://github.com/orchetect/swift-midi-core resolved at 1.0.2
Creating working copy for https://github.com/tsolomko/BitByteData
Working copy of https://github.com/tsolomko/BitByteData resolved at 2.1.0
Creating working copy for https://github.com/orchetect/swift-testing-extensions
Working copy of https://github.com/orchetect/swift-testing-extensions resolved at 0.3.0
Creating working copy for https://github.com/tsolomko/SWCompression
Working copy of https://github.com/tsolomko/SWCompression resolved at 4.9.1
Building for debugging...
[0/8] Write sources
[4/8] Write swift-version-24593BA9C3E375BF.txt
error: emit-module command failed with exit code 1 (use -v to see invocation)
[6/101] Emitting module SwiftMIDIInternals
<unknown>:0: warning: upcoming feature 'InferSendableFromCaptures' is already enabled as of Swift version 6
<unknown>:0: warning: upcoming feature 'GlobalActorIsolatedTypesUsability' is already enabled as of Swift version 6
<unknown>:0: warning: upcoming feature 'DisableOutwardActorInference' is already enabled as of Swift version 6
/host/spi-builder-workspace/.build/checkouts/swift-midi-core/Sources/SwiftMIDIInternals/Utilities/SafeDispatchTimer.swift:7:8: error: no such module 'Dispatch'
  5 | //
  6 |
  7 | import Dispatch
    |        `- error: no such module 'Dispatch'
  8 | import Foundation
  9 |
error: emit-module command failed with exit code 1 (use -v to see invocation)
[7/103] Emitting module SwiftTimecodeCore
/host/spi-builder-workspace/.build/checkouts/swift-timecode/Sources/SwiftTimecodeCore/Utilities/Outsourced/FloatingPoint and Darwin.swift:83:36: error: 'Float80' is unavailable: Float80 is not available on target platform.
81 |     /// (Functional convenience method)
82 |     @_disfavoredOverload
83 |     package func power(_ exponent: Float80) -> Float80 {
   |                                    `- error: 'Float80' is unavailable: Float80 is not available on target platform.
84 |         powl(self, exponent)
85 |     }
Swift.Float80:2:23: note: 'Float80' has been explicitly marked unavailable here
1 | @available(*, unavailable, message: "Float80 is not available on target platform.")
2 | @frozen public struct Float80 {
  |                       `- note: 'Float80' has been explicitly marked unavailable here
3 |     public init()
4 | }
/host/spi-builder-workspace/.build/checkouts/swift-timecode/Sources/SwiftTimecodeCore/Utilities/Outsourced/FloatingPoint and Darwin.swift:83:48: error: 'Float80' is unavailable: Float80 is not available on target platform.
81 |     /// (Functional convenience method)
82 |     @_disfavoredOverload
83 |     package func power(_ exponent: Float80) -> Float80 {
   |                                                `- error: 'Float80' is unavailable: Float80 is not available on target platform.
84 |         powl(self, exponent)
85 |     }
Swift.Float80:2:23: note: 'Float80' has been explicitly marked unavailable here
1 | @available(*, unavailable, message: "Float80 is not available on target platform.")
2 | @frozen public struct Float80 {
  |                       `- note: 'Float80' has been explicitly marked unavailable here
3 |     public init()
4 | }
/host/spi-builder-workspace/.build/checkouts/swift-timecode/Sources/SwiftTimecodeCore/Utilities/Outsourced/FloatingPoint and Darwin.swift:79:11: error: 'Float80' is unavailable: Float80 is not available on target platform.
77 |
78 | #if !(arch(arm64) || arch(arm) || os(watchOS)) // Float80 is now removed for ARM
79 | extension Float80: FloatingPointPowerComputable {
   |           `- error: 'Float80' is unavailable: Float80 is not available on target platform.
80 |     /// Same as `powl()`
81 |     /// (Functional convenience method)
Swift.Float80:2:23: note: 'Float80' has been explicitly marked unavailable here
1 | @available(*, unavailable, message: "Float80 is not available on target platform.")
2 | @frozen public struct Float80 {
  |                       `- note: 'Float80' has been explicitly marked unavailable here
3 |     public init()
4 | }
[8/113] Compiling SwiftTimecodeCore SwiftTimecodeCore-API-2.3.0.swift
<unknown>:0: warning: upcoming feature 'InferSendableFromCaptures' is already enabled as of Swift version 6
<unknown>:0: warning: upcoming feature 'GlobalActorIsolatedTypesUsability' is already enabled as of Swift version 6
<unknown>:0: warning: upcoming feature 'DisableOutwardActorInference' is already enabled as of Swift version 6
/host/spi-builder-workspace/.build/checkouts/swift-midi-core/Sources/SwiftMIDIInternals/Utilities/SafeDispatchTimer.swift:7:8: error: no such module 'Dispatch'
  5 | //
  6 |
  7 | import Dispatch
    |        `- error: no such module 'Dispatch'
  8 | import Foundation
  9 |
[9/113] Compiling SwiftTimecodeCore SwiftTimecodeCore-API-2.3.1.swift
<unknown>:0: warning: upcoming feature 'InferSendableFromCaptures' is already enabled as of Swift version 6
<unknown>:0: warning: upcoming feature 'GlobalActorIsolatedTypesUsability' is already enabled as of Swift version 6
<unknown>:0: warning: upcoming feature 'DisableOutwardActorInference' is already enabled as of Swift version 6
/host/spi-builder-workspace/.build/checkouts/swift-midi-core/Sources/SwiftMIDIInternals/Utilities/SafeDispatchTimer.swift:7:8: error: no such module 'Dispatch'
  5 | //
  6 |
  7 | import Dispatch
    |        `- error: no such module 'Dispatch'
  8 | import Foundation
  9 |
[10/113] Compiling SwiftTimecodeCore SwiftTimecodeCore-API-2.3.2.swift
<unknown>:0: warning: upcoming feature 'InferSendableFromCaptures' is already enabled as of Swift version 6
<unknown>:0: warning: upcoming feature 'GlobalActorIsolatedTypesUsability' is already enabled as of Swift version 6
<unknown>:0: warning: upcoming feature 'DisableOutwardActorInference' is already enabled as of Swift version 6
/host/spi-builder-workspace/.build/checkouts/swift-midi-core/Sources/SwiftMIDIInternals/Utilities/SafeDispatchTimer.swift:7:8: error: no such module 'Dispatch'
  5 | //
  6 |
  7 | import Dispatch
    |        `- error: no such module 'Dispatch'
  8 | import Foundation
  9 |
[11/113] Compiling SwiftTimecodeCore CMTimeRange Extensions.swift
<unknown>:0: warning: upcoming feature 'InferSendableFromCaptures' is already enabled as of Swift version 6
<unknown>:0: warning: upcoming feature 'GlobalActorIsolatedTypesUsability' is already enabled as of Swift version 6
<unknown>:0: warning: upcoming feature 'DisableOutwardActorInference' is already enabled as of Swift version 6
/host/spi-builder-workspace/.build/checkouts/swift-midi-core/Sources/SwiftMIDIInternals/Utilities/SafeDispatchTimer.swift:7:8: error: no such module 'Dispatch'
  5 | //
  6 |
  7 | import Dispatch
    |        `- error: no such module 'Dispatch'
  8 | import Foundation
  9 |
[12/113] Compiling SwiftTimecodeCore FeetAndFrames.swift
<unknown>:0: warning: upcoming feature 'InferSendableFromCaptures' is already enabled as of Swift version 6
<unknown>:0: warning: upcoming feature 'GlobalActorIsolatedTypesUsability' is already enabled as of Swift version 6
<unknown>:0: warning: upcoming feature 'DisableOutwardActorInference' is already enabled as of Swift version 6
/host/spi-builder-workspace/.build/checkouts/swift-midi-core/Sources/SwiftMIDIInternals/Utilities/SafeDispatchTimer.swift:7:8: error: no such module 'Dispatch'
  5 | //
  6 |
  7 | import Dispatch
    |        `- error: no such module 'Dispatch'
  8 | import Foundation
  9 |
[13/113] Compiling SwiftTimecodeCore Fraction CMTime.swift
<unknown>:0: warning: upcoming feature 'InferSendableFromCaptures' is already enabled as of Swift version 6
<unknown>:0: warning: upcoming feature 'GlobalActorIsolatedTypesUsability' is already enabled as of Swift version 6
<unknown>:0: warning: upcoming feature 'DisableOutwardActorInference' is already enabled as of Swift version 6
/host/spi-builder-workspace/.build/checkouts/swift-midi-core/Sources/SwiftMIDIInternals/Utilities/SafeDispatchTimer.swift:7:8: error: no such module 'Dispatch'
  5 | //
  6 |
  7 | import Dispatch
    |        `- error: no such module 'Dispatch'
  8 | import Foundation
  9 |
[14/113] Compiling SwiftTimecodeCore Timecode Validation.swift
<unknown>:0: warning: upcoming feature 'InferSendableFromCaptures' is already enabled as of Swift version 6
<unknown>:0: warning: upcoming feature 'GlobalActorIsolatedTypesUsability' is already enabled as of Swift version 6
<unknown>:0: warning: upcoming feature 'DisableOutwardActorInference' is already enabled as of Swift version 6
/host/spi-builder-workspace/.build/checkouts/swift-midi-core/Sources/SwiftMIDIInternals/Utilities/SafeDispatchTimer.swift:7:8: error: no such module 'Dispatch'
  5 | //
  6 |
  7 | import Dispatch
    |        `- error: no such module 'Dispatch'
  8 | import Foundation
  9 |
[15/113] Compiling SwiftTimecodeCore Timecode init.swift
<unknown>:0: warning: upcoming feature 'InferSendableFromCaptures' is already enabled as of Swift version 6
<unknown>:0: warning: upcoming feature 'GlobalActorIsolatedTypesUsability' is already enabled as of Swift version 6
<unknown>:0: warning: upcoming feature 'DisableOutwardActorInference' is already enabled as of Swift version 6
/host/spi-builder-workspace/.build/checkouts/swift-midi-core/Sources/SwiftMIDIInternals/Utilities/SafeDispatchTimer.swift:7:8: error: no such module 'Dispatch'
  5 | //
  6 |
  7 | import Dispatch
    |        `- error: no such module 'Dispatch'
  8 | import Foundation
  9 |
[16/113] Compiling SwiftTimecodeCore Timecode Math Public.swift
<unknown>:0: warning: upcoming feature 'InferSendableFromCaptures' is already enabled as of Swift version 6
<unknown>:0: warning: upcoming feature 'GlobalActorIsolatedTypesUsability' is already enabled as of Swift version 6
<unknown>:0: warning: upcoming feature 'DisableOutwardActorInference' is already enabled as of Swift version 6
/host/spi-builder-workspace/.build/checkouts/swift-midi-core/Sources/SwiftMIDIInternals/Utilities/SafeDispatchTimer.swift:7:8: error: no such module 'Dispatch'
  5 | //
  6 |
  7 | import Dispatch
    |        `- error: no such module 'Dispatch'
  8 | import Foundation
  9 |
[17/113] Compiling SwiftTimecodeCore SubFramesBase.swift
<unknown>:0: warning: upcoming feature 'InferSendableFromCaptures' is already enabled as of Swift version 6
<unknown>:0: warning: upcoming feature 'GlobalActorIsolatedTypesUsability' is already enabled as of Swift version 6
<unknown>:0: warning: upcoming feature 'DisableOutwardActorInference' is already enabled as of Swift version 6
/host/spi-builder-workspace/.build/checkouts/swift-midi-core/Sources/SwiftMIDIInternals/Utilities/SafeDispatchTimer.swift:7:8: error: no such module 'Dispatch'
  5 | //
  6 |
  7 | import Dispatch
    |        `- error: no such module 'Dispatch'
  8 | import Foundation
  9 |
[18/113] Compiling SwiftTimecodeCore Timecode Conversion.swift
<unknown>:0: warning: upcoming feature 'InferSendableFromCaptures' is already enabled as of Swift version 6
<unknown>:0: warning: upcoming feature 'GlobalActorIsolatedTypesUsability' is already enabled as of Swift version 6
<unknown>:0: warning: upcoming feature 'DisableOutwardActorInference' is already enabled as of Swift version 6
/host/spi-builder-workspace/.build/checkouts/swift-midi-core/Sources/SwiftMIDIInternals/Utilities/SafeDispatchTimer.swift:7:8: error: no such module 'Dispatch'
  5 | //
  6 |
  7 | import Dispatch
    |        `- error: no such module 'Dispatch'
  8 | import Foundation
  9 |
[19/113] Compiling SwiftTimecodeCore Timecode Properties.swift
<unknown>:0: warning: upcoming feature 'InferSendableFromCaptures' is already enabled as of Swift version 6
<unknown>:0: warning: upcoming feature 'GlobalActorIsolatedTypesUsability' is already enabled as of Swift version 6
<unknown>:0: warning: upcoming feature 'DisableOutwardActorInference' is already enabled as of Swift version 6
/host/spi-builder-workspace/.build/checkouts/swift-midi-core/Sources/SwiftMIDIInternals/Utilities/SafeDispatchTimer.swift:7:8: error: no such module 'Dispatch'
  5 | //
  6 |
  7 | import Dispatch
    |        `- error: no such module 'Dispatch'
  8 | import Foundation
  9 |
[20/113] Compiling SwiftTimecodeCore Integers.swift
[21/113] Compiling SwiftTimecodeCore NSAttributedString.swift
[22/113] Compiling SwiftTimecodeCore Ranges.swift
[23/113] Compiling SwiftTimecodeCore String and NSRegularExpression.swift
[24/113] Compiling SwiftTimecodeCore RangeAttribute.swift
[25/113] Compiling SwiftTimecodeCore URL.swift
[26/113] Compiling SwiftTimecodeCore VideoFrameRate Conversions.swift
[27/113] Compiling SwiftTimecodeCore VideoFrameRate Properties.swift
[28/113] Compiling SwiftTimecodeCore VideoFrameRate String Extensions.swift
[29/113] Compiling SwiftTimecodeCore VideoFrameRate.swift
[36/113] Compiling SwiftTimecodeCore Fraction.swift
[37/113] Compiling SwiftTimecodeCore FrameRateProtocol Properties.swift
[38/113] Compiling SwiftTimecodeCore Timecode Zero.swift
<unknown>:0: warning: upcoming feature 'InferSendableFromCaptures' is already enabled as of Swift version 6
<unknown>:0: warning: upcoming feature 'GlobalActorIsolatedTypesUsability' is already enabled as of Swift version 6
<unknown>:0: warning: upcoming feature 'DisableOutwardActorInference' is already enabled as of Swift version 6
/host/spi-builder-workspace/.build/checkouts/swift-midi-core/Sources/SwiftMIDIInternals/Utilities/SafeDispatchTimer.swift:7:8: error: no such module 'Dispatch'
  5 | //
  6 |
  7 | import Dispatch
    |        `- error: no such module 'Dispatch'
  8 | import Foundation
  9 |
[39/113] Compiling SwiftTimecodeCore StringFormat.swift
<unknown>:0: warning: upcoming feature 'InferSendableFromCaptures' is already enabled as of Swift version 6
<unknown>:0: warning: upcoming feature 'GlobalActorIsolatedTypesUsability' is already enabled as of Swift version 6
<unknown>:0: warning: upcoming feature 'DisableOutwardActorInference' is already enabled as of Swift version 6
/host/spi-builder-workspace/.build/checkouts/swift-midi-core/Sources/SwiftMIDIInternals/Utilities/SafeDispatchTimer.swift:7:8: error: no such module 'Dispatch'
  5 | //
  6 |
  7 | import Dispatch
    |        `- error: no such module 'Dispatch'
  8 | import Foundation
  9 |
[40/113] Compiling SwiftTimecodeCore StringFormatOption.swift
<unknown>:0: warning: upcoming feature 'InferSendableFromCaptures' is already enabled as of Swift version 6
<unknown>:0: warning: upcoming feature 'GlobalActorIsolatedTypesUsability' is already enabled as of Swift version 6
<unknown>:0: warning: upcoming feature 'DisableOutwardActorInference' is already enabled as of Swift version 6
/host/spi-builder-workspace/.build/checkouts/swift-midi-core/Sources/SwiftMIDIInternals/Utilities/SafeDispatchTimer.swift:7:8: error: no such module 'Dispatch'
  5 | //
  6 |
  7 | import Dispatch
    |        `- error: no such module 'Dispatch'
  8 | import Foundation
  9 |
[41/113] Compiling SwiftTimecodeCore FrameRateProtocol.swift
[42/113] Compiling SwiftTimecodeCore SwiftTimecodeCore.swift
<unknown>:0: warning: upcoming feature 'InferSendableFromCaptures' is already enabled as of Swift version 6
<unknown>:0: warning: upcoming feature 'GlobalActorIsolatedTypesUsability' is already enabled as of Swift version 6
<unknown>:0: warning: upcoming feature 'DisableOutwardActorInference' is already enabled as of Swift version 6
/host/spi-builder-workspace/.build/checkouts/swift-midi-core/Sources/SwiftMIDIInternals/Utilities/SafeDispatchTimer.swift:7:8: error: no such module 'Dispatch'
  5 | //
  6 |
  7 | import Dispatch
    |        `- error: no such module 'Dispatch'
  8 | import Foundation
  9 |
[44/113] Compiling SwiftTimecodeCore Timecode String.swift
<unknown>:0: warning: upcoming feature 'InferSendableFromCaptures' is already enabled as of Swift version 6
<unknown>:0: warning: upcoming feature 'GlobalActorIsolatedTypesUsability' is already enabled as of Swift version 6
<unknown>:0: warning: upcoming feature 'DisableOutwardActorInference' is already enabled as of Swift version 6
/host/spi-builder-workspace/.build/checkouts/swift-midi-core/Sources/SwiftMIDIInternals/Utilities/SafeDispatchTimer.swift:7:8: error: no such module 'Dispatch'
  5 | //
  6 |
  7 | import Dispatch
    |        `- error: no such module 'Dispatch'
  8 | import Foundation
  9 |
[45/113] Compiling SwiftTimecodeCore Timecode TimecodeInterval.swift
<unknown>:0: warning: upcoming feature 'InferSendableFromCaptures' is already enabled as of Swift version 6
<unknown>:0: warning: upcoming feature 'GlobalActorIsolatedTypesUsability' is already enabled as of Swift version 6
<unknown>:0: warning: upcoming feature 'DisableOutwardActorInference' is already enabled as of Swift version 6
/host/spi-builder-workspace/.build/checkouts/swift-midi-core/Sources/SwiftMIDIInternals/Utilities/SafeDispatchTimer.swift:7:8: error: no such module 'Dispatch'
  5 | //
  6 |
  7 | import Dispatch
    |        `- error: no such module 'Dispatch'
  8 | import Foundation
  9 |
<unknown>:0: warning: upcoming feature 'InferSendableFromCaptures' is already enabled as of Swift version 6
<unknown>:0: warning: upcoming feature 'GlobalActorIsolatedTypesUsability' is already enabled as of Swift version 6
<unknown>:0: warning: upcoming feature 'DisableOutwardActorInference' is already enabled as of Swift version 6
/host/spi-builder-workspace/.build/checkouts/swift-midi-core/Sources/SwiftMIDIInternals/Utilities/SafeDispatchTimer.swift:7:8: error: no such module 'Dispatch'
  5 | //
  6 |
  7 | import Dispatch
    |        `- error: no such module 'Dispatch'
  8 | import Foundation
  9 |
<unknown>:0: warning: upcoming feature 'InferSendableFromCaptures' is already enabled as of Swift version 6
<unknown>:0: warning: upcoming feature 'GlobalActorIsolatedTypesUsability' is already enabled as of Swift version 6
<unknown>:0: warning: upcoming feature 'DisableOutwardActorInference' is already enabled as of Swift version 6
/host/spi-builder-workspace/.build/checkouts/swift-midi-core/Sources/SwiftMIDIInternals/Utilities/SafeDispatchTimer.swift:7:8: error: no such module 'Dispatch'
  5 | //
  6 |
  7 | import Dispatch
    |        `- error: no such module 'Dispatch'
  8 | import Foundation
  9 |
<unknown>:0: warning: upcoming feature 'InferSendableFromCaptures' is already enabled as of Swift version 6
<unknown>:0: warning: upcoming feature 'GlobalActorIsolatedTypesUsability' is already enabled as of Swift version 6
<unknown>:0: warning: upcoming feature 'DisableOutwardActorInference' is already enabled as of Swift version 6
/host/spi-builder-workspace/.build/checkouts/swift-midi-core/Sources/SwiftMIDIInternals/Utilities/SafeDispatchTimer.swift:7:8: error: no such module 'Dispatch'
  5 | //
  6 |
  7 | import Dispatch
    |        `- error: no such module 'Dispatch'
  8 | import Foundation
  9 |
[49/113] Compiling SwiftMIDIInternals ThreadSynchronizedValue.swift
<unknown>:0: warning: upcoming feature 'InferSendableFromCaptures' is already enabled as of Swift version 6
<unknown>:0: warning: upcoming feature 'GlobalActorIsolatedTypesUsability' is already enabled as of Swift version 6
<unknown>:0: warning: upcoming feature 'DisableOutwardActorInference' is already enabled as of Swift version 6
/host/spi-builder-workspace/.build/checkouts/swift-midi-core/Sources/SwiftMIDIInternals/Utilities/SafeDispatchTimer.swift:7:8: error: no such module 'Dispatch'
  5 | //
  6 |
  7 | import Dispatch
    |        `- error: no such module 'Dispatch'
  8 | import Foundation
  9 |
[50/113] Compiling SwiftMIDIInternals Utilities.swift
<unknown>:0: warning: upcoming feature 'InferSendableFromCaptures' is already enabled as of Swift version 6
<unknown>:0: warning: upcoming feature 'GlobalActorIsolatedTypesUsability' is already enabled as of Swift version 6
<unknown>:0: warning: upcoming feature 'DisableOutwardActorInference' is already enabled as of Swift version 6
/host/spi-builder-workspace/.build/checkouts/swift-midi-core/Sources/SwiftMIDIInternals/Utilities/SafeDispatchTimer.swift:7:8: error: no such module 'Dispatch'
  5 | //
  6 |
  7 | import Dispatch
    |        `- error: no such module 'Dispatch'
  8 | import Foundation
  9 |
[51/113] Compiling SwiftTimecodeCore Component.swift
[52/113] Compiling SwiftTimecodeCore ComponentRanges.swift
[53/113] Compiling SwiftTimecodeCore Components.swift
[54/113] Compiling SwiftTimecodeCore NSItemProvider.swift
[55/113] Compiling SwiftTimecodeCore Transferable.swift
[56/113] Compiling SwiftTimecodeCore UTType.swift
[57/113] Compiling SwiftTimecodeCore Errors.swift
[58/113] Compiling SwiftTimecodeCore FrameCount Value.swift
[59/113] Compiling SwiftTimecodeCore FrameCount.swift
[60/113] Compiling SwiftTimecodeCore Timecode Math Internal.swift
[61/113] Compiling SwiftTimecodeCore Timecode set.swift
[62/113] Compiling SwiftTimecodeCore Timecode.swift
[63/113] Compiling SwiftTimecodeCore UpperLimit.swift
[64/113] Compiling SwiftTimecodeCore TimecodeFrameRate CompatibleGroup.swift
[65/113] Compiling SwiftTimecodeCore TimecodeFrameRate Conversions.swift
[66/113] Compiling SwiftTimecodeCore TimecodeFrameRate Formats.swift
[67/113] Compiling SwiftTimecodeCore TimecodeFrameRate Properties.swift
[68/113] Compiling SwiftTimecodeCore TimecodeFrameRate.swift
[69/113] Compiling SwiftTimecodeCore TimecodeInterval Rational CMTime.swift
[70/113] Compiling SwiftTimecodeCore TimecodeInterval Rational.swift
[71/113] Compiling SwiftTimecodeCore TimecodeInterval Real Time.swift
/host/spi-builder-workspace/.build/checkouts/swift-timecode/Sources/SwiftTimecodeCore/Utilities/Outsourced/FloatingPoint and Darwin.swift:83:36: error: 'Float80' is unavailable: Float80 is not available on target platform.
81 |     /// (Functional convenience method)
82 |     @_disfavoredOverload
83 |     package func power(_ exponent: Float80) -> Float80 {
   |                                    `- error: 'Float80' is unavailable: Float80 is not available on target platform.
84 |         powl(self, exponent)
85 |     }
Swift.Float80:2:23: note: 'Float80' has been explicitly marked unavailable here
1 | @available(*, unavailable, message: "Float80 is not available on target platform.")
2 | @frozen public struct Float80 {
  |                       `- note: 'Float80' has been explicitly marked unavailable here
3 |     public init()
4 | }
/host/spi-builder-workspace/.build/checkouts/swift-timecode/Sources/SwiftTimecodeCore/Utilities/Outsourced/FloatingPoint and Darwin.swift:83:48: error: 'Float80' is unavailable: Float80 is not available on target platform.
81 |     /// (Functional convenience method)
82 |     @_disfavoredOverload
83 |     package func power(_ exponent: Float80) -> Float80 {
   |                                                `- error: 'Float80' is unavailable: Float80 is not available on target platform.
84 |         powl(self, exponent)
85 |     }
Swift.Float80:2:23: note: 'Float80' has been explicitly marked unavailable here
1 | @available(*, unavailable, message: "Float80 is not available on target platform.")
2 | @frozen public struct Float80 {
  |                       `- note: 'Float80' has been explicitly marked unavailable here
3 |     public init()
4 | }
/host/spi-builder-workspace/.build/checkouts/swift-timecode/Sources/SwiftTimecodeCore/Utilities/Outsourced/FloatingPoint and Darwin.swift:79:11: error: 'Float80' is unavailable: Float80 is not available on target platform.
77 |
78 | #if !(arch(arm64) || arch(arm) || os(watchOS)) // Float80 is now removed for ARM
79 | extension Float80: FloatingPointPowerComputable {
   |           `- error: 'Float80' is unavailable: Float80 is not available on target platform.
80 |     /// Same as `powl()`
81 |     /// (Functional convenience method)
Swift.Float80:2:23: note: 'Float80' has been explicitly marked unavailable here
1 | @available(*, unavailable, message: "Float80 is not available on target platform.")
2 | @frozen public struct Float80 {
  |                       `- note: 'Float80' has been explicitly marked unavailable here
3 |     public init()
4 | }
/host/spi-builder-workspace/.build/checkouts/swift-timecode/Sources/SwiftTimecodeCore/Utilities/Outsourced/FloatingPoint and Darwin.swift:65:9: error: cannot find 'pow' in scope
63 |     @_disfavoredOverload
64 |     package func power(_ exponent: Double) -> Double {
65 |         pow(self, exponent)
   |         `- error: cannot find 'pow' in scope
66 |     }
67 | }
/host/spi-builder-workspace/.build/checkouts/swift-timecode/Sources/SwiftTimecodeCore/Utilities/Outsourced/FloatingPoint and Darwin.swift:74:9: error: cannot find 'powf' in scope
72 |     @_disfavoredOverload
73 |     package func power(_ exponent: Float) -> Float {
74 |         powf(self, exponent)
   |         `- error: cannot find 'powf' in scope
75 |     }
76 | }
/host/spi-builder-workspace/.build/checkouts/swift-timecode/Sources/SwiftTimecodeCore/Utilities/Outsourced/FloatingPoint and Darwin.swift:84:9: error: cannot find 'powl' in scope
82 |     @_disfavoredOverload
83 |     package func power(_ exponent: Float80) -> Float80 {
84 |         powl(self, exponent)
   |         `- error: cannot find 'powl' in scope
85 |     }
86 | }
[72/113] Compiling SwiftTimecodeCore TimecodeInterval Unary Operators.swift
/host/spi-builder-workspace/.build/checkouts/swift-timecode/Sources/SwiftTimecodeCore/Utilities/Outsourced/FloatingPoint and Darwin.swift:83:36: error: 'Float80' is unavailable: Float80 is not available on target platform.
81 |     /// (Functional convenience method)
82 |     @_disfavoredOverload
83 |     package func power(_ exponent: Float80) -> Float80 {
   |                                    `- error: 'Float80' is unavailable: Float80 is not available on target platform.
84 |         powl(self, exponent)
85 |     }
Swift.Float80:2:23: note: 'Float80' has been explicitly marked unavailable here
1 | @available(*, unavailable, message: "Float80 is not available on target platform.")
2 | @frozen public struct Float80 {
  |                       `- note: 'Float80' has been explicitly marked unavailable here
3 |     public init()
4 | }
/host/spi-builder-workspace/.build/checkouts/swift-timecode/Sources/SwiftTimecodeCore/Utilities/Outsourced/FloatingPoint and Darwin.swift:83:48: error: 'Float80' is unavailable: Float80 is not available on target platform.
81 |     /// (Functional convenience method)
82 |     @_disfavoredOverload
83 |     package func power(_ exponent: Float80) -> Float80 {
   |                                                `- error: 'Float80' is unavailable: Float80 is not available on target platform.
84 |         powl(self, exponent)
85 |     }
Swift.Float80:2:23: note: 'Float80' has been explicitly marked unavailable here
1 | @available(*, unavailable, message: "Float80 is not available on target platform.")
2 | @frozen public struct Float80 {
  |                       `- note: 'Float80' has been explicitly marked unavailable here
3 |     public init()
4 | }
/host/spi-builder-workspace/.build/checkouts/swift-timecode/Sources/SwiftTimecodeCore/Utilities/Outsourced/FloatingPoint and Darwin.swift:79:11: error: 'Float80' is unavailable: Float80 is not available on target platform.
77 |
78 | #if !(arch(arm64) || arch(arm) || os(watchOS)) // Float80 is now removed for ARM
79 | extension Float80: FloatingPointPowerComputable {
   |           `- error: 'Float80' is unavailable: Float80 is not available on target platform.
80 |     /// Same as `powl()`
81 |     /// (Functional convenience method)
Swift.Float80:2:23: note: 'Float80' has been explicitly marked unavailable here
1 | @available(*, unavailable, message: "Float80 is not available on target platform.")
2 | @frozen public struct Float80 {
  |                       `- note: 'Float80' has been explicitly marked unavailable here
3 |     public init()
4 | }
/host/spi-builder-workspace/.build/checkouts/swift-timecode/Sources/SwiftTimecodeCore/Utilities/Outsourced/FloatingPoint and Darwin.swift:65:9: error: cannot find 'pow' in scope
63 |     @_disfavoredOverload
64 |     package func power(_ exponent: Double) -> Double {
65 |         pow(self, exponent)
   |         `- error: cannot find 'pow' in scope
66 |     }
67 | }
/host/spi-builder-workspace/.build/checkouts/swift-timecode/Sources/SwiftTimecodeCore/Utilities/Outsourced/FloatingPoint and Darwin.swift:74:9: error: cannot find 'powf' in scope
72 |     @_disfavoredOverload
73 |     package func power(_ exponent: Float) -> Float {
74 |         powf(self, exponent)
   |         `- error: cannot find 'powf' in scope
75 |     }
76 | }
/host/spi-builder-workspace/.build/checkouts/swift-timecode/Sources/SwiftTimecodeCore/Utilities/Outsourced/FloatingPoint and Darwin.swift:84:9: error: cannot find 'powl' in scope
82 |     @_disfavoredOverload
83 |     package func power(_ exponent: Float80) -> Float80 {
84 |         powl(self, exponent)
   |         `- error: cannot find 'powl' in scope
85 |     }
86 | }
[73/113] Compiling SwiftTimecodeCore TimecodeInterval.swift
/host/spi-builder-workspace/.build/checkouts/swift-timecode/Sources/SwiftTimecodeCore/Utilities/Outsourced/FloatingPoint and Darwin.swift:83:36: error: 'Float80' is unavailable: Float80 is not available on target platform.
81 |     /// (Functional convenience method)
82 |     @_disfavoredOverload
83 |     package func power(_ exponent: Float80) -> Float80 {
   |                                    `- error: 'Float80' is unavailable: Float80 is not available on target platform.
84 |         powl(self, exponent)
85 |     }
Swift.Float80:2:23: note: 'Float80' has been explicitly marked unavailable here
1 | @available(*, unavailable, message: "Float80 is not available on target platform.")
2 | @frozen public struct Float80 {
  |                       `- note: 'Float80' has been explicitly marked unavailable here
3 |     public init()
4 | }
/host/spi-builder-workspace/.build/checkouts/swift-timecode/Sources/SwiftTimecodeCore/Utilities/Outsourced/FloatingPoint and Darwin.swift:83:48: error: 'Float80' is unavailable: Float80 is not available on target platform.
81 |     /// (Functional convenience method)
82 |     @_disfavoredOverload
83 |     package func power(_ exponent: Float80) -> Float80 {
   |                                                `- error: 'Float80' is unavailable: Float80 is not available on target platform.
84 |         powl(self, exponent)
85 |     }
Swift.Float80:2:23: note: 'Float80' has been explicitly marked unavailable here
1 | @available(*, unavailable, message: "Float80 is not available on target platform.")
2 | @frozen public struct Float80 {
  |                       `- note: 'Float80' has been explicitly marked unavailable here
3 |     public init()
4 | }
/host/spi-builder-workspace/.build/checkouts/swift-timecode/Sources/SwiftTimecodeCore/Utilities/Outsourced/FloatingPoint and Darwin.swift:79:11: error: 'Float80' is unavailable: Float80 is not available on target platform.
77 |
78 | #if !(arch(arm64) || arch(arm) || os(watchOS)) // Float80 is now removed for ARM
79 | extension Float80: FloatingPointPowerComputable {
   |           `- error: 'Float80' is unavailable: Float80 is not available on target platform.
80 |     /// Same as `powl()`
81 |     /// (Functional convenience method)
Swift.Float80:2:23: note: 'Float80' has been explicitly marked unavailable here
1 | @available(*, unavailable, message: "Float80 is not available on target platform.")
2 | @frozen public struct Float80 {
  |                       `- note: 'Float80' has been explicitly marked unavailable here
3 |     public init()
4 | }
/host/spi-builder-workspace/.build/checkouts/swift-timecode/Sources/SwiftTimecodeCore/Utilities/Outsourced/FloatingPoint and Darwin.swift:65:9: error: cannot find 'pow' in scope
63 |     @_disfavoredOverload
64 |     package func power(_ exponent: Double) -> Double {
65 |         pow(self, exponent)
   |         `- error: cannot find 'pow' in scope
66 |     }
67 | }
/host/spi-builder-workspace/.build/checkouts/swift-timecode/Sources/SwiftTimecodeCore/Utilities/Outsourced/FloatingPoint and Darwin.swift:74:9: error: cannot find 'powf' in scope
72 |     @_disfavoredOverload
73 |     package func power(_ exponent: Float) -> Float {
74 |         powf(self, exponent)
   |         `- error: cannot find 'powf' in scope
75 |     }
76 | }
/host/spi-builder-workspace/.build/checkouts/swift-timecode/Sources/SwiftTimecodeCore/Utilities/Outsourced/FloatingPoint and Darwin.swift:84:9: error: cannot find 'powl' in scope
82 |     @_disfavoredOverload
83 |     package func power(_ exponent: Float80) -> Float80 {
84 |         powl(self, exponent)
   |         `- error: cannot find 'powl' in scope
85 |     }
86 | }
[74/113] Compiling SwiftTimecodeCore TimecodeTransformer.swift
/host/spi-builder-workspace/.build/checkouts/swift-timecode/Sources/SwiftTimecodeCore/Utilities/Outsourced/FloatingPoint and Darwin.swift:83:36: error: 'Float80' is unavailable: Float80 is not available on target platform.
81 |     /// (Functional convenience method)
82 |     @_disfavoredOverload
83 |     package func power(_ exponent: Float80) -> Float80 {
   |                                    `- error: 'Float80' is unavailable: Float80 is not available on target platform.
84 |         powl(self, exponent)
85 |     }
Swift.Float80:2:23: note: 'Float80' has been explicitly marked unavailable here
1 | @available(*, unavailable, message: "Float80 is not available on target platform.")
2 | @frozen public struct Float80 {
  |                       `- note: 'Float80' has been explicitly marked unavailable here
3 |     public init()
4 | }
/host/spi-builder-workspace/.build/checkouts/swift-timecode/Sources/SwiftTimecodeCore/Utilities/Outsourced/FloatingPoint and Darwin.swift:83:48: error: 'Float80' is unavailable: Float80 is not available on target platform.
81 |     /// (Functional convenience method)
82 |     @_disfavoredOverload
83 |     package func power(_ exponent: Float80) -> Float80 {
   |                                                `- error: 'Float80' is unavailable: Float80 is not available on target platform.
84 |         powl(self, exponent)
85 |     }
Swift.Float80:2:23: note: 'Float80' has been explicitly marked unavailable here
1 | @available(*, unavailable, message: "Float80 is not available on target platform.")
2 | @frozen public struct Float80 {
  |                       `- note: 'Float80' has been explicitly marked unavailable here
3 |     public init()
4 | }
/host/spi-builder-workspace/.build/checkouts/swift-timecode/Sources/SwiftTimecodeCore/Utilities/Outsourced/FloatingPoint and Darwin.swift:79:11: error: 'Float80' is unavailable: Float80 is not available on target platform.
77 |
78 | #if !(arch(arm64) || arch(arm) || os(watchOS)) // Float80 is now removed for ARM
79 | extension Float80: FloatingPointPowerComputable {
   |           `- error: 'Float80' is unavailable: Float80 is not available on target platform.
80 |     /// Same as `powl()`
81 |     /// (Functional convenience method)
Swift.Float80:2:23: note: 'Float80' has been explicitly marked unavailable here
1 | @available(*, unavailable, message: "Float80 is not available on target platform.")
2 | @frozen public struct Float80 {
  |                       `- note: 'Float80' has been explicitly marked unavailable here
3 |     public init()
4 | }
/host/spi-builder-workspace/.build/checkouts/swift-timecode/Sources/SwiftTimecodeCore/Utilities/Outsourced/FloatingPoint and Darwin.swift:65:9: error: cannot find 'pow' in scope
63 |     @_disfavoredOverload
64 |     package func power(_ exponent: Double) -> Double {
65 |         pow(self, exponent)
   |         `- error: cannot find 'pow' in scope
66 |     }
67 | }
/host/spi-builder-workspace/.build/checkouts/swift-timecode/Sources/SwiftTimecodeCore/Utilities/Outsourced/FloatingPoint and Darwin.swift:74:9: error: cannot find 'powf' in scope
72 |     @_disfavoredOverload
73 |     package func power(_ exponent: Float) -> Float {
74 |         powf(self, exponent)
   |         `- error: cannot find 'powf' in scope
75 |     }
76 | }
/host/spi-builder-workspace/.build/checkouts/swift-timecode/Sources/SwiftTimecodeCore/Utilities/Outsourced/FloatingPoint and Darwin.swift:84:9: error: cannot find 'powl' in scope
82 |     @_disfavoredOverload
83 |     package func power(_ exponent: Float80) -> Float80 {
84 |         powl(self, exponent)
   |         `- error: cannot find 'powl' in scope
85 |     }
86 | }
[75/113] Compiling SwiftTimecodeCore CharacterSet.swift
/host/spi-builder-workspace/.build/checkouts/swift-timecode/Sources/SwiftTimecodeCore/Utilities/Outsourced/FloatingPoint and Darwin.swift:83:36: error: 'Float80' is unavailable: Float80 is not available on target platform.
81 |     /// (Functional convenience method)
82 |     @_disfavoredOverload
83 |     package func power(_ exponent: Float80) -> Float80 {
   |                                    `- error: 'Float80' is unavailable: Float80 is not available on target platform.
84 |         powl(self, exponent)
85 |     }
Swift.Float80:2:23: note: 'Float80' has been explicitly marked unavailable here
1 | @available(*, unavailable, message: "Float80 is not available on target platform.")
2 | @frozen public struct Float80 {
  |                       `- note: 'Float80' has been explicitly marked unavailable here
3 |     public init()
4 | }
/host/spi-builder-workspace/.build/checkouts/swift-timecode/Sources/SwiftTimecodeCore/Utilities/Outsourced/FloatingPoint and Darwin.swift:83:48: error: 'Float80' is unavailable: Float80 is not available on target platform.
81 |     /// (Functional convenience method)
82 |     @_disfavoredOverload
83 |     package func power(_ exponent: Float80) -> Float80 {
   |                                                `- error: 'Float80' is unavailable: Float80 is not available on target platform.
84 |         powl(self, exponent)
85 |     }
Swift.Float80:2:23: note: 'Float80' has been explicitly marked unavailable here
1 | @available(*, unavailable, message: "Float80 is not available on target platform.")
2 | @frozen public struct Float80 {
  |                       `- note: 'Float80' has been explicitly marked unavailable here
3 |     public init()
4 | }
/host/spi-builder-workspace/.build/checkouts/swift-timecode/Sources/SwiftTimecodeCore/Utilities/Outsourced/FloatingPoint and Darwin.swift:79:11: error: 'Float80' is unavailable: Float80 is not available on target platform.
77 |
78 | #if !(arch(arm64) || arch(arm) || os(watchOS)) // Float80 is now removed for ARM
79 | extension Float80: FloatingPointPowerComputable {
   |           `- error: 'Float80' is unavailable: Float80 is not available on target platform.
80 |     /// Same as `powl()`
81 |     /// (Functional convenience method)
Swift.Float80:2:23: note: 'Float80' has been explicitly marked unavailable here
1 | @available(*, unavailable, message: "Float80 is not available on target platform.")
2 | @frozen public struct Float80 {
  |                       `- note: 'Float80' has been explicitly marked unavailable here
3 |     public init()
4 | }
/host/spi-builder-workspace/.build/checkouts/swift-timecode/Sources/SwiftTimecodeCore/Utilities/Outsourced/FloatingPoint and Darwin.swift:65:9: error: cannot find 'pow' in scope
63 |     @_disfavoredOverload
64 |     package func power(_ exponent: Double) -> Double {
65 |         pow(self, exponent)
   |         `- error: cannot find 'pow' in scope
66 |     }
67 | }
/host/spi-builder-workspace/.build/checkouts/swift-timecode/Sources/SwiftTimecodeCore/Utilities/Outsourced/FloatingPoint and Darwin.swift:74:9: error: cannot find 'powf' in scope
72 |     @_disfavoredOverload
73 |     package func power(_ exponent: Float) -> Float {
74 |         powf(self, exponent)
   |         `- error: cannot find 'powf' in scope
75 |     }
76 | }
/host/spi-builder-workspace/.build/checkouts/swift-timecode/Sources/SwiftTimecodeCore/Utilities/Outsourced/FloatingPoint and Darwin.swift:84:9: error: cannot find 'powl' in scope
82 |     @_disfavoredOverload
83 |     package func power(_ exponent: Float80) -> Float80 {
84 |         powl(self, exponent)
   |         `- error: cannot find 'powl' in scope
85 |     }
86 | }
[76/113] Compiling SwiftTimecodeCore Decimal.swift
/host/spi-builder-workspace/.build/checkouts/swift-timecode/Sources/SwiftTimecodeCore/Utilities/Outsourced/FloatingPoint and Darwin.swift:83:36: error: 'Float80' is unavailable: Float80 is not available on target platform.
81 |     /// (Functional convenience method)
82 |     @_disfavoredOverload
83 |     package func power(_ exponent: Float80) -> Float80 {
   |                                    `- error: 'Float80' is unavailable: Float80 is not available on target platform.
84 |         powl(self, exponent)
85 |     }
Swift.Float80:2:23: note: 'Float80' has been explicitly marked unavailable here
1 | @available(*, unavailable, message: "Float80 is not available on target platform.")
2 | @frozen public struct Float80 {
  |                       `- note: 'Float80' has been explicitly marked unavailable here
3 |     public init()
4 | }
/host/spi-builder-workspace/.build/checkouts/swift-timecode/Sources/SwiftTimecodeCore/Utilities/Outsourced/FloatingPoint and Darwin.swift:83:48: error: 'Float80' is unavailable: Float80 is not available on target platform.
81 |     /// (Functional convenience method)
82 |     @_disfavoredOverload
83 |     package func power(_ exponent: Float80) -> Float80 {
   |                                                `- error: 'Float80' is unavailable: Float80 is not available on target platform.
84 |         powl(self, exponent)
85 |     }
Swift.Float80:2:23: note: 'Float80' has been explicitly marked unavailable here
1 | @available(*, unavailable, message: "Float80 is not available on target platform.")
2 | @frozen public struct Float80 {
  |                       `- note: 'Float80' has been explicitly marked unavailable here
3 |     public init()
4 | }
/host/spi-builder-workspace/.build/checkouts/swift-timecode/Sources/SwiftTimecodeCore/Utilities/Outsourced/FloatingPoint and Darwin.swift:79:11: error: 'Float80' is unavailable: Float80 is not available on target platform.
77 |
78 | #if !(arch(arm64) || arch(arm) || os(watchOS)) // Float80 is now removed for ARM
79 | extension Float80: FloatingPointPowerComputable {
   |           `- error: 'Float80' is unavailable: Float80 is not available on target platform.
80 |     /// Same as `powl()`
81 |     /// (Functional convenience method)
Swift.Float80:2:23: note: 'Float80' has been explicitly marked unavailable here
1 | @available(*, unavailable, message: "Float80 is not available on target platform.")
2 | @frozen public struct Float80 {
  |                       `- note: 'Float80' has been explicitly marked unavailable here
3 |     public init()
4 | }
/host/spi-builder-workspace/.build/checkouts/swift-timecode/Sources/SwiftTimecodeCore/Utilities/Outsourced/FloatingPoint and Darwin.swift:65:9: error: cannot find 'pow' in scope
63 |     @_disfavoredOverload
64 |     package func power(_ exponent: Double) -> Double {
65 |         pow(self, exponent)
   |         `- error: cannot find 'pow' in scope
66 |     }
67 | }
/host/spi-builder-workspace/.build/checkouts/swift-timecode/Sources/SwiftTimecodeCore/Utilities/Outsourced/FloatingPoint and Darwin.swift:74:9: error: cannot find 'powf' in scope
72 |     @_disfavoredOverload
73 |     package func power(_ exponent: Float) -> Float {
74 |         powf(self, exponent)
   |         `- error: cannot find 'powf' in scope
75 |     }
76 | }
/host/spi-builder-workspace/.build/checkouts/swift-timecode/Sources/SwiftTimecodeCore/Utilities/Outsourced/FloatingPoint and Darwin.swift:84:9: error: cannot find 'powl' in scope
82 |     @_disfavoredOverload
83 |     package func power(_ exponent: Float80) -> Float80 {
84 |         powl(self, exponent)
   |         `- error: cannot find 'powl' in scope
85 |     }
86 | }
[77/113] Compiling SwiftTimecodeCore FloatingPoint and Darwin.swift
/host/spi-builder-workspace/.build/checkouts/swift-timecode/Sources/SwiftTimecodeCore/Utilities/Outsourced/FloatingPoint and Darwin.swift:83:36: error: 'Float80' is unavailable: Float80 is not available on target platform.
81 |     /// (Functional convenience method)
82 |     @_disfavoredOverload
83 |     package func power(_ exponent: Float80) -> Float80 {
   |                                    `- error: 'Float80' is unavailable: Float80 is not available on target platform.
84 |         powl(self, exponent)
85 |     }
Swift.Float80:2:23: note: 'Float80' has been explicitly marked unavailable here
1 | @available(*, unavailable, message: "Float80 is not available on target platform.")
2 | @frozen public struct Float80 {
  |                       `- note: 'Float80' has been explicitly marked unavailable here
3 |     public init()
4 | }
/host/spi-builder-workspace/.build/checkouts/swift-timecode/Sources/SwiftTimecodeCore/Utilities/Outsourced/FloatingPoint and Darwin.swift:83:48: error: 'Float80' is unavailable: Float80 is not available on target platform.
81 |     /// (Functional convenience method)
82 |     @_disfavoredOverload
83 |     package func power(_ exponent: Float80) -> Float80 {
   |                                                `- error: 'Float80' is unavailable: Float80 is not available on target platform.
84 |         powl(self, exponent)
85 |     }
Swift.Float80:2:23: note: 'Float80' has been explicitly marked unavailable here
1 | @available(*, unavailable, message: "Float80 is not available on target platform.")
2 | @frozen public struct Float80 {
  |                       `- note: 'Float80' has been explicitly marked unavailable here
3 |     public init()
4 | }
/host/spi-builder-workspace/.build/checkouts/swift-timecode/Sources/SwiftTimecodeCore/Utilities/Outsourced/FloatingPoint and Darwin.swift:79:11: error: 'Float80' is unavailable: Float80 is not available on target platform.
77 |
78 | #if !(arch(arm64) || arch(arm) || os(watchOS)) // Float80 is now removed for ARM
79 | extension Float80: FloatingPointPowerComputable {
   |           `- error: 'Float80' is unavailable: Float80 is not available on target platform.
80 |     /// Same as `powl()`
81 |     /// (Functional convenience method)
Swift.Float80:2:23: note: 'Float80' has been explicitly marked unavailable here
1 | @available(*, unavailable, message: "Float80 is not available on target platform.")
2 | @frozen public struct Float80 {
  |                       `- note: 'Float80' has been explicitly marked unavailable here
3 |     public init()
4 | }
/host/spi-builder-workspace/.build/checkouts/swift-timecode/Sources/SwiftTimecodeCore/Utilities/Outsourced/FloatingPoint and Darwin.swift:65:9: error: cannot find 'pow' in scope
63 |     @_disfavoredOverload
64 |     package func power(_ exponent: Double) -> Double {
65 |         pow(self, exponent)
   |         `- error: cannot find 'pow' in scope
66 |     }
67 | }
/host/spi-builder-workspace/.build/checkouts/swift-timecode/Sources/SwiftTimecodeCore/Utilities/Outsourced/FloatingPoint and Darwin.swift:74:9: error: cannot find 'powf' in scope
72 |     @_disfavoredOverload
73 |     package func power(_ exponent: Float) -> Float {
74 |         powf(self, exponent)
   |         `- error: cannot find 'powf' in scope
75 |     }
76 | }
/host/spi-builder-workspace/.build/checkouts/swift-timecode/Sources/SwiftTimecodeCore/Utilities/Outsourced/FloatingPoint and Darwin.swift:84:9: error: cannot find 'powl' in scope
82 |     @_disfavoredOverload
83 |     package func power(_ exponent: Float80) -> Float80 {
84 |         powl(self, exponent)
   |         `- error: cannot find 'powl' in scope
85 |     }
86 | }
[78/113] Compiling SwiftTimecodeCore FloatingPoint and Foundation.swift
/host/spi-builder-workspace/.build/checkouts/swift-timecode/Sources/SwiftTimecodeCore/Utilities/Outsourced/FloatingPoint and Darwin.swift:83:36: error: 'Float80' is unavailable: Float80 is not available on target platform.
81 |     /// (Functional convenience method)
82 |     @_disfavoredOverload
83 |     package func power(_ exponent: Float80) -> Float80 {
   |                                    `- error: 'Float80' is unavailable: Float80 is not available on target platform.
84 |         powl(self, exponent)
85 |     }
Swift.Float80:2:23: note: 'Float80' has been explicitly marked unavailable here
1 | @available(*, unavailable, message: "Float80 is not available on target platform.")
2 | @frozen public struct Float80 {
  |                       `- note: 'Float80' has been explicitly marked unavailable here
3 |     public init()
4 | }
/host/spi-builder-workspace/.build/checkouts/swift-timecode/Sources/SwiftTimecodeCore/Utilities/Outsourced/FloatingPoint and Darwin.swift:83:48: error: 'Float80' is unavailable: Float80 is not available on target platform.
81 |     /// (Functional convenience method)
82 |     @_disfavoredOverload
83 |     package func power(_ exponent: Float80) -> Float80 {
   |                                                `- error: 'Float80' is unavailable: Float80 is not available on target platform.
84 |         powl(self, exponent)
85 |     }
Swift.Float80:2:23: note: 'Float80' has been explicitly marked unavailable here
1 | @available(*, unavailable, message: "Float80 is not available on target platform.")
2 | @frozen public struct Float80 {
  |                       `- note: 'Float80' has been explicitly marked unavailable here
3 |     public init()
4 | }
/host/spi-builder-workspace/.build/checkouts/swift-timecode/Sources/SwiftTimecodeCore/Utilities/Outsourced/FloatingPoint and Darwin.swift:79:11: error: 'Float80' is unavailable: Float80 is not available on target platform.
77 |
78 | #if !(arch(arm64) || arch(arm) || os(watchOS)) // Float80 is now removed for ARM
79 | extension Float80: FloatingPointPowerComputable {
   |           `- error: 'Float80' is unavailable: Float80 is not available on target platform.
80 |     /// Same as `powl()`
81 |     /// (Functional convenience method)
Swift.Float80:2:23: note: 'Float80' has been explicitly marked unavailable here
1 | @available(*, unavailable, message: "Float80 is not available on target platform.")
2 | @frozen public struct Float80 {
  |                       `- note: 'Float80' has been explicitly marked unavailable here
3 |     public init()
4 | }
/host/spi-builder-workspace/.build/checkouts/swift-timecode/Sources/SwiftTimecodeCore/Utilities/Outsourced/FloatingPoint and Darwin.swift:65:9: error: cannot find 'pow' in scope
63 |     @_disfavoredOverload
64 |     package func power(_ exponent: Double) -> Double {
65 |         pow(self, exponent)
   |         `- error: cannot find 'pow' in scope
66 |     }
67 | }
/host/spi-builder-workspace/.build/checkouts/swift-timecode/Sources/SwiftTimecodeCore/Utilities/Outsourced/FloatingPoint and Darwin.swift:74:9: error: cannot find 'powf' in scope
72 |     @_disfavoredOverload
73 |     package func power(_ exponent: Float) -> Float {
74 |         powf(self, exponent)
   |         `- error: cannot find 'powf' in scope
75 |     }
76 | }
/host/spi-builder-workspace/.build/checkouts/swift-timecode/Sources/SwiftTimecodeCore/Utilities/Outsourced/FloatingPoint and Darwin.swift:84:9: error: cannot find 'powl' in scope
82 |     @_disfavoredOverload
83 |     package func power(_ exponent: Float80) -> Float80 {
84 |         powl(self, exponent)
   |         `- error: cannot find 'powl' in scope
85 |     }
86 | }
[79/113] Compiling SwiftTimecodeCore FloatingPoint.swift
/host/spi-builder-workspace/.build/checkouts/swift-timecode/Sources/SwiftTimecodeCore/Utilities/Outsourced/FloatingPoint and Darwin.swift:83:36: error: 'Float80' is unavailable: Float80 is not available on target platform.
81 |     /// (Functional convenience method)
82 |     @_disfavoredOverload
83 |     package func power(_ exponent: Float80) -> Float80 {
   |                                    `- error: 'Float80' is unavailable: Float80 is not available on target platform.
84 |         powl(self, exponent)
85 |     }
Swift.Float80:2:23: note: 'Float80' has been explicitly marked unavailable here
1 | @available(*, unavailable, message: "Float80 is not available on target platform.")
2 | @frozen public struct Float80 {
  |                       `- note: 'Float80' has been explicitly marked unavailable here
3 |     public init()
4 | }
/host/spi-builder-workspace/.build/checkouts/swift-timecode/Sources/SwiftTimecodeCore/Utilities/Outsourced/FloatingPoint and Darwin.swift:83:48: error: 'Float80' is unavailable: Float80 is not available on target platform.
81 |     /// (Functional convenience method)
82 |     @_disfavoredOverload
83 |     package func power(_ exponent: Float80) -> Float80 {
   |                                                `- error: 'Float80' is unavailable: Float80 is not available on target platform.
84 |         powl(self, exponent)
85 |     }
Swift.Float80:2:23: note: 'Float80' has been explicitly marked unavailable here
1 | @available(*, unavailable, message: "Float80 is not available on target platform.")
2 | @frozen public struct Float80 {
  |                       `- note: 'Float80' has been explicitly marked unavailable here
3 |     public init()
4 | }
/host/spi-builder-workspace/.build/checkouts/swift-timecode/Sources/SwiftTimecodeCore/Utilities/Outsourced/FloatingPoint and Darwin.swift:79:11: error: 'Float80' is unavailable: Float80 is not available on target platform.
77 |
78 | #if !(arch(arm64) || arch(arm) || os(watchOS)) // Float80 is now removed for ARM
79 | extension Float80: FloatingPointPowerComputable {
   |           `- error: 'Float80' is unavailable: Float80 is not available on target platform.
80 |     /// Same as `powl()`
81 |     /// (Functional convenience method)
Swift.Float80:2:23: note: 'Float80' has been explicitly marked unavailable here
1 | @available(*, unavailable, message: "Float80 is not available on target platform.")
2 | @frozen public struct Float80 {
  |                       `- note: 'Float80' has been explicitly marked unavailable here
3 |     public init()
4 | }
/host/spi-builder-workspace/.build/checkouts/swift-timecode/Sources/SwiftTimecodeCore/Utilities/Outsourced/FloatingPoint and Darwin.swift:65:9: error: cannot find 'pow' in scope
63 |     @_disfavoredOverload
64 |     package func power(_ exponent: Double) -> Double {
65 |         pow(self, exponent)
   |         `- error: cannot find 'pow' in scope
66 |     }
67 | }
/host/spi-builder-workspace/.build/checkouts/swift-timecode/Sources/SwiftTimecodeCore/Utilities/Outsourced/FloatingPoint and Darwin.swift:74:9: error: cannot find 'powf' in scope
72 |     @_disfavoredOverload
73 |     package func power(_ exponent: Float) -> Float {
74 |         powf(self, exponent)
   |         `- error: cannot find 'powf' in scope
75 |     }
76 | }
/host/spi-builder-workspace/.build/checkouts/swift-timecode/Sources/SwiftTimecodeCore/Utilities/Outsourced/FloatingPoint and Darwin.swift:84:9: error: cannot find 'powl' in scope
82 |     @_disfavoredOverload
83 |     package func power(_ exponent: Float80) -> Float80 {
84 |         powl(self, exponent)
   |         `- error: cannot find 'powl' in scope
85 |     }
86 | }
[80/113] Compiling SwiftTimecodeCore FloatingPointPowerComputable.swift
/host/spi-builder-workspace/.build/checkouts/swift-timecode/Sources/SwiftTimecodeCore/Utilities/Outsourced/FloatingPoint and Darwin.swift:83:36: error: 'Float80' is unavailable: Float80 is not available on target platform.
81 |     /// (Functional convenience method)
82 |     @_disfavoredOverload
83 |     package func power(_ exponent: Float80) -> Float80 {
   |                                    `- error: 'Float80' is unavailable: Float80 is not available on target platform.
84 |         powl(self, exponent)
85 |     }
Swift.Float80:2:23: note: 'Float80' has been explicitly marked unavailable here
1 | @available(*, unavailable, message: "Float80 is not available on target platform.")
2 | @frozen public struct Float80 {
  |                       `- note: 'Float80' has been explicitly marked unavailable here
3 |     public init()
4 | }
/host/spi-builder-workspace/.build/checkouts/swift-timecode/Sources/SwiftTimecodeCore/Utilities/Outsourced/FloatingPoint and Darwin.swift:83:48: error: 'Float80' is unavailable: Float80 is not available on target platform.
81 |     /// (Functional convenience method)
82 |     @_disfavoredOverload
83 |     package func power(_ exponent: Float80) -> Float80 {
   |                                                `- error: 'Float80' is unavailable: Float80 is not available on target platform.
84 |         powl(self, exponent)
85 |     }
Swift.Float80:2:23: note: 'Float80' has been explicitly marked unavailable here
1 | @available(*, unavailable, message: "Float80 is not available on target platform.")
2 | @frozen public struct Float80 {
  |                       `- note: 'Float80' has been explicitly marked unavailable here
3 |     public init()
4 | }
/host/spi-builder-workspace/.build/checkouts/swift-timecode/Sources/SwiftTimecodeCore/Utilities/Outsourced/FloatingPoint and Darwin.swift:79:11: error: 'Float80' is unavailable: Float80 is not available on target platform.
77 |
78 | #if !(arch(arm64) || arch(arm) || os(watchOS)) // Float80 is now removed for ARM
79 | extension Float80: FloatingPointPowerComputable {
   |           `- error: 'Float80' is unavailable: Float80 is not available on target platform.
80 |     /// Same as `powl()`
81 |     /// (Functional convenience method)
Swift.Float80:2:23: note: 'Float80' has been explicitly marked unavailable here
1 | @available(*, unavailable, message: "Float80 is not available on target platform.")
2 | @frozen public struct Float80 {
  |                       `- note: 'Float80' has been explicitly marked unavailable here
3 |     public init()
4 | }
/host/spi-builder-workspace/.build/checkouts/swift-timecode/Sources/SwiftTimecodeCore/Utilities/Outsourced/FloatingPoint and Darwin.swift:65:9: error: cannot find 'pow' in scope
63 |     @_disfavoredOverload
64 |     package func power(_ exponent: Double) -> Double {
65 |         pow(self, exponent)
   |         `- error: cannot find 'pow' in scope
66 |     }
67 | }
/host/spi-builder-workspace/.build/checkouts/swift-timecode/Sources/SwiftTimecodeCore/Utilities/Outsourced/FloatingPoint and Darwin.swift:74:9: error: cannot find 'powf' in scope
72 |     @_disfavoredOverload
73 |     package func power(_ exponent: Float) -> Float {
74 |         powf(self, exponent)
   |         `- error: cannot find 'powf' in scope
75 |     }
76 | }
/host/spi-builder-workspace/.build/checkouts/swift-timecode/Sources/SwiftTimecodeCore/Utilities/Outsourced/FloatingPoint and Darwin.swift:84:9: error: cannot find 'powl' in scope
82 |     @_disfavoredOverload
83 |     package func power(_ exponent: Float80) -> Float80 {
84 |         powl(self, exponent)
   |         `- error: cannot find 'powl' in scope
85 |     }
86 | }
[84/113] Compiling SwiftTimecodeCore Codable.swift
[85/113] Compiling SwiftTimecodeCore Comparable.swift
[86/113] Compiling SwiftTimecodeCore CustomStringConvertible.swift
[87/113] Compiling SwiftTimecodeCore Hashable.swift
[88/113] Compiling SwiftTimecodeCore Identifiable.swift
[89/113] Compiling SwiftTimecodeCore Sendable.swift
[90/113] Compiling SwiftTimecodeCore Strideable.swift
[101/113] Compiling SwiftTimecodeCore Timecode Source Protocols.swift
[102/113] Compiling SwiftTimecodeCore Timecode Components.swift
[103/113] Compiling SwiftTimecodeCore Timecode FeetAndFrames.swift
[104/113] Compiling SwiftTimecodeCore Timecode FrameCount Value.swift
[105/113] Compiling SwiftTimecodeCore Timecode FrameCount.swift
[106/113] Compiling SwiftTimecodeCore Timecode Random.swift
[107/113] Compiling SwiftTimecodeCore Timecode Rational CMTime.swift
[108/113] Compiling SwiftTimecodeCore Timecode Rational.swift
[109/113] Compiling SwiftTimecodeCore Timecode Real Time.swift
[110/113] Compiling SwiftTimecodeCore Timecode Samples.swift
Running build ...
bash -c docker run --pull=always --rm -v "checkouts-53886770-0":/host -w "$PWD" -e JAVA_HOME="/root/.sdkman/candidates/java/current" -e SPI_BUILD="1" -e SPI_PROCESSING="1" registry.gitlab.com/swiftpackageindex/spi-images:wasm-6.1-latest swift build --swift-sdk wasm32-unknown-wasi 2>&1
wasm-6.1-latest: Pulling from swiftpackageindex/spi-images
Digest: sha256:87277f180438764e0763769462b4e00642129a1e8364b1cdaa91f88fde66785b
Status: Image is up to date for registry.gitlab.com/swiftpackageindex/spi-images:wasm-6.1-latest
[0/1] Planning build
Building for debugging...
[0/4] Write swift-version-24593BA9C3E375BF.txt
error: emit-module command failed with exit code 1 (use -v to see invocation)
[2/86] Emitting module SwiftMIDIInternals
/host/spi-builder-workspace/.build/checkouts/swift-midi-core/Sources/SwiftMIDIInternals/Utilities/SafeDispatchTimer.swift:7:8: error: no such module 'Dispatch'
  5 | //
  6 |
  7 | import Dispatch
    |        `- error: no such module 'Dispatch'
  8 | import Foundation
  9 |
[3/86] Compiling SwiftTimecodeCore Timecode Real Time.swift
/host/spi-builder-workspace/.build/checkouts/swift-midi-core/Sources/SwiftMIDIInternals/Utilities/SafeDispatchTimer.swift:7:8: error: no such module 'Dispatch'
  5 | //
  6 |
  7 | import Dispatch
    |        `- error: no such module 'Dispatch'
  8 | import Foundation
  9 |
[4/86] Compiling SwiftTimecodeCore Timecode Samples.swift
/host/spi-builder-workspace/.build/checkouts/swift-midi-core/Sources/SwiftMIDIInternals/Utilities/SafeDispatchTimer.swift:7:8: error: no such module 'Dispatch'
  5 | //
  6 |
  7 | import Dispatch
    |        `- error: no such module 'Dispatch'
  8 | import Foundation
  9 |
[5/86] Compiling SwiftTimecodeCore SwiftTimecodeCore-API-2.3.0.swift
/host/spi-builder-workspace/.build/checkouts/swift-midi-core/Sources/SwiftMIDIInternals/Utilities/SafeDispatchTimer.swift:7:8: error: no such module 'Dispatch'
  5 | //
  6 |
  7 | import Dispatch
    |        `- error: no such module 'Dispatch'
  8 | import Foundation
  9 |
[6/99] Compiling SwiftTimecodeCore Component.swift
/host/spi-builder-workspace/.build/checkouts/swift-midi-core/Sources/SwiftMIDIInternals/Utilities/SafeDispatchTimer.swift:7:8: error: no such module 'Dispatch'
  5 | //
  6 |
  7 | import Dispatch
    |        `- error: no such module 'Dispatch'
  8 | import Foundation
  9 |
[7/99] Compiling SwiftTimecodeCore ComponentRanges.swift
/host/spi-builder-workspace/.build/checkouts/swift-midi-core/Sources/SwiftMIDIInternals/Utilities/SafeDispatchTimer.swift:7:8: error: no such module 'Dispatch'
  5 | //
  6 |
  7 | import Dispatch
    |        `- error: no such module 'Dispatch'
  8 | import Foundation
  9 |
[8/99] Compiling SwiftTimecodeCore Components.swift
/host/spi-builder-workspace/.build/checkouts/swift-midi-core/Sources/SwiftMIDIInternals/Utilities/SafeDispatchTimer.swift:7:8: error: no such module 'Dispatch'
  5 | //
  6 |
  7 | import Dispatch
    |        `- error: no such module 'Dispatch'
  8 | import Foundation
  9 |
[9/99] Compiling SwiftTimecodeCore Timecode FeetAndFrames.swift
/host/spi-builder-workspace/.build/checkouts/swift-midi-core/Sources/SwiftMIDIInternals/Utilities/SafeDispatchTimer.swift:7:8: error: no such module 'Dispatch'
  5 | //
  6 |
  7 | import Dispatch
    |        `- error: no such module 'Dispatch'
  8 | import Foundation
  9 |
[10/99] Compiling SwiftTimecodeCore Timecode FrameCount Value.swift
/host/spi-builder-workspace/.build/checkouts/swift-midi-core/Sources/SwiftMIDIInternals/Utilities/SafeDispatchTimer.swift:7:8: error: no such module 'Dispatch'
  5 | //
  6 |
  7 | import Dispatch
    |        `- error: no such module 'Dispatch'
  8 | import Foundation
  9 |
[11/99] Compiling SwiftTimecodeCore Timecode FrameCount.swift
/host/spi-builder-workspace/.build/checkouts/swift-midi-core/Sources/SwiftMIDIInternals/Utilities/SafeDispatchTimer.swift:7:8: error: no such module 'Dispatch'
  5 | //
  6 |
  7 | import Dispatch
    |        `- error: no such module 'Dispatch'
  8 | import Foundation
  9 |
[12/99] Compiling SwiftTimecodeCore Timecode Random.swift
/host/spi-builder-workspace/.build/checkouts/swift-midi-core/Sources/SwiftMIDIInternals/Utilities/SafeDispatchTimer.swift:7:8: error: no such module 'Dispatch'
  5 | //
  6 |
  7 | import Dispatch
    |        `- error: no such module 'Dispatch'
  8 | import Foundation
  9 |
[13/99] Compiling SwiftTimecodeCore Timecode Rational CMTime.swift
/host/spi-builder-workspace/.build/checkouts/swift-midi-core/Sources/SwiftMIDIInternals/Utilities/SafeDispatchTimer.swift:7:8: error: no such module 'Dispatch'
  5 | //
  6 |
  7 | import Dispatch
    |        `- error: no such module 'Dispatch'
  8 | import Foundation
  9 |
[14/99] Compiling SwiftTimecodeCore Timecode Rational.swift
/host/spi-builder-workspace/.build/checkouts/swift-midi-core/Sources/SwiftMIDIInternals/Utilities/SafeDispatchTimer.swift:7:8: error: no such module 'Dispatch'
  5 | //
  6 |
  7 | import Dispatch
    |        `- error: no such module 'Dispatch'
  8 | import Foundation
  9 |
[15/99] Compiling SwiftTimecodeCore Timecode Math Internal.swift
/host/spi-builder-workspace/.build/checkouts/swift-midi-core/Sources/SwiftMIDIInternals/Utilities/SafeDispatchTimer.swift:7:8: error: no such module 'Dispatch'
  5 | //
  6 |
  7 | import Dispatch
    |        `- error: no such module 'Dispatch'
  8 | import Foundation
  9 |
[16/99] Compiling SwiftTimecodeCore Timecode Source Protocols.swift
/host/spi-builder-workspace/.build/checkouts/swift-midi-core/Sources/SwiftMIDIInternals/Utilities/SafeDispatchTimer.swift:7:8: error: no such module 'Dispatch'
  5 | //
  6 |
  7 | import Dispatch
    |        `- error: no such module 'Dispatch'
  8 | import Foundation
  9 |
[17/99] Compiling SwiftTimecodeCore Timecode Components.swift
/host/spi-builder-workspace/.build/checkouts/swift-midi-core/Sources/SwiftMIDIInternals/Utilities/SafeDispatchTimer.swift:7:8: error: no such module 'Dispatch'
  5 | //
  6 |
  7 | import Dispatch
    |        `- error: no such module 'Dispatch'
  8 | import Foundation
  9 |
[18/99] Compiling SwiftTimecodeCore NSItemProvider.swift
/host/spi-builder-workspace/.build/checkouts/swift-midi-core/Sources/SwiftMIDIInternals/Utilities/SafeDispatchTimer.swift:7:8: error: no such module 'Dispatch'
  5 | //
  6 |
  7 | import Dispatch
    |        `- error: no such module 'Dispatch'
  8 | import Foundation
  9 |
[19/99] Compiling SwiftTimecodeCore Transferable.swift
/host/spi-builder-workspace/.build/checkouts/swift-midi-core/Sources/SwiftMIDIInternals/Utilities/SafeDispatchTimer.swift:7:8: error: no such module 'Dispatch'
  5 | //
  6 |
  7 | import Dispatch
    |        `- error: no such module 'Dispatch'
  8 | import Foundation
  9 |
[20/99] Compiling SwiftTimecodeCore UTType.swift
/host/spi-builder-workspace/.build/checkouts/swift-midi-core/Sources/SwiftMIDIInternals/Utilities/SafeDispatchTimer.swift:7:8: error: no such module 'Dispatch'
  5 | //
  6 |
  7 | import Dispatch
    |        `- error: no such module 'Dispatch'
  8 | import Foundation
  9 |
[21/99] Compiling SwiftTimecodeCore Errors.swift
/host/spi-builder-workspace/.build/checkouts/swift-midi-core/Sources/SwiftMIDIInternals/Utilities/SafeDispatchTimer.swift:7:8: error: no such module 'Dispatch'
  5 | //
  6 |
  7 | import Dispatch
    |        `- error: no such module 'Dispatch'
  8 | import Foundation
  9 |
[22/99] Compiling SwiftTimecodeCore FrameCount Value.swift
/host/spi-builder-workspace/.build/checkouts/swift-midi-core/Sources/SwiftMIDIInternals/Utilities/SafeDispatchTimer.swift:7:8: error: no such module 'Dispatch'
  5 | //
  6 |
  7 | import Dispatch
    |        `- error: no such module 'Dispatch'
  8 | import Foundation
  9 |
[23/99] Compiling SwiftTimecodeCore FrameCount.swift
/host/spi-builder-workspace/.build/checkouts/swift-midi-core/Sources/SwiftMIDIInternals/Utilities/SafeDispatchTimer.swift:7:8: error: no such module 'Dispatch'
  5 | //
  6 |
  7 | import Dispatch
    |        `- error: no such module 'Dispatch'
  8 | import Foundation
  9 |
[24/99] Compiling SwiftMIDIInternals ThreadSynchronizedValue.swift
/host/spi-builder-workspace/.build/checkouts/swift-midi-core/Sources/SwiftMIDIInternals/Utilities/SafeDispatchTimer.swift:7:8: error: no such module 'Dispatch'
  5 | //
  6 |
  7 | import Dispatch
    |        `- error: no such module 'Dispatch'
  8 | import Foundation
  9 |
[25/99] Compiling SwiftMIDIInternals Utilities.swift
/host/spi-builder-workspace/.build/checkouts/swift-midi-core/Sources/SwiftMIDIInternals/Utilities/SafeDispatchTimer.swift:7:8: error: no such module 'Dispatch'
  5 | //
  6 |
  7 | import Dispatch
    |        `- error: no such module 'Dispatch'
  8 | import Foundation
  9 |
BUILD FAILURE 6.1 wasm