Build Information
Failed to build BSWInterfaceKit, reference develop (fdfc2c), with Swift 6.4 for watchOS using Xcode 27.0 on 27 Sep 2026 09:47:05 UTC.
Build Command
env DEVELOPER_DIR=/Applications/Xcode-27.0.0-Release.Candidate.app xcrun xcodebuild -IDEClonedSourcePackagesDirPathOverride=$PWD/.dependencies -skipMacroValidation -skipPackagePluginValidation -derivedDataPath $PWD/.derivedData build -scheme BSWInterfaceKit -destination generic/platform=watchOSBuild Log
cd /Users/admin/builder/spi-builder-workspace/.dependencies/checkouts/Nuke
builtin-copy -exclude .DS_Store -exclude CVS -exclude .svn -exclude .git -exclude .hg -resolve-src-symlinks -rename /Users/admin/builder/spi-builder-workspace/.derivedData/Build/Intermediates.noindex/Nuke.build/Debug-watchos/NukeExtensions-t.build/Objects-normal/arm64_32/NukeExtensions.swiftsourceinfo /Users/admin/builder/spi-builder-workspace/.derivedData/Build/Products/Debug-watchos/NukeExtensions.swiftmodule/Project/arm64_32-apple-watchos.swiftsourceinfo
Ld /Users/admin/builder/spi-builder-workspace/.derivedData/Build/Intermediates.noindex/Nuke.build/Debug-watchos/NukeExtensions-t.build/Objects-normal/arm64/Binary/NukeExtensions.o normal arm64 (in target 'NukeExtensions' from project 'Nuke')
cd /Users/admin/builder/spi-builder-workspace/.dependencies/checkouts/Nuke
/Applications/Xcode-27.0.0-Release.Candidate.app/Contents/Developer/Toolchains/XcodeDefault.xctoolchain/usr/bin/clang -Xlinker -reproducible -target arm64-apple-watchos9.0 -r -isysroot /Applications/Xcode-27.0.0-Release.Candidate.app/Contents/Developer/Platforms/WatchOS.platform/Developer/SDKs/WatchOS27.0.sdk -O0 -w -Xlinker -no_warn_duplicate_libraries -F/Users/admin/builder/spi-builder-workspace/.derivedData/Build/Intermediates.noindex/EagerLinkingTBDs/Debug-watchos -F/Users/admin/builder/spi-builder-workspace/.derivedData/Build/Products/Debug-watchos/PackageFrameworks -F/Users/admin/builder/spi-builder-workspace/.derivedData/Build/Products/Debug-watchos -iframework /Applications/Xcode-27.0.0-Release.Candidate.app/Contents/Developer/Platforms/WatchOS.platform/Developer/Library/Frameworks -iframework /Applications/Xcode-27.0.0-Release.Candidate.app/Contents/Developer/Platforms/WatchOS.platform/Developer/SDKs/WatchOS27.0.sdk/Developer/Library/Frameworks -filelist /Users/admin/builder/spi-builder-workspace/.derivedData/Build/Intermediates.noindex/Nuke.build/Debug-watchos/NukeExtensions-t.build/Objects-normal/arm64/NukeExtensions.LinkFileList -nostdlib -Xlinker -object_path_lto -Xlinker /Users/admin/builder/spi-builder-workspace/.derivedData/Build/Intermediates.noindex/Nuke.build/Debug-watchos/NukeExtensions-t.build/Objects-normal/arm64/NukeExtensions_lto.o -Xlinker -no_deduplicate -Xlinker -debug_variant -Xlinker -dependency_info -Xlinker /Users/admin/builder/spi-builder-workspace/.derivedData/Build/Intermediates.noindex/Nuke.build/Debug-watchos/NukeExtensions-t.build/Objects-normal/arm64/NukeExtensions_dependency_info.dat -fobjc-link-runtime -L/Applications/Xcode-27.0.0-Release.Candidate.app/Contents/Developer/Toolchains/XcodeDefault.xctoolchain/usr/lib/swift/watchos -L/usr/lib/swift -Xlinker -add_ast_path -Xlinker /Users/admin/builder/spi-builder-workspace/.derivedData/Build/Intermediates.noindex/Nuke.build/Debug-watchos/NukeExtensions-t.build/Objects-normal/arm64/NukeExtensions.swiftmodule -o /Users/admin/builder/spi-builder-workspace/.derivedData/Build/Intermediates.noindex/Nuke.build/Debug-watchos/NukeExtensions-t.build/Objects-normal/arm64/Binary/NukeExtensions.o
SwiftExplicitDependencyGeneratePcm arm64_32 /Users/admin/builder/spi-builder-workspace/.derivedData/SDKExplicitPrecompiledModules/CoreMedia-CU8J9TNJY5EX43FQOPTAAHU29.pcm
SwiftDriver BSWFoundation normal arm64_32 com.apple.xcode.tools.swift.compiler (in target 'BSWFoundation' from project 'BSWFoundation')
cd /Users/admin/builder/spi-builder-workspace/.swiftpm/xcode
builtin-SwiftDriver -- /Applications/Xcode-27.0.0-Release.Candidate.app/Contents/Developer/Toolchains/XcodeDefault.xctoolchain/usr/bin/swiftc -parse-as-library -module-name BSWFoundation -Onone @/Users/admin/builder/spi-builder-workspace/.derivedData/Build/Intermediates.noindex/BSWFoundation.build/Debug-watchos/BSWFoundation-t.build/Objects-normal/arm64_32/BSWFoundation.SwiftFileList -DSWIFT_PACKAGE -DDEBUG -DSWIFT_MODULE_RESOURCE_BUNDLE_UNAVAILABLE -DXcode -plugin-path /Applications/Xcode-27.0.0-Release.Candidate.app/Contents/Developer/Toolchains/XcodeDefault.xctoolchain/usr/lib/swift/host/plugins/testing -enable-experimental-feature DebugDescriptionMacro -sdk /Applications/Xcode-27.0.0-Release.Candidate.app/Contents/Developer/Platforms/WatchOS.platform/Developer/SDKs/WatchOS27.0.sdk -target arm64_32-apple-watchos11.0 -g -module-cache-path /Users/admin/builder/spi-builder-workspace/.derivedData/ModuleCache.noindex -Xfrontend -serialize-debugging-options -profile-coverage-mapping -profile-generate -enable-testing -suppress-warnings -index-store-path /Users/admin/builder/spi-builder-workspace/.derivedData/Index.noindex/DataStore -Xcc -D_LIBCPP_HARDENING_MODE\=_LIBCPP_HARDENING_MODE_DEBUG -swift-version 6 -I /Users/admin/builder/spi-builder-workspace/.derivedData/Build/Products/Debug-watchos -Isystem /Applications/Xcode-27.0.0-Release.Candidate.app/Contents/Developer/Platforms/WatchOS.platform/Developer/usr/lib -F /Users/admin/builder/spi-builder-workspace/.derivedData/Build/Products/Debug-watchos/PackageFrameworks -F /Users/admin/builder/spi-builder-workspace/.derivedData/Build/Products/Debug-watchos -F /Applications/Xcode-27.0.0-Release.Candidate.app/Contents/Developer/Platforms/WatchOS.platform/Developer/Library/Frameworks -F /Applications/Xcode-27.0.0-Release.Candidate.app/Contents/Developer/Platforms/WatchOS.platform/Developer/SDKs/WatchOS27.0.sdk/Developer/Library/Frameworks -c -j10 -enable-batch-mode -incremental -Xcc -ivfsstatcache -Xcc /Users/admin/builder/spi-builder-workspace/.derivedData/SDKStatCaches.noindex/watchos27.0-24R360-e829b21a6f8c9b70876ba0858053c04477534ef55a1706bf4c1112bbb242f0a2.sdkstatcache -output-file-map /Users/admin/builder/spi-builder-workspace/.derivedData/Build/Intermediates.noindex/BSWFoundation.build/Debug-watchos/BSWFoundation-t.build/Objects-normal/arm64_32/BSWFoundation-OutputFileMap.json -save-temps -no-color-diagnostics -explicit-module-build -module-cache-path /Users/admin/builder/spi-builder-workspace/.derivedData/Build/Intermediates.noindex/SwiftExplicitPrecompiledModules -clang-scanner-module-cache-path /Users/admin/builder/spi-builder-workspace/.derivedData/ModuleCache.noindex -sdk-module-cache-path /Users/admin/builder/spi-builder-workspace/.derivedData/SDKExplicitPrecompiledModules -emit-dependencies -emit-module -emit-module-path /Users/admin/builder/spi-builder-workspace/.derivedData/Build/Intermediates.noindex/BSWFoundation.build/Debug-watchos/BSWFoundation-t.build/Objects-normal/arm64_32/BSWFoundation.swiftmodule -serialize-diagnostics -dependency-scan-serialize-diagnostics-path /Users/admin/builder/spi-builder-workspace/.derivedData/Build/Intermediates.noindex/BSWFoundation.build/Debug-watchos/BSWFoundation-t.build/Objects-normal/arm64_32/BSWFoundation-dependency-scan.dia -user-module-version 26.9.0 -validate-clang-modules-once -clang-build-session-file /Users/admin/builder/spi-builder-workspace/.derivedData/ModuleCache.noindex/Session.modulevalidation -Xcc -fmodules-prune-interval\=86400 -Xcc -fmodules-prune-after\=345600 -package-name bswfoundation -emit-const-values -const-gather-protocols-list /Users/admin/builder/spi-builder-workspace/.derivedData/Build/Intermediates.noindex/BSWFoundation.build/Debug-watchos/BSWFoundation-t.build/Objects-normal/arm64_32/BSWFoundation_const_extract_protocols.json -Xcc -I/Users/admin/builder/spi-builder-workspace/.derivedData/Build/Products/Debug-watchos/include -Xcc -I/Users/admin/builder/spi-builder-workspace/.derivedData/Build/Intermediates.noindex/BSWFoundation.build/Debug-watchos/BSWFoundation-t.build/DerivedSources-normal/arm64_32 -Xcc -I/Users/admin/builder/spi-builder-workspace/.derivedData/Build/Intermediates.noindex/BSWFoundation.build/Debug-watchos/BSWFoundation-t.build/DerivedSources/arm64_32 -Xcc -I/Users/admin/builder/spi-builder-workspace/.derivedData/Build/Intermediates.noindex/BSWFoundation.build/Debug-watchos/BSWFoundation-t.build/DerivedSources -Xcc -DSWIFT_PACKAGE -Xcc -DDEBUG\=1 -emit-objc-header -emit-objc-header-path /Users/admin/builder/spi-builder-workspace/.derivedData/Build/Intermediates.noindex/BSWFoundation.build/Debug-watchos/BSWFoundation-t.build/Objects-normal/arm64_32/BSWFoundation-Swift.h -working-directory /Users/admin/builder/spi-builder-workspace/.swiftpm/xcode -experimental-emit-module-separately -disable-cmo
SwiftDriver BSWFoundation normal arm64 com.apple.xcode.tools.swift.compiler (in target 'BSWFoundation' from project 'BSWFoundation')
cd /Users/admin/builder/spi-builder-workspace/.swiftpm/xcode
builtin-SwiftDriver -- /Applications/Xcode-27.0.0-Release.Candidate.app/Contents/Developer/Toolchains/XcodeDefault.xctoolchain/usr/bin/swiftc -parse-as-library -module-name BSWFoundation -Onone @/Users/admin/builder/spi-builder-workspace/.derivedData/Build/Intermediates.noindex/BSWFoundation.build/Debug-watchos/BSWFoundation-t.build/Objects-normal/arm64/BSWFoundation.SwiftFileList -DSWIFT_PACKAGE -DDEBUG -DSWIFT_MODULE_RESOURCE_BUNDLE_UNAVAILABLE -DXcode -plugin-path /Applications/Xcode-27.0.0-Release.Candidate.app/Contents/Developer/Toolchains/XcodeDefault.xctoolchain/usr/lib/swift/host/plugins/testing -enable-experimental-feature DebugDescriptionMacro -sdk /Applications/Xcode-27.0.0-Release.Candidate.app/Contents/Developer/Platforms/WatchOS.platform/Developer/SDKs/WatchOS27.0.sdk -target arm64-apple-watchos11.0 -g -module-cache-path /Users/admin/builder/spi-builder-workspace/.derivedData/ModuleCache.noindex -Xfrontend -serialize-debugging-options -profile-coverage-mapping -profile-generate -enable-testing -suppress-warnings -index-store-path /Users/admin/builder/spi-builder-workspace/.derivedData/Index.noindex/DataStore -Xcc -D_LIBCPP_HARDENING_MODE\=_LIBCPP_HARDENING_MODE_DEBUG -swift-version 6 -I /Users/admin/builder/spi-builder-workspace/.derivedData/Build/Products/Debug-watchos -Isystem /Applications/Xcode-27.0.0-Release.Candidate.app/Contents/Developer/Platforms/WatchOS.platform/Developer/usr/lib -F /Users/admin/builder/spi-builder-workspace/.derivedData/Build/Products/Debug-watchos/PackageFrameworks -F /Users/admin/builder/spi-builder-workspace/.derivedData/Build/Products/Debug-watchos -F /Applications/Xcode-27.0.0-Release.Candidate.app/Contents/Developer/Platforms/WatchOS.platform/Developer/Library/Frameworks -F /Applications/Xcode-27.0.0-Release.Candidate.app/Contents/Developer/Platforms/WatchOS.platform/Developer/SDKs/WatchOS27.0.sdk/Developer/Library/Frameworks -c -j10 -enable-batch-mode -incremental -Xcc -ivfsstatcache -Xcc /Users/admin/builder/spi-builder-workspace/.derivedData/SDKStatCaches.noindex/watchos27.0-24R360-e829b21a6f8c9b70876ba0858053c04477534ef55a1706bf4c1112bbb242f0a2.sdkstatcache -output-file-map /Users/admin/builder/spi-builder-workspace/.derivedData/Build/Intermediates.noindex/BSWFoundation.build/Debug-watchos/BSWFoundation-t.build/Objects-normal/arm64/BSWFoundation-OutputFileMap.json -save-temps -no-color-diagnostics -explicit-module-build -module-cache-path /Users/admin/builder/spi-builder-workspace/.derivedData/Build/Intermediates.noindex/SwiftExplicitPrecompiledModules -clang-scanner-module-cache-path /Users/admin/builder/spi-builder-workspace/.derivedData/ModuleCache.noindex -sdk-module-cache-path /Users/admin/builder/spi-builder-workspace/.derivedData/SDKExplicitPrecompiledModules -emit-dependencies -emit-module -emit-module-path /Users/admin/builder/spi-builder-workspace/.derivedData/Build/Intermediates.noindex/BSWFoundation.build/Debug-watchos/BSWFoundation-t.build/Objects-normal/arm64/BSWFoundation.swiftmodule -serialize-diagnostics -dependency-scan-serialize-diagnostics-path /Users/admin/builder/spi-builder-workspace/.derivedData/Build/Intermediates.noindex/BSWFoundation.build/Debug-watchos/BSWFoundation-t.build/Objects-normal/arm64/BSWFoundation-dependency-scan.dia -user-module-version 26.9.0 -validate-clang-modules-once -clang-build-session-file /Users/admin/builder/spi-builder-workspace/.derivedData/ModuleCache.noindex/Session.modulevalidation -Xcc -fmodules-prune-interval\=86400 -Xcc -fmodules-prune-after\=345600 -package-name bswfoundation -emit-const-values -const-gather-protocols-list /Users/admin/builder/spi-builder-workspace/.derivedData/Build/Intermediates.noindex/BSWFoundation.build/Debug-watchos/BSWFoundation-t.build/Objects-normal/arm64/BSWFoundation_const_extract_protocols.json -Xcc -I/Users/admin/builder/spi-builder-workspace/.derivedData/Build/Products/Debug-watchos/include -Xcc -I/Users/admin/builder/spi-builder-workspace/.derivedData/Build/Intermediates.noindex/BSWFoundation.build/Debug-watchos/BSWFoundation-t.build/DerivedSources-normal/arm64 -Xcc -I/Users/admin/builder/spi-builder-workspace/.derivedData/Build/Intermediates.noindex/BSWFoundation.build/Debug-watchos/BSWFoundation-t.build/DerivedSources/arm64 -Xcc -I/Users/admin/builder/spi-builder-workspace/.derivedData/Build/Intermediates.noindex/BSWFoundation.build/Debug-watchos/BSWFoundation-t.build/DerivedSources -Xcc -DSWIFT_PACKAGE -Xcc -DDEBUG\=1 -emit-objc-header -emit-objc-header-path /Users/admin/builder/spi-builder-workspace/.derivedData/Build/Intermediates.noindex/BSWFoundation.build/Debug-watchos/BSWFoundation-t.build/Objects-normal/arm64/BSWFoundation-Swift.h -working-directory /Users/admin/builder/spi-builder-workspace/.swiftpm/xcode -experimental-emit-module-separately -disable-cmo
SwiftDriverJobDiscovery normal arm64_32 Compiling URLSession+HTTPTypes.swift (in target 'HTTPTypesFoundation' from project 'swift-http-types')
SwiftExplicitDependencyGeneratePcm arm64 /Users/admin/builder/spi-builder-workspace/.derivedData/SDKExplicitPrecompiledModules/CoreMedia-EO02G285WTXB0RPNG3DP9O9VN.pcm
SwiftDriverJobDiscovery normal arm64_32 Compiling ImageViewExtensions.swift (in target 'NukeExtensions' from project 'Nuke')
SwiftDriverJobDiscovery normal arm64_32 Compiling ImageLoadingOptions.swift (in target 'NukeExtensions' from project 'Nuke')
SwiftDriver\ Compilation NukeExtensions normal arm64_32 com.apple.xcode.tools.swift.compiler (in target 'NukeExtensions' from project 'Nuke')
cd /Users/admin/builder/spi-builder-workspace/.swiftpm/xcode
builtin-Swift-Compilation -- /Applications/Xcode-27.0.0-Release.Candidate.app/Contents/Developer/Toolchains/XcodeDefault.xctoolchain/usr/bin/swiftc -parse-as-library -module-name NukeExtensions -Onone @/Users/admin/builder/spi-builder-workspace/.derivedData/Build/Intermediates.noindex/Nuke.build/Debug-watchos/NukeExtensions-t.build/Objects-normal/arm64_32/NukeExtensions.SwiftFileList -DSWIFT_PACKAGE -DDEBUG -DSWIFT_MODULE_RESOURCE_BUNDLE_UNAVAILABLE -DXcode -plugin-path /Applications/Xcode-27.0.0-Release.Candidate.app/Contents/Developer/Toolchains/XcodeDefault.xctoolchain/usr/lib/swift/host/plugins/testing -enable-experimental-feature DebugDescriptionMacro -sdk /Applications/Xcode-27.0.0-Release.Candidate.app/Contents/Developer/Platforms/WatchOS.platform/Developer/SDKs/WatchOS27.0.sdk -target arm64_32-apple-watchos9.0 -g -module-cache-path /Users/admin/builder/spi-builder-workspace/.derivedData/ModuleCache.noindex -Xfrontend -serialize-debugging-options -profile-coverage-mapping -profile-generate -enable-testing -suppress-warnings -index-store-path /Users/admin/builder/spi-builder-workspace/.derivedData/Index.noindex/DataStore -Xcc -D_LIBCPP_HARDENING_MODE\=_LIBCPP_HARDENING_MODE_DEBUG -swift-version 6 -I /Users/admin/builder/spi-builder-workspace/.derivedData/Build/Products/Debug-watchos -Isystem /Applications/Xcode-27.0.0-Release.Candidate.app/Contents/Developer/Platforms/WatchOS.platform/Developer/usr/lib -F /Users/admin/builder/spi-builder-workspace/.derivedData/Build/Products/Debug-watchos/PackageFrameworks -F /Users/admin/builder/spi-builder-workspace/.derivedData/Build/Products/Debug-watchos -F /Applications/Xcode-27.0.0-Release.Candidate.app/Contents/Developer/Platforms/WatchOS.platform/Developer/Library/Frameworks -F /Applications/Xcode-27.0.0-Release.Candidate.app/Contents/Developer/Platforms/WatchOS.platform/Developer/SDKs/WatchOS27.0.sdk/Developer/Library/Frameworks -c -j10 -enable-batch-mode -incremental -Xcc -ivfsstatcache -Xcc /Users/admin/builder/spi-builder-workspace/.derivedData/SDKStatCaches.noindex/watchos27.0-24R360-e829b21a6f8c9b70876ba0858053c04477534ef55a1706bf4c1112bbb242f0a2.sdkstatcache -output-file-map /Users/admin/builder/spi-builder-workspace/.derivedData/Build/Intermediates.noindex/Nuke.build/Debug-watchos/NukeExtensions-t.build/Objects-normal/arm64_32/NukeExtensions-OutputFileMap.json -save-temps -no-color-diagnostics -explicit-module-build -module-cache-path /Users/admin/builder/spi-builder-workspace/.derivedData/Build/Intermediates.noindex/SwiftExplicitPrecompiledModules -clang-scanner-module-cache-path /Users/admin/builder/spi-builder-workspace/.derivedData/ModuleCache.noindex -sdk-module-cache-path /Users/admin/builder/spi-builder-workspace/.derivedData/SDKExplicitPrecompiledModules -emit-dependencies -emit-module -emit-module-path /Users/admin/builder/spi-builder-workspace/.derivedData/Build/Intermediates.noindex/Nuke.build/Debug-watchos/NukeExtensions-t.build/Objects-normal/arm64_32/NukeExtensions.swiftmodule -serialize-diagnostics -dependency-scan-serialize-diagnostics-path /Users/admin/builder/spi-builder-workspace/.derivedData/Build/Intermediates.noindex/Nuke.build/Debug-watchos/NukeExtensions-t.build/Objects-normal/arm64_32/NukeExtensions-dependency-scan.dia -user-module-version 13.2.0 -validate-clang-modules-once -clang-build-session-file /Users/admin/builder/spi-builder-workspace/.derivedData/ModuleCache.noindex/Session.modulevalidation -Xcc -fmodules-prune-interval\=86400 -Xcc -fmodules-prune-after\=345600 -package-name nuke -emit-const-values -const-gather-protocols-list /Users/admin/builder/spi-builder-workspace/.derivedData/Build/Intermediates.noindex/Nuke.build/Debug-watchos/NukeExtensions-t.build/Objects-normal/arm64_32/NukeExtensions_const_extract_protocols.json -Xcc -I/Users/admin/builder/spi-builder-workspace/.derivedData/Build/Products/Debug-watchos/include -Xcc -I/Users/admin/builder/spi-builder-workspace/.derivedData/Build/Intermediates.noindex/Nuke.build/Debug-watchos/NukeExtensions-t.build/DerivedSources-normal/arm64_32 -Xcc -I/Users/admin/builder/spi-builder-workspace/.derivedData/Build/Intermediates.noindex/Nuke.build/Debug-watchos/NukeExtensions-t.build/DerivedSources/arm64_32 -Xcc -I/Users/admin/builder/spi-builder-workspace/.derivedData/Build/Intermediates.noindex/Nuke.build/Debug-watchos/NukeExtensions-t.build/DerivedSources -Xcc -DSWIFT_PACKAGE -Xcc -DDEBUG\=1 -emit-objc-header -emit-objc-header-path /Users/admin/builder/spi-builder-workspace/.derivedData/Build/Intermediates.noindex/Nuke.build/Debug-watchos/NukeExtensions-t.build/Objects-normal/arm64_32/NukeExtensions-Swift.h -working-directory /Users/admin/builder/spi-builder-workspace/.swiftpm/xcode -experimental-emit-module-separately -disable-cmo
Ld /Users/admin/builder/spi-builder-workspace/.derivedData/Build/Intermediates.noindex/Nuke.build/Debug-watchos/NukeExtensions-t.build/Objects-normal/arm64_32/Binary/NukeExtensions.o normal arm64_32 (in target 'NukeExtensions' from project 'Nuke')
cd /Users/admin/builder/spi-builder-workspace/.dependencies/checkouts/Nuke
/Applications/Xcode-27.0.0-Release.Candidate.app/Contents/Developer/Toolchains/XcodeDefault.xctoolchain/usr/bin/clang -Xlinker -reproducible -target arm64_32-apple-watchos9.0 -r -isysroot /Applications/Xcode-27.0.0-Release.Candidate.app/Contents/Developer/Platforms/WatchOS.platform/Developer/SDKs/WatchOS27.0.sdk -O0 -w -Xlinker -no_warn_duplicate_libraries -F/Users/admin/builder/spi-builder-workspace/.derivedData/Build/Intermediates.noindex/EagerLinkingTBDs/Debug-watchos -F/Users/admin/builder/spi-builder-workspace/.derivedData/Build/Products/Debug-watchos/PackageFrameworks -F/Users/admin/builder/spi-builder-workspace/.derivedData/Build/Products/Debug-watchos -iframework /Applications/Xcode-27.0.0-Release.Candidate.app/Contents/Developer/Platforms/WatchOS.platform/Developer/Library/Frameworks -iframework /Applications/Xcode-27.0.0-Release.Candidate.app/Contents/Developer/Platforms/WatchOS.platform/Developer/SDKs/WatchOS27.0.sdk/Developer/Library/Frameworks -filelist /Users/admin/builder/spi-builder-workspace/.derivedData/Build/Intermediates.noindex/Nuke.build/Debug-watchos/NukeExtensions-t.build/Objects-normal/arm64_32/NukeExtensions.LinkFileList -nostdlib -Xlinker -object_path_lto -Xlinker /Users/admin/builder/spi-builder-workspace/.derivedData/Build/Intermediates.noindex/Nuke.build/Debug-watchos/NukeExtensions-t.build/Objects-normal/arm64_32/NukeExtensions_lto.o -Xlinker -no_deduplicate -Xlinker -debug_variant -Xlinker -dependency_info -Xlinker /Users/admin/builder/spi-builder-workspace/.derivedData/Build/Intermediates.noindex/Nuke.build/Debug-watchos/NukeExtensions-t.build/Objects-normal/arm64_32/NukeExtensions_dependency_info.dat -fobjc-link-runtime -L/Applications/Xcode-27.0.0-Release.Candidate.app/Contents/Developer/Toolchains/XcodeDefault.xctoolchain/usr/lib/swift/watchos -L/usr/lib/swift -Xlinker -add_ast_path -Xlinker /Users/admin/builder/spi-builder-workspace/.derivedData/Build/Intermediates.noindex/Nuke.build/Debug-watchos/NukeExtensions-t.build/Objects-normal/arm64_32/NukeExtensions.swiftmodule -o /Users/admin/builder/spi-builder-workspace/.derivedData/Build/Intermediates.noindex/Nuke.build/Debug-watchos/NukeExtensions-t.build/Objects-normal/arm64_32/Binary/NukeExtensions.o
SwiftEmitModule normal arm64_32 Emitting\ module\ for\ NukeUI (in target 'NukeUI' from project 'Nuke')
SwiftCompile normal arm64_32 (in target 'NukeUI' from project 'Nuke')
cd /Users/admin/builder/spi-builder-workspace/.swiftpm/xcode
SwiftCompile normal arm64_32 Compiling\ LazyImageState.swift /Users/admin/builder/spi-builder-workspace/.dependencies/checkouts/Nuke/Sources/NukeUI/LazyImageState.swift (in target 'NukeUI' from project 'Nuke')
SwiftCompile normal arm64_32 /Users/admin/builder/spi-builder-workspace/.dependencies/checkouts/Nuke/Sources/NukeUI/LazyImageState.swift (in target 'NukeUI' from project 'Nuke')
cd /Users/admin/builder/spi-builder-workspace/.swiftpm/xcode
builtin-SwiftPerFileCompile LazyImageState.swift
SwiftCompile normal arm64_32 Compiling\ LazyImage.swift /Users/admin/builder/spi-builder-workspace/.dependencies/checkouts/Nuke/Sources/NukeUI/LazyImage.swift (in target 'NukeUI' from project 'Nuke')
SwiftCompile normal arm64_32 /Users/admin/builder/spi-builder-workspace/.dependencies/checkouts/Nuke/Sources/NukeUI/LazyImage.swift (in target 'NukeUI' from project 'Nuke')
cd /Users/admin/builder/spi-builder-workspace/.swiftpm/xcode
builtin-SwiftPerFileCompile LazyImage.swift
SwiftCompile normal arm64_32 Compiling\ FetchImage.swift /Users/admin/builder/spi-builder-workspace/.dependencies/checkouts/Nuke/Sources/NukeUI/FetchImage.swift (in target 'NukeUI' from project 'Nuke')
SwiftCompile normal arm64_32 /Users/admin/builder/spi-builder-workspace/.dependencies/checkouts/Nuke/Sources/NukeUI/FetchImage.swift (in target 'NukeUI' from project 'Nuke')
cd /Users/admin/builder/spi-builder-workspace/.swiftpm/xcode
builtin-SwiftPerFileCompile FetchImage.swift
SwiftCompile normal arm64_32 Compiling\ Internal.swift /Users/admin/builder/spi-builder-workspace/.dependencies/checkouts/Nuke/Sources/NukeUI/Internal.swift (in target 'NukeUI' from project 'Nuke')
SwiftCompile normal arm64_32 /Users/admin/builder/spi-builder-workspace/.dependencies/checkouts/Nuke/Sources/NukeUI/Internal.swift (in target 'NukeUI' from project 'Nuke')
cd /Users/admin/builder/spi-builder-workspace/.swiftpm/xcode
builtin-SwiftPerFileCompile Internal.swift
SwiftCompile normal arm64_32 Compiling\ LazyImageView.swift /Users/admin/builder/spi-builder-workspace/.dependencies/checkouts/Nuke/Sources/NukeUI/LazyImageView.swift (in target 'NukeUI' from project 'Nuke')
SwiftCompile normal arm64_32 /Users/admin/builder/spi-builder-workspace/.dependencies/checkouts/Nuke/Sources/NukeUI/LazyImageView.swift (in target 'NukeUI' from project 'Nuke')
cd /Users/admin/builder/spi-builder-workspace/.swiftpm/xcode
builtin-SwiftPerFileCompile LazyImageView.swift
CreateUniversalBinary /Users/admin/builder/spi-builder-workspace/.derivedData/Build/Products/Debug-watchos/NukeExtensions.o normal arm64\ arm64_32 (in target 'NukeExtensions' from project 'Nuke')
cd /Users/admin/builder/spi-builder-workspace/.dependencies/checkouts/Nuke
/Applications/Xcode-27.0.0-Release.Candidate.app/Contents/Developer/Toolchains/XcodeDefault.xctoolchain/usr/bin/lipo -create /Users/admin/builder/spi-builder-workspace/.derivedData/Build/Intermediates.noindex/Nuke.build/Debug-watchos/NukeExtensions-t.build/Objects-normal/arm64/Binary/NukeExtensions.o /Users/admin/builder/spi-builder-workspace/.derivedData/Build/Intermediates.noindex/Nuke.build/Debug-watchos/NukeExtensions-t.build/Objects-normal/arm64_32/Binary/NukeExtensions.o -output /Users/admin/builder/spi-builder-workspace/.derivedData/Build/Products/Debug-watchos/NukeExtensions.o
SwiftEmitModule normal arm64 Emitting\ module\ for\ NukeUI (in target 'NukeUI' from project 'Nuke')
SwiftCompile normal arm64 (in target 'NukeUI' from project 'Nuke')
cd /Users/admin/builder/spi-builder-workspace/.swiftpm/xcode
SwiftCompile normal arm64 Compiling\ LazyImage.swift /Users/admin/builder/spi-builder-workspace/.dependencies/checkouts/Nuke/Sources/NukeUI/LazyImage.swift (in target 'NukeUI' from project 'Nuke')
SwiftCompile normal arm64 /Users/admin/builder/spi-builder-workspace/.dependencies/checkouts/Nuke/Sources/NukeUI/LazyImage.swift (in target 'NukeUI' from project 'Nuke')
cd /Users/admin/builder/spi-builder-workspace/.swiftpm/xcode
builtin-SwiftPerFileCompile LazyImage.swift
SwiftDriverJobDiscovery normal arm64_32 Compiling URLRequest+HTTPTypes.swift (in target 'HTTPTypesFoundation' from project 'swift-http-types')
SwiftCompile normal arm64 Compiling\ LazyImageState.swift /Users/admin/builder/spi-builder-workspace/.dependencies/checkouts/Nuke/Sources/NukeUI/LazyImageState.swift (in target 'NukeUI' from project 'Nuke')
SwiftCompile normal arm64 /Users/admin/builder/spi-builder-workspace/.dependencies/checkouts/Nuke/Sources/NukeUI/LazyImageState.swift (in target 'NukeUI' from project 'Nuke')
cd /Users/admin/builder/spi-builder-workspace/.swiftpm/xcode
builtin-SwiftPerFileCompile LazyImageState.swift
SwiftDriverJobDiscovery normal arm64_32 Compiling LazyImageView.swift (in target 'NukeUI' from project 'Nuke')
SwiftCompile normal arm64 Compiling\ LazyImageView.swift /Users/admin/builder/spi-builder-workspace/.dependencies/checkouts/Nuke/Sources/NukeUI/LazyImageView.swift (in target 'NukeUI' from project 'Nuke')
SwiftCompile normal arm64 /Users/admin/builder/spi-builder-workspace/.dependencies/checkouts/Nuke/Sources/NukeUI/LazyImageView.swift (in target 'NukeUI' from project 'Nuke')
cd /Users/admin/builder/spi-builder-workspace/.swiftpm/xcode
builtin-SwiftPerFileCompile LazyImageView.swift
SwiftCompile normal arm64 Compiling\ Internal.swift /Users/admin/builder/spi-builder-workspace/.dependencies/checkouts/Nuke/Sources/NukeUI/Internal.swift (in target 'NukeUI' from project 'Nuke')
SwiftCompile normal arm64 /Users/admin/builder/spi-builder-workspace/.dependencies/checkouts/Nuke/Sources/NukeUI/Internal.swift (in target 'NukeUI' from project 'Nuke')
cd /Users/admin/builder/spi-builder-workspace/.swiftpm/xcode
builtin-SwiftPerFileCompile Internal.swift
SwiftEmitModule normal arm64 Emitting\ module\ for\ BSWFoundation (in target 'BSWFoundation' from project 'BSWFoundation')
SwiftCompile normal arm64 (in target 'BSWFoundation' from project 'BSWFoundation')
cd /Users/admin/builder/spi-builder-workspace/.swiftpm/xcode
SwiftDriverJobDiscovery normal arm64_32 Compiling Internal.swift (in target 'NukeUI' from project 'Nuke')
SwiftEmitModule normal arm64_32 Emitting\ module\ for\ BSWFoundation (in target 'BSWFoundation' from project 'BSWFoundation')
SwiftCompile normal arm64_32 (in target 'BSWFoundation' from project 'BSWFoundation')
cd /Users/admin/builder/spi-builder-workspace/.swiftpm/xcode
SwiftDriverJobDiscovery normal arm64_32 Emitting module for NukeUI (in target 'NukeUI' from project 'Nuke')
SwiftDriver\ Compilation\ Requirements NukeUI normal arm64_32 com.apple.xcode.tools.swift.compiler (in target 'NukeUI' from project 'Nuke')
cd /Users/admin/builder/spi-builder-workspace/.swiftpm/xcode
builtin-Swift-Compilation-Requirements -- /Applications/Xcode-27.0.0-Release.Candidate.app/Contents/Developer/Toolchains/XcodeDefault.xctoolchain/usr/bin/swiftc -parse-as-library -module-name NukeUI -Onone @/Users/admin/builder/spi-builder-workspace/.derivedData/Build/Intermediates.noindex/Nuke.build/Debug-watchos/NukeUI-t.build/Objects-normal/arm64_32/NukeUI.SwiftFileList -DSWIFT_PACKAGE -DDEBUG -DSWIFT_MODULE_RESOURCE_BUNDLE_UNAVAILABLE -DXcode -plugin-path /Applications/Xcode-27.0.0-Release.Candidate.app/Contents/Developer/Toolchains/XcodeDefault.xctoolchain/usr/lib/swift/host/plugins/testing -enable-experimental-feature DebugDescriptionMacro -sdk /Applications/Xcode-27.0.0-Release.Candidate.app/Contents/Developer/Platforms/WatchOS.platform/Developer/SDKs/WatchOS27.0.sdk -target arm64_32-apple-watchos9.0 -g -module-cache-path /Users/admin/builder/spi-builder-workspace/.derivedData/ModuleCache.noindex -Xfrontend -serialize-debugging-options -profile-coverage-mapping -profile-generate -enable-testing -suppress-warnings -index-store-path /Users/admin/builder/spi-builder-workspace/.derivedData/Index.noindex/DataStore -Xcc -D_LIBCPP_HARDENING_MODE\=_LIBCPP_HARDENING_MODE_DEBUG -swift-version 6 -I /Users/admin/builder/spi-builder-workspace/.derivedData/Build/Products/Debug-watchos -Isystem /Applications/Xcode-27.0.0-Release.Candidate.app/Contents/Developer/Platforms/WatchOS.platform/Developer/usr/lib -F /Users/admin/builder/spi-builder-workspace/.derivedData/Build/Products/Debug-watchos/PackageFrameworks -F /Users/admin/builder/spi-builder-workspace/.derivedData/Build/Products/Debug-watchos -F /Applications/Xcode-27.0.0-Release.Candidate.app/Contents/Developer/Platforms/WatchOS.platform/Developer/Library/Frameworks -F /Applications/Xcode-27.0.0-Release.Candidate.app/Contents/Developer/Platforms/WatchOS.platform/Developer/SDKs/WatchOS27.0.sdk/Developer/Library/Frameworks -c -j10 -enable-batch-mode -incremental -Xcc -ivfsstatcache -Xcc /Users/admin/builder/spi-builder-workspace/.derivedData/SDKStatCaches.noindex/watchos27.0-24R360-e829b21a6f8c9b70876ba0858053c04477534ef55a1706bf4c1112bbb242f0a2.sdkstatcache -output-file-map /Users/admin/builder/spi-builder-workspace/.derivedData/Build/Intermediates.noindex/Nuke.build/Debug-watchos/NukeUI-t.build/Objects-normal/arm64_32/NukeUI-OutputFileMap.json -save-temps -no-color-diagnostics -explicit-module-build -module-cache-path /Users/admin/builder/spi-builder-workspace/.derivedData/Build/Intermediates.noindex/SwiftExplicitPrecompiledModules -clang-scanner-module-cache-path /Users/admin/builder/spi-builder-workspace/.derivedData/ModuleCache.noindex -sdk-module-cache-path /Users/admin/builder/spi-builder-workspace/.derivedData/SDKExplicitPrecompiledModules -emit-dependencies -emit-module -emit-module-path /Users/admin/builder/spi-builder-workspace/.derivedData/Build/Intermediates.noindex/Nuke.build/Debug-watchos/NukeUI-t.build/Objects-normal/arm64_32/NukeUI.swiftmodule -serialize-diagnostics -dependency-scan-serialize-diagnostics-path /Users/admin/builder/spi-builder-workspace/.derivedData/Build/Intermediates.noindex/Nuke.build/Debug-watchos/NukeUI-t.build/Objects-normal/arm64_32/NukeUI-dependency-scan.dia -user-module-version 13.2.0 -validate-clang-modules-once -clang-build-session-file /Users/admin/builder/spi-builder-workspace/.derivedData/ModuleCache.noindex/Session.modulevalidation -Xcc -fmodules-prune-interval\=86400 -Xcc -fmodules-prune-after\=345600 -package-name nuke -emit-const-values -const-gather-protocols-list /Users/admin/builder/spi-builder-workspace/.derivedData/Build/Intermediates.noindex/Nuke.build/Debug-watchos/NukeUI-t.build/Objects-normal/arm64_32/NukeUI_const_extract_protocols.json -Xcc -I/Users/admin/builder/spi-builder-workspace/.derivedData/Build/Products/Debug-watchos/include -Xcc -I/Users/admin/builder/spi-builder-workspace/.derivedData/Build/Intermediates.noindex/Nuke.build/Debug-watchos/NukeUI-t.build/DerivedSources-normal/arm64_32 -Xcc -I/Users/admin/builder/spi-builder-workspace/.derivedData/Build/Intermediates.noindex/Nuke.build/Debug-watchos/NukeUI-t.build/DerivedSources/arm64_32 -Xcc -I/Users/admin/builder/spi-builder-workspace/.derivedData/Build/Intermediates.noindex/Nuke.build/Debug-watchos/NukeUI-t.build/DerivedSources -Xcc -DSWIFT_PACKAGE -Xcc -DDEBUG\=1 -emit-objc-header -emit-objc-header-path /Users/admin/builder/spi-builder-workspace/.derivedData/Build/Intermediates.noindex/Nuke.build/Debug-watchos/NukeUI-t.build/Objects-normal/arm64_32/NukeUI-Swift.h -working-directory /Users/admin/builder/spi-builder-workspace/.swiftpm/xcode -experimental-emit-module-separately -disable-cmo
SwiftDriverJobDiscovery normal arm64 Compiling LazyImageView.swift (in target 'NukeUI' from project 'Nuke')
SwiftCompile normal arm64 Compiling\ FetchImage.swift /Users/admin/builder/spi-builder-workspace/.dependencies/checkouts/Nuke/Sources/NukeUI/FetchImage.swift (in target 'NukeUI' from project 'Nuke')
SwiftCompile normal arm64 /Users/admin/builder/spi-builder-workspace/.dependencies/checkouts/Nuke/Sources/NukeUI/FetchImage.swift (in target 'NukeUI' from project 'Nuke')
cd /Users/admin/builder/spi-builder-workspace/.swiftpm/xcode
builtin-SwiftPerFileCompile FetchImage.swift
Copy /Users/admin/builder/spi-builder-workspace/.derivedData/Build/Products/Debug-watchos/NukeUI.swiftmodule/arm64_32-apple-watchos.swiftmodule /Users/admin/builder/spi-builder-workspace/.derivedData/Build/Intermediates.noindex/Nuke.build/Debug-watchos/NukeUI-t.build/Objects-normal/arm64_32/NukeUI.swiftmodule (in target 'NukeUI' from project 'Nuke')
cd /Users/admin/builder/spi-builder-workspace/.dependencies/checkouts/Nuke
builtin-copy -exclude .DS_Store -exclude CVS -exclude .svn -exclude .git -exclude .hg -resolve-src-symlinks -rename /Users/admin/builder/spi-builder-workspace/.derivedData/Build/Intermediates.noindex/Nuke.build/Debug-watchos/NukeUI-t.build/Objects-normal/arm64_32/NukeUI.swiftmodule /Users/admin/builder/spi-builder-workspace/.derivedData/Build/Products/Debug-watchos/NukeUI.swiftmodule/arm64_32-apple-watchos.swiftmodule
SwiftDriverJobDiscovery normal arm64 Emitting module for NukeUI (in target 'NukeUI' from project 'Nuke')
SwiftDriver\ Compilation\ Requirements NukeUI normal arm64 com.apple.xcode.tools.swift.compiler (in target 'NukeUI' from project 'Nuke')
cd /Users/admin/builder/spi-builder-workspace/.swiftpm/xcode
builtin-Swift-Compilation-Requirements -- /Applications/Xcode-27.0.0-Release.Candidate.app/Contents/Developer/Toolchains/XcodeDefault.xctoolchain/usr/bin/swiftc -parse-as-library -module-name NukeUI -Onone @/Users/admin/builder/spi-builder-workspace/.derivedData/Build/Intermediates.noindex/Nuke.build/Debug-watchos/NukeUI-t.build/Objects-normal/arm64/NukeUI.SwiftFileList -DSWIFT_PACKAGE -DDEBUG -DSWIFT_MODULE_RESOURCE_BUNDLE_UNAVAILABLE -DXcode -plugin-path /Applications/Xcode-27.0.0-Release.Candidate.app/Contents/Developer/Toolchains/XcodeDefault.xctoolchain/usr/lib/swift/host/plugins/testing -enable-experimental-feature DebugDescriptionMacro -sdk /Applications/Xcode-27.0.0-Release.Candidate.app/Contents/Developer/Platforms/WatchOS.platform/Developer/SDKs/WatchOS27.0.sdk -target arm64-apple-watchos9.0 -g -module-cache-path /Users/admin/builder/spi-builder-workspace/.derivedData/ModuleCache.noindex -Xfrontend -serialize-debugging-options -profile-coverage-mapping -profile-generate -enable-testing -suppress-warnings -index-store-path /Users/admin/builder/spi-builder-workspace/.derivedData/Index.noindex/DataStore -Xcc -D_LIBCPP_HARDENING_MODE\=_LIBCPP_HARDENING_MODE_DEBUG -swift-version 6 -I /Users/admin/builder/spi-builder-workspace/.derivedData/Build/Products/Debug-watchos -Isystem /Applications/Xcode-27.0.0-Release.Candidate.app/Contents/Developer/Platforms/WatchOS.platform/Developer/usr/lib -F /Users/admin/builder/spi-builder-workspace/.derivedData/Build/Products/Debug-watchos/PackageFrameworks -F /Users/admin/builder/spi-builder-workspace/.derivedData/Build/Products/Debug-watchos -F /Applications/Xcode-27.0.0-Release.Candidate.app/Contents/Developer/Platforms/WatchOS.platform/Developer/Library/Frameworks -F /Applications/Xcode-27.0.0-Release.Candidate.app/Contents/Developer/Platforms/WatchOS.platform/Developer/SDKs/WatchOS27.0.sdk/Developer/Library/Frameworks -c -j10 -enable-batch-mode -incremental -Xcc -ivfsstatcache -Xcc /Users/admin/builder/spi-builder-workspace/.derivedData/SDKStatCaches.noindex/watchos27.0-24R360-e829b21a6f8c9b70876ba0858053c04477534ef55a1706bf4c1112bbb242f0a2.sdkstatcache -output-file-map /Users/admin/builder/spi-builder-workspace/.derivedData/Build/Intermediates.noindex/Nuke.build/Debug-watchos/NukeUI-t.build/Objects-normal/arm64/NukeUI-OutputFileMap.json -save-temps -no-color-diagnostics -explicit-module-build -module-cache-path /Users/admin/builder/spi-builder-workspace/.derivedData/Build/Intermediates.noindex/SwiftExplicitPrecompiledModules -clang-scanner-module-cache-path /Users/admin/builder/spi-builder-workspace/.derivedData/ModuleCache.noindex -sdk-module-cache-path /Users/admin/builder/spi-builder-workspace/.derivedData/SDKExplicitPrecompiledModules -emit-dependencies -emit-module -emit-module-path /Users/admin/builder/spi-builder-workspace/.derivedData/Build/Intermediates.noindex/Nuke.build/Debug-watchos/NukeUI-t.build/Objects-normal/arm64/NukeUI.swiftmodule -serialize-diagnostics -dependency-scan-serialize-diagnostics-path /Users/admin/builder/spi-builder-workspace/.derivedData/Build/Intermediates.noindex/Nuke.build/Debug-watchos/NukeUI-t.build/Objects-normal/arm64/NukeUI-dependency-scan.dia -user-module-version 13.2.0 -validate-clang-modules-once -clang-build-session-file /Users/admin/builder/spi-builder-workspace/.derivedData/ModuleCache.noindex/Session.modulevalidation -Xcc -fmodules-prune-interval\=86400 -Xcc -fmodules-prune-after\=345600 -package-name nuke -emit-const-values -const-gather-protocols-list /Users/admin/builder/spi-builder-workspace/.derivedData/Build/Intermediates.noindex/Nuke.build/Debug-watchos/NukeUI-t.build/Objects-normal/arm64/NukeUI_const_extract_protocols.json -Xcc -I/Users/admin/builder/spi-builder-workspace/.derivedData/Build/Products/Debug-watchos/include -Xcc -I/Users/admin/builder/spi-builder-workspace/.derivedData/Build/Intermediates.noindex/Nuke.build/Debug-watchos/NukeUI-t.build/DerivedSources-normal/arm64 -Xcc -I/Users/admin/builder/spi-builder-workspace/.derivedData/Build/Intermediates.noindex/Nuke.build/Debug-watchos/NukeUI-t.build/DerivedSources/arm64 -Xcc -I/Users/admin/builder/spi-builder-workspace/.derivedData/Build/Intermediates.noindex/Nuke.build/Debug-watchos/NukeUI-t.build/DerivedSources -Xcc -DSWIFT_PACKAGE -Xcc -DDEBUG\=1 -emit-objc-header -emit-objc-header-path /Users/admin/builder/spi-builder-workspace/.derivedData/Build/Intermediates.noindex/Nuke.build/Debug-watchos/NukeUI-t.build/Objects-normal/arm64/NukeUI-Swift.h -working-directory /Users/admin/builder/spi-builder-workspace/.swiftpm/xcode -experimental-emit-module-separately -disable-cmo
Copy /Users/admin/builder/spi-builder-workspace/.derivedData/Build/Products/Debug-watchos/NukeUI.swiftmodule/arm64_32-apple-watchos.swiftdoc /Users/admin/builder/spi-builder-workspace/.derivedData/Build/Intermediates.noindex/Nuke.build/Debug-watchos/NukeUI-t.build/Objects-normal/arm64_32/NukeUI.swiftdoc (in target 'NukeUI' from project 'Nuke')
cd /Users/admin/builder/spi-builder-workspace/.dependencies/checkouts/Nuke
builtin-copy -exclude .DS_Store -exclude CVS -exclude .svn -exclude .git -exclude .hg -resolve-src-symlinks -rename /Users/admin/builder/spi-builder-workspace/.derivedData/Build/Intermediates.noindex/Nuke.build/Debug-watchos/NukeUI-t.build/Objects-normal/arm64_32/NukeUI.swiftdoc /Users/admin/builder/spi-builder-workspace/.derivedData/Build/Products/Debug-watchos/NukeUI.swiftmodule/arm64_32-apple-watchos.swiftdoc
SwiftMergeGeneratedHeaders /Users/admin/builder/spi-builder-workspace/.derivedData/Build/Intermediates.noindex/GeneratedModuleMaps-watchos/NukeUI-Swift.h /Users/admin/builder/spi-builder-workspace/.derivedData/Build/Intermediates.noindex/Nuke.build/Debug-watchos/NukeUI-t.build/Objects-normal/arm64/NukeUI-Swift.h /Users/admin/builder/spi-builder-workspace/.derivedData/Build/Intermediates.noindex/Nuke.build/Debug-watchos/NukeUI-t.build/Objects-normal/arm64_32/NukeUI-Swift.h (in target 'NukeUI' from project 'Nuke')
cd /Users/admin/builder/spi-builder-workspace/.dependencies/checkouts/Nuke
builtin-swiftHeaderTool -arch arm64 /Users/admin/builder/spi-builder-workspace/.derivedData/Build/Intermediates.noindex/Nuke.build/Debug-watchos/NukeUI-t.build/Objects-normal/arm64/NukeUI-Swift.h -arch arm64_32 /Users/admin/builder/spi-builder-workspace/.derivedData/Build/Intermediates.noindex/Nuke.build/Debug-watchos/NukeUI-t.build/Objects-normal/arm64_32/NukeUI-Swift.h -o /Users/admin/builder/spi-builder-workspace/.derivedData/Build/Intermediates.noindex/GeneratedModuleMaps-watchos/NukeUI-Swift.h
Copy /Users/admin/builder/spi-builder-workspace/.derivedData/Build/Products/Debug-watchos/NukeUI.swiftmodule/arm64_32-apple-watchos.abi.json /Users/admin/builder/spi-builder-workspace/.derivedData/Build/Intermediates.noindex/Nuke.build/Debug-watchos/NukeUI-t.build/Objects-normal/arm64_32/NukeUI.abi.json (in target 'NukeUI' from project 'Nuke')
cd /Users/admin/builder/spi-builder-workspace/.dependencies/checkouts/Nuke
builtin-copy -exclude .DS_Store -exclude CVS -exclude .svn -exclude .git -exclude .hg -resolve-src-symlinks -rename /Users/admin/builder/spi-builder-workspace/.derivedData/Build/Intermediates.noindex/Nuke.build/Debug-watchos/NukeUI-t.build/Objects-normal/arm64_32/NukeUI.abi.json /Users/admin/builder/spi-builder-workspace/.derivedData/Build/Products/Debug-watchos/NukeUI.swiftmodule/arm64_32-apple-watchos.abi.json
Copy /Users/admin/builder/spi-builder-workspace/.derivedData/Build/Products/Debug-watchos/NukeUI.swiftmodule/arm64-apple-watchos.swiftmodule /Users/admin/builder/spi-builder-workspace/.derivedData/Build/Intermediates.noindex/Nuke.build/Debug-watchos/NukeUI-t.build/Objects-normal/arm64/NukeUI.swiftmodule (in target 'NukeUI' from project 'Nuke')
cd /Users/admin/builder/spi-builder-workspace/.dependencies/checkouts/Nuke
builtin-copy -exclude .DS_Store -exclude CVS -exclude .svn -exclude .git -exclude .hg -resolve-src-symlinks -rename /Users/admin/builder/spi-builder-workspace/.derivedData/Build/Intermediates.noindex/Nuke.build/Debug-watchos/NukeUI-t.build/Objects-normal/arm64/NukeUI.swiftmodule /Users/admin/builder/spi-builder-workspace/.derivedData/Build/Products/Debug-watchos/NukeUI.swiftmodule/arm64-apple-watchos.swiftmodule
Copy /Users/admin/builder/spi-builder-workspace/.derivedData/Build/Products/Debug-watchos/NukeUI.swiftmodule/arm64-apple-watchos.swiftdoc /Users/admin/builder/spi-builder-workspace/.derivedData/Build/Intermediates.noindex/Nuke.build/Debug-watchos/NukeUI-t.build/Objects-normal/arm64/NukeUI.swiftdoc (in target 'NukeUI' from project 'Nuke')
cd /Users/admin/builder/spi-builder-workspace/.dependencies/checkouts/Nuke
builtin-copy -exclude .DS_Store -exclude CVS -exclude .svn -exclude .git -exclude .hg -resolve-src-symlinks -rename /Users/admin/builder/spi-builder-workspace/.derivedData/Build/Intermediates.noindex/Nuke.build/Debug-watchos/NukeUI-t.build/Objects-normal/arm64/NukeUI.swiftdoc /Users/admin/builder/spi-builder-workspace/.derivedData/Build/Products/Debug-watchos/NukeUI.swiftmodule/arm64-apple-watchos.swiftdoc
Copy /Users/admin/builder/spi-builder-workspace/.derivedData/Build/Products/Debug-watchos/NukeUI.swiftmodule/arm64-apple-watchos.abi.json /Users/admin/builder/spi-builder-workspace/.derivedData/Build/Intermediates.noindex/Nuke.build/Debug-watchos/NukeUI-t.build/Objects-normal/arm64/NukeUI.abi.json (in target 'NukeUI' from project 'Nuke')
cd /Users/admin/builder/spi-builder-workspace/.dependencies/checkouts/Nuke
builtin-copy -exclude .DS_Store -exclude CVS -exclude .svn -exclude .git -exclude .hg -resolve-src-symlinks -rename /Users/admin/builder/spi-builder-workspace/.derivedData/Build/Intermediates.noindex/Nuke.build/Debug-watchos/NukeUI-t.build/Objects-normal/arm64/NukeUI.abi.json /Users/admin/builder/spi-builder-workspace/.derivedData/Build/Products/Debug-watchos/NukeUI.swiftmodule/arm64-apple-watchos.abi.json
Copy /Users/admin/builder/spi-builder-workspace/.derivedData/Build/Products/Debug-watchos/NukeUI.swiftmodule/Project/arm64_32-apple-watchos.swiftsourceinfo /Users/admin/builder/spi-builder-workspace/.derivedData/Build/Intermediates.noindex/Nuke.build/Debug-watchos/NukeUI-t.build/Objects-normal/arm64_32/NukeUI.swiftsourceinfo (in target 'NukeUI' from project 'Nuke')
cd /Users/admin/builder/spi-builder-workspace/.dependencies/checkouts/Nuke
builtin-copy -exclude .DS_Store -exclude CVS -exclude .svn -exclude .git -exclude .hg -resolve-src-symlinks -rename /Users/admin/builder/spi-builder-workspace/.derivedData/Build/Intermediates.noindex/Nuke.build/Debug-watchos/NukeUI-t.build/Objects-normal/arm64_32/NukeUI.swiftsourceinfo /Users/admin/builder/spi-builder-workspace/.derivedData/Build/Products/Debug-watchos/NukeUI.swiftmodule/Project/arm64_32-apple-watchos.swiftsourceinfo
Copy /Users/admin/builder/spi-builder-workspace/.derivedData/Build/Products/Debug-watchos/NukeUI.swiftmodule/Project/arm64-apple-watchos.swiftsourceinfo /Users/admin/builder/spi-builder-workspace/.derivedData/Build/Intermediates.noindex/Nuke.build/Debug-watchos/NukeUI-t.build/Objects-normal/arm64/NukeUI.swiftsourceinfo (in target 'NukeUI' from project 'Nuke')
cd /Users/admin/builder/spi-builder-workspace/.dependencies/checkouts/Nuke
builtin-copy -exclude .DS_Store -exclude CVS -exclude .svn -exclude .git -exclude .hg -resolve-src-symlinks -rename /Users/admin/builder/spi-builder-workspace/.derivedData/Build/Intermediates.noindex/Nuke.build/Debug-watchos/NukeUI-t.build/Objects-normal/arm64/NukeUI.swiftsourceinfo /Users/admin/builder/spi-builder-workspace/.derivedData/Build/Products/Debug-watchos/NukeUI.swiftmodule/Project/arm64-apple-watchos.swiftsourceinfo
SwiftDriverJobDiscovery normal arm64 Compiling Internal.swift (in target 'NukeUI' from project 'Nuke')
SwiftDriver\ Compilation HTTPTypesFoundation normal arm64_32 com.apple.xcode.tools.swift.compiler (in target 'HTTPTypesFoundation' from project 'swift-http-types')
cd /Users/admin/builder/spi-builder-workspace/.swiftpm/xcode
builtin-Swift-Compilation -- /Applications/Xcode-27.0.0-Release.Candidate.app/Contents/Developer/Toolchains/XcodeDefault.xctoolchain/usr/bin/swiftc -parse-as-library -module-name HTTPTypesFoundation -Onone @/Users/admin/builder/spi-builder-workspace/.derivedData/Build/Intermediates.noindex/swift-http-types.build/Debug-watchos/HTTPTypesFoundation-t.build/Objects-normal/arm64_32/HTTPTypesFoundation.SwiftFileList -DSWIFT_PACKAGE -DDEBUG -DSWIFT_MODULE_RESOURCE_BUNDLE_UNAVAILABLE -DFoundationURL -DXcode -enable-upcoming-feature InternalImportsByDefault -enable-experimental-feature AvailabilityMacro\=HTTPTypes\ 1.0:\ macOS\ 10.0 -enable-experimental-feature AvailabilityMacro\=HTTPTypes\ 1.1:\ macOS\ 10.0 -enable-experimental-feature AvailabilityMacro\=HTTPTypes\ 1.2:\ macOS\ 10.0 -enable-experimental-feature AvailabilityMacro\=HTTPTypes\ 1.3:\ macOS\ 10.0 -enable-experimental-feature AvailabilityMacro\=HTTPTypes\ 1.6:\ macOS\ 10.0 -enable-experimental-feature AvailabilityMacro\=HTTPTypes\ 1.7:\ macOS\ 10.0 -enable-upcoming-feature MemberImportVisibility -plugin-path /Applications/Xcode-27.0.0-Release.Candidate.app/Contents/Developer/Toolchains/XcodeDefault.xctoolchain/usr/lib/swift/host/plugins/testing -enable-experimental-feature DebugDescriptionMacro -sdk /Applications/Xcode-27.0.0-Release.Candidate.app/Contents/Developer/Platforms/WatchOS.platform/Developer/SDKs/WatchOS27.0.sdk -target arm64_32-apple-watchos9.0 -g -module-cache-path /Users/admin/builder/spi-builder-workspace/.derivedData/ModuleCache.noindex -Xfrontend -serialize-debugging-options -profile-coverage-mapping -profile-generate -enable-testing -suppress-warnings -index-store-path /Users/admin/builder/spi-builder-workspace/.derivedData/Index.noindex/DataStore -Xcc -D_LIBCPP_HARDENING_MODE\=_LIBCPP_HARDENING_MODE_DEBUG -swift-version 6 -I /Users/admin/builder/spi-builder-workspace/.derivedData/Build/Products/Debug-watchos -Isystem /Applications/Xcode-27.0.0-Release.Candidate.app/Contents/Developer/Platforms/WatchOS.platform/Developer/usr/lib -F /Users/admin/builder/spi-builder-workspace/.derivedData/Build/Products/Debug-watchos/PackageFrameworks -F /Users/admin/builder/spi-builder-workspace/.derivedData/Build/Products/Debug-watchos -F /Applications/Xcode-27.0.0-Release.Candidate.app/Contents/Developer/Platforms/WatchOS.platform/Developer/Library/Frameworks -F /Applications/Xcode-27.0.0-Release.Candidate.app/Contents/Developer/Platforms/WatchOS.platform/Developer/SDKs/WatchOS27.0.sdk/Developer/Library/Frameworks -c -j10 -enable-batch-mode -incremental -Xcc -ivfsstatcache -Xcc /Users/admin/builder/spi-builder-workspace/.derivedData/SDKStatCaches.noindex/watchos27.0-24R360-e829b21a6f8c9b70876ba0858053c04477534ef55a1706bf4c1112bbb242f0a2.sdkstatcache -output-file-map /Users/admin/builder/spi-builder-workspace/.derivedData/Build/Intermediates.noindex/swift-http-types.build/Debug-watchos/HTTPTypesFoundation-t.build/Objects-normal/arm64_32/HTTPTypesFoundation-OutputFileMap.json -save-temps -no-color-diagnostics -explicit-module-build -module-cache-path /Users/admin/builder/spi-builder-workspace/.derivedData/Build/Intermediates.noindex/SwiftExplicitPrecompiledModules -clang-scanner-module-cache-path /Users/admin/builder/spi-builder-workspace/.derivedData/ModuleCache.noindex -sdk-module-cache-path /Users/admin/builder/spi-builder-workspace/.derivedData/SDKExplicitPrecompiledModules -emit-dependencies -emit-module -emit-module-path /Users/admin/builder/spi-builder-workspace/.derivedData/Build/Intermediates.noindex/swift-http-types.build/Debug-watchos/HTTPTypesFoundation-t.build/Objects-normal/arm64_32/HTTPTypesFoundation.swiftmodule -serialize-diagnostics -dependency-scan-serialize-diagnostics-path /Users/admin/builder/spi-builder-workspace/.derivedData/Build/Intermediates.noindex/swift-http-types.build/Debug-watchos/HTTPTypesFoundation-t.build/Objects-normal/arm64_32/HTTPTypesFoundation-dependency-scan.dia -user-module-version 1.8.0 -validate-clang-modules-once -clang-build-session-file /Users/admin/builder/spi-builder-workspace/.derivedData/ModuleCache.noindex/Session.modulevalidation -Xcc -fmodules-prune-interval\=86400 -Xcc -fmodules-prune-after\=345600 -package-name swift_http_types -emit-const-values -const-gather-protocols-list /Users/admin/builder/spi-builder-workspace/.derivedData/Build/Intermediates.noindex/swift-http-types.build/Debug-watchos/HTTPTypesFoundation-t.build/Objects-normal/arm64_32/HTTPTypesFoundation_const_extract_protocols.json -Xcc -I/Users/admin/builder/spi-builder-workspace/.derivedData/Build/Products/Debug-watchos/include -Xcc -I/Users/admin/builder/spi-builder-workspace/.derivedData/Build/Intermediates.noindex/swift-http-types.build/Debug-watchos/HTTPTypesFoundation-t.build/DerivedSources-normal/arm64_32 -Xcc -I/Users/admin/builder/spi-builder-workspace/.derivedData/Build/Intermediates.noindex/swift-http-types.build/Debug-watchos/HTTPTypesFoundation-t.build/DerivedSources/arm64_32 -Xcc -I/Users/admin/builder/spi-builder-workspace/.derivedData/Build/Intermediates.noindex/swift-http-types.build/Debug-watchos/HTTPTypesFoundation-t.build/DerivedSources -Xcc -DSWIFT_PACKAGE -Xcc -DDEBUG\=1 -emit-objc-header -emit-objc-header-path /Users/admin/builder/spi-builder-workspace/.derivedData/Build/Intermediates.noindex/swift-http-types.build/Debug-watchos/HTTPTypesFoundation-t.build/Objects-normal/arm64_32/HTTPTypesFoundation-Swift.h -working-directory /Users/admin/builder/spi-builder-workspace/.swiftpm/xcode -experimental-emit-module-separately -disable-cmo
SwiftCompile normal arm64_32 Compiling\ String+Crypto.swift,\ String+Utils.swift,\ Task.swift /Users/admin/builder/spi-builder-workspace/.dependencies/checkouts/BSWFoundation/Sources/BSWFoundation/Extensions/String+Crypto.swift /Users/admin/builder/spi-builder-workspace/.dependencies/checkouts/BSWFoundation/Sources/BSWFoundation/Extensions/String+Utils.swift /Users/admin/builder/spi-builder-workspace/.dependencies/checkouts/BSWFoundation/Sources/BSWFoundation/Extensions/Task.swift (in target 'BSWFoundation' from project 'BSWFoundation')
SwiftCompile normal arm64_32 /Users/admin/builder/spi-builder-workspace/.dependencies/checkouts/BSWFoundation/Sources/BSWFoundation/Extensions/String+Crypto.swift (in target 'BSWFoundation' from project 'BSWFoundation')
cd /Users/admin/builder/spi-builder-workspace/.swiftpm/xcode
builtin-SwiftPerFileCompile String+Crypto.swift
SwiftCompile normal arm64_32 /Users/admin/builder/spi-builder-workspace/.dependencies/checkouts/BSWFoundation/Sources/BSWFoundation/Extensions/String+Utils.swift (in target 'BSWFoundation' from project 'BSWFoundation')
cd /Users/admin/builder/spi-builder-workspace/.swiftpm/xcode
builtin-SwiftPerFileCompile String+Utils.swift
SwiftCompile normal arm64_32 /Users/admin/builder/spi-builder-workspace/.dependencies/checkouts/BSWFoundation/Sources/BSWFoundation/Extensions/Task.swift (in target 'BSWFoundation' from project 'BSWFoundation')
cd /Users/admin/builder/spi-builder-workspace/.swiftpm/xcode
builtin-SwiftPerFileCompile Task.swift
Ld /Users/admin/builder/spi-builder-workspace/.derivedData/Build/Intermediates.noindex/swift-http-types.build/Debug-watchos/HTTPTypesFoundation-t.build/Objects-normal/arm64_32/Binary/HTTPTypesFoundation.o normal arm64_32 (in target 'HTTPTypesFoundation' from project 'swift-http-types')
cd /Users/admin/builder/spi-builder-workspace/.dependencies/checkouts/swift-http-types
/Applications/Xcode-27.0.0-Release.Candidate.app/Contents/Developer/Toolchains/XcodeDefault.xctoolchain/usr/bin/clang -Xlinker -reproducible -target arm64_32-apple-watchos9.0 -r -isysroot /Applications/Xcode-27.0.0-Release.Candidate.app/Contents/Developer/Platforms/WatchOS.platform/Developer/SDKs/WatchOS27.0.sdk -O0 -w -Xlinker -no_warn_duplicate_libraries -F/Users/admin/builder/spi-builder-workspace/.derivedData/Build/Intermediates.noindex/EagerLinkingTBDs/Debug-watchos -F/Users/admin/builder/spi-builder-workspace/.derivedData/Build/Products/Debug-watchos/PackageFrameworks -F/Users/admin/builder/spi-builder-workspace/.derivedData/Build/Products/Debug-watchos -iframework /Applications/Xcode-27.0.0-Release.Candidate.app/Contents/Developer/Platforms/WatchOS.platform/Developer/Library/Frameworks -iframework /Applications/Xcode-27.0.0-Release.Candidate.app/Contents/Developer/Platforms/WatchOS.platform/Developer/SDKs/WatchOS27.0.sdk/Developer/Library/Frameworks -filelist /Users/admin/builder/spi-builder-workspace/.derivedData/Build/Intermediates.noindex/swift-http-types.build/Debug-watchos/HTTPTypesFoundation-t.build/Objects-normal/arm64_32/HTTPTypesFoundation.LinkFileList -nostdlib -Xlinker -object_path_lto -Xlinker /Users/admin/builder/spi-builder-workspace/.derivedData/Build/Intermediates.noindex/swift-http-types.build/Debug-watchos/HTTPTypesFoundation-t.build/Objects-normal/arm64_32/HTTPTypesFoundation_lto.o -Xlinker -no_deduplicate -Xlinker -debug_variant -Xlinker -dependency_info -Xlinker /Users/admin/builder/spi-builder-workspace/.derivedData/Build/Intermediates.noindex/swift-http-types.build/Debug-watchos/HTTPTypesFoundation-t.build/Objects-normal/arm64_32/HTTPTypesFoundation_dependency_info.dat -fobjc-link-runtime -L/Applications/Xcode-27.0.0-Release.Candidate.app/Contents/Developer/Toolchains/XcodeDefault.xctoolchain/usr/lib/swift/watchos -L/usr/lib/swift -Xlinker -add_ast_path -Xlinker /Users/admin/builder/spi-builder-workspace/.derivedData/Build/Intermediates.noindex/swift-http-types.build/Debug-watchos/HTTPTypesFoundation-t.build/Objects-normal/arm64_32/HTTPTypesFoundation.swiftmodule -o /Users/admin/builder/spi-builder-workspace/.derivedData/Build/Intermediates.noindex/swift-http-types.build/Debug-watchos/HTTPTypesFoundation-t.build/Objects-normal/arm64_32/Binary/HTTPTypesFoundation.o
CreateUniversalBinary /Users/admin/builder/spi-builder-workspace/.derivedData/Build/Products/Debug-watchos/HTTPTypesFoundation.o normal arm64\ arm64_32 (in target 'HTTPTypesFoundation' from project 'swift-http-types')
cd /Users/admin/builder/spi-builder-workspace/.dependencies/checkouts/swift-http-types
/Applications/Xcode-27.0.0-Release.Candidate.app/Contents/Developer/Toolchains/XcodeDefault.xctoolchain/usr/bin/lipo -create /Users/admin/builder/spi-builder-workspace/.derivedData/Build/Intermediates.noindex/swift-http-types.build/Debug-watchos/HTTPTypesFoundation-t.build/Objects-normal/arm64/Binary/HTTPTypesFoundation.o /Users/admin/builder/spi-builder-workspace/.derivedData/Build/Intermediates.noindex/swift-http-types.build/Debug-watchos/HTTPTypesFoundation-t.build/Objects-normal/arm64_32/Binary/HTTPTypesFoundation.o -output /Users/admin/builder/spi-builder-workspace/.derivedData/Build/Products/Debug-watchos/HTTPTypesFoundation.o
SwiftCompile normal arm64_32 Compiling\ Date+Extensions.swift,\ Error+Extensions.swift,\ Observation+Ext.swift /Users/admin/builder/spi-builder-workspace/.dependencies/checkouts/BSWFoundation/Sources/BSWFoundation/Extensions/Date+Extensions.swift /Users/admin/builder/spi-builder-workspace/.dependencies/checkouts/BSWFoundation/Sources/BSWFoundation/Extensions/Error+Extensions.swift /Users/admin/builder/spi-builder-workspace/.dependencies/checkouts/BSWFoundation/Sources/BSWFoundation/Extensions/Observation+Ext.swift (in target 'BSWFoundation' from project 'BSWFoundation')
SwiftCompile normal arm64_32 /Users/admin/builder/spi-builder-workspace/.dependencies/checkouts/BSWFoundation/Sources/BSWFoundation/Extensions/Date+Extensions.swift (in target 'BSWFoundation' from project 'BSWFoundation')
cd /Users/admin/builder/spi-builder-workspace/.swiftpm/xcode
builtin-SwiftPerFileCompile Date+Extensions.swift
SwiftCompile normal arm64_32 /Users/admin/builder/spi-builder-workspace/.dependencies/checkouts/BSWFoundation/Sources/BSWFoundation/Extensions/Error+Extensions.swift (in target 'BSWFoundation' from project 'BSWFoundation')
cd /Users/admin/builder/spi-builder-workspace/.swiftpm/xcode
builtin-SwiftPerFileCompile Error+Extensions.swift
SwiftCompile normal arm64_32 /Users/admin/builder/spi-builder-workspace/.dependencies/checkouts/BSWFoundation/Sources/BSWFoundation/Extensions/Observation+Ext.swift (in target 'BSWFoundation' from project 'BSWFoundation')
cd /Users/admin/builder/spi-builder-workspace/.swiftpm/xcode
builtin-SwiftPerFileCompile Observation+Ext.swift
SwiftCompile normal arm64 Compiling\ MockAPIClient.swift,\ Router.swift,\ AsyncStreamDispatcher.swift /Users/admin/builder/spi-builder-workspace/.dependencies/checkouts/BSWFoundation/Sources/BSWFoundation/APIClient/Mocks/MockAPIClient.swift /Users/admin/builder/spi-builder-workspace/.dependencies/checkouts/BSWFoundation/Sources/BSWFoundation/APIClient/Router.swift /Users/admin/builder/spi-builder-workspace/.dependencies/checkouts/BSWFoundation/Sources/BSWFoundation/AsyncStream/AsyncStreamDispatcher.swift (in target 'BSWFoundation' from project 'BSWFoundation')
SwiftCompile normal arm64 /Users/admin/builder/spi-builder-workspace/.dependencies/checkouts/BSWFoundation/Sources/BSWFoundation/APIClient/Mocks/MockAPIClient.swift (in target 'BSWFoundation' from project 'BSWFoundation')
cd /Users/admin/builder/spi-builder-workspace/.swiftpm/xcode
builtin-SwiftPerFileCompile MockAPIClient.swift
SwiftCompile normal arm64 /Users/admin/builder/spi-builder-workspace/.dependencies/checkouts/BSWFoundation/Sources/BSWFoundation/APIClient/Router.swift (in target 'BSWFoundation' from project 'BSWFoundation')
cd /Users/admin/builder/spi-builder-workspace/.swiftpm/xcode
builtin-SwiftPerFileCompile Router.swift
SwiftCompile normal arm64 /Users/admin/builder/spi-builder-workspace/.dependencies/checkouts/BSWFoundation/Sources/BSWFoundation/AsyncStream/AsyncStreamDispatcher.swift (in target 'BSWFoundation' from project 'BSWFoundation')
cd /Users/admin/builder/spi-builder-workspace/.swiftpm/xcode
builtin-SwiftPerFileCompile AsyncStreamDispatcher.swift
SwiftDriverJobDiscovery normal arm64 Emitting module for BSWFoundation (in target 'BSWFoundation' from project 'BSWFoundation')
SwiftDriver\ Compilation\ Requirements BSWFoundation normal arm64 com.apple.xcode.tools.swift.compiler (in target 'BSWFoundation' from project 'BSWFoundation')
cd /Users/admin/builder/spi-builder-workspace/.swiftpm/xcode
builtin-Swift-Compilation-Requirements -- /Applications/Xcode-27.0.0-Release.Candidate.app/Contents/Developer/Toolchains/XcodeDefault.xctoolchain/usr/bin/swiftc -parse-as-library -module-name BSWFoundation -Onone @/Users/admin/builder/spi-builder-workspace/.derivedData/Build/Intermediates.noindex/BSWFoundation.build/Debug-watchos/BSWFoundation-t.build/Objects-normal/arm64/BSWFoundation.SwiftFileList -DSWIFT_PACKAGE -DDEBUG -DSWIFT_MODULE_RESOURCE_BUNDLE_UNAVAILABLE -DXcode -plugin-path /Applications/Xcode-27.0.0-Release.Candidate.app/Contents/Developer/Toolchains/XcodeDefault.xctoolchain/usr/lib/swift/host/plugins/testing -enable-experimental-feature DebugDescriptionMacro -sdk /Applications/Xcode-27.0.0-Release.Candidate.app/Contents/Developer/Platforms/WatchOS.platform/Developer/SDKs/WatchOS27.0.sdk -target arm64-apple-watchos11.0 -g -module-cache-path /Users/admin/builder/spi-builder-workspace/.derivedData/ModuleCache.noindex -Xfrontend -serialize-debugging-options -profile-coverage-mapping -profile-generate -enable-testing -suppress-warnings -index-store-path /Users/admin/builder/spi-builder-workspace/.derivedData/Index.noindex/DataStore -Xcc -D_LIBCPP_HARDENING_MODE\=_LIBCPP_HARDENING_MODE_DEBUG -swift-version 6 -I /Users/admin/builder/spi-builder-workspace/.derivedData/Build/Products/Debug-watchos -Isystem /Applications/Xcode-27.0.0-Release.Candidate.app/Contents/Developer/Platforms/WatchOS.platform/Developer/usr/lib -F /Users/admin/builder/spi-builder-workspace/.derivedData/Build/Products/Debug-watchos/PackageFrameworks -F /Users/admin/builder/spi-builder-workspace/.derivedData/Build/Products/Debug-watchos -F /Applications/Xcode-27.0.0-Release.Candidate.app/Contents/Developer/Platforms/WatchOS.platform/Developer/Library/Frameworks -F /Applications/Xcode-27.0.0-Release.Candidate.app/Contents/Developer/Platforms/WatchOS.platform/Developer/SDKs/WatchOS27.0.sdk/Developer/Library/Frameworks -c -j10 -enable-batch-mode -incremental -Xcc -ivfsstatcache -Xcc /Users/admin/builder/spi-builder-workspace/.derivedData/SDKStatCaches.noindex/watchos27.0-24R360-e829b21a6f8c9b70876ba0858053c04477534ef55a1706bf4c1112bbb242f0a2.sdkstatcache -output-file-map /Users/admin/builder/spi-builder-workspace/.derivedData/Build/Intermediates.noindex/BSWFoundation.build/Debug-watchos/BSWFoundation-t.build/Objects-normal/arm64/BSWFoundation-OutputFileMap.json -save-temps -no-color-diagnostics -explicit-module-build -module-cache-path /Users/admin/builder/spi-builder-workspace/.derivedData/Build/Intermediates.noindex/SwiftExplicitPrecompiledModules -clang-scanner-module-cache-path /Users/admin/builder/spi-builder-workspace/.derivedData/ModuleCache.noindex -sdk-module-cache-path /Users/admin/builder/spi-builder-workspace/.derivedData/SDKExplicitPrecompiledModules -emit-dependencies -emit-module -emit-module-path /Users/admin/builder/spi-builder-workspace/.derivedData/Build/Intermediates.noindex/BSWFoundation.build/Debug-watchos/BSWFoundation-t.build/Objects-normal/arm64/BSWFoundation.swiftmodule -serialize-diagnostics -dependency-scan-serialize-diagnostics-path /Users/admin/builder/spi-builder-workspace/.derivedData/Build/Intermediates.noindex/BSWFoundation.build/Debug-watchos/BSWFoundation-t.build/Objects-normal/arm64/BSWFoundation-dependency-scan.dia -user-module-version 26.9.0 -validate-clang-modules-once -clang-build-session-file /Users/admin/builder/spi-builder-workspace/.derivedData/ModuleCache.noindex/Session.modulevalidation -Xcc -fmodules-prune-interval\=86400 -Xcc -fmodules-prune-after\=345600 -package-name bswfoundation -emit-const-values -const-gather-protocols-list /Users/admin/builder/spi-builder-workspace/.derivedData/Build/Intermediates.noindex/BSWFoundation.build/Debug-watchos/BSWFoundation-t.build/Objects-normal/arm64/BSWFoundation_const_extract_protocols.json -Xcc -I/Users/admin/builder/spi-builder-workspace/.derivedData/Build/Products/Debug-watchos/include -Xcc -I/Users/admin/builder/spi-builder-workspace/.derivedData/Build/Intermediates.noindex/BSWFoundation.build/Debug-watchos/BSWFoundation-t.build/DerivedSources-normal/arm64 -Xcc -I/Users/admin/builder/spi-builder-workspace/.derivedData/Build/Intermediates.noindex/BSWFoundation.build/Debug-watchos/BSWFoundation-t.build/DerivedSources/arm64 -Xcc -I/Users/admin/builder/spi-builder-workspace/.derivedData/Build/Intermediates.noindex/BSWFoundation.build/Debug-watchos/BSWFoundation-t.build/DerivedSources -Xcc -DSWIFT_PACKAGE -Xcc -DDEBUG\=1 -emit-objc-header -emit-objc-header-path /Users/admin/builder/spi-builder-workspace/.derivedData/Build/Intermediates.noindex/BSWFoundation.build/Debug-watchos/BSWFoundation-t.build/Objects-normal/arm64/BSWFoundation-Swift.h -working-directory /Users/admin/builder/spi-builder-workspace/.swiftpm/xcode -experimental-emit-module-separately -disable-cmo
SwiftDriverJobDiscovery normal arm64_32 Emitting module for BSWFoundation (in target 'BSWFoundation' from project 'BSWFoundation')
SwiftDriver\ Compilation\ Requirements BSWFoundation normal arm64_32 com.apple.xcode.tools.swift.compiler (in target 'BSWFoundation' from project 'BSWFoundation')
cd /Users/admin/builder/spi-builder-workspace/.swiftpm/xcode
builtin-Swift-Compilation-Requirements -- /Applications/Xcode-27.0.0-Release.Candidate.app/Contents/Developer/Toolchains/XcodeDefault.xctoolchain/usr/bin/swiftc -parse-as-library -module-name BSWFoundation -Onone @/Users/admin/builder/spi-builder-workspace/.derivedData/Build/Intermediates.noindex/BSWFoundation.build/Debug-watchos/BSWFoundation-t.build/Objects-normal/arm64_32/BSWFoundation.SwiftFileList -DSWIFT_PACKAGE -DDEBUG -DSWIFT_MODULE_RESOURCE_BUNDLE_UNAVAILABLE -DXcode -plugin-path /Applications/Xcode-27.0.0-Release.Candidate.app/Contents/Developer/Toolchains/XcodeDefault.xctoolchain/usr/lib/swift/host/plugins/testing -enable-experimental-feature DebugDescriptionMacro -sdk /Applications/Xcode-27.0.0-Release.Candidate.app/Contents/Developer/Platforms/WatchOS.platform/Developer/SDKs/WatchOS27.0.sdk -target arm64_32-apple-watchos11.0 -g -module-cache-path /Users/admin/builder/spi-builder-workspace/.derivedData/ModuleCache.noindex -Xfrontend -serialize-debugging-options -profile-coverage-mapping -profile-generate -enable-testing -suppress-warnings -index-store-path /Users/admin/builder/spi-builder-workspace/.derivedData/Index.noindex/DataStore -Xcc -D_LIBCPP_HARDENING_MODE\=_LIBCPP_HARDENING_MODE_DEBUG -swift-version 6 -I /Users/admin/builder/spi-builder-workspace/.derivedData/Build/Products/Debug-watchos -Isystem /Applications/Xcode-27.0.0-Release.Candidate.app/Contents/Developer/Platforms/WatchOS.platform/Developer/usr/lib -F /Users/admin/builder/spi-builder-workspace/.derivedData/Build/Products/Debug-watchos/PackageFrameworks -F /Users/admin/builder/spi-builder-workspace/.derivedData/Build/Products/Debug-watchos -F /Applications/Xcode-27.0.0-Release.Candidate.app/Contents/Developer/Platforms/WatchOS.platform/Developer/Library/Frameworks -F /Applications/Xcode-27.0.0-Release.Candidate.app/Contents/Developer/Platforms/WatchOS.platform/Developer/SDKs/WatchOS27.0.sdk/Developer/Library/Frameworks -c -j10 -enable-batch-mode -incremental -Xcc -ivfsstatcache -Xcc /Users/admin/builder/spi-builder-workspace/.derivedData/SDKStatCaches.noindex/watchos27.0-24R360-e829b21a6f8c9b70876ba0858053c04477534ef55a1706bf4c1112bbb242f0a2.sdkstatcache -output-file-map /Users/admin/builder/spi-builder-workspace/.derivedData/Build/Intermediates.noindex/BSWFoundation.build/Debug-watchos/BSWFoundation-t.build/Objects-normal/arm64_32/BSWFoundation-OutputFileMap.json -save-temps -no-color-diagnostics -explicit-module-build -module-cache-path /Users/admin/builder/spi-builder-workspace/.derivedData/Build/Intermediates.noindex/SwiftExplicitPrecompiledModules -clang-scanner-module-cache-path /Users/admin/builder/spi-builder-workspace/.derivedData/ModuleCache.noindex -sdk-module-cache-path /Users/admin/builder/spi-builder-workspace/.derivedData/SDKExplicitPrecompiledModules -emit-dependencies -emit-module -emit-module-path /Users/admin/builder/spi-builder-workspace/.derivedData/Build/Intermediates.noindex/BSWFoundation.build/Debug-watchos/BSWFoundation-t.build/Objects-normal/arm64_32/BSWFoundation.swiftmodule -serialize-diagnostics -dependency-scan-serialize-diagnostics-path /Users/admin/builder/spi-builder-workspace/.derivedData/Build/Intermediates.noindex/BSWFoundation.build/Debug-watchos/BSWFoundation-t.build/Objects-normal/arm64_32/BSWFoundation-dependency-scan.dia -user-module-version 26.9.0 -validate-clang-modules-once -clang-build-session-file /Users/admin/builder/spi-builder-workspace/.derivedData/ModuleCache.noindex/Session.modulevalidation -Xcc -fmodules-prune-interval\=86400 -Xcc -fmodules-prune-after\=345600 -package-name bswfoundation -emit-const-values -const-gather-protocols-list /Users/admin/builder/spi-builder-workspace/.derivedData/Build/Intermediates.noindex/BSWFoundation.build/Debug-watchos/BSWFoundation-t.build/Objects-normal/arm64_32/BSWFoundation_const_extract_protocols.json -Xcc -I/Users/admin/builder/spi-builder-workspace/.derivedData/Build/Products/Debug-watchos/include -Xcc -I/Users/admin/builder/spi-builder-workspace/.derivedData/Build/Intermediates.noindex/BSWFoundation.build/Debug-watchos/BSWFoundation-t.build/DerivedSources-normal/arm64_32 -Xcc -I/Users/admin/builder/spi-builder-workspace/.derivedData/Build/Intermediates.noindex/BSWFoundation.build/Debug-watchos/BSWFoundation-t.build/DerivedSources/arm64_32 -Xcc -I/Users/admin/builder/spi-builder-workspace/.derivedData/Build/Intermediates.noindex/BSWFoundation.build/Debug-watchos/BSWFoundation-t.build/DerivedSources -Xcc -DSWIFT_PACKAGE -Xcc -DDEBUG\=1 -emit-objc-header -emit-objc-header-path /Users/admin/builder/spi-builder-workspace/.derivedData/Build/Intermediates.noindex/BSWFoundation.build/Debug-watchos/BSWFoundation-t.build/Objects-normal/arm64_32/BSWFoundation-Swift.h -working-directory /Users/admin/builder/spi-builder-workspace/.swiftpm/xcode -experimental-emit-module-separately -disable-cmo
Copy /Users/admin/builder/spi-builder-workspace/.derivedData/Build/Products/Debug-watchos/BSWFoundation.swiftmodule/arm64-apple-watchos.swiftmodule /Users/admin/builder/spi-builder-workspace/.derivedData/Build/Intermediates.noindex/BSWFoundation.build/Debug-watchos/BSWFoundation-t.build/Objects-normal/arm64/BSWFoundation.swiftmodule (in target 'BSWFoundation' from project 'BSWFoundation')
cd /Users/admin/builder/spi-builder-workspace/.dependencies/checkouts/BSWFoundation
builtin-copy -exclude .DS_Store -exclude CVS -exclude .svn -exclude .git -exclude .hg -resolve-src-symlinks -rename /Users/admin/builder/spi-builder-workspace/.derivedData/Build/Intermediates.noindex/BSWFoundation.build/Debug-watchos/BSWFoundation-t.build/Objects-normal/arm64/BSWFoundation.swiftmodule /Users/admin/builder/spi-builder-workspace/.derivedData/Build/Products/Debug-watchos/BSWFoundation.swiftmodule/arm64-apple-watchos.swiftmodule
SwiftMergeGeneratedHeaders /Users/admin/builder/spi-builder-workspace/.derivedData/Build/Intermediates.noindex/GeneratedModuleMaps-watchos/BSWFoundation-Swift.h /Users/admin/builder/spi-builder-workspace/.derivedData/Build/Intermediates.noindex/BSWFoundation.build/Debug-watchos/BSWFoundation-t.build/Objects-normal/arm64/BSWFoundation-Swift.h /Users/admin/builder/spi-builder-workspace/.derivedData/Build/Intermediates.noindex/BSWFoundation.build/Debug-watchos/BSWFoundation-t.build/Objects-normal/arm64_32/BSWFoundation-Swift.h (in target 'BSWFoundation' from project 'BSWFoundation')
cd /Users/admin/builder/spi-builder-workspace/.dependencies/checkouts/BSWFoundation
builtin-swiftHeaderTool -arch arm64 /Users/admin/builder/spi-builder-workspace/.derivedData/Build/Intermediates.noindex/BSWFoundation.build/Debug-watchos/BSWFoundation-t.build/Objects-normal/arm64/BSWFoundation-Swift.h -arch arm64_32 /Users/admin/builder/spi-builder-workspace/.derivedData/Build/Intermediates.noindex/BSWFoundation.build/Debug-watchos/BSWFoundation-t.build/Objects-normal/arm64_32/BSWFoundation-Swift.h -o /Users/admin/builder/spi-builder-workspace/.derivedData/Build/Intermediates.noindex/GeneratedModuleMaps-watchos/BSWFoundation-Swift.h
Copy /Users/admin/builder/spi-builder-workspace/.derivedData/Build/Products/Debug-watchos/BSWFoundation.swiftmodule/arm64_32-apple-watchos.swiftmodule /Users/admin/builder/spi-builder-workspace/.derivedData/Build/Intermediates.noindex/BSWFoundation.build/Debug-watchos/BSWFoundation-t.build/Objects-normal/arm64_32/BSWFoundation.swiftmodule (in target 'BSWFoundation' from project 'BSWFoundation')
cd /Users/admin/builder/spi-builder-workspace/.dependencies/checkouts/BSWFoundation
builtin-copy -exclude .DS_Store -exclude CVS -exclude .svn -exclude .git -exclude .hg -resolve-src-symlinks -rename /Users/admin/builder/spi-builder-workspace/.derivedData/Build/Intermediates.noindex/BSWFoundation.build/Debug-watchos/BSWFoundation-t.build/Objects-normal/arm64_32/BSWFoundation.swiftmodule /Users/admin/builder/spi-builder-workspace/.derivedData/Build/Products/Debug-watchos/BSWFoundation.swiftmodule/arm64_32-apple-watchos.swiftmodule
Copy /Users/admin/builder/spi-builder-workspace/.derivedData/Build/Products/Debug-watchos/BSWFoundation.swiftmodule/arm64_32-apple-watchos.swiftdoc /Users/admin/builder/spi-builder-workspace/.derivedData/Build/Intermediates.noindex/BSWFoundation.build/Debug-watchos/BSWFoundation-t.build/Objects-normal/arm64_32/BSWFoundation.swiftdoc (in target 'BSWFoundation' from project 'BSWFoundation')
cd /Users/admin/builder/spi-builder-workspace/.dependencies/checkouts/BSWFoundation
builtin-copy -exclude .DS_Store -exclude CVS -exclude .svn -exclude .git -exclude .hg -resolve-src-symlinks -rename /Users/admin/builder/spi-builder-workspace/.derivedData/Build/Intermediates.noindex/BSWFoundation.build/Debug-watchos/BSWFoundation-t.build/Objects-normal/arm64_32/BSWFoundation.swiftdoc /Users/admin/builder/spi-builder-workspace/.derivedData/Build/Products/Debug-watchos/BSWFoundation.swiftmodule/arm64_32-apple-watchos.swiftdoc
Copy /Users/admin/builder/spi-builder-workspace/.derivedData/Build/Products/Debug-watchos/BSWFoundation.swiftmodule/arm64_32-apple-watchos.abi.json /Users/admin/builder/spi-builder-workspace/.derivedData/Build/Intermediates.noindex/BSWFoundation.build/Debug-watchos/BSWFoundation-t.build/Objects-normal/arm64_32/BSWFoundation.abi.json (in target 'BSWFoundation' from project 'BSWFoundation')
cd /Users/admin/builder/spi-builder-workspace/.dependencies/checkouts/BSWFoundation
builtin-copy -exclude .DS_Store -exclude CVS -exclude .svn -exclude .git -exclude .hg -resolve-src-symlinks -rename /Users/admin/builder/spi-builder-workspace/.derivedData/Build/Intermediates.noindex/BSWFoundation.build/Debug-watchos/BSWFoundation-t.build/Objects-normal/arm64_32/BSWFoundation.abi.json /Users/admin/builder/spi-builder-workspace/.derivedData/Build/Products/Debug-watchos/BSWFoundation.swiftmodule/arm64_32-apple-watchos.abi.json
Copy /Users/admin/builder/spi-builder-workspace/.derivedData/Build/Products/Debug-watchos/BSWFoundation.swiftmodule/arm64-apple-watchos.swiftdoc /Users/admin/builder/spi-builder-workspace/.derivedData/Build/Intermediates.noindex/BSWFoundation.build/Debug-watchos/BSWFoundation-t.build/Objects-normal/arm64/BSWFoundation.swiftdoc (in target 'BSWFoundation' from project 'BSWFoundation')
cd /Users/admin/builder/spi-builder-workspace/.dependencies/checkouts/BSWFoundation
builtin-copy -exclude .DS_Store -exclude CVS -exclude .svn -exclude .git -exclude .hg -resolve-src-symlinks -rename /Users/admin/builder/spi-builder-workspace/.derivedData/Build/Intermediates.noindex/BSWFoundation.build/Debug-watchos/BSWFoundation-t.build/Objects-normal/arm64/BSWFoundation.swiftdoc /Users/admin/builder/spi-builder-workspace/.derivedData/Build/Products/Debug-watchos/BSWFoundation.swiftmodule/arm64-apple-watchos.swiftdoc
Copy /Users/admin/builder/spi-builder-workspace/.derivedData/Build/Products/Debug-watchos/BSWFoundation.swiftmodule/arm64-apple-watchos.abi.json /Users/admin/builder/spi-builder-workspace/.derivedData/Build/Intermediates.noindex/BSWFoundation.build/Debug-watchos/BSWFoundation-t.build/Objects-normal/arm64/BSWFoundation.abi.json (in target 'BSWFoundation' from project 'BSWFoundation')
cd /Users/admin/builder/spi-builder-workspace/.dependencies/checkouts/BSWFoundation
builtin-copy -exclude .DS_Store -exclude CVS -exclude .svn -exclude .git -exclude .hg -resolve-src-symlinks -rename /Users/admin/builder/spi-builder-workspace/.derivedData/Build/Intermediates.noindex/BSWFoundation.build/Debug-watchos/BSWFoundation-t.build/Objects-normal/arm64/BSWFoundation.abi.json /Users/admin/builder/spi-builder-workspace/.derivedData/Build/Products/Debug-watchos/BSWFoundation.swiftmodule/arm64-apple-watchos.abi.json
Copy /Users/admin/builder/spi-builder-workspace/.derivedData/Build/Products/Debug-watchos/BSWFoundation.swiftmodule/Project/arm64_32-apple-watchos.swiftsourceinfo /Users/admin/builder/spi-builder-workspace/.derivedData/Build/Intermediates.noindex/BSWFoundation.build/Debug-watchos/BSWFoundation-t.build/Objects-normal/arm64_32/BSWFoundation.swiftsourceinfo (in target 'BSWFoundation' from project 'BSWFoundation')
cd /Users/admin/builder/spi-builder-workspace/.dependencies/checkouts/BSWFoundation
builtin-copy -exclude .DS_Store -exclude CVS -exclude .svn -exclude .git -exclude .hg -resolve-src-symlinks -rename /Users/admin/builder/spi-builder-workspace/.derivedData/Build/Intermediates.noindex/BSWFoundation.build/Debug-watchos/BSWFoundation-t.build/Objects-normal/arm64_32/BSWFoundation.swiftsourceinfo /Users/admin/builder/spi-builder-workspace/.derivedData/Build/Products/Debug-watchos/BSWFoundation.swiftmodule/Project/arm64_32-apple-watchos.swiftsourceinfo
Copy /Users/admin/builder/spi-builder-workspace/.derivedData/Build/Products/Debug-watchos/BSWFoundation.swiftmodule/Project/arm64-apple-watchos.swiftsourceinfo /Users/admin/builder/spi-builder-workspace/.derivedData/Build/Intermediates.noindex/BSWFoundation.build/Debug-watchos/BSWFoundation-t.build/Objects-normal/arm64/BSWFoundation.swiftsourceinfo (in target 'BSWFoundation' from project 'BSWFoundation')
cd /Users/admin/builder/spi-builder-workspace/.dependencies/checkouts/BSWFoundation
builtin-copy -exclude .DS_Store -exclude CVS -exclude .svn -exclude .git -exclude .hg -resolve-src-symlinks -rename /Users/admin/builder/spi-builder-workspace/.derivedData/Build/Intermediates.noindex/BSWFoundation.build/Debug-watchos/BSWFoundation-t.build/Objects-normal/arm64/BSWFoundation.swiftsourceinfo /Users/admin/builder/spi-builder-workspace/.derivedData/Build/Products/Debug-watchos/BSWFoundation.swiftmodule/Project/arm64-apple-watchos.swiftsourceinfo
SwiftCompile normal arm64_32 Compiling\ MockAPIClient.swift,\ Router.swift,\ AsyncStreamDispatcher.swift /Users/admin/builder/spi-builder-workspace/.dependencies/checkouts/BSWFoundation/Sources/BSWFoundation/APIClient/Mocks/MockAPIClient.swift /Users/admin/builder/spi-builder-workspace/.dependencies/checkouts/BSWFoundation/Sources/BSWFoundation/APIClient/Router.swift /Users/admin/builder/spi-builder-workspace/.dependencies/checkouts/BSWFoundation/Sources/BSWFoundation/AsyncStream/AsyncStreamDispatcher.swift (in target 'BSWFoundation' from project 'BSWFoundation')
SwiftCompile normal arm64_32 /Users/admin/builder/spi-builder-workspace/.dependencies/checkouts/BSWFoundation/Sources/BSWFoundation/APIClient/Mocks/MockAPIClient.swift (in target 'BSWFoundation' from project 'BSWFoundation')
cd /Users/admin/builder/spi-builder-workspace/.swiftpm/xcode
builtin-SwiftPerFileCompile MockAPIClient.swift
SwiftCompile normal arm64_32 /Users/admin/builder/spi-builder-workspace/.dependencies/checkouts/BSWFoundation/Sources/BSWFoundation/APIClient/Router.swift (in target 'BSWFoundation' from project 'BSWFoundation')
cd /Users/admin/builder/spi-builder-workspace/.swiftpm/xcode
builtin-SwiftPerFileCompile Router.swift
SwiftCompile normal arm64_32 /Users/admin/builder/spi-builder-workspace/.dependencies/checkouts/BSWFoundation/Sources/BSWFoundation/AsyncStream/AsyncStreamDispatcher.swift (in target 'BSWFoundation' from project 'BSWFoundation')
cd /Users/admin/builder/spi-builder-workspace/.swiftpm/xcode
builtin-SwiftPerFileCompile AsyncStreamDispatcher.swift
SwiftCompile normal arm64_32 Compiling\ LocationFetcher.swift,\ ModuleConstants.swift,\ FailableCodableArray.swift /Users/admin/builder/spi-builder-workspace/.dependencies/checkouts/BSWFoundation/Sources/BSWFoundation/Location/LocationFetcher.swift /Users/admin/builder/spi-builder-workspace/.dependencies/checkouts/BSWFoundation/Sources/BSWFoundation/ModuleConstants.swift /Users/admin/builder/spi-builder-workspace/.dependencies/checkouts/BSWFoundation/Sources/BSWFoundation/Parse/FailableCodableArray.swift (in target 'BSWFoundation' from project 'BSWFoundation')
SwiftCompile normal arm64_32 /Users/admin/builder/spi-builder-workspace/.dependencies/checkouts/BSWFoundation/Sources/BSWFoundation/Location/LocationFetcher.swift (in target 'BSWFoundation' from project 'BSWFoundation')
cd /Users/admin/builder/spi-builder-workspace/.swiftpm/xcode
builtin-SwiftPerFileCompile LocationFetcher.swift
SwiftCompile normal arm64_32 /Users/admin/builder/spi-builder-workspace/.dependencies/checkouts/BSWFoundation/Sources/BSWFoundation/ModuleConstants.swift (in target 'BSWFoundation' from project 'BSWFoundation')
cd /Users/admin/builder/spi-builder-workspace/.swiftpm/xcode
builtin-SwiftPerFileCompile ModuleConstants.swift
SwiftCompile normal arm64_32 /Users/admin/builder/spi-builder-workspace/.dependencies/checkouts/BSWFoundation/Sources/BSWFoundation/Parse/FailableCodableArray.swift (in target 'BSWFoundation' from project 'BSWFoundation')
cd /Users/admin/builder/spi-builder-workspace/.swiftpm/xcode
builtin-SwiftPerFileCompile FailableCodableArray.swift
SwiftDriverJobDiscovery normal arm64_32 Compiling String+Crypto.swift, String+Utils.swift, Task.swift (in target 'BSWFoundation' from project 'BSWFoundation')
SwiftCompile normal arm64 Compiling\ LocationFetcher.swift,\ ModuleConstants.swift,\ FailableCodableArray.swift /Users/admin/builder/spi-builder-workspace/.dependencies/checkouts/BSWFoundation/Sources/BSWFoundation/Location/LocationFetcher.swift /Users/admin/builder/spi-builder-workspace/.dependencies/checkouts/BSWFoundation/Sources/BSWFoundation/ModuleConstants.swift /Users/admin/builder/spi-builder-workspace/.dependencies/checkouts/BSWFoundation/Sources/BSWFoundation/Parse/FailableCodableArray.swift (in target 'BSWFoundation' from project 'BSWFoundation')
SwiftCompile normal arm64 /Users/admin/builder/spi-builder-workspace/.dependencies/checkouts/BSWFoundation/Sources/BSWFoundation/Location/LocationFetcher.swift (in target 'BSWFoundation' from project 'BSWFoundation')
cd /Users/admin/builder/spi-builder-workspace/.swiftpm/xcode
builtin-SwiftPerFileCompile LocationFetcher.swift
SwiftCompile normal arm64 /Users/admin/builder/spi-builder-workspace/.dependencies/checkouts/BSWFoundation/Sources/BSWFoundation/ModuleConstants.swift (in target 'BSWFoundation' from project 'BSWFoundation')
cd /Users/admin/builder/spi-builder-workspace/.swiftpm/xcode
builtin-SwiftPerFileCompile ModuleConstants.swift
SwiftCompile normal arm64 /Users/admin/builder/spi-builder-workspace/.dependencies/checkouts/BSWFoundation/Sources/BSWFoundation/Parse/FailableCodableArray.swift (in target 'BSWFoundation' from project 'BSWFoundation')
cd /Users/admin/builder/spi-builder-workspace/.swiftpm/xcode
builtin-SwiftPerFileCompile FailableCodableArray.swift
SwiftDriverJobDiscovery normal arm64_32 Compiling Date+Extensions.swift, Error+Extensions.swift, Observation+Ext.swift (in target 'BSWFoundation' from project 'BSWFoundation')
SwiftCompile normal arm64_32 Compiling\ AuthStorage.swift,\ Bundle+Extensions.swift,\ Collections.swift /Users/admin/builder/spi-builder-workspace/.dependencies/checkouts/BSWFoundation/Sources/BSWFoundation/AuthStorage/AuthStorage.swift /Users/admin/builder/spi-builder-workspace/.dependencies/checkouts/BSWFoundation/Sources/BSWFoundation/Extensions/Bundle+Extensions.swift /Users/admin/builder/spi-builder-workspace/.dependencies/checkouts/BSWFoundation/Sources/BSWFoundation/Extensions/Collections.swift (in target 'BSWFoundation' from project 'BSWFoundation')
SwiftCompile normal arm64_32 /Users/admin/builder/spi-builder-workspace/.dependencies/checkouts/BSWFoundation/Sources/BSWFoundation/AuthStorage/AuthStorage.swift (in target 'BSWFoundation' from project 'BSWFoundation')
cd /Users/admin/builder/spi-builder-workspace/.swiftpm/xcode
builtin-SwiftPerFileCompile AuthStorage.swift
SwiftCompile normal arm64_32 /Users/admin/builder/spi-builder-workspace/.dependencies/checkouts/BSWFoundation/Sources/BSWFoundation/Extensions/Bundle+Extensions.swift (in target 'BSWFoundation' from project 'BSWFoundation')
cd /Users/admin/builder/spi-builder-workspace/.swiftpm/xcode
builtin-SwiftPerFileCompile Bundle+Extensions.swift
SwiftCompile normal arm64_32 /Users/admin/builder/spi-builder-workspace/.dependencies/checkouts/BSWFoundation/Sources/BSWFoundation/Extensions/Collections.swift (in target 'BSWFoundation' from project 'BSWFoundation')
cd /Users/admin/builder/spi-builder-workspace/.swiftpm/xcode
builtin-SwiftPerFileCompile Collections.swift
SwiftDriverJobDiscovery normal arm64_32 Compiling LazyImageState.swift (in target 'NukeUI' from project 'Nuke')
SwiftCompile normal arm64_32 Compiling\ APIClient.swift,\ Endpoint.swift,\ Environment.swift /Users/admin/builder/spi-builder-workspace/.dependencies/checkouts/BSWFoundation/Sources/BSWFoundation/APIClient/APIClient.swift /Users/admin/builder/spi-builder-workspace/.dependencies/checkouts/BSWFoundation/Sources/BSWFoundation/APIClient/Endpoint.swift /Users/admin/builder/spi-builder-workspace/.dependencies/checkouts/BSWFoundation/Sources/BSWFoundation/APIClient/Environment.swift (in target 'BSWFoundation' from project 'BSWFoundation')
SwiftCompile normal arm64_32 /Users/admin/builder/spi-builder-workspace/.dependencies/checkouts/BSWFoundation/Sources/BSWFoundation/APIClient/APIClient.swift (in target 'BSWFoundation' from project 'BSWFoundation')
cd /Users/admin/builder/spi-builder-workspace/.swiftpm/xcode
builtin-SwiftPerFileCompile APIClient.swift
SwiftCompile normal arm64_32 /Users/admin/builder/spi-builder-workspace/.dependencies/checkouts/BSWFoundation/Sources/BSWFoundation/APIClient/Endpoint.swift (in target 'BSWFoundation' from project 'BSWFoundation')
cd /Users/admin/builder/spi-builder-workspace/.swiftpm/xcode
builtin-SwiftPerFileCompile Endpoint.swift
SwiftCompile normal arm64_32 /Users/admin/builder/spi-builder-workspace/.dependencies/checkouts/BSWFoundation/Sources/BSWFoundation/APIClient/Environment.swift (in target 'BSWFoundation' from project 'BSWFoundation')
cd /Users/admin/builder/spi-builder-workspace/.swiftpm/xcode
builtin-SwiftPerFileCompile Environment.swift
SwiftDriverJobDiscovery normal arm64 Compiling LazyImageState.swift (in target 'NukeUI' from project 'Nuke')
SwiftCompile normal arm64_32 Compiling\ ProcessInfo.swift,\ ProgressObserver.swift,\ Random.swift /Users/admin/builder/spi-builder-workspace/.dependencies/checkouts/BSWFoundation/Sources/BSWFoundation/Extensions/ProcessInfo.swift /Users/admin/builder/spi-builder-workspace/.dependencies/checkouts/BSWFoundation/Sources/BSWFoundation/Extensions/ProgressObserver.swift /Users/admin/builder/spi-builder-workspace/.dependencies/checkouts/BSWFoundation/Sources/BSWFoundation/Extensions/Random.swift (in target 'BSWFoundation' from project 'BSWFoundation')
SwiftCompile normal arm64_32 /Users/admin/builder/spi-builder-workspace/.dependencies/checkouts/BSWFoundation/Sources/BSWFoundation/Extensions/ProcessInfo.swift (in target 'BSWFoundation' from project 'BSWFoundation')
cd /Users/admin/builder/spi-builder-workspace/.swiftpm/xcode
builtin-SwiftPerFileCompile ProcessInfo.swift
SwiftCompile normal arm64_32 /Users/admin/builder/spi-builder-workspace/.dependencies/checkouts/BSWFoundation/Sources/BSWFoundation/Extensions/ProgressObserver.swift (in target 'BSWFoundation' from project 'BSWFoundation')
cd /Users/admin/builder/spi-builder-workspace/.swiftpm/xcode
builtin-SwiftPerFileCompile ProgressObserver.swift
SwiftCompile normal arm64_32 /Users/admin/builder/spi-builder-workspace/.dependencies/checkouts/BSWFoundation/Sources/BSWFoundation/Extensions/Random.swift (in target 'BSWFoundation' from project 'BSWFoundation')
cd /Users/admin/builder/spi-builder-workspace/.swiftpm/xcode
builtin-SwiftPerFileCompile Random.swift
SwiftDriverJobDiscovery normal arm64 Compiling MockAPIClient.swift, Router.swift, AsyncStreamDispatcher.swift (in target 'BSWFoundation' from project 'BSWFoundation')
SwiftCompile normal arm64 Compiling\ AuthStorage.swift,\ Bundle+Extensions.swift,\ Collections.swift /Users/admin/builder/spi-builder-workspace/.dependencies/checkouts/BSWFoundation/Sources/BSWFoundation/AuthStorage/AuthStorage.swift /Users/admin/builder/spi-builder-workspace/.dependencies/checkouts/BSWFoundation/Sources/BSWFoundation/Extensions/Bundle+Extensions.swift /Users/admin/builder/spi-builder-workspace/.dependencies/checkouts/BSWFoundation/Sources/BSWFoundation/Extensions/Collections.swift (in target 'BSWFoundation' from project 'BSWFoundation')
SwiftCompile normal arm64 /Users/admin/builder/spi-builder-workspace/.dependencies/checkouts/BSWFoundation/Sources/BSWFoundation/AuthStorage/AuthStorage.swift (in target 'BSWFoundation' from project 'BSWFoundation')
cd /Users/admin/builder/spi-builder-workspace/.swiftpm/xcode
builtin-SwiftPerFileCompile AuthStorage.swift
SwiftCompile normal arm64 /Users/admin/builder/spi-builder-workspace/.dependencies/checkouts/BSWFoundation/Sources/BSWFoundation/Extensions/Bundle+Extensions.swift (in target 'BSWFoundation' from project 'BSWFoundation')
cd /Users/admin/builder/spi-builder-workspace/.swiftpm/xcode
builtin-SwiftPerFileCompile Bundle+Extensions.swift
SwiftCompile normal arm64 /Users/admin/builder/spi-builder-workspace/.dependencies/checkouts/BSWFoundation/Sources/BSWFoundation/Extensions/Collections.swift (in target 'BSWFoundation' from project 'BSWFoundation')
cd /Users/admin/builder/spi-builder-workspace/.swiftpm/xcode
builtin-SwiftPerFileCompile Collections.swift
SwiftDriverJobDiscovery normal arm64_32 Compiling FetchImage.swift (in target 'NukeUI' from project 'Nuke')
SwiftDriverJobDiscovery normal arm64_32 Compiling LazyImage.swift (in target 'NukeUI' from project 'Nuke')
SwiftCompile normal arm64 Compiling\ ProcessInfo.swift,\ ProgressObserver.swift,\ Random.swift /Users/admin/builder/spi-builder-workspace/.dependencies/checkouts/BSWFoundation/Sources/BSWFoundation/Extensions/ProcessInfo.swift /Users/admin/builder/spi-builder-workspace/.dependencies/checkouts/BSWFoundation/Sources/BSWFoundation/Extensions/ProgressObserver.swift /Users/admin/builder/spi-builder-workspace/.dependencies/checkouts/BSWFoundation/Sources/BSWFoundation/Extensions/Random.swift (in target 'BSWFoundation' from project 'BSWFoundation')
SwiftCompile normal arm64 /Users/admin/builder/spi-builder-workspace/.dependencies/checkouts/BSWFoundation/Sources/BSWFoundation/Extensions/ProcessInfo.swift (in target 'BSWFoundation' from project 'BSWFoundation')
cd /Users/admin/builder/spi-builder-workspace/.swiftpm/xcode
builtin-SwiftPerFileCompile ProcessInfo.swift
SwiftCompile normal arm64 /Users/admin/builder/spi-builder-workspace/.dependencies/checkouts/BSWFoundation/Sources/BSWFoundation/Extensions/ProgressObserver.swift (in target 'BSWFoundation' from project 'BSWFoundation')
cd /Users/admin/builder/spi-builder-workspace/.swiftpm/xcode
builtin-SwiftPerFileCompile ProgressObserver.swift
SwiftCompile normal arm64 /Users/admin/builder/spi-builder-workspace/.dependencies/checkouts/BSWFoundation/Sources/BSWFoundation/Extensions/Random.swift (in target 'BSWFoundation' from project 'BSWFoundation')
cd /Users/admin/builder/spi-builder-workspace/.swiftpm/xcode
builtin-SwiftPerFileCompile Random.swift
SwiftDriver\ Compilation NukeUI normal arm64_32 com.apple.xcode.tools.swift.compiler (in target 'NukeUI' from project 'Nuke')
cd /Users/admin/builder/spi-builder-workspace/.swiftpm/xcode
builtin-Swift-Compilation -- /Applications/Xcode-27.0.0-Release.Candidate.app/Contents/Developer/Toolchains/XcodeDefault.xctoolchain/usr/bin/swiftc -parse-as-library -module-name NukeUI -Onone @/Users/admin/builder/spi-builder-workspace/.derivedData/Build/Intermediates.noindex/Nuke.build/Debug-watchos/NukeUI-t.build/Objects-normal/arm64_32/NukeUI.SwiftFileList -DSWIFT_PACKAGE -DDEBUG -DSWIFT_MODULE_RESOURCE_BUNDLE_UNAVAILABLE -DXcode -plugin-path /Applications/Xcode-27.0.0-Release.Candidate.app/Contents/Developer/Toolchains/XcodeDefault.xctoolchain/usr/lib/swift/host/plugins/testing -enable-experimental-feature DebugDescriptionMacro -sdk /Applications/Xcode-27.0.0-Release.Candidate.app/Contents/Developer/Platforms/WatchOS.platform/Developer/SDKs/WatchOS27.0.sdk -target arm64_32-apple-watchos9.0 -g -module-cache-path /Users/admin/builder/spi-builder-workspace/.derivedData/ModuleCache.noindex -Xfrontend -serialize-debugging-options -profile-coverage-mapping -profile-generate -enable-testing -suppress-warnings -index-store-path /Users/admin/builder/spi-builder-workspace/.derivedData/Index.noindex/DataStore -Xcc -D_LIBCPP_HARDENING_MODE\=_LIBCPP_HARDENING_MODE_DEBUG -swift-version 6 -I /Users/admin/builder/spi-builder-workspace/.derivedData/Build/Products/Debug-watchos -Isystem /Applications/Xcode-27.0.0-Release.Candidate.app/Contents/Developer/Platforms/WatchOS.platform/Developer/usr/lib -F /Users/admin/builder/spi-builder-workspace/.derivedData/Build/Products/Debug-watchos/PackageFrameworks -F /Users/admin/builder/spi-builder-workspace/.derivedData/Build/Products/Debug-watchos -F /Applications/Xcode-27.0.0-Release.Candidate.app/Contents/Developer/Platforms/WatchOS.platform/Developer/Library/Frameworks -F /Applications/Xcode-27.0.0-Release.Candidate.app/Contents/Developer/Platforms/WatchOS.platform/Developer/SDKs/WatchOS27.0.sdk/Developer/Library/Frameworks -c -j10 -enable-batch-mode -incremental -Xcc -ivfsstatcache -Xcc /Users/admin/builder/spi-builder-workspace/.derivedData/SDKStatCaches.noindex/watchos27.0-24R360-e829b21a6f8c9b70876ba0858053c04477534ef55a1706bf4c1112bbb242f0a2.sdkstatcache -output-file-map /Users/admin/builder/spi-builder-workspace/.derivedData/Build/Intermediates.noindex/Nuke.build/Debug-watchos/NukeUI-t.build/Objects-normal/arm64_32/NukeUI-OutputFileMap.json -save-temps -no-color-diagnostics -explicit-module-build -module-cache-path /Users/admin/builder/spi-builder-workspace/.derivedData/Build/Intermediates.noindex/SwiftExplicitPrecompiledModules -clang-scanner-module-cache-path /Users/admin/builder/spi-builder-workspace/.derivedData/ModuleCache.noindex -sdk-module-cache-path /Users/admin/builder/spi-builder-workspace/.derivedData/SDKExplicitPrecompiledModules -emit-dependencies -emit-module -emit-module-path /Users/admin/builder/spi-builder-workspace/.derivedData/Build/Intermediates.noindex/Nuke.build/Debug-watchos/NukeUI-t.build/Objects-normal/arm64_32/NukeUI.swiftmodule -serialize-diagnostics -dependency-scan-serialize-diagnostics-path /Users/admin/builder/spi-builder-workspace/.derivedData/Build/Intermediates.noindex/Nuke.build/Debug-watchos/NukeUI-t.build/Objects-normal/arm64_32/NukeUI-dependency-scan.dia -user-module-version 13.2.0 -validate-clang-modules-once -clang-build-session-file /Users/admin/builder/spi-builder-workspace/.derivedData/ModuleCache.noindex/Session.modulevalidation -Xcc -fmodules-prune-interval\=86400 -Xcc -fmodules-prune-after\=345600 -package-name nuke -emit-const-values -const-gather-protocols-list /Users/admin/builder/spi-builder-workspace/.derivedData/Build/Intermediates.noindex/Nuke.build/Debug-watchos/NukeUI-t.build/Objects-normal/arm64_32/NukeUI_const_extract_protocols.json -Xcc -I/Users/admin/builder/spi-builder-workspace/.derivedData/Build/Products/Debug-watchos/include -Xcc -I/Users/admin/builder/spi-builder-workspace/.derivedData/Build/Intermediates.noindex/Nuke.build/Debug-watchos/NukeUI-t.build/DerivedSources-normal/arm64_32 -Xcc -I/Users/admin/builder/spi-builder-workspace/.derivedData/Build/Intermediates.noindex/Nuke.build/Debug-watchos/NukeUI-t.build/DerivedSources/arm64_32 -Xcc -I/Users/admin/builder/spi-builder-workspace/.derivedData/Build/Intermediates.noindex/Nuke.build/Debug-watchos/NukeUI-t.build/DerivedSources -Xcc -DSWIFT_PACKAGE -Xcc -DDEBUG\=1 -emit-objc-header -emit-objc-header-path /Users/admin/builder/spi-builder-workspace/.derivedData/Build/Intermediates.noindex/Nuke.build/Debug-watchos/NukeUI-t.build/Objects-normal/arm64_32/NukeUI-Swift.h -working-directory /Users/admin/builder/spi-builder-workspace/.swiftpm/xcode -experimental-emit-module-separately -disable-cmo
SwiftDriverJobDiscovery normal arm64_32 Compiling LocationFetcher.swift, ModuleConstants.swift, FailableCodableArray.swift (in target 'BSWFoundation' from project 'BSWFoundation')
SwiftCompile normal arm64 Compiling\ String+Crypto.swift,\ String+Utils.swift,\ Task.swift /Users/admin/builder/spi-builder-workspace/.dependencies/checkouts/BSWFoundation/Sources/BSWFoundation/Extensions/String+Crypto.swift /Users/admin/builder/spi-builder-workspace/.dependencies/checkouts/BSWFoundation/Sources/BSWFoundation/Extensions/String+Utils.swift /Users/admin/builder/spi-builder-workspace/.dependencies/checkouts/BSWFoundation/Sources/BSWFoundation/Extensions/Task.swift (in target 'BSWFoundation' from project 'BSWFoundation')
SwiftCompile normal arm64 /Users/admin/builder/spi-builder-workspace/.dependencies/checkouts/BSWFoundation/Sources/BSWFoundation/Extensions/String+Crypto.swift (in target 'BSWFoundation' from project 'BSWFoundation')
cd /Users/admin/builder/spi-builder-workspace/.swiftpm/xcode
builtin-SwiftPerFileCompile String+Crypto.swift
SwiftCompile normal arm64 /Users/admin/builder/spi-builder-workspace/.dependencies/checkouts/BSWFoundation/Sources/BSWFoundation/Extensions/String+Utils.swift (in target 'BSWFoundation' from project 'BSWFoundation')
cd /Users/admin/builder/spi-builder-workspace/.swiftpm/xcode
builtin-SwiftPerFileCompile String+Utils.swift
SwiftCompile normal arm64 /Users/admin/builder/spi-builder-workspace/.dependencies/checkouts/BSWFoundation/Sources/BSWFoundation/Extensions/Task.swift (in target 'BSWFoundation' from project 'BSWFoundation')
cd /Users/admin/builder/spi-builder-workspace/.swiftpm/xcode
builtin-SwiftPerFileCompile Task.swift
SwiftDriverJobDiscovery normal arm64 Compiling LocationFetcher.swift, ModuleConstants.swift, FailableCodableArray.swift (in target 'BSWFoundation' from project 'BSWFoundation')
SwiftCompile normal arm64_32 Compiling\ JSONParser.swift,\ KeychainBacked.swift,\ UserDefaultsBacked.swift /Users/admin/builder/spi-builder-workspace/.dependencies/checkouts/BSWFoundation/Sources/BSWFoundation/Parse/JSONParser.swift /Users/admin/builder/spi-builder-workspace/.dependencies/checkouts/BSWFoundation/Sources/BSWFoundation/PropertyWrappers/KeychainBacked.swift /Users/admin/builder/spi-builder-workspace/.dependencies/checkouts/BSWFoundation/Sources/BSWFoundation/PropertyWrappers/UserDefaultsBacked.swift (in target 'BSWFoundation' from project 'BSWFoundation')
SwiftCompile normal arm64_32 /Users/admin/builder/spi-builder-workspace/.dependencies/checkouts/BSWFoundation/Sources/BSWFoundation/Parse/JSONParser.swift (in target 'BSWFoundation' from project 'BSWFoundation')
cd /Users/admin/builder/spi-builder-workspace/.swiftpm/xcode
builtin-SwiftPerFileCompile JSONParser.swift
SwiftCompile normal arm64_32 /Users/admin/builder/spi-builder-workspace/.dependencies/checkouts/BSWFoundation/Sources/BSWFoundation/PropertyWrappers/KeychainBacked.swift (in target 'BSWFoundation' from project 'BSWFoundation')
cd /Users/admin/builder/spi-builder-workspace/.swiftpm/xcode
builtin-SwiftPerFileCompile KeychainBacked.swift
SwiftCompile normal arm64_32 /Users/admin/builder/spi-builder-workspace/.dependencies/checkouts/BSWFoundation/Sources/BSWFoundation/PropertyWrappers/UserDefaultsBacked.swift (in target 'BSWFoundation' from project 'BSWFoundation')
cd /Users/admin/builder/spi-builder-workspace/.swiftpm/xcode
builtin-SwiftPerFileCompile UserDefaultsBacked.swift
SwiftDriverJobDiscovery normal arm64 Compiling FetchImage.swift (in target 'NukeUI' from project 'Nuke')
SwiftCompile normal arm64 Compiling\ APIClient+Error.swift,\ APIClient+Logging.swift,\ APIClient+URLSession.swift /Users/admin/builder/spi-builder-workspace/.dependencies/checkouts/BSWFoundation/Sources/BSWFoundation/APIClient/APIClient+Error.swift /Users/admin/builder/spi-builder-workspace/.dependencies/checkouts/BSWFoundation/Sources/BSWFoundation/APIClient/APIClient+Logging.swift /Users/admin/builder/spi-builder-workspace/.dependencies/checkouts/BSWFoundation/Sources/BSWFoundation/APIClient/APIClient+URLSession.swift (in target 'BSWFoundation' from project 'BSWFoundation')
SwiftCompile normal arm64 /Users/admin/builder/spi-builder-workspace/.dependencies/checkouts/BSWFoundation/Sources/BSWFoundation/APIClient/APIClient+Error.swift (in target 'BSWFoundation' from project 'BSWFoundation')
cd /Users/admin/builder/spi-builder-workspace/.swiftpm/xcode
builtin-SwiftPerFileCompile APIClient+Error.swift
SwiftCompile normal arm64 /Users/admin/builder/spi-builder-workspace/.dependencies/checkouts/BSWFoundation/Sources/BSWFoundation/APIClient/APIClient+Logging.swift (in target 'BSWFoundation' from project 'BSWFoundation')
cd /Users/admin/builder/spi-builder-workspace/.swiftpm/xcode
builtin-SwiftPerFileCompile APIClient+Logging.swift
SwiftCompile normal arm64 /Users/admin/builder/spi-builder-workspace/.dependencies/checkouts/BSWFoundation/Sources/BSWFoundation/APIClient/APIClient+URLSession.swift (in target 'BSWFoundation' from project 'BSWFoundation')
cd /Users/admin/builder/spi-builder-workspace/.swiftpm/xcode
builtin-SwiftPerFileCompile APIClient+URLSession.swift
SwiftDriverJobDiscovery normal arm64_32 Compiling MockAPIClient.swift, Router.swift, AsyncStreamDispatcher.swift (in target 'BSWFoundation' from project 'BSWFoundation')
SwiftCompile normal arm64 Compiling\ APIClient.swift,\ Endpoint.swift,\ Environment.swift /Users/admin/builder/spi-builder-workspace/.dependencies/checkouts/BSWFoundation/Sources/BSWFoundation/APIClient/APIClient.swift /Users/admin/builder/spi-builder-workspace/.dependencies/checkouts/BSWFoundation/Sources/BSWFoundation/APIClient/Endpoint.swift /Users/admin/builder/spi-builder-workspace/.dependencies/checkouts/BSWFoundation/Sources/BSWFoundation/APIClient/Environment.swift (in target 'BSWFoundation' from project 'BSWFoundation')
SwiftCompile normal arm64 /Users/admin/builder/spi-builder-workspace/.dependencies/checkouts/BSWFoundation/Sources/BSWFoundation/APIClient/APIClient.swift (in target 'BSWFoundation' from project 'BSWFoundation')
cd /Users/admin/builder/spi-builder-workspace/.swiftpm/xcode
builtin-SwiftPerFileCompile APIClient.swift
SwiftCompile normal arm64 /Users/admin/builder/spi-builder-workspace/.dependencies/checkouts/BSWFoundation/Sources/BSWFoundation/APIClient/Endpoint.swift (in target 'BSWFoundation' from project 'BSWFoundation')
cd /Users/admin/builder/spi-builder-workspace/.swiftpm/xcode
builtin-SwiftPerFileCompile Endpoint.swift
SwiftCompile normal arm64 /Users/admin/builder/spi-builder-workspace/.dependencies/checkouts/BSWFoundation/Sources/BSWFoundation/APIClient/Environment.swift (in target 'BSWFoundation' from project 'BSWFoundation')
cd /Users/admin/builder/spi-builder-workspace/.swiftpm/xcode
builtin-SwiftPerFileCompile Environment.swift
SwiftCompile normal arm64 Compiling\ Date+Extensions.swift,\ Error+Extensions.swift,\ Observation+Ext.swift /Users/admin/builder/spi-builder-workspace/.dependencies/checkouts/BSWFoundation/Sources/BSWFoundation/Extensions/Date+Extensions.swift /Users/admin/builder/spi-builder-workspace/.dependencies/checkouts/BSWFoundation/Sources/BSWFoundation/Extensions/Error+Extensions.swift /Users/admin/builder/spi-builder-workspace/.dependencies/checkouts/BSWFoundation/Sources/BSWFoundation/Extensions/Observation+Ext.swift (in target 'BSWFoundation' from project 'BSWFoundation')
SwiftCompile normal arm64 /Users/admin/builder/spi-builder-workspace/.dependencies/checkouts/BSWFoundation/Sources/BSWFoundation/Extensions/Date+Extensions.swift (in target 'BSWFoundation' from project 'BSWFoundation')
cd /Users/admin/builder/spi-builder-workspace/.swiftpm/xcode
builtin-SwiftPerFileCompile Date+Extensions.swift
SwiftCompile normal arm64 /Users/admin/builder/spi-builder-workspace/.dependencies/checkouts/BSWFoundation/Sources/BSWFoundation/Extensions/Error+Extensions.swift (in target 'BSWFoundation' from project 'BSWFoundation')
cd /Users/admin/builder/spi-builder-workspace/.swiftpm/xcode
builtin-SwiftPerFileCompile Error+Extensions.swift
SwiftCompile normal arm64 /Users/admin/builder/spi-builder-workspace/.dependencies/checkouts/BSWFoundation/Sources/BSWFoundation/Extensions/Observation+Ext.swift (in target 'BSWFoundation' from project 'BSWFoundation')
cd /Users/admin/builder/spi-builder-workspace/.swiftpm/xcode
builtin-SwiftPerFileCompile Observation+Ext.swift
SwiftDriverJobDiscovery normal arm64 Compiling LazyImage.swift (in target 'NukeUI' from project 'Nuke')
SwiftDriver\ Compilation NukeUI normal arm64 com.apple.xcode.tools.swift.compiler (in target 'NukeUI' from project 'Nuke')
cd /Users/admin/builder/spi-builder-workspace/.swiftpm/xcode
builtin-Swift-Compilation -- /Applications/Xcode-27.0.0-Release.Candidate.app/Contents/Developer/Toolchains/XcodeDefault.xctoolchain/usr/bin/swiftc -parse-as-library -module-name NukeUI -Onone @/Users/admin/builder/spi-builder-workspace/.derivedData/Build/Intermediates.noindex/Nuke.build/Debug-watchos/NukeUI-t.build/Objects-normal/arm64/NukeUI.SwiftFileList -DSWIFT_PACKAGE -DDEBUG -DSWIFT_MODULE_RESOURCE_BUNDLE_UNAVAILABLE -DXcode -plugin-path /Applications/Xcode-27.0.0-Release.Candidate.app/Contents/Developer/Toolchains/XcodeDefault.xctoolchain/usr/lib/swift/host/plugins/testing -enable-experimental-feature DebugDescriptionMacro -sdk /Applications/Xcode-27.0.0-Release.Candidate.app/Contents/Developer/Platforms/WatchOS.platform/Developer/SDKs/WatchOS27.0.sdk -target arm64-apple-watchos9.0 -g -module-cache-path /Users/admin/builder/spi-builder-workspace/.derivedData/ModuleCache.noindex -Xfrontend -serialize-debugging-options -profile-coverage-mapping -profile-generate -enable-testing -suppress-warnings -index-store-path /Users/admin/builder/spi-builder-workspace/.derivedData/Index.noindex/DataStore -Xcc -D_LIBCPP_HARDENING_MODE\=_LIBCPP_HARDENING_MODE_DEBUG -swift-version 6 -I /Users/admin/builder/spi-builder-workspace/.derivedData/Build/Products/Debug-watchos -Isystem /Applications/Xcode-27.0.0-Release.Candidate.app/Contents/Developer/Platforms/WatchOS.platform/Developer/usr/lib -F /Users/admin/builder/spi-builder-workspace/.derivedData/Build/Products/Debug-watchos/PackageFrameworks -F /Users/admin/builder/spi-builder-workspace/.derivedData/Build/Products/Debug-watchos -F /Applications/Xcode-27.0.0-Release.Candidate.app/Contents/Developer/Platforms/WatchOS.platform/Developer/Library/Frameworks -F /Applications/Xcode-27.0.0-Release.Candidate.app/Contents/Developer/Platforms/WatchOS.platform/Developer/SDKs/WatchOS27.0.sdk/Developer/Library/Frameworks -c -j10 -enable-batch-mode -incremental -Xcc -ivfsstatcache -Xcc /Users/admin/builder/spi-builder-workspace/.derivedData/SDKStatCaches.noindex/watchos27.0-24R360-e829b21a6f8c9b70876ba0858053c04477534ef55a1706bf4c1112bbb242f0a2.sdkstatcache -output-file-map /Users/admin/builder/spi-builder-workspace/.derivedData/Build/Intermediates.noindex/Nuke.build/Debug-watchos/NukeUI-t.build/Objects-normal/arm64/NukeUI-OutputFileMap.json -save-temps -no-color-diagnostics -explicit-module-build -module-cache-path /Users/admin/builder/spi-builder-workspace/.derivedData/Build/Intermediates.noindex/SwiftExplicitPrecompiledModules -clang-scanner-module-cache-path /Users/admin/builder/spi-builder-workspace/.derivedData/ModuleCache.noindex -sdk-module-cache-path /Users/admin/builder/spi-builder-workspace/.derivedData/SDKExplicitPrecompiledModules -emit-dependencies -emit-module -emit-module-path /Users/admin/builder/spi-builder-workspace/.derivedData/Build/Intermediates.noindex/Nuke.build/Debug-watchos/NukeUI-t.build/Objects-normal/arm64/NukeUI.swiftmodule -serialize-diagnostics -dependency-scan-serialize-diagnostics-path /Users/admin/builder/spi-builder-workspace/.derivedData/Build/Intermediates.noindex/Nuke.build/Debug-watchos/NukeUI-t.build/Objects-normal/arm64/NukeUI-dependency-scan.dia -user-module-version 13.2.0 -validate-clang-modules-once -clang-build-session-file /Users/admin/builder/spi-builder-workspace/.derivedData/ModuleCache.noindex/Session.modulevalidation -Xcc -fmodules-prune-interval\=86400 -Xcc -fmodules-prune-after\=345600 -package-name nuke -emit-const-values -const-gather-protocols-list /Users/admin/builder/spi-builder-workspace/.derivedData/Build/Intermediates.noindex/Nuke.build/Debug-watchos/NukeUI-t.build/Objects-normal/arm64/NukeUI_const_extract_protocols.json -Xcc -I/Users/admin/builder/spi-builder-workspace/.derivedData/Build/Products/Debug-watchos/include -Xcc -I/Users/admin/builder/spi-builder-workspace/.derivedData/Build/Intermediates.noindex/Nuke.build/Debug-watchos/NukeUI-t.build/DerivedSources-normal/arm64 -Xcc -I/Users/admin/builder/spi-builder-workspace/.derivedData/Build/Intermediates.noindex/Nuke.build/Debug-watchos/NukeUI-t.build/DerivedSources/arm64 -Xcc -I/Users/admin/builder/spi-builder-workspace/.derivedData/Build/Intermediates.noindex/Nuke.build/Debug-watchos/NukeUI-t.build/DerivedSources -Xcc -DSWIFT_PACKAGE -Xcc -DDEBUG\=1 -emit-objc-header -emit-objc-header-path /Users/admin/builder/spi-builder-workspace/.derivedData/Build/Intermediates.noindex/Nuke.build/Debug-watchos/NukeUI-t.build/Objects-normal/arm64/NukeUI-Swift.h -working-directory /Users/admin/builder/spi-builder-workspace/.swiftpm/xcode -experimental-emit-module-separately -disable-cmo
SwiftDriverJobDiscovery normal arm64 Compiling String+Crypto.swift, String+Utils.swift, Task.swift (in target 'BSWFoundation' from project 'BSWFoundation')
SwiftCompile normal arm64_32 Compiling\ APIClient+Error.swift,\ APIClient+Logging.swift,\ APIClient+URLSession.swift /Users/admin/builder/spi-builder-workspace/.dependencies/checkouts/BSWFoundation/Sources/BSWFoundation/APIClient/APIClient+Error.swift /Users/admin/builder/spi-builder-workspace/.dependencies/checkouts/BSWFoundation/Sources/BSWFoundation/APIClient/APIClient+Logging.swift /Users/admin/builder/spi-builder-workspace/.dependencies/checkouts/BSWFoundation/Sources/BSWFoundation/APIClient/APIClient+URLSession.swift (in target 'BSWFoundation' from project 'BSWFoundation')
SwiftCompile normal arm64_32 /Users/admin/builder/spi-builder-workspace/.dependencies/checkouts/BSWFoundation/Sources/BSWFoundation/APIClient/APIClient+Error.swift (in target 'BSWFoundation' from project 'BSWFoundation')
cd /Users/admin/builder/spi-builder-workspace/.swiftpm/xcode
builtin-SwiftPerFileCompile APIClient+Error.swift
SwiftCompile normal arm64_32 /Users/admin/builder/spi-builder-workspace/.dependencies/checkouts/BSWFoundation/Sources/BSWFoundation/APIClient/APIClient+Logging.swift (in target 'BSWFoundation' from project 'BSWFoundation')
cd /Users/admin/builder/spi-builder-workspace/.swiftpm/xcode
builtin-SwiftPerFileCompile APIClient+Logging.swift
SwiftCompile normal arm64_32 /Users/admin/builder/spi-builder-workspace/.dependencies/checkouts/BSWFoundation/Sources/BSWFoundation/APIClient/APIClient+URLSession.swift (in target 'BSWFoundation' from project 'BSWFoundation')
cd /Users/admin/builder/spi-builder-workspace/.swiftpm/xcode
builtin-SwiftPerFileCompile APIClient+URLSession.swift
SwiftCompile normal arm64 Compiling\ Throttler.swift,\ UIApplication+Tests.swift,\ With.swift /Users/admin/builder/spi-builder-workspace/.dependencies/checkouts/BSWFoundation/Sources/BSWFoundation/Extensions/Throttler.swift /Users/admin/builder/spi-builder-workspace/.dependencies/checkouts/BSWFoundation/Sources/BSWFoundation/Extensions/UIApplication+Tests.swift /Users/admin/builder/spi-builder-workspace/.dependencies/checkouts/BSWFoundation/Sources/BSWFoundation/Extensions/With.swift (in target 'BSWFoundation' from project 'BSWFoundation')
SwiftCompile normal arm64 /Users/admin/builder/spi-builder-workspace/.dependencies/checkouts/BSWFoundation/Sources/BSWFoundation/Extensions/Throttler.swift (in target 'BSWFoundation' from project 'BSWFoundation')
cd /Users/admin/builder/spi-builder-workspace/.swiftpm/xcode
builtin-SwiftPerFileCompile Throttler.swift
SwiftCompile normal arm64 /Users/admin/builder/spi-builder-workspace/.dependencies/checkouts/BSWFoundation/Sources/BSWFoundation/Extensions/UIApplication+Tests.swift (in target 'BSWFoundation' from project 'BSWFoundation')
cd /Users/admin/builder/spi-builder-workspace/.swiftpm/xcode
builtin-SwiftPerFileCompile UIApplication+Tests.swift
SwiftCompile normal arm64 /Users/admin/builder/spi-builder-workspace/.dependencies/checkouts/BSWFoundation/Sources/BSWFoundation/Extensions/With.swift (in target 'BSWFoundation' from project 'BSWFoundation')
cd /Users/admin/builder/spi-builder-workspace/.swiftpm/xcode
builtin-SwiftPerFileCompile With.swift
SwiftDriverJobDiscovery normal arm64_32 Compiling AuthStorage.swift, Bundle+Extensions.swift, Collections.swift (in target 'BSWFoundation' from project 'BSWFoundation')
SwiftCompile normal arm64 Compiling\ JSONParser.swift,\ KeychainBacked.swift,\ UserDefaultsBacked.swift /Users/admin/builder/spi-builder-workspace/.dependencies/checkouts/BSWFoundation/Sources/BSWFoundation/Parse/JSONParser.swift /Users/admin/builder/spi-builder-workspace/.dependencies/checkouts/BSWFoundation/Sources/BSWFoundation/PropertyWrappers/KeychainBacked.swift /Users/admin/builder/spi-builder-workspace/.dependencies/checkouts/BSWFoundation/Sources/BSWFoundation/PropertyWrappers/UserDefaultsBacked.swift (in target 'BSWFoundation' from project 'BSWFoundation')
SwiftCompile normal arm64 /Users/admin/builder/spi-builder-workspace/.dependencies/checkouts/BSWFoundation/Sources/BSWFoundation/Parse/JSONParser.swift (in target 'BSWFoundation' from project 'BSWFoundation')
cd /Users/admin/builder/spi-builder-workspace/.swiftpm/xcode
builtin-SwiftPerFileCompile JSONParser.swift
SwiftCompile normal arm64 /Users/admin/builder/spi-builder-workspace/.dependencies/checkouts/BSWFoundation/Sources/BSWFoundation/PropertyWrappers/KeychainBacked.swift (in target 'BSWFoundation' from project 'BSWFoundation')
cd /Users/admin/builder/spi-builder-workspace/.swiftpm/xcode
builtin-SwiftPerFileCompile KeychainBacked.swift
SwiftCompile normal arm64 /Users/admin/builder/spi-builder-workspace/.dependencies/checkouts/BSWFoundation/Sources/BSWFoundation/PropertyWrappers/UserDefaultsBacked.swift (in target 'BSWFoundation' from project 'BSWFoundation')
cd /Users/admin/builder/spi-builder-workspace/.swiftpm/xcode
builtin-SwiftPerFileCompile UserDefaultsBacked.swift
SwiftDriverJobDiscovery normal arm64_32 Compiling ProcessInfo.swift, ProgressObserver.swift, Random.swift (in target 'BSWFoundation' from project 'BSWFoundation')
SwiftCompile normal arm64_32 Compiling\ Throttler.swift,\ UIApplication+Tests.swift,\ With.swift /Users/admin/builder/spi-builder-workspace/.dependencies/checkouts/BSWFoundation/Sources/BSWFoundation/Extensions/Throttler.swift /Users/admin/builder/spi-builder-workspace/.dependencies/checkouts/BSWFoundation/Sources/BSWFoundation/Extensions/UIApplication+Tests.swift /Users/admin/builder/spi-builder-workspace/.dependencies/checkouts/BSWFoundation/Sources/BSWFoundation/Extensions/With.swift (in target 'BSWFoundation' from project 'BSWFoundation')
SwiftCompile normal arm64_32 /Users/admin/builder/spi-builder-workspace/.dependencies/checkouts/BSWFoundation/Sources/BSWFoundation/Extensions/Throttler.swift (in target 'BSWFoundation' from project 'BSWFoundation')
cd /Users/admin/builder/spi-builder-workspace/.swiftpm/xcode
builtin-SwiftPerFileCompile Throttler.swift
SwiftCompile normal arm64_32 /Users/admin/builder/spi-builder-workspace/.dependencies/checkouts/BSWFoundation/Sources/BSWFoundation/Extensions/UIApplication+Tests.swift (in target 'BSWFoundation' from project 'BSWFoundation')
cd /Users/admin/builder/spi-builder-workspace/.swiftpm/xcode
builtin-SwiftPerFileCompile UIApplication+Tests.swift
SwiftCompile normal arm64_32 /Users/admin/builder/spi-builder-workspace/.dependencies/checkouts/BSWFoundation/Sources/BSWFoundation/Extensions/With.swift (in target 'BSWFoundation' from project 'BSWFoundation')
cd /Users/admin/builder/spi-builder-workspace/.swiftpm/xcode
builtin-SwiftPerFileCompile With.swift
SwiftDriverJobDiscovery normal arm64 Compiling ProcessInfo.swift, ProgressObserver.swift, Random.swift (in target 'BSWFoundation' from project 'BSWFoundation')
SwiftDriverJobDiscovery normal arm64_32 Compiling APIClient.swift, Endpoint.swift, Environment.swift (in target 'BSWFoundation' from project 'BSWFoundation')
Ld /Users/admin/builder/spi-builder-workspace/.derivedData/Build/Intermediates.noindex/Nuke.build/Debug-watchos/NukeUI-t.build/Objects-normal/arm64_32/Binary/NukeUI.o normal arm64_32 (in target 'NukeUI' from project 'Nuke')
cd /Users/admin/builder/spi-builder-workspace/.dependencies/checkouts/Nuke
/Applications/Xcode-27.0.0-Release.Candidate.app/Contents/Developer/Toolchains/XcodeDefault.xctoolchain/usr/bin/clang -Xlinker -reproducible -target arm64_32-apple-watchos9.0 -r -isysroot /Applications/Xcode-27.0.0-Release.Candidate.app/Contents/Developer/Platforms/WatchOS.platform/Developer/SDKs/WatchOS27.0.sdk -O0 -w -Xlinker -no_warn_duplicate_libraries -F/Users/admin/builder/spi-builder-workspace/.derivedData/Build/Intermediates.noindex/EagerLinkingTBDs/Debug-watchos -F/Users/admin/builder/spi-builder-workspace/.derivedData/Build/Products/Debug-watchos/PackageFrameworks -F/Users/admin/builder/spi-builder-workspace/.derivedData/Build/Products/Debug-watchos -iframework /Applications/Xcode-27.0.0-Release.Candidate.app/Contents/Developer/Platforms/WatchOS.platform/Developer/Library/Frameworks -iframework /Applications/Xcode-27.0.0-Release.Candidate.app/Contents/Developer/Platforms/WatchOS.platform/Developer/SDKs/WatchOS27.0.sdk/Developer/Library/Frameworks -filelist /Users/admin/builder/spi-builder-workspace/.derivedData/Build/Intermediates.noindex/Nuke.build/Debug-watchos/NukeUI-t.build/Objects-normal/arm64_32/NukeUI.LinkFileList -nostdlib -Xlinker -object_path_lto -Xlinker /Users/admin/builder/spi-builder-workspace/.derivedData/Build/Intermediates.noindex/Nuke.build/Debug-watchos/NukeUI-t.build/Objects-normal/arm64_32/NukeUI_lto.o -Xlinker -no_deduplicate -Xlinker -debug_variant -Xlinker -dependency_info -Xlinker /Users/admin/builder/spi-builder-workspace/.derivedData/Build/Intermediates.noindex/Nuke.build/Debug-watchos/NukeUI-t.build/Objects-normal/arm64_32/NukeUI_dependency_info.dat -fobjc-link-runtime -L/Applications/Xcode-27.0.0-Release.Candidate.app/Contents/Developer/Toolchains/XcodeDefault.xctoolchain/usr/lib/swift/watchos -L/usr/lib/swift -Xlinker -add_ast_path -Xlinker /Users/admin/builder/spi-builder-workspace/.derivedData/Build/Intermediates.noindex/Nuke.build/Debug-watchos/NukeUI-t.build/Objects-normal/arm64_32/NukeUI.swiftmodule -o /Users/admin/builder/spi-builder-workspace/.derivedData/Build/Intermediates.noindex/Nuke.build/Debug-watchos/NukeUI-t.build/Objects-normal/arm64_32/Binary/NukeUI.o
Ld /Users/admin/builder/spi-builder-workspace/.derivedData/Build/Intermediates.noindex/Nuke.build/Debug-watchos/NukeUI-t.build/Objects-normal/arm64/Binary/NukeUI.o normal arm64 (in target 'NukeUI' from project 'Nuke')
cd /Users/admin/builder/spi-builder-workspace/.dependencies/checkouts/Nuke
/Applications/Xcode-27.0.0-Release.Candidate.app/Contents/Developer/Toolchains/XcodeDefault.xctoolchain/usr/bin/clang -Xlinker -reproducible -target arm64-apple-watchos9.0 -r -isysroot /Applications/Xcode-27.0.0-Release.Candidate.app/Contents/Developer/Platforms/WatchOS.platform/Developer/SDKs/WatchOS27.0.sdk -O0 -w -Xlinker -no_warn_duplicate_libraries -F/Users/admin/builder/spi-builder-workspace/.derivedData/Build/Intermediates.noindex/EagerLinkingTBDs/Debug-watchos -F/Users/admin/builder/spi-builder-workspace/.derivedData/Build/Products/Debug-watchos/PackageFrameworks -F/Users/admin/builder/spi-builder-workspace/.derivedData/Build/Products/Debug-watchos -iframework /Applications/Xcode-27.0.0-Release.Candidate.app/Contents/Developer/Platforms/WatchOS.platform/Developer/Library/Frameworks -iframework /Applications/Xcode-27.0.0-Release.Candidate.app/Contents/Developer/Platforms/WatchOS.platform/Developer/SDKs/WatchOS27.0.sdk/Developer/Library/Frameworks -filelist /Users/admin/builder/spi-builder-workspace/.derivedData/Build/Intermediates.noindex/Nuke.build/Debug-watchos/NukeUI-t.build/Objects-normal/arm64/NukeUI.LinkFileList -nostdlib -Xlinker -object_path_lto -Xlinker /Users/admin/builder/spi-builder-workspace/.derivedData/Build/Intermediates.noindex/Nuke.build/Debug-watchos/NukeUI-t.build/Objects-normal/arm64/NukeUI_lto.o -Xlinker -no_deduplicate -Xlinker -debug_variant -Xlinker -dependency_info -Xlinker /Users/admin/builder/spi-builder-workspace/.derivedData/Build/Intermediates.noindex/Nuke.build/Debug-watchos/NukeUI-t.build/Objects-normal/arm64/NukeUI_dependency_info.dat -fobjc-link-runtime -L/Applications/Xcode-27.0.0-Release.Candidate.app/Contents/Developer/Toolchains/XcodeDefault.xctoolchain/usr/lib/swift/watchos -L/usr/lib/swift -Xlinker -add_ast_path -Xlinker /Users/admin/builder/spi-builder-workspace/.derivedData/Build/Intermediates.noindex/Nuke.build/Debug-watchos/NukeUI-t.build/Objects-normal/arm64/NukeUI.swiftmodule -o /Users/admin/builder/spi-builder-workspace/.derivedData/Build/Intermediates.noindex/Nuke.build/Debug-watchos/NukeUI-t.build/Objects-normal/arm64/Binary/NukeUI.o
ExtractAppIntentsMetadata (in target 'NukeExtensions' from project 'Nuke')
cd /Users/admin/builder/spi-builder-workspace/.dependencies/checkouts/Nuke
/Applications/Xcode-27.0.0-Release.Candidate.app/Contents/Developer/Toolchains/XcodeDefault.xctoolchain/usr/bin/appintentsmetadataprocessor --toolchain-dir /var/run/com.apple.security.cryptexd/mnt/com.apple.MobileAsset.MetalToolchain-v27.1.266.1.LRdnT9/Metal.xctoolchain --module-name NukeExtensions --sdk-root /Applications/Xcode-27.0.0-Release.Candidate.app/Contents/Developer/Platforms/WatchOS.platform/Developer/SDKs/WatchOS27.0.sdk --xcode-version 27A266a --platform-family watchOS --deployment-target 9.0 --bundle-identifier nuke.NukeExtensions --output /Users/admin/builder/spi-builder-workspace/.derivedData/Build/Products/Debug-watchos/NukeExtensions.appintents --target-triple arm64-apple-watchos9.0 --target-triple arm64_32-apple-watchos9.0 --binary-file /Users/admin/builder/spi-builder-workspace/.derivedData/Build/Products/Debug-watchos/NukeExtensions.o --dependency-file /Users/admin/builder/spi-builder-workspace/.derivedData/Build/Intermediates.noindex/Nuke.build/Debug-watchos/NukeExtensions-t.build/Objects-normal/arm64/NukeExtensions_dependency_info.dat --dependency-file /Users/admin/builder/spi-builder-workspace/.derivedData/Build/Intermediates.noindex/Nuke.build/Debug-watchos/NukeExtensions-t.build/Objects-normal/arm64_32/NukeExtensions_dependency_info.dat --stringsdata-file /Users/admin/builder/spi-builder-workspace/.derivedData/Build/Intermediates.noindex/Nuke.build/Debug-watchos/NukeExtensions-t.build/Objects-normal/arm64/ExtractedAppShortcutsMetadata.stringsdata --stringsdata-file /Users/admin/builder/spi-builder-workspace/.derivedData/Build/Intermediates.noindex/Nuke.build/Debug-watchos/NukeExtensions-t.build/Objects-normal/arm64_32/ExtractedAppShortcutsMetadata.stringsdata --source-file-list /Users/admin/builder/spi-builder-workspace/.derivedData/Build/Intermediates.noindex/Nuke.build/Debug-watchos/NukeExtensions-t.build/Objects-normal/arm64/NukeExtensions.SwiftFileList --source-file-list /Users/admin/builder/spi-builder-workspace/.derivedData/Build/Intermediates.noindex/Nuke.build/Debug-watchos/NukeExtensions-t.build/Objects-normal/arm64_32/NukeExtensions.SwiftFileList --metadata-file-list /Users/admin/builder/spi-builder-workspace/.derivedData/Build/Intermediates.noindex/Nuke.build/Debug-watchos/NukeExtensions-t.build/NukeExtensions.DependencyMetadataFileList --static-metadata-file-list /Users/admin/builder/spi-builder-workspace/.derivedData/Build/Intermediates.noindex/Nuke.build/Debug-watchos/NukeExtensions-t.build/NukeExtensions.DependencyStaticMetadataFileList --swift-const-vals-list /Users/admin/builder/spi-builder-workspace/.derivedData/Build/Intermediates.noindex/Nuke.build/Debug-watchos/NukeExtensions-t.build/Objects-normal/arm64/NukeExtensions.SwiftConstValuesFileList --swift-const-vals-list /Users/admin/builder/spi-builder-workspace/.derivedData/Build/Intermediates.noindex/Nuke.build/Debug-watchos/NukeExtensions-t.build/Objects-normal/arm64_32/NukeExtensions.SwiftConstValuesFileList --force --compile-time-extraction --deployment-aware-processing --no-app-shortcuts-localization
2026-09-27 05:46:55.768 appintentsmetadataprocessor[1523:8635] Starting appintentsmetadataprocessor export
2026-09-27 05:46:55.843 appintentsmetadataprocessor[1523:8635] Extracted no relevant App Intents symbols, skipping writing output
SwiftDriverJobDiscovery normal arm64 Compiling Date+Extensions.swift, Error+Extensions.swift, Observation+Ext.swift (in target 'BSWFoundation' from project 'BSWFoundation')
ExtractAppIntentsMetadata (in target 'HTTPTypesFoundation' from project 'swift-http-types')
cd /Users/admin/builder/spi-builder-workspace/.dependencies/checkouts/swift-http-types
/Applications/Xcode-27.0.0-Release.Candidate.app/Contents/Developer/Toolchains/XcodeDefault.xctoolchain/usr/bin/appintentsmetadataprocessor --toolchain-dir /var/run/com.apple.security.cryptexd/mnt/com.apple.MobileAsset.MetalToolchain-v27.1.266.1.LRdnT9/Metal.xctoolchain --module-name HTTPTypesFoundation --sdk-root /Applications/Xcode-27.0.0-Release.Candidate.app/Contents/Developer/Platforms/WatchOS.platform/Developer/SDKs/WatchOS27.0.sdk --xcode-version 27A266a --platform-family watchOS --deployment-target 9.0 --bundle-identifier swift-http-types.HTTPTypesFoundation --output /Users/admin/builder/spi-builder-workspace/.derivedData/Build/Products/Debug-watchos/HTTPTypesFoundation.appintents --target-triple arm64-apple-watchos9.0 --target-triple arm64_32-apple-watchos9.0 --binary-file /Users/admin/builder/spi-builder-workspace/.derivedData/Build/Products/Debug-watchos/HTTPTypesFoundation.o --dependency-file /Users/admin/builder/spi-builder-workspace/.derivedData/Build/Intermediates.noindex/swift-http-types.build/Debug-watchos/HTTPTypesFoundation-t.build/Objects-normal/arm64/HTTPTypesFoundation_dependency_info.dat --dependency-file /Users/admin/builder/spi-builder-workspace/.derivedData/Build/Intermediates.noindex/swift-http-types.build/Debug-watchos/HTTPTypesFoundation-t.build/Objects-normal/arm64_32/HTTPTypesFoundation_dependency_info.dat --stringsdata-file /Users/admin/builder/spi-builder-workspace/.derivedData/Build/Intermediates.noindex/swift-http-types.build/Debug-watchos/HTTPTypesFoundation-t.build/Objects-normal/arm64/ExtractedAppShortcutsMetadata.stringsdata --stringsdata-file /Users/admin/builder/spi-builder-workspace/.derivedData/Build/Intermediates.noindex/swift-http-types.build/Debug-watchos/HTTPTypesFoundation-t.build/Objects-normal/arm64_32/ExtractedAppShortcutsMetadata.stringsdata --source-file-list /Users/admin/builder/spi-builder-workspace/.derivedData/Build/Intermediates.noindex/swift-http-types.build/Debug-watchos/HTTPTypesFoundation-t.build/Objects-normal/arm64/HTTPTypesFoundation.SwiftFileList --source-file-list /Users/admin/builder/spi-builder-workspace/.derivedData/Build/Intermediates.noindex/swift-http-types.build/Debug-watchos/HTTPTypesFoundation-t.build/Objects-normal/arm64_32/HTTPTypesFoundation.SwiftFileList --metadata-file-list /Users/admin/builder/spi-builder-workspace/.derivedData/Build/Intermediates.noindex/swift-http-types.build/Debug-watchos/HTTPTypesFoundation-t.build/HTTPTypesFoundation.DependencyMetadataFileList --static-metadata-file-list /Users/admin/builder/spi-builder-workspace/.derivedData/Build/Intermediates.noindex/swift-http-types.build/Debug-watchos/HTTPTypesFoundation-t.build/HTTPTypesFoundation.DependencyStaticMetadataFileList --swift-const-vals-list /Users/admin/builder/spi-builder-workspace/.derivedData/Build/Intermediates.noindex/swift-http-types.build/Debug-watchos/HTTPTypesFoundation-t.build/Objects-normal/arm64/HTTPTypesFoundation.SwiftConstValuesFileList --swift-const-vals-list /Users/admin/builder/spi-builder-workspace/.derivedData/Build/Intermediates.noindex/swift-http-types.build/Debug-watchos/HTTPTypesFoundation-t.build/Objects-normal/arm64_32/HTTPTypesFoundation.SwiftConstValuesFileList --force --compile-time-extraction --deployment-aware-processing --no-app-shortcuts-localization
2026-09-27 05:46:55.797 appintentsmetadataprocessor[1525:8650] Starting appintentsmetadataprocessor export
2026-09-27 05:46:55.876 appintentsmetadataprocessor[1525:8650] Extracted no relevant App Intents symbols, skipping writing output
CreateUniversalBinary /Users/admin/builder/spi-builder-workspace/.derivedData/Build/Products/Debug-watchos/NukeUI.o normal arm64\ arm64_32 (in target 'NukeUI' from project 'Nuke')
cd /Users/admin/builder/spi-builder-workspace/.dependencies/checkouts/Nuke
/Applications/Xcode-27.0.0-Release.Candidate.app/Contents/Developer/Toolchains/XcodeDefault.xctoolchain/usr/bin/lipo -create /Users/admin/builder/spi-builder-workspace/.derivedData/Build/Intermediates.noindex/Nuke.build/Debug-watchos/NukeUI-t.build/Objects-normal/arm64/Binary/NukeUI.o /Users/admin/builder/spi-builder-workspace/.derivedData/Build/Intermediates.noindex/Nuke.build/Debug-watchos/NukeUI-t.build/Objects-normal/arm64_32/Binary/NukeUI.o -output /Users/admin/builder/spi-builder-workspace/.derivedData/Build/Products/Debug-watchos/NukeUI.o
SwiftDriverJobDiscovery normal arm64 Compiling AuthStorage.swift, Bundle+Extensions.swift, Collections.swift (in target 'BSWFoundation' from project 'BSWFoundation')
ExtractAppIntentsMetadata (in target 'NukeUI' from project 'Nuke')
cd /Users/admin/builder/spi-builder-workspace/.dependencies/checkouts/Nuke
/Applications/Xcode-27.0.0-Release.Candidate.app/Contents/Developer/Toolchains/XcodeDefault.xctoolchain/usr/bin/appintentsmetadataprocessor --toolchain-dir /var/run/com.apple.security.cryptexd/mnt/com.apple.MobileAsset.MetalToolchain-v27.1.266.1.LRdnT9/Metal.xctoolchain --module-name NukeUI --sdk-root /Applications/Xcode-27.0.0-Release.Candidate.app/Contents/Developer/Platforms/WatchOS.platform/Developer/SDKs/WatchOS27.0.sdk --xcode-version 27A266a --platform-family watchOS --deployment-target 9.0 --bundle-identifier nuke.NukeUI --output /Users/admin/builder/spi-builder-workspace/.derivedData/Build/Products/Debug-watchos/NukeUI.appintents --target-triple arm64-apple-watchos9.0 --target-triple arm64_32-apple-watchos9.0 --binary-file /Users/admin/builder/spi-builder-workspace/.derivedData/Build/Products/Debug-watchos/NukeUI.o --dependency-file /Users/admin/builder/spi-builder-workspace/.derivedData/Build/Intermediates.noindex/Nuke.build/Debug-watchos/NukeUI-t.build/Objects-normal/arm64/NukeUI_dependency_info.dat --dependency-file /Users/admin/builder/spi-builder-workspace/.derivedData/Build/Intermediates.noindex/Nuke.build/Debug-watchos/NukeUI-t.build/Objects-normal/arm64_32/NukeUI_dependency_info.dat --stringsdata-file /Users/admin/builder/spi-builder-workspace/.derivedData/Build/Intermediates.noindex/Nuke.build/Debug-watchos/NukeUI-t.build/Objects-normal/arm64/ExtractedAppShortcutsMetadata.stringsdata --stringsdata-file /Users/admin/builder/spi-builder-workspace/.derivedData/Build/Intermediates.noindex/Nuke.build/Debug-watchos/NukeUI-t.build/Objects-normal/arm64_32/ExtractedAppShortcutsMetadata.stringsdata --source-file-list /Users/admin/builder/spi-builder-workspace/.derivedData/Build/Intermediates.noindex/Nuke.build/Debug-watchos/NukeUI-t.build/Objects-normal/arm64/NukeUI.SwiftFileList --source-file-list /Users/admin/builder/spi-builder-workspace/.derivedData/Build/Intermediates.noindex/Nuke.build/Debug-watchos/NukeUI-t.build/Objects-normal/arm64_32/NukeUI.SwiftFileList --metadata-file-list /Users/admin/builder/spi-builder-workspace/.derivedData/Build/Intermediates.noindex/Nuke.build/Debug-watchos/NukeUI-t.build/NukeUI.DependencyMetadataFileList --static-metadata-file-list /Users/admin/builder/spi-builder-workspace/.derivedData/Build/Intermediates.noindex/Nuke.build/Debug-watchos/NukeUI-t.build/NukeUI.DependencyStaticMetadataFileList --swift-const-vals-list /Users/admin/builder/spi-builder-workspace/.derivedData/Build/Intermediates.noindex/Nuke.build/Debug-watchos/NukeUI-t.build/Objects-normal/arm64/NukeUI.SwiftConstValuesFileList --swift-const-vals-list /Users/admin/builder/spi-builder-workspace/.derivedData/Build/Intermediates.noindex/Nuke.build/Debug-watchos/NukeUI-t.build/Objects-normal/arm64_32/NukeUI.SwiftConstValuesFileList --force --compile-time-extraction --deployment-aware-processing --no-app-shortcuts-localization
2026-09-27 05:46:55.865 appintentsmetadataprocessor[1527:8663] Starting appintentsmetadataprocessor export
2026-09-27 05:46:55.934 appintentsmetadataprocessor[1527:8663] Extracted no relevant App Intents symbols, skipping writing output
SwiftDriver BSWInterfaceKit normal arm64 com.apple.xcode.tools.swift.compiler (in target 'BSWInterfaceKit' from project 'BSWInterfaceKit')
cd /Users/admin/builder/spi-builder-workspace/.swiftpm/xcode
builtin-SwiftDriver -- /Applications/Xcode-27.0.0-Release.Candidate.app/Contents/Developer/Toolchains/XcodeDefault.xctoolchain/usr/bin/swiftc -parse-as-library -module-name BSWInterfaceKit -Onone @/Users/admin/builder/spi-builder-workspace/.derivedData/Build/Intermediates.noindex/BSWInterfaceKit.build/Debug-watchos/BSWInterfaceKit-t.build/Objects-normal/arm64/BSWInterfaceKit.SwiftFileList -DSWIFT_PACKAGE -DDEBUG -DSWIFT_MODULE_RESOURCE_BUNDLE_UNAVAILABLE -Xcc -fmodule-map-file\=/Users/admin/builder/spi-builder-workspace/.derivedData/Build/Intermediates.noindex/GeneratedModuleMaps-watchos/BSWInterfaceKitObjC.modulemap -DXcode -plugin-path /Applications/Xcode-27.0.0-Release.Candidate.app/Contents/Developer/Toolchains/XcodeDefault.xctoolchain/usr/lib/swift/host/plugins/testing -enable-experimental-feature DebugDescriptionMacro -sdk /Applications/Xcode-27.0.0-Release.Candidate.app/Contents/Developer/Platforms/WatchOS.platform/Developer/SDKs/WatchOS27.0.sdk -target arm64-apple-watchos11.0 -g -module-cache-path /Users/admin/builder/spi-builder-workspace/.derivedData/ModuleCache.noindex -Xfrontend -serialize-debugging-options -profile-coverage-mapping -profile-generate -enable-testing -index-store-path /Users/admin/builder/spi-builder-workspace/.derivedData/Index.noindex/DataStore -Xcc -D_LIBCPP_HARDENING_MODE\=_LIBCPP_HARDENING_MODE_DEBUG -swift-version 6 -I /Users/admin/builder/spi-builder-workspace/.derivedData/Build/Products/Debug-watchos -Isystem /Applications/Xcode-27.0.0-Release.Candidate.app/Contents/Developer/Platforms/WatchOS.platform/Developer/usr/lib -F /Users/admin/builder/spi-builder-workspace/.derivedData/Build/Products/Debug-watchos/PackageFrameworks -F /Users/admin/builder/spi-builder-workspace/.derivedData/Build/Products/Debug-watchos -F /Applications/Xcode-27.0.0-Release.Candidate.app/Contents/Developer/Platforms/WatchOS.platform/Developer/Library/Frameworks -F /Applications/Xcode-27.0.0-Release.Candidate.app/Contents/Developer/Platforms/WatchOS.platform/Developer/SDKs/WatchOS27.0.sdk/Developer/Library/Frameworks -c -j10 -enable-batch-mode -incremental -Xcc -ivfsstatcache -Xcc /Users/admin/builder/spi-builder-workspace/.derivedData/SDKStatCaches.noindex/watchos27.0-24R360-e829b21a6f8c9b70876ba0858053c04477534ef55a1706bf4c1112bbb242f0a2.sdkstatcache -output-file-map /Users/admin/builder/spi-builder-workspace/.derivedData/Build/Intermediates.noindex/BSWInterfaceKit.build/Debug-watchos/BSWInterfaceKit-t.build/Objects-normal/arm64/BSWInterfaceKit-OutputFileMap.json -save-temps -no-color-diagnostics -explicit-module-build -module-cache-path /Users/admin/builder/spi-builder-workspace/.derivedData/Build/Intermediates.noindex/SwiftExplicitPrecompiledModules -clang-scanner-module-cache-path /Users/admin/builder/spi-builder-workspace/.derivedData/ModuleCache.noindex -sdk-module-cache-path /Users/admin/builder/spi-builder-workspace/.derivedData/SDKExplicitPrecompiledModules -emit-dependencies -emit-module -emit-module-path /Users/admin/builder/spi-builder-workspace/.derivedData/Build/Intermediates.noindex/BSWInterfaceKit.build/Debug-watchos/BSWInterfaceKit-t.build/Objects-normal/arm64/BSWInterfaceKit.swiftmodule -serialize-diagnostics -dependency-scan-serialize-diagnostics-path /Users/admin/builder/spi-builder-workspace/.derivedData/Build/Intermediates.noindex/BSWInterfaceKit.build/Debug-watchos/BSWInterfaceKit-t.build/Objects-normal/arm64/BSWInterfaceKit-dependency-scan.dia -validate-clang-modules-once -clang-build-session-file /Users/admin/builder/spi-builder-workspace/.derivedData/ModuleCache.noindex/Session.modulevalidation -Xcc -fmodules-prune-interval\=86400 -Xcc -fmodules-prune-after\=345600 -package-name spi_builder_workspace -emit-const-values -const-gather-protocols-list /Users/admin/builder/spi-builder-workspace/.derivedData/Build/Intermediates.noindex/BSWInterfaceKit.build/Debug-watchos/BSWInterfaceKit-t.build/Objects-normal/arm64/BSWInterfaceKit_const_extract_protocols.json -Xcc -I/Users/admin/builder/spi-builder-workspace/Sources/BSWInterfaceKitObjC/include -Xcc -I/Users/admin/builder/spi-builder-workspace/.derivedData/Build/Products/Debug-watchos/include -Xcc -I/Users/admin/builder/spi-builder-workspace/.derivedData/Build/Intermediates.noindex/BSWInterfaceKit.build/Debug-watchos/BSWInterfaceKit-t.build/DerivedSources-normal/arm64 -Xcc -I/Users/admin/builder/spi-builder-workspace/.derivedData/Build/Intermediates.noindex/BSWInterfaceKit.build/Debug-watchos/BSWInterfaceKit-t.build/DerivedSources/arm64 -Xcc -I/Users/admin/builder/spi-builder-workspace/.derivedData/Build/Intermediates.noindex/BSWInterfaceKit.build/Debug-watchos/BSWInterfaceKit-t.build/DerivedSources -Xcc -DSWIFT_PACKAGE -Xcc -DDEBUG\=1 -emit-objc-header -emit-objc-header-path /Users/admin/builder/spi-builder-workspace/.derivedData/Build/Intermediates.noindex/BSWInterfaceKit.build/Debug-watchos/BSWInterfaceKit-t.build/Objects-normal/arm64/BSWInterfaceKit-Swift.h -working-directory /Users/admin/builder/spi-builder-workspace/.swiftpm/xcode -experimental-emit-module-separately -disable-cmo
error: Clang dependency scanning failure: (in target 'BSWInterfaceKit' from project 'BSWInterfaceKit')
/Users/admin/builder/spi-builder-workspace/Sources/BSWInterfaceKit/SwiftUI/Views/PhotoView.swift:251:8: error: Unable to resolve module dependency: 'CoreImage' (in target 'BSWInterfaceKit' from project 'BSWInterfaceKit')
note: A dependency of main module 'BSWInterfaceKit'
/Users/admin/builder/spi-builder-workspace/Sources/BSWInterfaceKit/SwiftUI/Views/PhotoView.swift:252:8: note: Also imported here
/Users/admin/builder/spi-builder-workspace/Sources/BSWInterfaceKit/SwiftUI/Views/PhotoView.swift:251:8: note: A dependency of main module 'BSWInterfaceKit'
import CoreImage
^ (in target 'BSWInterfaceKit' from project 'BSWInterfaceKit')
/Users/admin/builder/spi-builder-workspace/Sources/BSWInterfaceKit/SwiftUI/Views/PhotoView.swift:252:8: note: Also imported here
import CoreImage.CIFilterBuiltins
^ (in target 'BSWInterfaceKit' from project 'BSWInterfaceKit')
SwiftDriver BSWInterfaceKit normal arm64_32 com.apple.xcode.tools.swift.compiler (in target 'BSWInterfaceKit' from project 'BSWInterfaceKit')
cd /Users/admin/builder/spi-builder-workspace/.swiftpm/xcode
builtin-SwiftDriver -- /Applications/Xcode-27.0.0-Release.Candidate.app/Contents/Developer/Toolchains/XcodeDefault.xctoolchain/usr/bin/swiftc -parse-as-library -module-name BSWInterfaceKit -Onone @/Users/admin/builder/spi-builder-workspace/.derivedData/Build/Intermediates.noindex/BSWInterfaceKit.build/Debug-watchos/BSWInterfaceKit-t.build/Objects-normal/arm64_32/BSWInterfaceKit.SwiftFileList -DSWIFT_PACKAGE -DDEBUG -DSWIFT_MODULE_RESOURCE_BUNDLE_UNAVAILABLE -Xcc -fmodule-map-file\=/Users/admin/builder/spi-builder-workspace/.derivedData/Build/Intermediates.noindex/GeneratedModuleMaps-watchos/BSWInterfaceKitObjC.modulemap -DXcode -plugin-path /Applications/Xcode-27.0.0-Release.Candidate.app/Contents/Developer/Toolchains/XcodeDefault.xctoolchain/usr/lib/swift/host/plugins/testing -enable-experimental-feature DebugDescriptionMacro -sdk /Applications/Xcode-27.0.0-Release.Candidate.app/Contents/Developer/Platforms/WatchOS.platform/Developer/SDKs/WatchOS27.0.sdk -target arm64_32-apple-watchos11.0 -g -module-cache-path /Users/admin/builder/spi-builder-workspace/.derivedData/ModuleCache.noindex -Xfrontend -serialize-debugging-options -profile-coverage-mapping -profile-generate -enable-testing -index-store-path /Users/admin/builder/spi-builder-workspace/.derivedData/Index.noindex/DataStore -Xcc -D_LIBCPP_HARDENING_MODE\=_LIBCPP_HARDENING_MODE_DEBUG -swift-version 6 -I /Users/admin/builder/spi-builder-workspace/.derivedData/Build/Products/Debug-watchos -Isystem /Applications/Xcode-27.0.0-Release.Candidate.app/Contents/Developer/Platforms/WatchOS.platform/Developer/usr/lib -F /Users/admin/builder/spi-builder-workspace/.derivedData/Build/Products/Debug-watchos/PackageFrameworks -F /Users/admin/builder/spi-builder-workspace/.derivedData/Build/Products/Debug-watchos -F /Applications/Xcode-27.0.0-Release.Candidate.app/Contents/Developer/Platforms/WatchOS.platform/Developer/Library/Frameworks -F /Applications/Xcode-27.0.0-Release.Candidate.app/Contents/Developer/Platforms/WatchOS.platform/Developer/SDKs/WatchOS27.0.sdk/Developer/Library/Frameworks -c -j10 -enable-batch-mode -incremental -Xcc -ivfsstatcache -Xcc /Users/admin/builder/spi-builder-workspace/.derivedData/SDKStatCaches.noindex/watchos27.0-24R360-e829b21a6f8c9b70876ba0858053c04477534ef55a1706bf4c1112bbb242f0a2.sdkstatcache -output-file-map /Users/admin/builder/spi-builder-workspace/.derivedData/Build/Intermediates.noindex/BSWInterfaceKit.build/Debug-watchos/BSWInterfaceKit-t.build/Objects-normal/arm64_32/BSWInterfaceKit-OutputFileMap.json -save-temps -no-color-diagnostics -explicit-module-build -module-cache-path /Users/admin/builder/spi-builder-workspace/.derivedData/Build/Intermediates.noindex/SwiftExplicitPrecompiledModules -clang-scanner-module-cache-path /Users/admin/builder/spi-builder-workspace/.derivedData/ModuleCache.noindex -sdk-module-cache-path /Users/admin/builder/spi-builder-workspace/.derivedData/SDKExplicitPrecompiledModules -emit-dependencies -emit-module -emit-module-path /Users/admin/builder/spi-builder-workspace/.derivedData/Build/Intermediates.noindex/BSWInterfaceKit.build/Debug-watchos/BSWInterfaceKit-t.build/Objects-normal/arm64_32/BSWInterfaceKit.swiftmodule -serialize-diagnostics -dependency-scan-serialize-diagnostics-path /Users/admin/builder/spi-builder-workspace/.derivedData/Build/Intermediates.noindex/BSWInterfaceKit.build/Debug-watchos/BSWInterfaceKit-t.build/Objects-normal/arm64_32/BSWInterfaceKit-dependency-scan.dia -validate-clang-modules-once -clang-build-session-file /Users/admin/builder/spi-builder-workspace/.derivedData/ModuleCache.noindex/Session.modulevalidation -Xcc -fmodules-prune-interval\=86400 -Xcc -fmodules-prune-after\=345600 -package-name spi_builder_workspace -emit-const-values -const-gather-protocols-list /Users/admin/builder/spi-builder-workspace/.derivedData/Build/Intermediates.noindex/BSWInterfaceKit.build/Debug-watchos/BSWInterfaceKit-t.build/Objects-normal/arm64_32/BSWInterfaceKit_const_extract_protocols.json -Xcc -I/Users/admin/builder/spi-builder-workspace/Sources/BSWInterfaceKitObjC/include -Xcc -I/Users/admin/builder/spi-builder-workspace/.derivedData/Build/Products/Debug-watchos/include -Xcc -I/Users/admin/builder/spi-builder-workspace/.derivedData/Build/Intermediates.noindex/BSWInterfaceKit.build/Debug-watchos/BSWInterfaceKit-t.build/DerivedSources-normal/arm64_32 -Xcc -I/Users/admin/builder/spi-builder-workspace/.derivedData/Build/Intermediates.noindex/BSWInterfaceKit.build/Debug-watchos/BSWInterfaceKit-t.build/DerivedSources/arm64_32 -Xcc -I/Users/admin/builder/spi-builder-workspace/.derivedData/Build/Intermediates.noindex/BSWInterfaceKit.build/Debug-watchos/BSWInterfaceKit-t.build/DerivedSources -Xcc -DSWIFT_PACKAGE -Xcc -DDEBUG\=1 -emit-objc-header -emit-objc-header-path /Users/admin/builder/spi-builder-workspace/.derivedData/Build/Intermediates.noindex/BSWInterfaceKit.build/Debug-watchos/BSWInterfaceKit-t.build/Objects-normal/arm64_32/BSWInterfaceKit-Swift.h -working-directory /Users/admin/builder/spi-builder-workspace/.swiftpm/xcode -experimental-emit-module-separately -disable-cmo
error: Clang dependency scanning failure: (in target 'BSWInterfaceKit' from project 'BSWInterfaceKit')
/Users/admin/builder/spi-builder-workspace/Sources/BSWInterfaceKit/SwiftUI/Views/PhotoView.swift:251:8: error: Unable to resolve module dependency: 'CoreImage' (in target 'BSWInterfaceKit' from project 'BSWInterfaceKit')
note: A dependency of main module 'BSWInterfaceKit'
/Users/admin/builder/spi-builder-workspace/Sources/BSWInterfaceKit/SwiftUI/Views/PhotoView.swift:252:8: note: Also imported here
/Users/admin/builder/spi-builder-workspace/Sources/BSWInterfaceKit/SwiftUI/Views/PhotoView.swift:251:8: note: A dependency of main module 'BSWInterfaceKit'
import CoreImage
^ (in target 'BSWInterfaceKit' from project 'BSWInterfaceKit')
/Users/admin/builder/spi-builder-workspace/Sources/BSWInterfaceKit/SwiftUI/Views/PhotoView.swift:252:8: note: Also imported here
import CoreImage.CIFilterBuiltins
^ (in target 'BSWInterfaceKit' from project 'BSWInterfaceKit')
SwiftDriverJobDiscovery normal arm64 Compiling APIClient.swift, Endpoint.swift, Environment.swift (in target 'BSWFoundation' from project 'BSWFoundation')
SwiftDriverJobDiscovery normal arm64_32 Compiling JSONParser.swift, KeychainBacked.swift, UserDefaultsBacked.swift (in target 'BSWFoundation' from project 'BSWFoundation')
SwiftDriverJobDiscovery normal arm64 Compiling Throttler.swift, UIApplication+Tests.swift, With.swift (in target 'BSWFoundation' from project 'BSWFoundation')
SwiftDriverJobDiscovery normal arm64_32 Compiling Throttler.swift, UIApplication+Tests.swift, With.swift (in target 'BSWFoundation' from project 'BSWFoundation')
SwiftDriverJobDiscovery normal arm64 Compiling APIClient+Error.swift, APIClient+Logging.swift, APIClient+URLSession.swift (in target 'BSWFoundation' from project 'BSWFoundation')
SwiftDriverJobDiscovery normal arm64_32 Compiling APIClient+Error.swift, APIClient+Logging.swift, APIClient+URLSession.swift (in target 'BSWFoundation' from project 'BSWFoundation')
SwiftDriver\ Compilation BSWFoundation normal arm64_32 com.apple.xcode.tools.swift.compiler (in target 'BSWFoundation' from project 'BSWFoundation')
cd /Users/admin/builder/spi-builder-workspace/.swiftpm/xcode
builtin-Swift-Compilation -- /Applications/Xcode-27.0.0-Release.Candidate.app/Contents/Developer/Toolchains/XcodeDefault.xctoolchain/usr/bin/swiftc -parse-as-library -module-name BSWFoundation -Onone @/Users/admin/builder/spi-builder-workspace/.derivedData/Build/Intermediates.noindex/BSWFoundation.build/Debug-watchos/BSWFoundation-t.build/Objects-normal/arm64_32/BSWFoundation.SwiftFileList -DSWIFT_PACKAGE -DDEBUG -DSWIFT_MODULE_RESOURCE_BUNDLE_UNAVAILABLE -DXcode -plugin-path /Applications/Xcode-27.0.0-Release.Candidate.app/Contents/Developer/Toolchains/XcodeDefault.xctoolchain/usr/lib/swift/host/plugins/testing -enable-experimental-feature DebugDescriptionMacro -sdk /Applications/Xcode-27.0.0-Release.Candidate.app/Contents/Developer/Platforms/WatchOS.platform/Developer/SDKs/WatchOS27.0.sdk -target arm64_32-apple-watchos11.0 -g -module-cache-path /Users/admin/builder/spi-builder-workspace/.derivedData/ModuleCache.noindex -Xfrontend -serialize-debugging-options -profile-coverage-mapping -profile-generate -enable-testing -suppress-warnings -index-store-path /Users/admin/builder/spi-builder-workspace/.derivedData/Index.noindex/DataStore -Xcc -D_LIBCPP_HARDENING_MODE\=_LIBCPP_HARDENING_MODE_DEBUG -swift-version 6 -I /Users/admin/builder/spi-builder-workspace/.derivedData/Build/Products/Debug-watchos -Isystem /Applications/Xcode-27.0.0-Release.Candidate.app/Contents/Developer/Platforms/WatchOS.platform/Developer/usr/lib -F /Users/admin/builder/spi-builder-workspace/.derivedData/Build/Products/Debug-watchos/PackageFrameworks -F /Users/admin/builder/spi-builder-workspace/.derivedData/Build/Products/Debug-watchos -F /Applications/Xcode-27.0.0-Release.Candidate.app/Contents/Developer/Platforms/WatchOS.platform/Developer/Library/Frameworks -F /Applications/Xcode-27.0.0-Release.Candidate.app/Contents/Developer/Platforms/WatchOS.platform/Developer/SDKs/WatchOS27.0.sdk/Developer/Library/Frameworks -c -j10 -enable-batch-mode -incremental -Xcc -ivfsstatcache -Xcc /Users/admin/builder/spi-builder-workspace/.derivedData/SDKStatCaches.noindex/watchos27.0-24R360-e829b21a6f8c9b70876ba0858053c04477534ef55a1706bf4c1112bbb242f0a2.sdkstatcache -output-file-map /Users/admin/builder/spi-builder-workspace/.derivedData/Build/Intermediates.noindex/BSWFoundation.build/Debug-watchos/BSWFoundation-t.build/Objects-normal/arm64_32/BSWFoundation-OutputFileMap.json -save-temps -no-color-diagnostics -explicit-module-build -module-cache-path /Users/admin/builder/spi-builder-workspace/.derivedData/Build/Intermediates.noindex/SwiftExplicitPrecompiledModules -clang-scanner-module-cache-path /Users/admin/builder/spi-builder-workspace/.derivedData/ModuleCache.noindex -sdk-module-cache-path /Users/admin/builder/spi-builder-workspace/.derivedData/SDKExplicitPrecompiledModules -emit-dependencies -emit-module -emit-module-path /Users/admin/builder/spi-builder-workspace/.derivedData/Build/Intermediates.noindex/BSWFoundation.build/Debug-watchos/BSWFoundation-t.build/Objects-normal/arm64_32/BSWFoundation.swiftmodule -serialize-diagnostics -dependency-scan-serialize-diagnostics-path /Users/admin/builder/spi-builder-workspace/.derivedData/Build/Intermediates.noindex/BSWFoundation.build/Debug-watchos/BSWFoundation-t.build/Objects-normal/arm64_32/BSWFoundation-dependency-scan.dia -user-module-version 26.9.0 -validate-clang-modules-once -clang-build-session-file /Users/admin/builder/spi-builder-workspace/.derivedData/ModuleCache.noindex/Session.modulevalidation -Xcc -fmodules-prune-interval\=86400 -Xcc -fmodules-prune-after\=345600 -package-name bswfoundation -emit-const-values -const-gather-protocols-list /Users/admin/builder/spi-builder-workspace/.derivedData/Build/Intermediates.noindex/BSWFoundation.build/Debug-watchos/BSWFoundation-t.build/Objects-normal/arm64_32/BSWFoundation_const_extract_protocols.json -Xcc -I/Users/admin/builder/spi-builder-workspace/.derivedData/Build/Products/Debug-watchos/include -Xcc -I/Users/admin/builder/spi-builder-workspace/.derivedData/Build/Intermediates.noindex/BSWFoundation.build/Debug-watchos/BSWFoundation-t.build/DerivedSources-normal/arm64_32 -Xcc -I/Users/admin/builder/spi-builder-workspace/.derivedData/Build/Intermediates.noindex/BSWFoundation.build/Debug-watchos/BSWFoundation-t.build/DerivedSources/arm64_32 -Xcc -I/Users/admin/builder/spi-builder-workspace/.derivedData/Build/Intermediates.noindex/BSWFoundation.build/Debug-watchos/BSWFoundation-t.build/DerivedSources -Xcc -DSWIFT_PACKAGE -Xcc -DDEBUG\=1 -emit-objc-header -emit-objc-header-path /Users/admin/builder/spi-builder-workspace/.derivedData/Build/Intermediates.noindex/BSWFoundation.build/Debug-watchos/BSWFoundation-t.build/Objects-normal/arm64_32/BSWFoundation-Swift.h -working-directory /Users/admin/builder/spi-builder-workspace/.swiftpm/xcode -experimental-emit-module-separately -disable-cmo
Ld /Users/admin/builder/spi-builder-workspace/.derivedData/Build/Intermediates.noindex/BSWFoundation.build/Debug-watchos/BSWFoundation-t.build/Objects-normal/arm64_32/Binary/BSWFoundation.o normal arm64_32 (in target 'BSWFoundation' from project 'BSWFoundation')
cd /Users/admin/builder/spi-builder-workspace/.dependencies/checkouts/BSWFoundation
/Applications/Xcode-27.0.0-Release.Candidate.app/Contents/Developer/Toolchains/XcodeDefault.xctoolchain/usr/bin/clang -Xlinker -reproducible -target arm64_32-apple-watchos11.0 -r -isysroot /Applications/Xcode-27.0.0-Release.Candidate.app/Contents/Developer/Platforms/WatchOS.platform/Developer/SDKs/WatchOS27.0.sdk -O0 -w -Xlinker -no_warn_duplicate_libraries -F/Users/admin/builder/spi-builder-workspace/.derivedData/Build/Intermediates.noindex/EagerLinkingTBDs/Debug-watchos -F/Users/admin/builder/spi-builder-workspace/.derivedData/Build/Products/Debug-watchos/PackageFrameworks -F/Users/admin/builder/spi-builder-workspace/.derivedData/Build/Products/Debug-watchos -iframework /Applications/Xcode-27.0.0-Release.Candidate.app/Contents/Developer/Platforms/WatchOS.platform/Developer/Library/Frameworks -iframework /Applications/Xcode-27.0.0-Release.Candidate.app/Contents/Developer/Platforms/WatchOS.platform/Developer/SDKs/WatchOS27.0.sdk/Developer/Library/Frameworks -filelist /Users/admin/builder/spi-builder-workspace/.derivedData/Build/Intermediates.noindex/BSWFoundation.build/Debug-watchos/BSWFoundation-t.build/Objects-normal/arm64_32/BSWFoundation.LinkFileList -nostdlib -Xlinker -object_path_lto -Xlinker /Users/admin/builder/spi-builder-workspace/.derivedData/Build/Intermediates.noindex/BSWFoundation.build/Debug-watchos/BSWFoundation-t.build/Objects-normal/arm64_32/BSWFoundation_lto.o -Xlinker -no_deduplicate -Xlinker -debug_variant -Xlinker -dependency_info -Xlinker /Users/admin/builder/spi-builder-workspace/.derivedData/Build/Intermediates.noindex/BSWFoundation.build/Debug-watchos/BSWFoundation-t.build/Objects-normal/arm64_32/BSWFoundation_dependency_info.dat -fobjc-link-runtime -L/Applications/Xcode-27.0.0-Release.Candidate.app/Contents/Developer/Toolchains/XcodeDefault.xctoolchain/usr/lib/swift/watchos -L/usr/lib/swift -Xlinker -add_ast_path -Xlinker /Users/admin/builder/spi-builder-workspace/.derivedData/Build/Intermediates.noindex/BSWFoundation.build/Debug-watchos/BSWFoundation-t.build/Objects-normal/arm64_32/BSWFoundation.swiftmodule -o /Users/admin/builder/spi-builder-workspace/.derivedData/Build/Intermediates.noindex/BSWFoundation.build/Debug-watchos/BSWFoundation-t.build/Objects-normal/arm64_32/Binary/BSWFoundation.o
SwiftDriverJobDiscovery normal arm64 Compiling JSONParser.swift, KeychainBacked.swift, UserDefaultsBacked.swift (in target 'BSWFoundation' from project 'BSWFoundation')
SwiftDriver\ Compilation BSWFoundation normal arm64 com.apple.xcode.tools.swift.compiler (in target 'BSWFoundation' from project 'BSWFoundation')
cd /Users/admin/builder/spi-builder-workspace/.swiftpm/xcode
builtin-Swift-Compilation -- /Applications/Xcode-27.0.0-Release.Candidate.app/Contents/Developer/Toolchains/XcodeDefault.xctoolchain/usr/bin/swiftc -parse-as-library -module-name BSWFoundation -Onone @/Users/admin/builder/spi-builder-workspace/.derivedData/Build/Intermediates.noindex/BSWFoundation.build/Debug-watchos/BSWFoundation-t.build/Objects-normal/arm64/BSWFoundation.SwiftFileList -DSWIFT_PACKAGE -DDEBUG -DSWIFT_MODULE_RESOURCE_BUNDLE_UNAVAILABLE -DXcode -plugin-path /Applications/Xcode-27.0.0-Release.Candidate.app/Contents/Developer/Toolchains/XcodeDefault.xctoolchain/usr/lib/swift/host/plugins/testing -enable-experimental-feature DebugDescriptionMacro -sdk /Applications/Xcode-27.0.0-Release.Candidate.app/Contents/Developer/Platforms/WatchOS.platform/Developer/SDKs/WatchOS27.0.sdk -target arm64-apple-watchos11.0 -g -module-cache-path /Users/admin/builder/spi-builder-workspace/.derivedData/ModuleCache.noindex -Xfrontend -serialize-debugging-options -profile-coverage-mapping -profile-generate -enable-testing -suppress-warnings -index-store-path /Users/admin/builder/spi-builder-workspace/.derivedData/Index.noindex/DataStore -Xcc -D_LIBCPP_HARDENING_MODE\=_LIBCPP_HARDENING_MODE_DEBUG -swift-version 6 -I /Users/admin/builder/spi-builder-workspace/.derivedData/Build/Products/Debug-watchos -Isystem /Applications/Xcode-27.0.0-Release.Candidate.app/Contents/Developer/Platforms/WatchOS.platform/Developer/usr/lib -F /Users/admin/builder/spi-builder-workspace/.derivedData/Build/Products/Debug-watchos/PackageFrameworks -F /Users/admin/builder/spi-builder-workspace/.derivedData/Build/Products/Debug-watchos -F /Applications/Xcode-27.0.0-Release.Candidate.app/Contents/Developer/Platforms/WatchOS.platform/Developer/Library/Frameworks -F /Applications/Xcode-27.0.0-Release.Candidate.app/Contents/Developer/Platforms/WatchOS.platform/Developer/SDKs/WatchOS27.0.sdk/Developer/Library/Frameworks -c -j10 -enable-batch-mode -incremental -Xcc -ivfsstatcache -Xcc /Users/admin/builder/spi-builder-workspace/.derivedData/SDKStatCaches.noindex/watchos27.0-24R360-e829b21a6f8c9b70876ba0858053c04477534ef55a1706bf4c1112bbb242f0a2.sdkstatcache -output-file-map /Users/admin/builder/spi-builder-workspace/.derivedData/Build/Intermediates.noindex/BSWFoundation.build/Debug-watchos/BSWFoundation-t.build/Objects-normal/arm64/BSWFoundation-OutputFileMap.json -save-temps -no-color-diagnostics -explicit-module-build -module-cache-path /Users/admin/builder/spi-builder-workspace/.derivedData/Build/Intermediates.noindex/SwiftExplicitPrecompiledModules -clang-scanner-module-cache-path /Users/admin/builder/spi-builder-workspace/.derivedData/ModuleCache.noindex -sdk-module-cache-path /Users/admin/builder/spi-builder-workspace/.derivedData/SDKExplicitPrecompiledModules -emit-dependencies -emit-module -emit-module-path /Users/admin/builder/spi-builder-workspace/.derivedData/Build/Intermediates.noindex/BSWFoundation.build/Debug-watchos/BSWFoundation-t.build/Objects-normal/arm64/BSWFoundation.swiftmodule -serialize-diagnostics -dependency-scan-serialize-diagnostics-path /Users/admin/builder/spi-builder-workspace/.derivedData/Build/Intermediates.noindex/BSWFoundation.build/Debug-watchos/BSWFoundation-t.build/Objects-normal/arm64/BSWFoundation-dependency-scan.dia -user-module-version 26.9.0 -validate-clang-modules-once -clang-build-session-file /Users/admin/builder/spi-builder-workspace/.derivedData/ModuleCache.noindex/Session.modulevalidation -Xcc -fmodules-prune-interval\=86400 -Xcc -fmodules-prune-after\=345600 -package-name bswfoundation -emit-const-values -const-gather-protocols-list /Users/admin/builder/spi-builder-workspace/.derivedData/Build/Intermediates.noindex/BSWFoundation.build/Debug-watchos/BSWFoundation-t.build/Objects-normal/arm64/BSWFoundation_const_extract_protocols.json -Xcc -I/Users/admin/builder/spi-builder-workspace/.derivedData/Build/Products/Debug-watchos/include -Xcc -I/Users/admin/builder/spi-builder-workspace/.derivedData/Build/Intermediates.noindex/BSWFoundation.build/Debug-watchos/BSWFoundation-t.build/DerivedSources-normal/arm64 -Xcc -I/Users/admin/builder/spi-builder-workspace/.derivedData/Build/Intermediates.noindex/BSWFoundation.build/Debug-watchos/BSWFoundation-t.build/DerivedSources/arm64 -Xcc -I/Users/admin/builder/spi-builder-workspace/.derivedData/Build/Intermediates.noindex/BSWFoundation.build/Debug-watchos/BSWFoundation-t.build/DerivedSources -Xcc -DSWIFT_PACKAGE -Xcc -DDEBUG\=1 -emit-objc-header -emit-objc-header-path /Users/admin/builder/spi-builder-workspace/.derivedData/Build/Intermediates.noindex/BSWFoundation.build/Debug-watchos/BSWFoundation-t.build/Objects-normal/arm64/BSWFoundation-Swift.h -working-directory /Users/admin/builder/spi-builder-workspace/.swiftpm/xcode -experimental-emit-module-separately -disable-cmo
Ld /Users/admin/builder/spi-builder-workspace/.derivedData/Build/Intermediates.noindex/BSWFoundation.build/Debug-watchos/BSWFoundation-t.build/Objects-normal/arm64/Binary/BSWFoundation.o normal arm64 (in target 'BSWFoundation' from project 'BSWFoundation')
cd /Users/admin/builder/spi-builder-workspace/.dependencies/checkouts/BSWFoundation
/Applications/Xcode-27.0.0-Release.Candidate.app/Contents/Developer/Toolchains/XcodeDefault.xctoolchain/usr/bin/clang -Xlinker -reproducible -target arm64-apple-watchos11.0 -r -isysroot /Applications/Xcode-27.0.0-Release.Candidate.app/Contents/Developer/Platforms/WatchOS.platform/Developer/SDKs/WatchOS27.0.sdk -O0 -w -Xlinker -no_warn_duplicate_libraries -F/Users/admin/builder/spi-builder-workspace/.derivedData/Build/Intermediates.noindex/EagerLinkingTBDs/Debug-watchos -F/Users/admin/builder/spi-builder-workspace/.derivedData/Build/Products/Debug-watchos/PackageFrameworks -F/Users/admin/builder/spi-builder-workspace/.derivedData/Build/Products/Debug-watchos -iframework /Applications/Xcode-27.0.0-Release.Candidate.app/Contents/Developer/Platforms/WatchOS.platform/Developer/Library/Frameworks -iframework /Applications/Xcode-27.0.0-Release.Candidate.app/Contents/Developer/Platforms/WatchOS.platform/Developer/SDKs/WatchOS27.0.sdk/Developer/Library/Frameworks -filelist /Users/admin/builder/spi-builder-workspace/.derivedData/Build/Intermediates.noindex/BSWFoundation.build/Debug-watchos/BSWFoundation-t.build/Objects-normal/arm64/BSWFoundation.LinkFileList -nostdlib -Xlinker -object_path_lto -Xlinker /Users/admin/builder/spi-builder-workspace/.derivedData/Build/Intermediates.noindex/BSWFoundation.build/Debug-watchos/BSWFoundation-t.build/Objects-normal/arm64/BSWFoundation_lto.o -Xlinker -no_deduplicate -Xlinker -debug_variant -Xlinker -dependency_info -Xlinker /Users/admin/builder/spi-builder-workspace/.derivedData/Build/Intermediates.noindex/BSWFoundation.build/Debug-watchos/BSWFoundation-t.build/Objects-normal/arm64/BSWFoundation_dependency_info.dat -fobjc-link-runtime -L/Applications/Xcode-27.0.0-Release.Candidate.app/Contents/Developer/Toolchains/XcodeDefault.xctoolchain/usr/lib/swift/watchos -L/usr/lib/swift -Xlinker -add_ast_path -Xlinker /Users/admin/builder/spi-builder-workspace/.derivedData/Build/Intermediates.noindex/BSWFoundation.build/Debug-watchos/BSWFoundation-t.build/Objects-normal/arm64/BSWFoundation.swiftmodule -o /Users/admin/builder/spi-builder-workspace/.derivedData/Build/Intermediates.noindex/BSWFoundation.build/Debug-watchos/BSWFoundation-t.build/Objects-normal/arm64/Binary/BSWFoundation.o
CreateUniversalBinary /Users/admin/builder/spi-builder-workspace/.derivedData/Build/Products/Debug-watchos/BSWFoundation.o normal arm64\ arm64_32 (in target 'BSWFoundation' from project 'BSWFoundation')
cd /Users/admin/builder/spi-builder-workspace/.dependencies/checkouts/BSWFoundation
/Applications/Xcode-27.0.0-Release.Candidate.app/Contents/Developer/Toolchains/XcodeDefault.xctoolchain/usr/bin/lipo -create /Users/admin/builder/spi-builder-workspace/.derivedData/Build/Intermediates.noindex/BSWFoundation.build/Debug-watchos/BSWFoundation-t.build/Objects-normal/arm64/Binary/BSWFoundation.o /Users/admin/builder/spi-builder-workspace/.derivedData/Build/Intermediates.noindex/BSWFoundation.build/Debug-watchos/BSWFoundation-t.build/Objects-normal/arm64_32/Binary/BSWFoundation.o -output /Users/admin/builder/spi-builder-workspace/.derivedData/Build/Products/Debug-watchos/BSWFoundation.o
ExtractAppIntentsMetadata (in target 'BSWFoundation' from project 'BSWFoundation')
cd /Users/admin/builder/spi-builder-workspace/.dependencies/checkouts/BSWFoundation
/Applications/Xcode-27.0.0-Release.Candidate.app/Contents/Developer/Toolchains/XcodeDefault.xctoolchain/usr/bin/appintentsmetadataprocessor --toolchain-dir /var/run/com.apple.security.cryptexd/mnt/com.apple.MobileAsset.MetalToolchain-v27.1.266.1.LRdnT9/Metal.xctoolchain --module-name BSWFoundation --sdk-root /Applications/Xcode-27.0.0-Release.Candidate.app/Contents/Developer/Platforms/WatchOS.platform/Developer/SDKs/WatchOS27.0.sdk --xcode-version 27A266a --platform-family watchOS --deployment-target 11.0 --bundle-identifier bswfoundation.BSWFoundation --output /Users/admin/builder/spi-builder-workspace/.derivedData/Build/Products/Debug-watchos/BSWFoundation.appintents --target-triple arm64-apple-watchos11.0 --target-triple arm64_32-apple-watchos11.0 --binary-file /Users/admin/builder/spi-builder-workspace/.derivedData/Build/Products/Debug-watchos/BSWFoundation.o --dependency-file /Users/admin/builder/spi-builder-workspace/.derivedData/Build/Intermediates.noindex/BSWFoundation.build/Debug-watchos/BSWFoundation-t.build/Objects-normal/arm64/BSWFoundation_dependency_info.dat --dependency-file /Users/admin/builder/spi-builder-workspace/.derivedData/Build/Intermediates.noindex/BSWFoundation.build/Debug-watchos/BSWFoundation-t.build/Objects-normal/arm64_32/BSWFoundation_dependency_info.dat --stringsdata-file /Users/admin/builder/spi-builder-workspace/.derivedData/Build/Intermediates.noindex/BSWFoundation.build/Debug-watchos/BSWFoundation-t.build/Objects-normal/arm64/ExtractedAppShortcutsMetadata.stringsdata --stringsdata-file /Users/admin/builder/spi-builder-workspace/.derivedData/Build/Intermediates.noindex/BSWFoundation.build/Debug-watchos/BSWFoundation-t.build/Objects-normal/arm64_32/ExtractedAppShortcutsMetadata.stringsdata --source-file-list /Users/admin/builder/spi-builder-workspace/.derivedData/Build/Intermediates.noindex/BSWFoundation.build/Debug-watchos/BSWFoundation-t.build/Objects-normal/arm64/BSWFoundation.SwiftFileList --source-file-list /Users/admin/builder/spi-builder-workspace/.derivedData/Build/Intermediates.noindex/BSWFoundation.build/Debug-watchos/BSWFoundation-t.build/Objects-normal/arm64_32/BSWFoundation.SwiftFileList --metadata-file-list /Users/admin/builder/spi-builder-workspace/.derivedData/Build/Intermediates.noindex/BSWFoundation.build/Debug-watchos/BSWFoundation-t.build/BSWFoundation.DependencyMetadataFileList --static-metadata-file-list /Users/admin/builder/spi-builder-workspace/.derivedData/Build/Intermediates.noindex/BSWFoundation.build/Debug-watchos/BSWFoundation-t.build/BSWFoundation.DependencyStaticMetadataFileList --swift-const-vals-list /Users/admin/builder/spi-builder-workspace/.derivedData/Build/Intermediates.noindex/BSWFoundation.build/Debug-watchos/BSWFoundation-t.build/Objects-normal/arm64/BSWFoundation.SwiftConstValuesFileList --swift-const-vals-list /Users/admin/builder/spi-builder-workspace/.derivedData/Build/Intermediates.noindex/BSWFoundation.build/Debug-watchos/BSWFoundation-t.build/Objects-normal/arm64_32/BSWFoundation.SwiftConstValuesFileList --force --compile-time-extraction --deployment-aware-processing --no-app-shortcuts-localization
2026-09-27 05:46:56.265 appintentsmetadataprocessor[1533:8848] Starting appintentsmetadataprocessor export
2026-09-27 05:46:56.335 appintentsmetadataprocessor[1533:8848] Extracted no relevant App Intents symbols, skipping writing output
PruneExplicitPrecompiledModules /Users/admin/builder/spi-builder-workspace/.derivedData/Build/Intermediates.noindex/SwiftExplicitPrecompiledModules
PruneExplicitPrecompiledModules /Users/admin/builder/spi-builder-workspace/.derivedData/Build/Intermediates.noindex/ExplicitPrecompiledModules
PruneExplicitPrecompiledModules /Users/admin/builder/spi-builder-workspace/.derivedData/SDKExplicitPrecompiledModules
2026-09-27 05:46:40.032 xcodebuild[1052:6038] [MT] IDERunDestination: Supported platforms for the buildables in the current scheme is empty.
** BUILD FAILED **
The following build commands failed:
SwiftDriver BSWInterfaceKit normal arm64 com.apple.xcode.tools.swift.compiler (in target 'BSWInterfaceKit' from project 'BSWInterfaceKit')
SwiftDriver BSWInterfaceKit normal arm64_32 com.apple.xcode.tools.swift.compiler (in target 'BSWInterfaceKit' from project 'BSWInterfaceKit')
Building workspace BSWInterfaceKit with scheme BSWInterfaceKit
(3 failures)
Command line invocation:
/Applications/Xcode-27.0.0-Release.Candidate.app/Contents/Developer/usr/bin/xcodebuild -IDEClonedSourcePackagesDirPathOverride=/Users/admin/builder/spi-builder-workspace/.dependencies -resolvePackageDependencies
Resolve Package Graph
Resolved source packages:
swift-issue-reporting: https://github.com/pointfreeco/swift-issue-reporting @ 2.1.1
KeychainAccess: https://github.com/kishikawakatsumi/KeychainAccess.git @ 4.2.2
swift-http-types: https://github.com/apple/swift-http-types.git @ 1.8.0
BSWFoundation: https://github.com/theleftbit/BSWFoundation.git @ 26.9.0
swift-crypto: https://github.com/apple/swift-crypto.git @ 5.0.0
Nuke: https://github.com/kean/Nuke.git @ 13.2.0
swift-syntax: https://github.com/swiftlang/swift-syntax @ 604.0.0
swift-asn1: https://github.com/apple/swift-asn1.git @ 1.7.3
swift-snapshot-testing: https://github.com/pointfreeco/swift-snapshot-testing.git @ 1.19.6
swift-custom-dump: https://github.com/pointfreeco/swift-custom-dump @ 1.7.3
BSWInterfaceKit: /Users/admin/builder/spi-builder-workspace
resolved source packages: swift-issue-reporting, KeychainAccess, swift-http-types, BSWFoundation, swift-crypto, Nuke, swift-syntax, swift-asn1, swift-snapshot-testing, swift-custom-dump, BSWInterfaceKit
2026-09-27 05:46:58.606 xcodebuild[1534:8883] [MT] IDERunDestination: Supported platforms for the buildables in the current scheme is empty.
{
"dependencies" : [
{
"identity" : "swift-snapshot-testing",
"requirement" : {
"range" : [
{
"lower_bound" : "1.19.4",
"upper_bound" : "2.0.0"
}
]
},
"type" : "sourceControl",
"url" : "https://github.com/pointfreeco/swift-snapshot-testing.git"
},
{
"identity" : "bswfoundation",
"requirement" : {
"range" : [
{
"lower_bound" : "26.8.0",
"upper_bound" : "27.0.0"
}
]
},
"type" : "sourceControl",
"url" : "https://github.com/theleftbit/BSWFoundation.git"
},
{
"identity" : "nuke",
"requirement" : {
"range" : [
{
"lower_bound" : "13.2.0",
"upper_bound" : "14.0.0"
}
]
},
"type" : "sourceControl",
"url" : "https://github.com/kean/Nuke.git"
}
],
"manifest_display_name" : "BSWInterfaceKit",
"name" : "BSWInterfaceKit",
"path" : "/Users/admin/builder/spi-builder-workspace",
"platforms" : [
{
"name" : "ios",
"version" : "17.0"
},
{
"name" : "macos",
"version" : "15.0"
},
{
"name" : "watchos",
"version" : "11.0"
}
],
"products" : [
{
"name" : "BSWInterfaceKit",
"targets" : [
"BSWInterfaceKit",
"BSWInterfaceKitObjC"
],
"type" : {
"library" : [
"automatic"
]
}
}
],
"targets" : [
{
"c99name" : "BSWInterfaceKitTests",
"module_type" : "SwiftTarget",
"name" : "BSWInterfaceKitTests",
"path" : "Tests/BSWInterfaceKitTests",
"product_dependencies" : [
"SnapshotTesting"
],
"sources" : [
"BSWSnapshotTest.swift",
"Errors.swift",
"Suite/AvatarViewTests.swift",
"Suite/CardPresentationTests.swift",
"Suite/CheckboxButtonTests.swift",
"Suite/ClassicProfileViewControllerTests.swift",
"Suite/CollectionViewDiffableDataSourceTests.swift",
"Suite/ContentViewTests.swift",
"Suite/HorizontalPagedCollectionViewLayoutTests.swift",
"Suite/IntrinsicSizeCalculableTests.swift",
"Suite/NSAttributedStringTests.swift",
"Suite/Profiles/ClassicProfileViewModel.swift",
"Suite/RangeSliderTests.swift",
"Suite/RoundLayerTests.swift",
"Suite/SelectableTableViewDataSourceTests.swift",
"Suite/SeparatorViewTests.swift",
"Suite/ShadowTests.swift",
"Suite/TextStylerTests.swift",
"Suite/UIColorTests.swift",
"Suite/UIViewControllerTaskTests.swift",
"Suite/UIViewControllerTests.swift",
"Suite/UIViewTests.swift"
],
"target_dependencies" : [
"BSWInterfaceKit"
],
"type" : "test"
},
{
"c99name" : "BSWInterfaceKitObjC",
"module_type" : "ClangTarget",
"name" : "BSWInterfaceKitObjC",
"path" : "Sources/BSWInterfaceKitObjC",
"product_memberships" : [
"BSWInterfaceKit"
],
"sources" : [
"Animations/BSWZoomImageTransition.m",
"Animations/BSWZoomTransition.m",
"CollectionViewLayout/BSWCollectionViewLeftAlignedLayout.m",
"Extensions/UIView+Utilities.m",
"Extensions/UIViewController+Utilities.m"
],
"type" : "library"
},
{
"c99name" : "BSWInterfaceKit",
"module_type" : "SwiftTarget",
"name" : "BSWInterfaceKit",
"path" : "Sources/BSWInterfaceKit",
"product_dependencies" : [
"Nuke",
"NukeExtensions",
"NukeUI",
"BSWFoundation"
],
"product_memberships" : [
"BSWInterfaceKit"
],
"sources" : [
"Shared/Extensions/Localizable.swift",
"Shared/Extensions/UIColor+Utilities.swift",
"Shared/Extensions/iOSAppOnMac.swift",
"Shared/Model/Photo.swift",
"SwiftUI/Actors/PagingHandler.swift",
"SwiftUI/DataSource/InfiniteScrollingDataSource.swift",
"SwiftUI/Extensions/View+Utilities.swift",
"SwiftUI/LibraryContent.swift",
"SwiftUI/Previews/AsyncView+Preview.swift",
"SwiftUI/Previews/InfiniteScrollingDataSource+Preview.swift",
"SwiftUI/Protocols/PlaceholderDataProvider.swift",
"SwiftUI/Tracking/AsyncOperationTracer.swift",
"SwiftUI/ViewModifiers/ActionBar.swift",
"SwiftUI/ViewModifiers/BlockingTask.swift",
"SwiftUI/ViewModifiers/HUDView.swift",
"SwiftUI/ViewModifiers/IntrinsicHeightSheet.swift",
"SwiftUI/ViewModifiers/Shimmer.swift",
"SwiftUI/Views/AsyncButton.swift",
"SwiftUI/Views/AsyncView.swift",
"SwiftUI/Views/GalleryView.swift",
"SwiftUI/Views/InfiniteVerticalScrollView.swift",
"SwiftUI/Views/JSONTreeView.swift",
"SwiftUI/Views/PageIndicator.swift",
"SwiftUI/Views/PhotoView.swift",
"SwiftUI/Views/ToastView.swift",
"UIKit/Behaviour/MailComposerBehaviour.swift",
"UIKit/Behaviour/MediaPickerBehavior.swift",
"UIKit/Behaviour/UpdatePageControlOnScrollBehavior.swift",
"UIKit/Cells/InfiniteLoadingCollectionViewCell.swift",
"UIKit/Cells/PhotoCollectionViewCell.swift",
"UIKit/CollectionViewLayout/HorizontalPagedCollectionViewLayout.swift",
"UIKit/DataSource/CollectionViewDiffableDataSource.swift",
"UIKit/DataSource/PagingCollectionViewDataSource.swift",
"UIKit/DataSource/SelectableTableViewDataSource.swift",
"UIKit/Extensions/Keyboard+LayoutGuide.swift",
"UIKit/Extensions/NSAttributedStrings+Utilities.swift",
"UIKit/Extensions/UIActivityIndicatorViewStyle.swift",
"UIKit/Extensions/UIButton+Utilities.swift",
"UIKit/Extensions/UICollectionView+Utilities.swift",
"UIKit/Extensions/UICollectionViewCell+Utilities.swift",
"UIKit/Extensions/UIContentView+Utilities.swift",
"UIKit/Extensions/UIEdgeInsets+Utilities.swift",
"UIKit/Extensions/UIFont+Utilities.swift",
"UIKit/Extensions/UIImage+Utilities.swift",
"UIKit/Extensions/UIImageView+Download.swift",
"UIKit/Extensions/UIImageView+Utilities.swift",
"UIKit/Extensions/UILabel+Utilities.swift",
"UIKit/Extensions/UIResponder.swift",
"UIKit/Extensions/UIScreen+Utilities.swift",
"UIKit/Extensions/UIStackView+Utilities.swift",
"UIKit/Extensions/UITableView+Utilities.swift",
"UIKit/Extensions/UITextField+Utilities.swift",
"UIKit/Extensions/UIView+Utilities.swift",
"UIKit/Extensions/UIViewController+FetchData.swift",
"UIKit/Extensions/UIViewController+States.swift",
"UIKit/Extensions/UIViewController+Utilities.swift",
"UIKit/Extensions/UIWindow+Utilities.swift",
"UIKit/Operations/PresentAlertOperation.swift",
"UIKit/Protocols/IntrinsicSizeCalculable.swift",
"UIKit/Protocols/ViewModel.swift",
"UIKit/Social/SocialAuthentication+Facebook.swift",
"UIKit/Social/SocialAuthentication.swift",
"UIKit/Stylesheet/TextStyler.swift",
"UIKit/UIViewControllers/BottomContainerViewController.swift",
"UIKit/UIViewControllers/ContainerViewController.swift",
"UIKit/UIViewControllers/PhotoGalleryViewController.swift",
"UIKit/UIViewControllers/Presentations/CardPresentation.swift",
"UIKit/UIViewControllers/Presentations/MarqueePresentation.swift",
"UIKit/UIViewControllers/TextFieldAlertController.swift",
"UIKit/UIViews/AvatarView.swift",
"UIKit/UIViews/CheckboxButton.swift",
"UIKit/UIViews/ErrorView.swift",
"UIKit/UIViews/InAppNotificationView.swift",
"UIKit/UIViews/LinkAwareLabel.swift",
"UIKit/UIViews/LoadingView.swift",
"UIKit/UIViews/PhotoGalleryView.swift",
"UIKit/UIViews/PresentationBackgroundView.swift",
"UIKit/UIViews/RangeSlider.swift",
"UIKit/UIViews/RoundLayer.swift",
"UIKit/UIViews/ScrollableStackView.swift",
"UIKit/UIViews/SeparatorView.swift"
],
"target_dependencies" : [
"BSWInterfaceKitObjC"
],
"type" : "library"
}
],
"tools_version" : "6.3"
}
{
"workspace" : {
"name" : "BSWInterfaceKit",
"schemes" : [
"BSWInterfaceKit"
]
}
}
2026-09-27 05:47:01.102 xcodebuild[1543:8972] [MT] IDERunDestination: Supported platforms for the buildables in the current scheme is empty.
Running build ...
env DEVELOPER_DIR=/Applications/Xcode-27.0.0-Release.Candidate.app xcrun xcodebuild -IDEClonedSourcePackagesDirPathOverride=$PWD/.dependencies -skipMacroValidation -skipPackagePluginValidation -derivedDataPath $PWD/.derivedData build -scheme BSWInterfaceKit -destination generic/platform=watchOS
Command line invocation:
/Applications/Xcode-27.0.0-Release.Candidate.app/Contents/Developer/usr/bin/xcodebuild -IDEClonedSourcePackagesDirPathOverride=/Users/admin/builder/spi-builder-workspace/.dependencies -skipMacroValidation -skipPackagePluginValidation -derivedDataPath /Users/admin/builder/spi-builder-workspace/.derivedData build -scheme BSWInterfaceKit -destination generic/platform=watchOS
Resolve Package Graph
Resolved source packages:
swift-snapshot-testing: https://github.com/pointfreeco/swift-snapshot-testing.git @ 1.19.6
BSWInterfaceKit: /Users/admin/builder/spi-builder-workspace
swift-custom-dump: https://github.com/pointfreeco/swift-custom-dump @ 1.7.3
swift-syntax: https://github.com/swiftlang/swift-syntax @ 604.0.0
KeychainAccess: https://github.com/kishikawakatsumi/KeychainAccess.git @ 4.2.2
swift-issue-reporting: https://github.com/pointfreeco/swift-issue-reporting @ 2.1.1
Nuke: https://github.com/kean/Nuke.git @ 13.2.0
swift-crypto: https://github.com/apple/swift-crypto.git @ 5.0.0
BSWFoundation: https://github.com/theleftbit/BSWFoundation.git @ 26.9.0
swift-asn1: https://github.com/apple/swift-asn1.git @ 1.7.3
swift-http-types: https://github.com/apple/swift-http-types.git @ 1.8.0
ComputePackagePrebuildTargetDependencyGraph
Prepare packages
CreateBuildRequest
SendProjectDescription
CreateBuildOperation
ComputeTargetDependencyGraph
note: Building targets in dependency order
note: Target dependency graph (20 targets)
Target 'BSWInterfaceKit-product' in project 'BSWInterfaceKit'
➜ Explicit dependency on target 'BSWInterfaceKit' in project 'BSWInterfaceKit'
➜ Explicit dependency on target 'BSWInterfaceKitObjC' in project 'BSWInterfaceKit'
➜ Explicit dependency on target 'Nuke-product' in project 'Nuke'
➜ Explicit dependency on target 'NukeExtensions-product' in project 'Nuke'
➜ Explicit dependency on target 'NukeUI-product' in project 'Nuke'
➜ Explicit dependency on target 'BSWFoundation-product' in project 'BSWFoundation'
Target 'BSWInterfaceKit' in project 'BSWInterfaceKit'
➜ Explicit dependency on target 'BSWInterfaceKitObjC' in project 'BSWInterfaceKit'
➜ Explicit dependency on target 'Nuke-product' in project 'Nuke'
➜ Explicit dependency on target 'NukeExtensions-product' in project 'Nuke'
➜ Explicit dependency on target 'NukeUI-product' in project 'Nuke'
➜ Explicit dependency on target 'BSWFoundation-product' in project 'BSWFoundation'
Target 'BSWFoundation-product' in project 'BSWFoundation'
➜ Explicit dependency on target 'BSWFoundation' in project 'BSWFoundation'
➜ Explicit dependency on target 'Crypto-product' in project 'swift-crypto'
➜ Explicit dependency on target 'KeychainAccess-product' in project 'KeychainAccess'
➜ Explicit dependency on target 'HTTPTypes-product' in project 'swift-http-types'
➜ Explicit dependency on target 'HTTPTypesFoundation-product' in project 'swift-http-types'
Target 'BSWFoundation' in project 'BSWFoundation'
➜ Explicit dependency on target 'Crypto-product' in project 'swift-crypto'
➜ Explicit dependency on target 'KeychainAccess-product' in project 'KeychainAccess'
➜ Explicit dependency on target 'HTTPTypes-product' in project 'swift-http-types'
➜ Explicit dependency on target 'HTTPTypesFoundation-product' in project 'swift-http-types'
Target 'HTTPTypesFoundation-product' in project 'swift-http-types'
➜ Explicit dependency on target 'HTTPTypesFoundation' in project 'swift-http-types'
➜ Explicit dependency on target 'HTTPTypes' in project 'swift-http-types'
Target 'HTTPTypesFoundation' in project 'swift-http-types'
➜ Explicit dependency on target 'HTTPTypes' in project 'swift-http-types'
Target 'HTTPTypes-product' in project 'swift-http-types'
➜ Explicit dependency on target 'HTTPTypes' in project 'swift-http-types'
Target 'HTTPTypes' in project 'swift-http-types' (no dependencies)
Target 'KeychainAccess-product' in project 'KeychainAccess'
➜ Explicit dependency on target 'KeychainAccess' in project 'KeychainAccess'
Target 'KeychainAccess' in project 'KeychainAccess' (no dependencies)
Target 'Crypto-product' in project 'swift-crypto'
➜ Explicit dependency on target 'Crypto' in project 'swift-crypto'
➜ Explicit dependency on target 'swift-crypto_Crypto' in project 'swift-crypto'
Target 'Crypto' in project 'swift-crypto'
➜ Explicit dependency on target 'swift-crypto_Crypto' in project 'swift-crypto'
Target 'swift-crypto_Crypto' in project 'swift-crypto' (no dependencies)
Target 'NukeUI-product' in project 'Nuke'
➜ Explicit dependency on target 'NukeUI' in project 'Nuke'
➜ Explicit dependency on target 'Nuke' in project 'Nuke'
Target 'NukeUI' in project 'Nuke'
➜ Explicit dependency on target 'Nuke' in project 'Nuke'
Target 'NukeExtensions-product' in project 'Nuke'
➜ Explicit dependency on target 'NukeExtensions' in project 'Nuke'
➜ Explicit dependency on target 'Nuke' in project 'Nuke'
Target 'NukeExtensions' in project 'Nuke'
➜ Explicit dependency on target 'Nuke' in project 'Nuke'
Target 'Nuke-product' in project 'Nuke'
➜ Explicit dependency on target 'Nuke' in project 'Nuke'
Target 'Nuke' in project 'Nuke' (no dependencies)
Target 'BSWInterfaceKitObjC' in project 'BSWInterfaceKit' (no dependencies)
GatherProvisioningInputs
CreateBuildDescription
ClangStatCache /Applications/Xcode-27.0.0-Release.Candidate.app/Contents/Developer/Toolchains/XcodeDefault.xctoolchain/usr/bin/clang-stat-cache /Applications/Xcode-27.0.0-Release.Candidate.app/Contents/Developer/Platforms/WatchOS.platform/Developer/SDKs/WatchOS27.0.sdk /Users/admin/builder/spi-builder-workspace/.derivedData/SDKStatCaches.noindex/watchos27.0-24R360-e829b21a6f8c9b70876ba0858053c04477534ef55a1706bf4c1112bbb242f0a2.sdkstatcache
cd /Users/admin/builder/spi-builder-workspace/.swiftpm/xcode
/Applications/Xcode-27.0.0-Release.Candidate.app/Contents/Developer/Toolchains/XcodeDefault.xctoolchain/usr/bin/clang-stat-cache /Applications/Xcode-27.0.0-Release.Candidate.app/Contents/Developer/Platforms/WatchOS.platform/Developer/SDKs/WatchOS27.0.sdk -o /Users/admin/builder/spi-builder-workspace/.derivedData/SDKStatCaches.noindex/watchos27.0-24R360-e829b21a6f8c9b70876ba0858053c04477534ef55a1706bf4c1112bbb242f0a2.sdkstatcache
SwiftDriver BSWInterfaceKit normal arm64 com.apple.xcode.tools.swift.compiler (in target 'BSWInterfaceKit' from project 'BSWInterfaceKit')
cd /Users/admin/builder/spi-builder-workspace/.swiftpm/xcode
builtin-SwiftDriver -- /Applications/Xcode-27.0.0-Release.Candidate.app/Contents/Developer/Toolchains/XcodeDefault.xctoolchain/usr/bin/swiftc -parse-as-library -module-name BSWInterfaceKit -Onone @/Users/admin/builder/spi-builder-workspace/.derivedData/Build/Intermediates.noindex/BSWInterfaceKit.build/Debug-watchos/BSWInterfaceKit-t.build/Objects-normal/arm64/BSWInterfaceKit.SwiftFileList -DSWIFT_PACKAGE -DDEBUG -DSWIFT_MODULE_RESOURCE_BUNDLE_UNAVAILABLE -Xcc -fmodule-map-file\=/Users/admin/builder/spi-builder-workspace/.derivedData/Build/Intermediates.noindex/GeneratedModuleMaps-watchos/BSWInterfaceKitObjC.modulemap -DXcode -plugin-path /Applications/Xcode-27.0.0-Release.Candidate.app/Contents/Developer/Toolchains/XcodeDefault.xctoolchain/usr/lib/swift/host/plugins/testing -enable-experimental-feature DebugDescriptionMacro -sdk /Applications/Xcode-27.0.0-Release.Candidate.app/Contents/Developer/Platforms/WatchOS.platform/Developer/SDKs/WatchOS27.0.sdk -target arm64-apple-watchos11.0 -g -module-cache-path /Users/admin/builder/spi-builder-workspace/.derivedData/ModuleCache.noindex -Xfrontend -serialize-debugging-options -profile-coverage-mapping -profile-generate -enable-testing -index-store-path /Users/admin/builder/spi-builder-workspace/.derivedData/Index.noindex/DataStore -Xcc -D_LIBCPP_HARDENING_MODE\=_LIBCPP_HARDENING_MODE_DEBUG -swift-version 6 -I /Users/admin/builder/spi-builder-workspace/.derivedData/Build/Products/Debug-watchos -Isystem /Applications/Xcode-27.0.0-Release.Candidate.app/Contents/Developer/Platforms/WatchOS.platform/Developer/usr/lib -F /Users/admin/builder/spi-builder-workspace/.derivedData/Build/Products/Debug-watchos/PackageFrameworks -F /Users/admin/builder/spi-builder-workspace/.derivedData/Build/Products/Debug-watchos -F /Applications/Xcode-27.0.0-Release.Candidate.app/Contents/Developer/Platforms/WatchOS.platform/Developer/Library/Frameworks -F /Applications/Xcode-27.0.0-Release.Candidate.app/Contents/Developer/Platforms/WatchOS.platform/Developer/SDKs/WatchOS27.0.sdk/Developer/Library/Frameworks -c -j10 -enable-batch-mode -incremental -Xcc -ivfsstatcache -Xcc /Users/admin/builder/spi-builder-workspace/.derivedData/SDKStatCaches.noindex/watchos27.0-24R360-e829b21a6f8c9b70876ba0858053c04477534ef55a1706bf4c1112bbb242f0a2.sdkstatcache -output-file-map /Users/admin/builder/spi-builder-workspace/.derivedData/Build/Intermediates.noindex/BSWInterfaceKit.build/Debug-watchos/BSWInterfaceKit-t.build/Objects-normal/arm64/BSWInterfaceKit-OutputFileMap.json -save-temps -no-color-diagnostics -explicit-module-build -module-cache-path /Users/admin/builder/spi-builder-workspace/.derivedData/Build/Intermediates.noindex/SwiftExplicitPrecompiledModules -clang-scanner-module-cache-path /Users/admin/builder/spi-builder-workspace/.derivedData/ModuleCache.noindex -sdk-module-cache-path /Users/admin/builder/spi-builder-workspace/.derivedData/SDKExplicitPrecompiledModules -emit-dependencies -emit-module -emit-module-path /Users/admin/builder/spi-builder-workspace/.derivedData/Build/Intermediates.noindex/BSWInterfaceKit.build/Debug-watchos/BSWInterfaceKit-t.build/Objects-normal/arm64/BSWInterfaceKit.swiftmodule -serialize-diagnostics -dependency-scan-serialize-diagnostics-path /Users/admin/builder/spi-builder-workspace/.derivedData/Build/Intermediates.noindex/BSWInterfaceKit.build/Debug-watchos/BSWInterfaceKit-t.build/Objects-normal/arm64/BSWInterfaceKit-dependency-scan.dia -validate-clang-modules-once -clang-build-session-file /Users/admin/builder/spi-builder-workspace/.derivedData/ModuleCache.noindex/Session.modulevalidation -Xcc -fmodules-prune-interval\=86400 -Xcc -fmodules-prune-after\=345600 -package-name spi_builder_workspace -emit-const-values -const-gather-protocols-list /Users/admin/builder/spi-builder-workspace/.derivedData/Build/Intermediates.noindex/BSWInterfaceKit.build/Debug-watchos/BSWInterfaceKit-t.build/Objects-normal/arm64/BSWInterfaceKit_const_extract_protocols.json -Xcc -I/Users/admin/builder/spi-builder-workspace/Sources/BSWInterfaceKitObjC/include -Xcc -I/Users/admin/builder/spi-builder-workspace/.derivedData/Build/Products/Debug-watchos/include -Xcc -I/Users/admin/builder/spi-builder-workspace/.derivedData/Build/Intermediates.noindex/BSWInterfaceKit.build/Debug-watchos/BSWInterfaceKit-t.build/DerivedSources-normal/arm64 -Xcc -I/Users/admin/builder/spi-builder-workspace/.derivedData/Build/Intermediates.noindex/BSWInterfaceKit.build/Debug-watchos/BSWInterfaceKit-t.build/DerivedSources/arm64 -Xcc -I/Users/admin/builder/spi-builder-workspace/.derivedData/Build/Intermediates.noindex/BSWInterfaceKit.build/Debug-watchos/BSWInterfaceKit-t.build/DerivedSources -Xcc -DSWIFT_PACKAGE -Xcc -DDEBUG\=1 -emit-objc-header -emit-objc-header-path /Users/admin/builder/spi-builder-workspace/.derivedData/Build/Intermediates.noindex/BSWInterfaceKit.build/Debug-watchos/BSWInterfaceKit-t.build/Objects-normal/arm64/BSWInterfaceKit-Swift.h -working-directory /Users/admin/builder/spi-builder-workspace/.swiftpm/xcode -experimental-emit-module-separately -disable-cmo
error: Clang dependency scanning failure: (in target 'BSWInterfaceKit' from project 'BSWInterfaceKit')
/Users/admin/builder/spi-builder-workspace/Sources/BSWInterfaceKit/SwiftUI/Views/PhotoView.swift:251:8: error: Unable to resolve module dependency: 'CoreImage' (in target 'BSWInterfaceKit' from project 'BSWInterfaceKit')
note: A dependency of main module 'BSWInterfaceKit'
/Users/admin/builder/spi-builder-workspace/Sources/BSWInterfaceKit/SwiftUI/Views/PhotoView.swift:252:8: note: Also imported here
/Users/admin/builder/spi-builder-workspace/Sources/BSWInterfaceKit/SwiftUI/Views/PhotoView.swift:251:8: note: A dependency of main module 'BSWInterfaceKit'
import CoreImage
^ (in target 'BSWInterfaceKit' from project 'BSWInterfaceKit')
/Users/admin/builder/spi-builder-workspace/Sources/BSWInterfaceKit/SwiftUI/Views/PhotoView.swift:252:8: note: Also imported here
import CoreImage.CIFilterBuiltins
^ (in target 'BSWInterfaceKit' from project 'BSWInterfaceKit')
SwiftDriver BSWInterfaceKit normal arm64_32 com.apple.xcode.tools.swift.compiler (in target 'BSWInterfaceKit' from project 'BSWInterfaceKit')
cd /Users/admin/builder/spi-builder-workspace/.swiftpm/xcode
builtin-SwiftDriver -- /Applications/Xcode-27.0.0-Release.Candidate.app/Contents/Developer/Toolchains/XcodeDefault.xctoolchain/usr/bin/swiftc -parse-as-library -module-name BSWInterfaceKit -Onone @/Users/admin/builder/spi-builder-workspace/.derivedData/Build/Intermediates.noindex/BSWInterfaceKit.build/Debug-watchos/BSWInterfaceKit-t.build/Objects-normal/arm64_32/BSWInterfaceKit.SwiftFileList -DSWIFT_PACKAGE -DDEBUG -DSWIFT_MODULE_RESOURCE_BUNDLE_UNAVAILABLE -Xcc -fmodule-map-file\=/Users/admin/builder/spi-builder-workspace/.derivedData/Build/Intermediates.noindex/GeneratedModuleMaps-watchos/BSWInterfaceKitObjC.modulemap -DXcode -plugin-path /Applications/Xcode-27.0.0-Release.Candidate.app/Contents/Developer/Toolchains/XcodeDefault.xctoolchain/usr/lib/swift/host/plugins/testing -enable-experimental-feature DebugDescriptionMacro -sdk /Applications/Xcode-27.0.0-Release.Candidate.app/Contents/Developer/Platforms/WatchOS.platform/Developer/SDKs/WatchOS27.0.sdk -target arm64_32-apple-watchos11.0 -g -module-cache-path /Users/admin/builder/spi-builder-workspace/.derivedData/ModuleCache.noindex -Xfrontend -serialize-debugging-options -profile-coverage-mapping -profile-generate -enable-testing -index-store-path /Users/admin/builder/spi-builder-workspace/.derivedData/Index.noindex/DataStore -Xcc -D_LIBCPP_HARDENING_MODE\=_LIBCPP_HARDENING_MODE_DEBUG -swift-version 6 -I /Users/admin/builder/spi-builder-workspace/.derivedData/Build/Products/Debug-watchos -Isystem /Applications/Xcode-27.0.0-Release.Candidate.app/Contents/Developer/Platforms/WatchOS.platform/Developer/usr/lib -F /Users/admin/builder/spi-builder-workspace/.derivedData/Build/Products/Debug-watchos/PackageFrameworks -F /Users/admin/builder/spi-builder-workspace/.derivedData/Build/Products/Debug-watchos -F /Applications/Xcode-27.0.0-Release.Candidate.app/Contents/Developer/Platforms/WatchOS.platform/Developer/Library/Frameworks -F /Applications/Xcode-27.0.0-Release.Candidate.app/Contents/Developer/Platforms/WatchOS.platform/Developer/SDKs/WatchOS27.0.sdk/Developer/Library/Frameworks -c -j10 -enable-batch-mode -incremental -Xcc -ivfsstatcache -Xcc /Users/admin/builder/spi-builder-workspace/.derivedData/SDKStatCaches.noindex/watchos27.0-24R360-e829b21a6f8c9b70876ba0858053c04477534ef55a1706bf4c1112bbb242f0a2.sdkstatcache -output-file-map /Users/admin/builder/spi-builder-workspace/.derivedData/Build/Intermediates.noindex/BSWInterfaceKit.build/Debug-watchos/BSWInterfaceKit-t.build/Objects-normal/arm64_32/BSWInterfaceKit-OutputFileMap.json -save-temps -no-color-diagnostics -explicit-module-build -module-cache-path /Users/admin/builder/spi-builder-workspace/.derivedData/Build/Intermediates.noindex/SwiftExplicitPrecompiledModules -clang-scanner-module-cache-path /Users/admin/builder/spi-builder-workspace/.derivedData/ModuleCache.noindex -sdk-module-cache-path /Users/admin/builder/spi-builder-workspace/.derivedData/SDKExplicitPrecompiledModules -emit-dependencies -emit-module -emit-module-path /Users/admin/builder/spi-builder-workspace/.derivedData/Build/Intermediates.noindex/BSWInterfaceKit.build/Debug-watchos/BSWInterfaceKit-t.build/Objects-normal/arm64_32/BSWInterfaceKit.swiftmodule -serialize-diagnostics -dependency-scan-serialize-diagnostics-path /Users/admin/builder/spi-builder-workspace/.derivedData/Build/Intermediates.noindex/BSWInterfaceKit.build/Debug-watchos/BSWInterfaceKit-t.build/Objects-normal/arm64_32/BSWInterfaceKit-dependency-scan.dia -validate-clang-modules-once -clang-build-session-file /Users/admin/builder/spi-builder-workspace/.derivedData/ModuleCache.noindex/Session.modulevalidation -Xcc -fmodules-prune-interval\=86400 -Xcc -fmodules-prune-after\=345600 -package-name spi_builder_workspace -emit-const-values -const-gather-protocols-list /Users/admin/builder/spi-builder-workspace/.derivedData/Build/Intermediates.noindex/BSWInterfaceKit.build/Debug-watchos/BSWInterfaceKit-t.build/Objects-normal/arm64_32/BSWInterfaceKit_const_extract_protocols.json -Xcc -I/Users/admin/builder/spi-builder-workspace/Sources/BSWInterfaceKitObjC/include -Xcc -I/Users/admin/builder/spi-builder-workspace/.derivedData/Build/Products/Debug-watchos/include -Xcc -I/Users/admin/builder/spi-builder-workspace/.derivedData/Build/Intermediates.noindex/BSWInterfaceKit.build/Debug-watchos/BSWInterfaceKit-t.build/DerivedSources-normal/arm64_32 -Xcc -I/Users/admin/builder/spi-builder-workspace/.derivedData/Build/Intermediates.noindex/BSWInterfaceKit.build/Debug-watchos/BSWInterfaceKit-t.build/DerivedSources/arm64_32 -Xcc -I/Users/admin/builder/spi-builder-workspace/.derivedData/Build/Intermediates.noindex/BSWInterfaceKit.build/Debug-watchos/BSWInterfaceKit-t.build/DerivedSources -Xcc -DSWIFT_PACKAGE -Xcc -DDEBUG\=1 -emit-objc-header -emit-objc-header-path /Users/admin/builder/spi-builder-workspace/.derivedData/Build/Intermediates.noindex/BSWInterfaceKit.build/Debug-watchos/BSWInterfaceKit-t.build/Objects-normal/arm64_32/BSWInterfaceKit-Swift.h -working-directory /Users/admin/builder/spi-builder-workspace/.swiftpm/xcode -experimental-emit-module-separately -disable-cmo
/Users/admin/builder/spi-builder-workspace/Sources/BSWInterfaceKit/SwiftUI/Views/PhotoView.swift:251:8: error: Unable to resolve module dependency: 'CoreImage' (in target 'BSWInterfaceKit' from project 'BSWInterfaceKit')
note: A dependency of main module 'BSWInterfaceKit'
/Users/admin/builder/spi-builder-workspace/Sources/BSWInterfaceKit/SwiftUI/Views/PhotoView.swift:252:8: note: Also imported here
/Users/admin/builder/spi-builder-workspace/Sources/BSWInterfaceKit/SwiftUI/Views/PhotoView.swift:251:8: note: A dependency of main module 'BSWInterfaceKit'
import CoreImage
^ (in target 'BSWInterfaceKit' from project 'BSWInterfaceKit')
/Users/admin/builder/spi-builder-workspace/Sources/BSWInterfaceKit/SwiftUI/Views/PhotoView.swift:252:8: note: Also imported here
import CoreImage.CIFilterBuiltins
^ (in target 'BSWInterfaceKit' from project 'BSWInterfaceKit')
PruneExplicitPrecompiledModules /Users/admin/builder/spi-builder-workspace/.derivedData/Build/Intermediates.noindex/SwiftExplicitPrecompiledModules
PruneExplicitPrecompiledModules /Users/admin/builder/spi-builder-workspace/.derivedData/SDKExplicitPrecompiledModules
PruneExplicitPrecompiledModules /Users/admin/builder/spi-builder-workspace/.derivedData/Build/Intermediates.noindex/ExplicitPrecompiledModules
2026-09-27 05:47:03.414 xcodebuild[1545:9007] [MT] IDERunDestination: Supported platforms for the buildables in the current scheme is empty.
** BUILD FAILED **
The following build commands failed:
SwiftDriver BSWInterfaceKit normal arm64 com.apple.xcode.tools.swift.compiler (in target 'BSWInterfaceKit' from project 'BSWInterfaceKit')
SwiftDriver BSWInterfaceKit normal arm64_32 com.apple.xcode.tools.swift.compiler (in target 'BSWInterfaceKit' from project 'BSWInterfaceKit')
Building workspace BSWInterfaceKit with scheme BSWInterfaceKit
(3 failures)
BUILD FAILURE 6.4 watchOS