The Swift Package Index logo.Swift Package Index

Build Information

Failed to build MultiLogging, reference master (cf06ef), with Swift 6.4 for Wasm on 15 Sep 2026 21:32:43 UTC.

Build Command

bash -c docker run --pull=always --rm -v "checkouts-53886770-0":/host -w "$PWD" -e JAVA_HOME="/root/.sdkman/candidates/java/current" -e SPI_BUILD="1" -e SPI_PROCESSING="1" registry.gitlab.com/saguaro1/spi-images:wasm-6.4-latest swift build --swift-sdk swift-6.4.x-DEVELOPMENT-SNAPSHOT-2026-09-04-a_wasm 2>&1

Build Log

========================================
RunAll
========================================
Builder version: 5.1.0
Interrupt handler set up.
========================================
Checkout
========================================
Clone URL: https://github.com/vapor-community/multilogging.git
Reference: master
Initialized empty Git repository in /host/spi-builder-workspace/.git/
hint: Using 'master' as the name for the initial branch. This default branch name
hint: is subject to change. To configure the initial branch name to use in all
hint: of your new repositories, which will suppress this warning, call:
hint:
hint: 	git config --global init.defaultBranch <name>
hint:
hint: Names commonly chosen instead of 'master' are 'main', 'trunk' and
hint: 'development'. The just-created branch can be renamed via this command:
hint:
hint: 	git branch -m <name>
From https://github.com/vapor-community/multilogging
 * branch            master     -> FETCH_HEAD
 * [new branch]      master     -> origin/master
HEAD is now at cf06efb Fixes for Swift 4.2
Cloned https://github.com/vapor-community/multilogging.git
Revision (git rev-parse @):
cf06efb8d14ec19b2d591249191d81e8e08ea169
SUCCESS checkout https://github.com/vapor-community/multilogging.git at master
========================================
Build
========================================
Selected platform:         wasm
Swift version:             6.4
Building package at path:  $PWD
https://github.com/vapor-community/multilogging.git
Running build ...
bash -c docker run --pull=always --rm -v "checkouts-53886770-0":/host -w "$PWD" -e JAVA_HOME="/root/.sdkman/candidates/java/current" -e SPI_BUILD="1" -e SPI_PROCESSING="1" registry.gitlab.com/saguaro1/spi-images:wasm-6.4-latest swift build --swift-sdk swift-6.4.x-DEVELOPMENT-SNAPSHOT-2026-09-04-a_wasm 2>&1
wasm-6.4-latest: Pulling from saguaro1/spi-images
Digest: sha256:4328fdb43c680d205c1d6761b1e3267aa38277eefdda9ddfb17b6a0f1a77857a
Status: Image is up to date for registry.gitlab.com/saguaro1/spi-images:wasm-6.4-latest
Fetching https://github.com/vapor/vapor.git
[1/81381] Fetching vapor
Fetched https://github.com/vapor/vapor.git (1.60s)
Computing version for https://github.com/vapor/vapor.git
Computed https://github.com/vapor/vapor.git at 3.3.3 (1.80s)
Fetching https://github.com/vapor/service.git
Fetching https://github.com/vapor/websocket.git
Fetching https://github.com/vapor/validation.git
Fetching https://github.com/vapor/url-encoded-form.git
Fetching https://github.com/vapor/template-kit.git
[1/579] Fetching validation
[580/1498] Fetching validation, service
[902/1879] Fetching validation, service, url-encoded-form
[956/3161] Fetching validation, service, url-encoded-form, template-kit
Fetched https://github.com/vapor/url-encoded-form.git (0.47s)
Fetched https://github.com/vapor/template-kit.git (0.47s)
Fetching https://github.com/vapor/http.git
Fetching https://github.com/vapor/database-kit.git
[1/2670] Fetching websocket
Fetching https://github.com/vapor/multipart.git
Fetched https://github.com/vapor/service.git (0.58s)
Fetched https://github.com/vapor/validation.git (0.58s)
Fetched https://github.com/vapor/websocket.git (0.58s)
Fetching https://github.com/vapor/crypto.git
Fetching https://github.com/vapor/console.git
Fetching https://github.com/vapor/routing.git
[1/1181] Fetching database-kit
[72/26648] Fetching database-kit, http
[16972/29434] Fetching database-kit, http, crypto
[24342/50984] Fetching database-kit, http, crypto, routing
[24558/57827] Fetching database-kit, http, crypto, routing, console
Fetched https://github.com/vapor/crypto.git (0.45s)
[21987/55041] Fetching database-kit, http, routing, console
Fetching https://github.com/vapor/core.git
[25150/61319] Fetching database-kit, http, routing, console, multipart
Fetched https://github.com/vapor/console.git (0.55s)
[44444/54476] Fetching database-kit, http, routing, multipart
Fetched https://github.com/vapor/database-kit.git (0.78s)
Fetched https://github.com/vapor/http.git (0.79s)
Fetched https://github.com/vapor/routing.git (0.77s)
[1634/26421] Fetching multipart, core
Fetched https://github.com/vapor/multipart.git (1.13s)
Fetched https://github.com/vapor/core.git (0.74s)
Computing version for https://github.com/vapor/http.git
Computed https://github.com/vapor/http.git at 3.4.0 (1.96s)
Fetching https://github.com/apple/swift-nio-ssl.git
Fetching https://github.com/apple/swift-nio.git
[1/16064] Fetching swift-nio-ssl
[16065/102011] Fetching swift-nio-ssl, swift-nio
Fetched https://github.com/apple/swift-nio-ssl.git (1.03s)
[7736/85947] Fetching swift-nio
Fetched https://github.com/apple/swift-nio.git (2.82s)
Computing version for https://github.com/vapor/validation.git
Computed https://github.com/vapor/validation.git at 2.1.1 (3.00s)
Computing version for https://github.com/vapor/service.git
Computed https://github.com/vapor/service.git at 1.0.2 (0.17s)
Computing version for https://github.com/apple/swift-nio.git
Computed https://github.com/apple/swift-nio.git at 1.14.4 (0.20s)
Fetching https://github.com/apple/swift-nio-zlib-support.git
[1/15] Fetching swift-nio-zlib-support
Fetched https://github.com/apple/swift-nio-zlib-support.git (0.41s)
Computing version for https://github.com/apple/swift-nio-zlib-support.git
Computed https://github.com/apple/swift-nio-zlib-support.git at 1.0.0 (0.58s)
Computing version for https://github.com/vapor/routing.git
Computed https://github.com/vapor/routing.git at 3.1.0 (0.17s)
Computing version for https://github.com/vapor/websocket.git
Computed https://github.com/vapor/websocket.git at 1.1.2 (0.17s)
Computing version for https://github.com/apple/swift-nio-ssl.git
Computed https://github.com/apple/swift-nio-ssl.git at 1.4.0 (0.17s)
Fetching https://github.com/apple/swift-nio-ssl-support.git
[1/16] Fetching swift-nio-ssl-support
Fetched https://github.com/apple/swift-nio-ssl-support.git (0.40s)
Computing version for https://github.com/apple/swift-nio-ssl-support.git
Computed https://github.com/apple/swift-nio-ssl-support.git at 1.0.0 (0.57s)
Computing version for https://github.com/vapor/crypto.git
Computed https://github.com/vapor/crypto.git at 3.4.1 (0.18s)
Computing version for https://github.com/vapor/console.git
Computed https://github.com/vapor/console.git at 3.1.1 (0.18s)
Computing version for https://github.com/vapor/database-kit.git
Computed https://github.com/vapor/database-kit.git at 1.3.3 (0.18s)
Computing version for https://github.com/vapor/url-encoded-form.git
Computed https://github.com/vapor/url-encoded-form.git at 1.1.0 (0.18s)
Computing version for https://github.com/vapor/template-kit.git
Computed https://github.com/vapor/template-kit.git at 1.5.0 (0.17s)
Computing version for https://github.com/vapor/multipart.git
Computed https://github.com/vapor/multipart.git at 3.1.3 (0.17s)
Computing version for https://github.com/vapor/core.git
Computed https://github.com/vapor/core.git at 3.10.1 (0.18s)
Creating working copy for https://github.com/vapor/validation.git
Working copy of https://github.com/vapor/validation.git resolved at 2.1.1
Creating working copy for https://github.com/apple/swift-nio-ssl.git
Working copy of https://github.com/apple/swift-nio-ssl.git resolved at 1.4.0
Creating working copy for https://github.com/vapor/core.git
Working copy of https://github.com/vapor/core.git resolved at 3.10.1
Creating working copy for https://github.com/vapor/websocket.git
Working copy of https://github.com/vapor/websocket.git resolved at 1.1.2
Creating working copy for https://github.com/vapor/url-encoded-form.git
Working copy of https://github.com/vapor/url-encoded-form.git resolved at 1.1.0
Creating working copy for https://github.com/vapor/crypto.git
Working copy of https://github.com/vapor/crypto.git resolved at 3.4.1
Creating working copy for https://github.com/apple/swift-nio-zlib-support.git
Working copy of https://github.com/apple/swift-nio-zlib-support.git resolved at 1.0.0
Creating working copy for https://github.com/vapor/multipart.git
Working copy of https://github.com/vapor/multipart.git resolved at 3.1.3
Creating working copy for https://github.com/vapor/routing.git
Working copy of https://github.com/vapor/routing.git resolved at 3.1.0
Creating working copy for https://github.com/vapor/vapor.git
Working copy of https://github.com/vapor/vapor.git resolved at 3.3.3
Creating working copy for https://github.com/vapor/service.git
Working copy of https://github.com/vapor/service.git resolved at 1.0.2
Creating working copy for https://github.com/apple/swift-nio.git
Working copy of https://github.com/apple/swift-nio.git resolved at 1.14.4
Creating working copy for https://github.com/vapor/template-kit.git
Working copy of https://github.com/vapor/template-kit.git resolved at 1.5.0
Creating working copy for https://github.com/vapor/http.git
Working copy of https://github.com/vapor/http.git resolved at 3.4.0
Creating working copy for https://github.com/vapor/database-kit.git
Working copy of https://github.com/vapor/database-kit.git resolved at 1.3.3
Creating working copy for https://github.com/apple/swift-nio-ssl-support.git
Working copy of https://github.com/apple/swift-nio-ssl-support.git resolved at 1.0.0
Creating working copy for https://github.com/vapor/console.git
Working copy of https://github.com/vapor/console.git resolved at 3.1.1
warning: 'swift-nio-ssl-support': ignoring declared target(s) 'swift-nio-ssl-support' in the system package
warning: 'swift-nio-zlib-support': ignoring declared target(s) 'swift-nio-zlib-support' in the system package
warning: 'swift-nio-ssl-support': ignoring declared target(s) 'swift-nio-ssl-support' in the system package
warning: 'swift-nio-zlib-support': ignoring declared target(s) 'swift-nio-zlib-support' in the system package
warning: 'swift-nio-ssl-support': couldn't find pc file for openssl
Building for debugging...
[Computing dependencies]
[Constructing description]
[Pre-planning 1 / 1235]
[Planning deferred tasks]
[Starting]
[163 / 417] CNIOHTTPParser
In file included from /host/spi-builder-workspace/.build/checkouts/swift-nio-ssl/Sources/CNIOOpenSSL/shims.c:16:
/host/spi-builder-workspace/.build/checkouts/swift-nio-ssl/Sources/CNIOOpenSSL/include/c_nio_openssl.h:17:10: fatal error: 'openssl/conf.h' file not found
   17 | #include <openssl/conf.h>
      |          ^~~~~~~~~~~~~~~~
1 error generated.
error: CompileC /host/spi-builder-workspace/.build/out/Intermediates.noindex/swift-nio-ssl.build/Debug-webassembly-wasm32/CNIOOpenSSL-t.build/Objects-normal/wasm32/shims.o /host/spi-builder-workspace/.build/checkouts/swift-nio-ssl/Sources/CNIOOpenSSL/shims.c normal wasm32 c com.apple.compilers.llvm.clang.1_0.compiler failed with a nonzero exit code. Command line:     cd /host

    Using response file: /host/spi-builder-workspace/.build/out/Intermediates.noindex/swift-nio-ssl.build/Debug-webassembly-wasm32/CNIOOpenSSL-t.build/Objects-normal/wasm32/9f65232cb83f8421e3a495a5062eba382369c975104ee97bafc405ab795bfc5e-common-args.resp

    /usr/bin/clang -x c -target wasm32-unknown-wasip1 -fmessage-length\=0 -fdiagnostics-show-note-include-stack -fmacro-backtrace-limit\=0 -fcolor-diagnostics -Wno-trigraphs -Wno-missing-field-initializers -Wno-missing-prototypes -Wno-return-type -Wno-missing-braces -Wparentheses -Wswitch -Wno-unused-function -Wno-unused-label -Wno-unused-parameter -Wno-unused-variable -Wunused-value -Wno-empty-body -Wno-uninitialized -Wno-unknown-pragmas -w -Wno-shadow -Wno-four-char-constants -Wno-conversion -Wno-constant-conversion -Wno-int-conversion -Wno-bool-conversion -Wno-enum-conversion -Wno-float-conversion -Wno-non-literal-null-conversion -Wno-objc-literal-conversion -Wno-shorten-64-to-32 -Wpointer-sign -Wno-newline-eof -Wno-implicit-fallthrough -fstrict-aliasing -Wdeprecated-declarations -Wno-sign-conversion -Wno-infinite-recursion -Wno-comma -Wno-block-capture-autoreleasing -Wno-strict-prototypes -Wno-semicolon-before-method-body --sysroot /root/.swiftpm/swift-sdks/swift-6.4.x-DEVELOPMENT-SNAPSHOT-2026-09-04-a_wasm.artifactbundle/swift-6.4.x-DEVELOPMENT-SNAPSHOT-2026-09-04-a_wasm/wasm32-unknown-wasip1/WASI.sdk @/host/spi-builder-workspace/.build/out/Intermediates.noindex/swift-nio-ssl.build/Debug-webassembly-wasm32/CNIOOpenSSL-t.build/Objects-normal/wasm32/9f65232cb83f8421e3a495a5062eba382369c975104ee97bafc405ab795bfc5e-common-args.resp -MMD -MT dependencies -MF /host/spi-builder-workspace/.build/out/Intermediates.noindex/swift-nio-ssl.build/Debug-webassembly-wasm32/CNIOOpenSSL-t.build/Objects-normal/wasm32/shims.d --serialize-diagnostics /host/spi-builder-workspace/.build/out/Intermediates.noindex/swift-nio-ssl.build/Debug-webassembly-wasm32/CNIOOpenSSL-t.build/Objects-normal/wasm32/shims.dia -c /host/spi-builder-workspace/.build/checkouts/swift-nio-ssl/Sources/CNIOOpenSSL/shims.c -o /host/spi-builder-workspace/.build/out/Intermediates.noindex/swift-nio-ssl.build/Debug-webassembly-wasm32/CNIOOpenSSL-t.build/Objects-normal/wasm32/shims.o
/host/spi-builder-workspace/.build/checkouts/swift-nio/Sources/CNIOSHA1/c_nio_sha1.c:47:10: fatal error: 'sys/cdefs.h' file not found
   47 | #include <sys/cdefs.h>
      |          ^~~~~~~~~~~~~
1 error generated.
error: CompileC /host/spi-builder-workspace/.build/out/Intermediates.noindex/swift-nio.build/Debug-webassembly-wasm32/CNIOSHA1-t.build/Objects-normal/wasm32/c_nio_sha1.o /host/spi-builder-workspace/.build/checkouts/swift-nio/Sources/CNIOSHA1/c_nio_sha1.c normal wasm32 c com.apple.compilers.llvm.clang.1_0.compiler failed with a nonzero exit code. Command line:     cd /host

    Using response file: /host/spi-builder-workspace/.build/out/Intermediates.noindex/swift-nio.build/Debug-webassembly-wasm32/CNIOSHA1-t.build/Objects-normal/wasm32/9f65232cb83f8421e3a495a5062eba382369c975104ee97bafc405ab795bfc5e-common-args.resp

    /usr/bin/clang -x c -target wasm32-unknown-wasip1 -fmessage-length\=0 -fdiagnostics-show-note-include-stack -fmacro-backtrace-limit\=0 -fcolor-diagnostics -Wno-trigraphs -Wno-missing-field-initializers -Wno-missing-prototypes -Wno-return-type -Wno-missing-braces -Wparentheses -Wswitch -Wno-unused-function -Wno-unused-label -Wno-unused-parameter -Wno-unused-variable -Wunused-value -Wno-empty-body -Wno-uninitialized -Wno-unknown-pragmas -w -Wno-shadow -Wno-four-char-constants -Wno-conversion -Wno-constant-conversion -Wno-int-conversion -Wno-bool-conversion -Wno-enum-conversion -Wno-float-conversion -Wno-non-literal-null-conversion -Wno-objc-literal-conversion -Wno-shorten-64-to-32 -Wpointer-sign -Wno-newline-eof -Wno-implicit-fallthrough -fstrict-aliasing -Wdeprecated-declarations -Wno-sign-conversion -Wno-infinite-recursion -Wno-comma -Wno-block-capture-autoreleasing -Wno-strict-prototypes -Wno-semicolon-before-method-body --sysroot /root/.swiftpm/swift-sdks/swift-6.4.x-DEVELOPMENT-SNAPSHOT-2026-09-04-a_wasm.artifactbundle/swift-6.4.x-DEVELOPMENT-SNAPSHOT-2026-09-04-a_wasm/wasm32-unknown-wasip1/WASI.sdk @/host/spi-builder-workspace/.build/out/Intermediates.noindex/swift-nio.build/Debug-webassembly-wasm32/CNIOSHA1-t.build/Objects-normal/wasm32/9f65232cb83f8421e3a495a5062eba382369c975104ee97bafc405ab795bfc5e-common-args.resp -MMD -MT dependencies -MF /host/spi-builder-workspace/.build/out/Intermediates.noindex/swift-nio.build/Debug-webassembly-wasm32/CNIOSHA1-t.build/Objects-normal/wasm32/c_nio_sha1.d --serialize-diagnostics /host/spi-builder-workspace/.build/out/Intermediates.noindex/swift-nio.build/Debug-webassembly-wasm32/CNIOSHA1-t.build/Objects-normal/wasm32/c_nio_sha1.dia -c /host/spi-builder-workspace/.build/checkouts/swift-nio/Sources/CNIOSHA1/c_nio_sha1.c -o /host/spi-builder-workspace/.build/out/Intermediates.noindex/swift-nio.build/Debug-webassembly-wasm32/CNIOSHA1-t.build/Objects-normal/wasm32/c_nio_sha1.o
In file included from /host/spi-builder-workspace/.build/checkouts/swift-nio-ssl/Sources/CNIOOpenSSL/helpers.c:14:
/host/spi-builder-workspace/.build/checkouts/swift-nio-ssl/Sources/CNIOOpenSSL/include/c_nio_openssl.h:17:10: fatal error: 'openssl/conf.h' file not found
   17 | #include <openssl/conf.h>
      |          ^~~~~~~~~~~~~~~~
1 error generated.
error: CompileC /host/spi-builder-workspace/.build/out/Intermediates.noindex/swift-nio-ssl.build/Debug-webassembly-wasm32/CNIOOpenSSL-t.build/Objects-normal/wasm32/helpers.o /host/spi-builder-workspace/.build/checkouts/swift-nio-ssl/Sources/CNIOOpenSSL/helpers.c normal wasm32 c com.apple.compilers.llvm.clang.1_0.compiler failed with a nonzero exit code. Command line:     cd /host

    Using response file: /host/spi-builder-workspace/.build/out/Intermediates.noindex/swift-nio-ssl.build/Debug-webassembly-wasm32/CNIOOpenSSL-t.build/Objects-normal/wasm32/9f65232cb83f8421e3a495a5062eba382369c975104ee97bafc405ab795bfc5e-common-args.resp

    /usr/bin/clang -x c -target wasm32-unknown-wasip1 -fmessage-length\=0 -fdiagnostics-show-note-include-stack -fmacro-backtrace-limit\=0 -fcolor-diagnostics -Wno-trigraphs -Wno-missing-field-initializers -Wno-missing-prototypes -Wno-return-type -Wno-missing-braces -Wparentheses -Wswitch -Wno-unused-function -Wno-unused-label -Wno-unused-parameter -Wno-unused-variable -Wunused-value -Wno-empty-body -Wno-uninitialized -Wno-unknown-pragmas -w -Wno-shadow -Wno-four-char-constants -Wno-conversion -Wno-constant-conversion -Wno-int-conversion -Wno-bool-conversion -Wno-enum-conversion -Wno-float-conversion -Wno-non-literal-null-conversion -Wno-objc-literal-conversion -Wno-shorten-64-to-32 -Wpointer-sign -Wno-newline-eof -Wno-implicit-fallthrough -fstrict-aliasing -Wdeprecated-declarations -Wno-sign-conversion -Wno-infinite-recursion -Wno-comma -Wno-block-capture-autoreleasing -Wno-strict-prototypes -Wno-semicolon-before-method-body --sysroot /root/.swiftpm/swift-sdks/swift-6.4.x-DEVELOPMENT-SNAPSHOT-2026-09-04-a_wasm.artifactbundle/swift-6.4.x-DEVELOPMENT-SNAPSHOT-2026-09-04-a_wasm/wasm32-unknown-wasip1/WASI.sdk @/host/spi-builder-workspace/.build/out/Intermediates.noindex/swift-nio-ssl.build/Debug-webassembly-wasm32/CNIOOpenSSL-t.build/Objects-normal/wasm32/9f65232cb83f8421e3a495a5062eba382369c975104ee97bafc405ab795bfc5e-common-args.resp -MMD -MT dependencies -MF /host/spi-builder-workspace/.build/out/Intermediates.noindex/swift-nio-ssl.build/Debug-webassembly-wasm32/CNIOOpenSSL-t.build/Objects-normal/wasm32/helpers.d --serialize-diagnostics /host/spi-builder-workspace/.build/out/Intermediates.noindex/swift-nio-ssl.build/Debug-webassembly-wasm32/CNIOOpenSSL-t.build/Objects-normal/wasm32/helpers.dia -c /host/spi-builder-workspace/.build/checkouts/swift-nio-ssl/Sources/CNIOOpenSSL/helpers.c -o /host/spi-builder-workspace/.build/out/Intermediates.noindex/swift-nio-ssl.build/Debug-webassembly-wasm32/CNIOOpenSSL-t.build/Objects-normal/wasm32/helpers.o
error: Build failed
BUILD FAILURE 6.4 wasm