The Swift Package Index logo.Swift Package Index

Build Information

Failed to build SwiftFlags, reference 2.0.0 (b456f2), with Swift 6.4 for Wasm on 24 Sep 2026 10:28:56 UTC.

Build Command

bash -c docker run --pull=always --rm -v "checkouts-54344844-0":/host -w "$PWD" -e JAVA_HOME="/root/.sdkman/candidates/java/current" -e SPI_BUILD="1" -e SPI_PROCESSING="1" registry.gitlab.com/saguaro1/spi-images:wasm-6.4-latest swift build --swift-sdk swift-6.4.x-DEVELOPMENT-SNAPSHOT-2026-09-04-a_wasm 2>&1

Build Log

========================================
RunAll
========================================
Builder version: 5.1.0
Interrupt handler set up.
========================================
Checkout
========================================
Clone URL: https://github.com/andreabusi/SwiftFlags.git
Reference: 2.0.0
Initialized empty Git repository in /host/spi-builder-workspace/.git/
hint: Using 'master' as the name for the initial branch. This default branch name
hint: is subject to change. To configure the initial branch name to use in all
hint: of your new repositories, which will suppress this warning, call:
hint:
hint: 	git config --global init.defaultBranch <name>
hint:
hint: Names commonly chosen instead of 'master' are 'main', 'trunk' and
hint: 'development'. The just-created branch can be renamed via this command:
hint:
hint: 	git branch -m <name>
From https://github.com/andreabusi/SwiftFlags
 * tag               2.0.0      -> FETCH_HEAD
HEAD is now at b456f2d docs: Update year
Cloned https://github.com/andreabusi/SwiftFlags.git
Revision (git rev-parse @):
b456f2d61901dba3bfad7d0ff403be5e9e049832
SUCCESS checkout https://github.com/andreabusi/SwiftFlags.git at 2.0.0
========================================
Build
========================================
Selected platform:         wasm
Swift version:             6.4
Building package at path:  $PWD
https://github.com/andreabusi/SwiftFlags.git
Running build ...
bash -c docker run --pull=always --rm -v "checkouts-54344844-0":/host -w "$PWD" -e JAVA_HOME="/root/.sdkman/candidates/java/current" -e SPI_BUILD="1" -e SPI_PROCESSING="1" registry.gitlab.com/saguaro1/spi-images:wasm-6.4-latest swift build --swift-sdk swift-6.4.x-DEVELOPMENT-SNAPSHOT-2026-09-04-a_wasm 2>&1
wasm-6.4-latest: Pulling from saguaro1/spi-images
Digest: sha256:4328fdb43c680d205c1d6761b1e3267aa38277eefdda9ddfb17b6a0f1a77857a
Status: Image is up to date for registry.gitlab.com/saguaro1/spi-images:wasm-6.4-latest
Building for debugging...
[Planning deferred tasks]
error: SwiftCompile normal wasm32 failed with a nonzero exit code. Command line:     cd /host

/host/spi-builder-workspace/Sources/SwiftFlags/SwiftFlags.swift:25:2: error: Objective-C interoperability is disabled
 23 | import Foundation
 24 |
 25 | @objc
    |  `- error: Objective-C interoperability is disabled
 26 | final public class SwiftFlags: NSObject {
 27 |
/host/spi-builder-workspace/Sources/SwiftFlags/SwiftFlags.swift:287:6: error: Objective-C interoperability is disabled
285 |     /// - Parameter country: Name or ISO 3166-1 code of the country
286 |     /// - Returns: Emoji flag if available, nil otherwise
287 |     @objc public class func flag(for country: String) -> String? {
    |      `- error: Objective-C interoperability is disabled
288 |         if let code = countryCode(for: country) {
289 |             return emojiFlag(for: code)
/host/spi-builder-workspace/Sources/SwiftFlags/SwiftFlags.swift:298:6: error: Objective-C interoperability is disabled
296 |     /// - Parameter country: Name of the country
297 |     /// - Returns: ISO 3166-1 code for the given country, nil if no math found
298 |     @objc public class func countryCode(for country: String) -> String? {
    |      `- error: Objective-C interoperability is disabled
299 |         let input = trimmed(string: country).lowercased()
300 |         if input.isEmpty {
Failed frontend command:
/usr/bin/swift-frontend -frontend -emit-module -experimental-skip-non-inlinable-function-bodies-without-types /host/spi-builder-workspace/Sources/SwiftFlags/SwiftFlags.swift -target wasm32-unknown-wasip1 -disable-objc-interop -sdk /root/.swiftpm/swift-sdks/swift-6.4.x-DEVELOPMENT-SNAPSHOT-2026-09-04-a_wasm.artifactbundle/swift-6.4.x-DEVELOPMENT-SNAPSHOT-2026-09-04-a_wasm/wasm32-unknown-wasip1/WASI.sdk -sysroot /root/.swiftpm/swift-sdks/swift-6.4.x-DEVELOPMENT-SNAPSHOT-2026-09-04-a_wasm.artifactbundle/swift-6.4.x-DEVELOPMENT-SNAPSHOT-2026-09-04-a_wasm/wasm32-unknown-wasip1/WASI.sdk -I /host/spi-builder-workspace/.build/out/Products/Debug-webassembly-wasm32 -module-cache-path /host/spi-builder-workspace/.build/out/ModuleCache.noindex -color-diagnostics -Xcc -fcolor-diagnostics -enable-testing -g -debug-info-format\=dwarf -dwarf-version\=4 -swift-version 5 -Onone -D SWIFT_PACKAGE -D DEBUG -D SWIFT_MODULE_RESOURCE_BUNDLE_UNAVAILABLE -D Xcode -serialize-debugging-options -enable-experimental-feature DebugDescriptionMacro -empty-abi-descriptor -external-plugin-path /usr/lib/swift/host/plugins/testing\#/usr/bin/swift-plugin-server -validate-clang-modules-once -clang-build-session-file /host/spi-builder-workspace/.build/out/ModuleCache.noindex/Session.modulevalidation -Xcc -working-directory -Xcc /host -resource-dir /root/.swiftpm/swift-sdks/swift-6.4.x-DEVELOPMENT-SNAPSHOT-2026-09-04-a_wasm.artifactbundle/swift-6.4.x-DEVELOPMENT-SNAPSHOT-2026-09-04-a_wasm/wasm32-unknown-wasip1/swift.xctoolchain/usr/lib/swift_static -use-static-resource-dir -enable-anonymous-context-mangled-names -file-compilation-dir /host -Xcc -resource-dir -Xcc /root/.swiftpm/swift-sdks/swift-6.4.x-DEVELOPMENT-SNAPSHOT-2026-09-04-a_wasm.artifactbundle/swift-6.4.x-DEVELOPMENT-SNAPSHOT-2026-09-04-a_wasm/wasm32-unknown-wasip1/swift.xctoolchain/usr/lib/swift_static/clang -Xcc -D_LIBCPP_HARDENING_MODE\=_LIBCPP_HARDENING_MODE_DEBUG -Xcc -fmodules-prune-interval\=86400 -Xcc -fmodules-prune-after\=345600 -Xcc -I/host/spi-builder-workspace/.build/out/Products/Debug-webassembly-wasm32/include -Xcc -I/host/spi-builder-workspace/.build/out/Intermediates.noindex/SwiftFlags.build/Debug-webassembly-wasm32/SwiftFlags-t.build/DerivedSources-normal/wasm32 -Xcc -I/host/spi-builder-workspace/.build/out/Intermediates.noindex/SwiftFlags.build/Debug-webassembly-wasm32/SwiftFlags-t.build/DerivedSources/wasm32 -Xcc -I/host/spi-builder-workspace/.build/out/Intermediates.noindex/SwiftFlags.build/Debug-webassembly-wasm32/SwiftFlags-t.build/DerivedSources -Xcc -DSWIFT_PACKAGE -Xcc -DDEBUG\=1 -no-auto-bridging-header-chaining -module-name SwiftFlags -const-gather-protocols-file /host/spi-builder-workspace/.build/out/Intermediates.noindex/SwiftFlags.build/Debug-webassembly-wasm32/SwiftFlags-t.build/Objects-normal/wasm32/SwiftFlags_const_extract_protocols.json -in-process-plugin-server-path /usr/lib/swift/host/libSwiftInProcPluginServer.so -plugin-path /usr/lib/swift/host/plugins -plugin-path /usr/local/lib/swift/host/plugins -emit-module-doc-path /host/spi-builder-workspace/.build/out/Intermediates.noindex/SwiftFlags.build/Debug-webassembly-wasm32/SwiftFlags-t.build/Objects-normal/wasm32/Modules/SwiftFlags.swiftdoc -emit-module-source-info-path /host/spi-builder-workspace/.build/out/Intermediates.noindex/SwiftFlags.build/Debug-webassembly-wasm32/SwiftFlags-t.build/Objects-normal/wasm32/Modules/SwiftFlags.swiftsourceinfo -emit-objc-header-path /host/spi-builder-workspace/.build/out/Intermediates.noindex/SwiftFlags.build/Debug-webassembly-wasm32/SwiftFlags-t.build/Objects-normal/wasm32/SwiftFlags-Swift.h -serialize-diagnostics-path /host/spi-builder-workspace/.build/out/Intermediates.noindex/SwiftFlags.build/Debug-webassembly-wasm32/SwiftFlags-t.build/Objects-normal/wasm32/SwiftFlags-primary-emit-module.dia -emit-dependencies-path /host/spi-builder-workspace/.build/out/Intermediates.noindex/SwiftFlags.build/Debug-webassembly-wasm32/SwiftFlags-t.build/Objects-normal/wasm32/SwiftFlags-primary-emit-module.d -parse-as-library -o /host/spi-builder-workspace/.build/out/Intermediates.noindex/SwiftFlags.build/Debug-webassembly-wasm32/SwiftFlags-t.build/Objects-normal/wasm32/Modules/SwiftFlags.swiftmodule
error: Build failed
BUILD FAILURE 6.4 wasm