The Swift Package Index logo.Swift Package Index

Build Information

Failed to build TPInAppReceipt, reference master (a5d9f3), with Swift 6.2 for Android on 21 Jul 2026 12:58:12 UTC.

Build Command

bash -c docker run --pull=always --rm -v "checkouts-54344849-1":/host -w "$PWD" -e JAVA_HOME="/root/.sdkman/candidates/java/current" -e SPI_BUILD="1" -e SPI_PROCESSING="1" registry.gitlab.com/saguaro1/spi-images:android-6.2-latest swift build --swift-sdk aarch64-unknown-linux-android28 2>&1

Build Log

========================================
RunAll
========================================
Builder version: 333316120c8b89ed7d21f1b34865290794301d91
Interrupt handler set up.
========================================
Checkout
========================================
Clone URL: https://github.com/tikhop/TPInAppReceipt.git
Reference: master
Initialized empty Git repository in /host/spi-builder-workspace/.git/
hint: Using 'master' as the name for the initial branch. This default branch name
hint: is subject to change. To configure the initial branch name to use in all
hint: of your new repositories, which will suppress this warning, call:
hint:
hint: 	git config --global init.defaultBranch <name>
hint:
hint: Names commonly chosen instead of 'master' are 'main', 'trunk' and
hint: 'development'. The just-created branch can be renamed via this command:
hint:
hint: 	git branch -m <name>
From https://github.com/tikhop/TPInAppReceipt
 * branch            master     -> FETCH_HEAD
 * [new branch]      master     -> origin/master
HEAD is now at a5d9f39 fix: Add visionOS to platform checks (#144)
Cloned https://github.com/tikhop/TPInAppReceipt.git
Revision (git rev-parse @):
a5d9f39681bdab635f9bd119d418bc878d979de5
SPI manifest file found: $PWD/.spi.yml
SUCCESS checkout https://github.com/tikhop/TPInAppReceipt.git at master
========================================
Build
========================================
Selected platform:         android
Swift version:             6.2
Building package at path:  $PWD
https://github.com/tikhop/TPInAppReceipt.git
Running build ...
bash -c docker run --pull=always --rm -v "checkouts-54344849-1":/host -w "$PWD" -e JAVA_HOME="/root/.sdkman/candidates/java/current" -e SPI_BUILD="1" -e SPI_PROCESSING="1" registry.gitlab.com/saguaro1/spi-images:android-6.2-latest swift build --swift-sdk aarch64-unknown-linux-android28 2>&1
android-6.2-latest: Pulling from saguaro1/spi-images
Digest: sha256:3f0849bce0d177c252f57ff0847fffe59d625aee973279c71a52a43c740d3c90
Status: Image is up to date for registry.gitlab.com/saguaro1/spi-images:android-6.2-latest
Fetching https://github.com/apple/swift-certificates.git
Fetching https://github.com/apple/swift-asn1
Fetching https://github.com/swift-server/async-http-client.git
Fetching https://github.com/apple/swift-crypto.git
[1/1914] Fetching swift-asn1
[1188/9336] Fetching swift-asn1, swift-certificates
Fetched https://github.com/apple/swift-asn1 from cache (0.45s)
[4751/7422] Fetching swift-certificates
[7423/23455] Fetching swift-certificates, async-http-client
[23456/41258] Fetching swift-certificates, async-http-client, swift-crypto
Fetched https://github.com/apple/swift-certificates.git from cache (1.41s)
Fetched https://github.com/swift-server/async-http-client.git from cache (1.41s)
Fetched https://github.com/apple/swift-crypto.git from cache (1.43s)
Computing version for https://github.com/apple/swift-asn1
Computed https://github.com/apple/swift-asn1 at 1.7.1 (2.41s)
Computing version for https://github.com/apple/swift-crypto.git
Computed https://github.com/apple/swift-crypto.git at 4.5.1 (0.53s)
Computing version for https://github.com/apple/swift-certificates.git
Computed https://github.com/apple/swift-certificates.git at 1.19.3 (0.21s)
Computing version for https://github.com/swift-server/async-http-client.git
Computed https://github.com/swift-server/async-http-client.git at 1.35.0 (0.20s)
Fetching https://github.com/apple/swift-atomics.git
Fetching https://github.com/apple/swift-service-context.git
Fetching https://github.com/apple/swift-algorithms.git
Fetching https://github.com/apple/swift-distributed-tracing.git
Fetching https://github.com/apple/swift-configuration.git
Fetching https://github.com/apple/swift-log.git
[1/3379] Fetching swift-configuration
[1759/4686] Fetching swift-configuration, swift-service-context
[3672/6554] Fetching swift-configuration, swift-service-context, swift-atomics
[4018/14349] Fetching swift-configuration, swift-service-context, swift-atomics, swift-log
[5296/20214] Fetching swift-configuration, swift-service-context, swift-atomics, swift-log, swift-distributed-tracing
[6361/26290] Fetching swift-configuration, swift-service-context, swift-atomics, swift-log, swift-distributed-tracing, swift-algorithms
Fetched https://github.com/apple/swift-service-context.git from cache (0.56s)
Fetched https://github.com/apple/swift-configuration.git from cache (0.56s)
Fetched https://github.com/apple/swift-log.git from cache (0.56s)
Fetching https://github.com/apple/swift-nio-extras.git
Fetching https://github.com/apple/swift-nio-http2.git
Fetching https://github.com/apple/swift-nio-transport-services.git
Fetched https://github.com/apple/swift-distributed-tracing.git from cache (0.57s)
Fetching https://github.com/apple/swift-nio-ssl.git
Fetched https://github.com/apple/swift-atomics.git from cache (0.58s)
Fetched https://github.com/apple/swift-algorithms.git from cache (0.58s)
[1/2860] Fetching swift-nio-transport-services
[631/9477] Fetching swift-nio-transport-services, swift-nio-extras
Fetched https://github.com/apple/swift-nio-transport-services.git from cache (0.52s)
[4434/6617] Fetching swift-nio-extras
[5229/18800] Fetching swift-nio-extras, swift-nio-http2
Fetched https://github.com/apple/swift-nio-extras.git from cache (0.62s)
[2681/12183] Fetching swift-nio-http2
[12184/27780] Fetching swift-nio-http2, swift-nio-ssl
Fetched https://github.com/apple/swift-nio-http2.git from cache (0.96s)
[3900/15597] Fetching swift-nio-ssl
Fetching https://github.com/apple/swift-nio.git
Fetched https://github.com/apple/swift-nio-ssl.git from cache (1.60s)
[1/84671] Fetching swift-nio
Fetched https://github.com/apple/swift-nio.git from cache (3.66s)
Computing version for https://github.com/apple/swift-service-context.git
Computed https://github.com/apple/swift-service-context.git at 1.3.0 (5.96s)
Computing version for https://github.com/apple/swift-distributed-tracing.git
Computed https://github.com/apple/swift-distributed-tracing.git at 1.4.1 (0.16s)
Computing version for https://github.com/apple/swift-algorithms.git
Computed https://github.com/apple/swift-algorithms.git at 1.2.1 (1.66s)
Fetching https://github.com/apple/swift-numerics.git
[1/6441] Fetching swift-numerics
Fetched https://github.com/apple/swift-numerics.git from cache (1.87s)
Computing version for https://github.com/apple/swift-configuration.git
Computed https://github.com/apple/swift-configuration.git at 1.2.0 (2.27s)
Fetching https://github.com/swift-server/swift-service-lifecycle
Fetching https://github.com/apple/swift-collections
Fetching https://github.com/apple/swift-system
[1/2775] Fetching swift-service-lifecycle
Fetched https://github.com/swift-server/swift-service-lifecycle from cache (0.41s)
[1/6260] Fetching swift-system
[252/32574] Fetching swift-system, swift-collections
Fetched https://github.com/apple/swift-system from cache (0.58s)
[2106/26314] Fetching swift-collections
Fetched https://github.com/apple/swift-collections from cache (1.06s)
Computing version for https://github.com/apple/swift-nio.git
Computed https://github.com/apple/swift-nio.git at 2.101.3 (1.42s)
Computing version for https://github.com/apple/swift-atomics.git
Computed https://github.com/apple/swift-atomics.git at 1.3.1 (0.14s)
Computing version for https://github.com/apple/swift-numerics.git
Computed https://github.com/apple/swift-numerics.git at 1.1.1 (0.12s)
Computing version for https://github.com/swift-server/swift-service-lifecycle
Computed https://github.com/swift-server/swift-service-lifecycle at 2.11.0 (0.13s)
Fetching https://github.com/apple/swift-async-algorithms.git
[1/6599] Fetching swift-async-algorithms
Fetched https://github.com/apple/swift-async-algorithms.git from cache (0.54s)
Computing version for https://github.com/apple/swift-async-algorithms.git
Computed https://github.com/apple/swift-async-algorithms.git at 1.1.5 (0.74s)
Computing version for https://github.com/apple/swift-collections
Computed https://github.com/apple/swift-collections at 1.6.0 (0.23s)
Computing version for https://github.com/apple/swift-nio-transport-services.git
Computed https://github.com/apple/swift-nio-transport-services.git at 1.28.0 (0.16s)
Computing version for https://github.com/apple/swift-nio-http2.git
Computed https://github.com/apple/swift-nio-http2.git at 1.44.0 (0.16s)
Computing version for https://github.com/apple/swift-nio-ssl.git
Computed https://github.com/apple/swift-nio-ssl.git at 2.37.2 (0.18s)
Computing version for https://github.com/apple/swift-log.git
Computed https://github.com/apple/swift-log.git at 1.14.0 (0.15s)
Computing version for https://github.com/apple/swift-system
Computed https://github.com/apple/swift-system at 1.7.4 (0.18s)
Computing version for https://github.com/apple/swift-nio-extras.git
Computed https://github.com/apple/swift-nio-extras.git at 1.34.3 (0.26s)
Fetching https://github.com/apple/swift-http-types.git
Fetching https://github.com/apple/swift-http-structured-headers.git
[1/1249] Fetching swift-http-structured-headers
[1250/2468] Fetching swift-http-structured-headers, swift-http-types
Fetched https://github.com/apple/swift-http-structured-headers.git from cache (0.45s)
Fetched https://github.com/apple/swift-http-types.git from cache (0.45s)
Computing version for https://github.com/apple/swift-http-types.git
Computed https://github.com/apple/swift-http-types.git at 1.6.0 (0.61s)
Computing version for https://github.com/apple/swift-http-structured-headers.git
Computed https://github.com/apple/swift-http-structured-headers.git at 1.7.0 (0.15s)
Creating working copy for https://github.com/apple/swift-log.git
Working copy of https://github.com/apple/swift-log.git resolved at 1.14.0
Creating working copy for https://github.com/apple/swift-nio-ssl.git
Working copy of https://github.com/apple/swift-nio-ssl.git resolved at 2.37.2
Creating working copy for https://github.com/apple/swift-algorithms.git
Working copy of https://github.com/apple/swift-algorithms.git resolved at 1.2.1
Creating working copy for https://github.com/apple/swift-certificates.git
Working copy of https://github.com/apple/swift-certificates.git resolved at 1.19.3
Creating working copy for https://github.com/apple/swift-numerics.git
Working copy of https://github.com/apple/swift-numerics.git resolved at 1.1.1
Creating working copy for https://github.com/apple/swift-nio-http2.git
Working copy of https://github.com/apple/swift-nio-http2.git resolved at 1.44.0
Creating working copy for https://github.com/swift-server/swift-service-lifecycle
Working copy of https://github.com/swift-server/swift-service-lifecycle resolved at 2.11.0
Creating working copy for https://github.com/apple/swift-async-algorithms.git
Working copy of https://github.com/apple/swift-async-algorithms.git resolved at 1.1.5
Creating working copy for https://github.com/apple/swift-nio-transport-services.git
Working copy of https://github.com/apple/swift-nio-transport-services.git resolved at 1.28.0
Creating working copy for https://github.com/apple/swift-http-structured-headers.git
Working copy of https://github.com/apple/swift-http-structured-headers.git resolved at 1.7.0
Creating working copy for https://github.com/apple/swift-atomics.git
Working copy of https://github.com/apple/swift-atomics.git resolved at 1.3.1
Creating working copy for https://github.com/apple/swift-service-context.git
Working copy of https://github.com/apple/swift-service-context.git resolved at 1.3.0
Creating working copy for https://github.com/apple/swift-nio-extras.git
Working copy of https://github.com/apple/swift-nio-extras.git resolved at 1.34.3
Creating working copy for https://github.com/apple/swift-system
Working copy of https://github.com/apple/swift-system resolved at 1.7.4
Creating working copy for https://github.com/apple/swift-asn1
Working copy of https://github.com/apple/swift-asn1 resolved at 1.7.1
Creating working copy for https://github.com/apple/swift-http-types.git
Working copy of https://github.com/apple/swift-http-types.git resolved at 1.6.0
Creating working copy for https://github.com/swift-server/async-http-client.git
Working copy of https://github.com/swift-server/async-http-client.git resolved at 1.35.0
Creating working copy for https://github.com/apple/swift-nio.git
Working copy of https://github.com/apple/swift-nio.git resolved at 2.101.3
Creating working copy for https://github.com/apple/swift-configuration.git
Working copy of https://github.com/apple/swift-configuration.git resolved at 1.2.0
Creating working copy for https://github.com/apple/swift-collections
Working copy of https://github.com/apple/swift-collections resolved at 1.6.0
Creating working copy for https://github.com/apple/swift-distributed-tracing.git
Working copy of https://github.com/apple/swift-distributed-tracing.git resolved at 1.4.1
Creating working copy for https://github.com/apple/swift-crypto.git
Working copy of https://github.com/apple/swift-crypto.git resolved at 4.5.1
Building for debugging...
[0/836] Write sources
[0/836] Copying StoreKitTestCertificate.cer
[0/836] Copying AppleIncRootCertificate.cer
[0/836] Write sources
[29/836] Compiling CNIOWindows WSAStartup.c
[30/836] Compiling CNIOWindows shim.c
[31/836] Compiling SimpleFIPS202.c
[32/836] Compiling CXKCPShims shims.c
[33/836] Write sources
[38/836] Compiling KeccakHash.c
[39/836] Compiling _NumericsShims _NumericsShims.c
[39/836] Compiling KeccakSponge.c
[41/836] Compiling _AtomicsShims.c
[42/836] Compiling CNIOPosix event_loop_id.c
[43/836] Compiling CNIOWASI CNIOWASI.c
[44/836] Compiling CNIOOpenBSD shim.c
[45/836] Write swift-version--11D90AFD9DD3AB2.txt
[46/836] Compiling CNIOLinux liburing_shims.c
[47/836] Compiling CSystem shims.c
[48/836] Compiling CNIOLLHTTP c_nio_http.c
[48/836] Compiling CNIOFreeBSD shim.c
[50/842] Compiling CNIOLLHTTP c_nio_api.c
[51/842] Compiling CNIOLinux shim.c
[52/901] Compiling CNIOLLHTTP c_nio_llhttp.c
[53/912] Compiling KeccakP-1600-opt64.c
[55/923] Emitting module RealModule
[56/924] Emitting module _NIODataStructures
[57/924] Emitting module Logging
[58/925] Compiling RealModule RelaxedArithmetic.swift
[59/925] Compiling RealModule RealFunctions.swift
[60/925] Compiling ServiceContextModule ServiceContextKey.swift
[61/925] Compiling _NIODataStructures _TinyArray.swift
[62/925] Compiling RealModule Real.swift
[63/925] Compiling SwiftASN1 TimeUtilities.swift
[64/925] Compiling SwiftASN1 UTCTime.swift
[65/925] Compiling Logging MultiplexLogHandler.swift
[66/925] Compiling Logging StreamLogHandler.swift
[67/925] Compiling Logging SwiftLogNoOpLogHandler.swift
[68/927] Compiling _NIODataStructures PriorityQueue.swift
[69/927] Compiling RealModule Float80+Real.swift
[70/927] Compiling RealModule Float16+Real.swift
[71/927] Compiling SwiftASN1 ASN1OctetString.swift
[72/927] Compiling SwiftASN1 ASN1Strings.swift
[73/927] Compiling Logging Locks.swift
[74/927] Compiling Logging LogEvent.swift
[75/927] Compiling Logging LogHandler.swift
[76/927] Compiling SwiftASN1 ASN1Boolean.swift
[77/927] Compiling SwiftASN1 ASN1Identifier.swift
[78/927] Compiling Logging LoggingSystem.swift
[81/927] Emitting module SystemPackage
[82/927] Emitting module ServiceContextModule
[85/927] Compiling ServiceContextModule ServiceContext.swift
[93/927] Compiling SwiftASN1 ArraySliceBigint.swift
[99/932] Compiling _NIODataStructures Heap.swift
[100/932] Compiling _NIOBase64 Base64.swift
[101/935] Emitting module _NIOBase64
[102/936] Compiling Logging Logger+Attributes.swift
[107/936] Emitting module _CertificateInternals
[108/936] Compiling _CertificateInternals _TinyArray.swift
[111/938] Compiling CNIOExtrasZlib zutil.c
[112/961] Compiling CNIOExtrasZlib inftrees.c
[114/961] Compiling Logging Logger+With.swift
[115/961] Compiling Logging Logger.swift
[115/961] Compiling CNIOExtrasZlib trees.c
[116/961] Compiling CNIOExtrasZlib inffast.c
[118/961] Compiling Instrumentation Instrument.swift
[119/961] Compiling Instrumentation NoOpInstrument.swift
[120/961] Emitting module Instrumentation
[121/961] Compiling Instrumentation MultiplexInstrument.swift
[121/961] Compiling CNIOExtrasZlib inflate.c
[122/961] Compiling CNIOExtrasZlib crc32.c
[124/961] Compiling InternalCollectionsUtilities UnsafeMutableRawBufferPointer+Extras.swift
[125/961] Compiling InternalCollectionsUtilities UnsafeRawBufferPointer+Extras.swift
[125/963] Compiling CNIODarwin shim.c
[126/963] Compiling CNIOExtrasZlib adler32.c
[127/963] Compiling CNIOExtrasZlib deflate.c
[128/963] Compiling fiat_p256_adx_mul.S
[129/963] Compiling fiat_p256_adx_sqr.S
[131/963] Compiling InternalCollectionsUtilities _SortedCollection.swift
[132/963] Compiling InternalCollectionsUtilities _UniqueCollection.swift
[132/963] Compiling fiat_curve25519_adx_square.S
[133/963] Compiling fiat_curve25519_adx_mul.S
[135/963] Compiling InternalCollectionsUtilities LifetimeOverride.swift
[136/963] Compiling InternalCollectionsUtilities RandomAccessCollection+Offsets.swift
[137/963] Compiling InternalCollectionsUtilities Span+Extras.swift
[138/963] Compiling InternalCollectionsUtilities Debugging.swift
[139/963] Compiling InternalCollectionsUtilities Descriptions.swift
[140/963] Compiling InternalCollectionsUtilities FixedWidthInteger+roundUpToPowerOfTwo.swift
[141/963] Compiling InternalCollectionsUtilities Integer rank.swift
[142/963] Compiling InternalCollectionsUtilities UInt+first and last set bit.swift
[143/963] Compiling InternalCollectionsUtilities UInt+reversed.swift
[144/963] Compiling InternalCollectionsUtilities UnsafeBufferPointer+Extras.swift
[145/963] Compiling InternalCollectionsUtilities UnsafeMutableBufferPointer+Extras.swift
[146/963] Emitting module SwiftASN1
[146/963] Compiling CNIOBoringSSLShims shims.c
[150/963] Emitting module InternalCollectionsUtilities
[151/963] Compiling InternalCollectionsUtilities String+Padding.swift
[152/963] Compiling InternalCollectionsUtilities _UnsafeBitSet+Index.swift
[153/963] Compiling InternalCollectionsUtilities _UnsafeBitSet+_Word.swift
[154/963] Compiling InternalCollectionsUtilities _UnsafeBitSet.swift
[156/964] Compiling SystemPackage SystemString.swift
[157/964] Compiling SystemPackage Util+StringArray.swift
[158/964] Compiling SystemPackage Util.swift
[159/964] Compiling SystemPackage UtilConsumers.swift
[160/964] Compiling SystemPackage WinSDK+Overlay.swift
[161/1000] Compiling ContainersPreview Drain+Map.swift
[162/1000] Compiling ContainersPreview Drain+Reduce.swift
[163/1000] Compiling ContainersPreview Drain.swift
[164/1000] Compiling ContainersPreview Producer+Collect.swift
[165/1000] Compiling ContainersPreview Producer+Filter.swift
[166/1004] Compiling ContainersPreview BorrowingSequence+Standard Conformances.swift
[167/1004] Compiling ContainersPreview BorrowingSequence+Utilities.swift
[168/1004] Compiling ContainersPreview BorrowingSequence.swift
[169/1004] Compiling ContainersPreview BidirectionalContainer.swift
[170/1004] Compiling ContainersPreview Container+Filter.swift
[171/1004] Compiling ContainersPreview BorrowingIteratorProtocol+Map.swift
[172/1004] Compiling ContainersPreview BorrowingIteratorProtocol+Reduce.swift
[173/1004] Compiling ContainersPreview BorrowingIteratorProtocol+SpanwiseZip.swift
[174/1004] Compiling ContainersPreview BorrowingIteratorProtocol.swift
[175/1004] Compiling ContainersPreview BorrowingSequence+Algorithms.swift
[176/1004] Compiling ContainersPreview Container+SpanwiseZip.swift
[177/1004] Compiling ContainersPreview Container.swift
[178/1004] Compiling ContainersPreview ContainerIterator.swift
[179/1004] Compiling ContainersPreview DynamicContainer.swift
[180/1004] Compiling ContainersPreview MutableContainer.swift
[181/1004] Compiling ContainersPreview OutputSpan+Extras.swift
[182/1004] Compiling ContainersPreview TemporaryAllocation.swift
[183/1004] Compiling ContainersPreview BorrowingIteratorProtocol+Copy.swift
[184/1004] Compiling ContainersPreview BorrowingIteratorProtocol+ElementsEqual.swift
[185/1004] Compiling ContainersPreview BorrowingIteratorProtocol+Filter.swift
[186/1004] Compiling ContainersPreview Producer+Map.swift
[187/1004] Compiling ContainersPreview Producer+Reduce.swift
[188/1004] Compiling ContainersPreview Producer.swift
[189/1004] Compiling ContainersPreview InputSpan.swift
[190/1004] Compiling ContainersPreview MutableRef.swift
[191/1004] Compiling ContainersPreview PermutableContainer.swift
[192/1004] Compiling ContainersPreview RandomAccessContainer.swift
[193/1004] Compiling ContainersPreview RangeExpression2.swift
[194/1004] Compiling ContainersPreview RangeReplaceableContainer.swift
[195/1004] Compiling ContainersPreview Strideable+Limits.swift
[196/1004] Compiling ContainersPreview Ref.swift
[197/1004] Compiling ContainersPreview Shared.swift
[198/1004] Compiling ContainersPreview SpanIterator.swift
[199/1004] Compiling ContainersPreview UniqueBox.swift
[200/1004] Emitting module ContainersPreview
[206/1005] Compiling Instrumentation InstrumentationSystem.swift
[207/1005] Compiling Instrumentation Locks.swift
[208/1006] Compiling Logging MetadataProvider.swift
[241/1058] Compiling tls_method.cc
[242/1058] Compiling tls_record.cc
[244/1058] Compiling Tracing TracingTime.swift
[245/1058] Compiling DequeModule UniqueDeque+Container.swift
[246/1058] Compiling DequeModule UniqueDeque+Deprecated.swift
[247/1058] Compiling DequeModule UniqueDeque+Descriptions.swift
[248/1058] Compiling DequeModule UniqueDeque+Equatable.swift
[249/1058] Compiling DequeModule UniqueDeque+Experimental.swift
[250/1063] Compiling Tracing TracerProtocol.swift
[251/1063] Compiling Tracing Tracer.swift
[252/1063] Compiling Tracing TracerProtocol+Legacy.swift
[253/1063] Compiling DequeModule UniqueDeque+Hashable.swift
[254/1063] Compiling DequeModule UniqueDeque+Initializers.swift
[255/1063] Compiling DequeModule UniqueDeque+Insertions.swift
[256/1063] Compiling DequeModule UniqueDeque+Prepend.swift
[257/1063] Compiling DequeModule UniqueDeque+Removals.swift
[258/1063] Compiling DequeModule _DequeBuffer.swift
[259/1063] Compiling DequeModule _DequeBufferHeader.swift
[260/1063] Compiling DequeModule RigidDeque+Append.swift
[261/1063] Compiling DequeModule RigidDeque+Consumption.swift
[262/1063] Compiling DequeModule RigidDeque+Container.swift
[263/1063] Compiling DequeModule RigidDeque+Descriptions.swift
[264/1063] Compiling DequeModule RigidDeque+Equatable.swift
[265/1063] Compiling DequeModule RigidDeque+Experimental.swift
[266/1063] Compiling DequeModule RigidDeque+Hashable.swift
[267/1063] Compiling DequeModule RigidDeque+Initializers.swift
[268/1063] Compiling DequeModule RigidDeque+Insertions.swift
[269/1063] Compiling DequeModule RigidDeque+Prepend.swift
[270/1063] Compiling DequeModule RigidDeque+Removals.swift
[271/1063] Compiling DequeModule RigidDeque+Replacements.swift
[272/1063] Compiling DequeModule RigidDeque+Testing.swift
[273/1063] Compiling DequeModule RigidDeque.swift
[274/1063] Compiling DequeModule UniqueDeque+Append.swift
[275/1063] Compiling DequeModule UniqueDeque+Consumption.swift
[276/1063] Emitting module Tracing
[277/1063] Compiling Tracing InstrumentationSystem+Tracing.swift
[278/1063] Compiling Tracing SpanProtocol.swift
[279/1063] Compiling Tracing NoOpTracer.swift
[279/1064] Compiling tls13_server.cc
[281/1064] Compiling tls13_enc.cc
[283/1064] Compiling DequeModule Deque+Extras.swift
[284/1064] Compiling DequeModule Deque+Hashable.swift
[285/1064] Compiling DequeModule Deque+Testing.swift
[286/1064] Compiling DequeModule Deque._Storage.swift
[287/1064] Compiling DequeModule Deque._UnsafeHandle.swift
[288/1064] Compiling DequeModule Deque.swift
[288/1064] Compiling tls13_client.cc
[290/1064] Compiling DequeModule Deque+Codable.swift
[291/1064] Compiling DequeModule Deque+Collection.swift
[292/1064] Compiling DequeModule Deque+CustomReflectable.swift
[293/1064] Compiling DequeModule Deque+Descriptions.swift
[294/1064] Compiling DequeModule Deque+Equatable.swift
[295/1064] Compiling DequeModule Deque+ExpressibleByArrayLiteral.swift
[295/1064] Compiling t1_enc.cc
[296/1064] Compiling ssl_stat.cc
[297/1064] Compiling ssl_x509.cc
[298/1064] Compiling tls13_both.cc
[299/1064] Compiling ssl_transcript.cc
[300/1064] Compiling ssl_versions.cc
[302/1064] Emitting module DequeModule
[302/1064] Compiling ssl_key_share.cc
[304/1064] Compiling DequeModule UniqueDeque+Replacements.swift
[305/1064] Compiling DequeModule UniqueDeque.swift
[306/1064] Compiling DequeModule _DequeSlot.swift
[307/1064] Compiling DequeModule _UnsafeDequeHandle.swift
[308/1064] Compiling DequeModule _UnsafeDequeSegments.swift
[309/1065] Compiling ssl_privkey.cc
[310/1065] Compiling ssl_session.cc
[311/1108] Compiling ssl_cipher.cc
[312/1108] Compiling ssl_file.cc
[313/1108] Compiling ssl_lib.cc
[315/1108] Emitting module Configuration
[315/1113] Compiling ssl_credential.cc
[316/1113] Compiling ssl_cert.cc
[317/1113] Compiling ssl_buffer.cc
[318/1113] Compiling ssl_aead_ctx.cc
[319/1113] Compiling s3_lib.cc
[320/1113] Compiling ssl_asn1.cc
[322/1113] Compiling Configuration JSONSnapshot.swift
[323/1113] Compiling Configuration PropertyListSnapshot.swift
[324/1113] Compiling Configuration ReloadingFileProvider.swift
[325/1113] Compiling Configuration ReloadingFileProviderMetrics.swift
[326/1113] Compiling Configuration YAMLSnapshot.swift
[327/1113] Compiling Configuration InMemoryProvider.swift
[327/1113] Compiling s3_pkt.cc
[328/1113] Compiling s3_both.cc
[329/1113] Compiling handshake_server.cc
[330/1113] Compiling handshake_client.cc
[331/1113] Compiling dtls_record.cc
[332/1113] Compiling handshake.cc
[334/1113] Compiling Configuration Deprecations.swift
[335/1113] Compiling Configuration ExpressibleByConfigInt.swift
[336/1113] Compiling Configuration ExpressibleByConfigString.swift
[337/1113] Compiling Configuration CLIKeyEncoder.swift
[338/1113] Compiling Configuration ConfigKeyEncoder.swift
[339/1113] Compiling Configuration DotSeparatorKeyDecoder.swift
[340/1113] Compiling Configuration SeparatorKeyEncoder.swift
[341/1113] Compiling Configuration MultiProvider.swift
[342/1113] Compiling Configuration CLIArgumentParser.swift
[343/1113] Compiling Configuration CLISnapshot.swift
[344/1113] Compiling Configuration CommandLineArgumentsProvider.swift
[345/1113] Compiling Configuration EnvironmentFileParser.swift
[346/1113] Compiling Configuration AccessReporter.swift
[347/1113] Compiling Configuration AccessLogger.swift
[348/1113] Compiling Configuration FileAccessLogger.swift
[349/1113] Compiling Configuration ConfigContext.swift
[350/1113] Compiling Configuration ConfigKey.swift
[351/1113] Compiling Configuration ConfigProvider.swift
[352/1113] Compiling Configuration MutableInMemoryProvider.swift
[353/1113] Compiling Configuration ConfigProvider+Operators.swift
[354/1113] Compiling Configuration KeyMappingProvider.swift
[355/1113] Compiling Configuration SecretsSpecifier.swift
[356/1113] Compiling Configuration AsyncCombineLatestManySequence.swift
[357/1113] Compiling Configuration CombineLatestManyStateMachine.swift
[358/1113] Compiling Configuration EnvironmentKeyEncoder.swift
[359/1113] Compiling Configuration EnvironmentVariablesProvider.swift
[360/1113] Compiling Configuration CommonProviderFileSystem.swift
[361/1113] Compiling Configuration DirectoryFilesProvider.swift
[362/1113] Compiling Configuration FileProvider.swift
[363/1113] Compiling Configuration FileProviderSnapshot.swift
[364/1113] Compiling Configuration CombineLatestManyStorage.swift
[365/1113] Compiling Configuration AsyncSequences.swift
[366/1113] Compiling Configuration FoundationExtensions.swift
[367/1113] Compiling Configuration Span.swift
[368/1113] Compiling Configuration ConfigBytesFromStringDecoder.swift
[368/1113] Compiling handoff.cc
[369/1113] Compiling encrypted_client_hello.cc
[370/1113] Compiling extensions.cc
[371/1113] Compiling md5-x86_64-linux.S
[372/1113] Compiling md5-x86_64-apple.S
[373/1113] Compiling md5-586-linux.S
[374/1113] Compiling md5-586-apple.S
[375/1113] Compiling dtls_method.cc
[376/1113] Compiling chacha20_poly1305_x86_64-linux.S
[377/1113] Compiling chacha20_poly1305_x86_64-apple.S
[378/1113] Compiling chacha20_poly1305_armv8-win.S
[379/1113] Compiling chacha20_poly1305_armv8-linux.S
[380/1113] Compiling chacha20_poly1305_armv8-apple.S
[381/1113] Compiling chacha-x86_64-linux.S
[382/1113] Compiling d1_pkt.cc
[383/1113] Compiling chacha-x86_64-apple.S
[384/1113] Compiling chacha-x86-linux.S
[385/1113] Compiling chacha-armv8-win.S
[386/1113] Compiling chacha-x86-apple.S
[387/1113] Compiling err_data.cc
[388/1113] Compiling chacha-armv8-apple.S
[389/1113] Compiling chacha-armv4-linux.S
[390/1113] Compiling d1_srtp.cc
[391/1113] Compiling chacha-armv8-linux.S
[392/1113] Compiling aes128gcmsiv-x86_64-apple.S
[393/1113] Compiling aes128gcmsiv-x86_64-linux.S
[394/1113] Compiling x86_64-mont5-linux.S
[395/1113] Compiling x86_64-mont-apple.S
[396/1113] Compiling x86_64-mont-linux.S
[397/1113] Compiling bio_ssl.cc
[398/1113] Compiling x86_64-mont5-apple.S
[399/1113] Compiling x86-mont-linux.S
[400/1113] Compiling x86-mont-apple.S
[401/1113] Compiling vpaes-x86_64-apple.S
[402/1113] Compiling vpaes-x86_64-linux.S
[403/1113] Compiling vpaes-x86-linux.S
[404/1113] Compiling vpaes-armv8-win.S
[405/1113] Compiling vpaes-armv7-linux.S
[406/1113] Compiling vpaes-x86-apple.S
[407/1113] Compiling sha512-x86_64-linux.S
[408/1113] Compiling vpaes-armv8-apple.S
[409/1113] Compiling vpaes-armv8-linux.S
[410/1113] Compiling sha512-armv8-win.S
[411/1113] Compiling sha512-x86_64-apple.S
[412/1113] Compiling sha512-armv8-apple.S
[413/1113] Compiling sha512-armv8-linux.S
[414/1113] Compiling sha512-586-apple.S
[415/1113] Compiling sha512-586-linux.S
[416/1113] Compiling sha512-armv4-linux.S
[417/1113] Compiling sha256-x86_64-linux.S
[418/1113] Compiling sha256-x86_64-apple.S
[419/1113] Compiling d1_lib.cc
[420/1113] Compiling sha256-armv8-win.S
[421/1113] Compiling sha256-armv8-apple.S
[422/1113] Compiling sha256-armv4-linux.S
[423/1113] Compiling sha256-586-linux.S
[424/1113] Compiling sha256-586-apple.S
[424/1113] Compiling sha256-armv8-linux.S
[426/1113] Compiling sha1-x86_64-linux.S
[427/1113] Compiling sha1-armv8-win.S
[428/1113] Compiling sha1-x86_64-apple.S
[429/1113] Compiling sha1-armv4-large-linux.S
[430/1113] Compiling sha1-586-apple.S
[431/1113] Compiling sha1-armv8-apple.S
[433/1113] Compiling Configuration ConfigProviderHelpers.swift
[434/1113] Compiling Configuration ConfigReader+internalHelpers.swift
[435/1113] Compiling Configuration ConfigReader+methods.swift
[436/1113] Compiling Configuration ConfigReader.swift
[437/1113] Compiling Configuration ConfigSnapshotReader+methods.swift
[438/1113] Compiling Configuration ConfigSnapshotReader.swift
[438/1113] Compiling rdrand-x86_64-apple.S
[439/1113] Compiling sha1-586-linux.S
[440/1113] Compiling rdrand-x86_64-linux.S
[441/1113] Compiling rsaz-avx2-linux.S
[442/1114] Compiling sha1-armv8-linux.S
[443/1114] Compiling p256_beeu-x86_64-asm-apple.S
[444/1114] Compiling rsaz-avx2-apple.S
[445/1114] Compiling p256_beeu-armv8-asm-linux.S
[446/1114] Compiling p256_beeu-x86_64-asm-linux.S
[447/1114] Compiling p256_beeu-armv8-asm-win.S
[449/1114] Compiling p256_beeu-armv8-asm-apple.S
[450/1114] Compiling p256-x86_64-asm-linux.S
[451/1114] Compiling p256-armv8-asm-win.S
[452/1114] Compiling p256-x86_64-asm-apple.S
[453/1114] Compiling p256-armv8-asm-apple.S
[454/1114] Compiling d1_both.cc
[455/1114] Compiling ghashv8-armv8-apple.S
[456/1114] Compiling ghashv8-armv8-win.S
[457/1114] Compiling ghashv8-armv7-linux.S
[458/1114] Compiling p256-armv8-asm-linux.S
[459/1114] Compiling ghashv8-armv8-linux.S
[460/1114] Compiling ghash-x86_64-linux.S
[461/1114] Compiling ghash-x86_64-apple.S
[462/1114] Compiling ghash-ssse3-x86_64-linux.S
[463/1114] Compiling ghash-x86-linux.S
[464/1114] Compiling ghash-x86-apple.S
[465/1114] Compiling ghash-ssse3-x86_64-apple.S
[466/1114] Compiling ghash-ssse3-x86-linux.S
[467/1114] Compiling ghash-ssse3-x86-apple.S
[468/1114] Compiling ghash-neon-armv8-apple.S
[469/1114] Compiling ghash-neon-armv8-win.S
[470/1114] Compiling ghash-neon-armv8-linux.S
[471/1114] Compiling ghash-armv4-linux.S
[472/1114] Compiling co-586-linux.S
[473/1114] Compiling bn-armv8-win.S
[474/1114] Compiling bsaes-armv7-linux.S
[474/1114] Compiling co-586-apple.S
[476/1114] Compiling bn-armv8-linux.S
[477/1114] Compiling bn-armv8-apple.S
[478/1114] Compiling bn-586-apple.S
[479/1114] Compiling bn-586-linux.S
[480/1114] Compiling armv8-mont-win.S
[481/1114] Compiling aesv8-armv8-win.S
[482/1114] Compiling armv4-mont-linux.S
[483/1114] Compiling aesv8-gcm-armv8-win.S
[484/1114] Compiling armv8-mont-linux.S
[485/1114] Compiling armv8-mont-apple.S
[486/1114] Compiling aesv8-gcm-armv8-apple.S
[487/1114] Compiling aesv8-armv8-linux.S
[488/1114] Compiling aesv8-gcm-armv8-linux.S
[489/1114] Compiling aesv8-armv8-apple.S
[490/1114] Compiling aesv8-armv7-linux.S
[491/1114] Compiling aesni-x86_64-apple.S
[492/1114] Compiling aesni-x86-apple.S
[493/1114] Compiling aesni-x86-linux.S
[494/1114] Compiling aesni-gcm-x86_64-linux.S
[495/1114] Compiling aes-gcm-avx2-x86_64-linux.S
[496/1114] Compiling aesni-gcm-x86_64-apple.S
[497/1114] Compiling aes-gcm-avx2-x86_64-apple.S
[497/1114] Compiling aesni-x86_64-linux.S
[499/1114] Compiling aes-gcm-avx10-x86_64-linux.S
[500/1114] Compiling aes-gcm-avx10-x86_64-apple.S
[501/1114] Compiling x_spki.cc
[502/1114] Compiling x_req.cc
[503/1114] Compiling x_x509a.cc
[504/1114] Compiling x_sig.cc
[505/1114] Compiling x_x509.cc
[506/1114] Compiling x_val.cc
[507/1114] Compiling x_name.cc
[508/1114] Compiling x_pubkey.cc
[509/1114] Compiling x_exten.cc
[510/1114] Compiling x_algor.cc
[511/1114] Compiling x509name.cc
[512/1114] Compiling x_attrib.cc
[513/1114] Compiling x_crl.cc
[514/1114] Compiling x509spki.cc
[515/1114] Compiling x_all.cc
[516/1114] Compiling x509rset.cc
[517/1114] Compiling x509_vpm.cc
[518/1114] Compiling x509_txt.cc
[519/1114] Compiling x509cset.cc
[520/1114] Compiling x509_v3.cc
[521/1114] Compiling x509_vfy.cc
[522/1114] Compiling x509_trs.cc
[523/1114] Compiling x509_lu.cc
[524/1114] Compiling x509_obj.cc
[525/1114] Compiling x509_set.cc
[526/1114] Compiling x509_req.cc
[527/1114] Compiling x509_cmp.cc
[528/1114] Compiling x509_ext.cc
[529/1114] Compiling x509_d2.cc
[530/1114] Compiling x509_def.cc
[531/1114] Compiling v3_purp.cc
[532/1114] Compiling x509_att.cc
[533/1114] Compiling x509.cc
[534/1114] Compiling v3_prn.cc
[535/1114] Compiling v3_skey.cc
[536/1114] Compiling v3_utl.cc
[537/1114] Compiling v3_int.cc
[538/1114] Compiling v3_pmaps.cc
[539/1114] Compiling v3_pcons.cc
[540/1114] Compiling v3_ocsp.cc
[541/1114] Compiling v3_ncons.cc
[542/1114] Compiling v3_lib.cc
[543/1114] Compiling v3_info.cc
[544/1114] Compiling v3_ia5.cc
[545/1114] Compiling v3_genn.cc
[546/1114] Compiling v3_enum.cc
[547/1114] Compiling v3_extku.cc
[548/1114] Compiling v3_crld.cc
[549/1114] Compiling v3_bitst.cc
[550/1114] Compiling v3_conf.cc
[551/1114] Compiling v3_cpols.cc
[552/1114] Compiling v3_bcons.cc
[553/1114] Compiling v3_alt.cc
[554/1114] Compiling v3_akey.cc
[555/1114] Compiling t_crl.cc
[556/1114] Compiling t_x509a.cc
[557/1114] Compiling t_req.cc
[558/1114] Compiling v3_akeya.cc
[559/1114] Compiling t_x509.cc
[560/1114] Compiling rsa_pss.cc
[561/1114] Compiling i2d_pr.cc
[562/1114] Compiling policy.cc
[563/1114] Compiling name_print.cc
[564/1114] Compiling by_file.cc
[565/1114] Compiling a_sign.cc
[566/1114] Compiling algorithm.cc
[567/1114] Compiling asn1_gen.cc
[568/1114] Compiling by_dir.cc
[569/1114] Compiling a_verify.cc
[570/1114] Compiling thread_win.cc
[571/1114] Compiling a_digest.cc
[572/1114] Compiling thread_pthread.cc
[573/1114] Compiling thread_none.cc
[574/1114] Compiling thread.cc
[575/1114] Compiling stack.cc
[576/1114] Compiling voprf.cc
[577/1114] Compiling pmbtoken.cc
[578/1114] Compiling trust_token.cc
[579/1114] Compiling sha512.cc
[580/1114] Compiling siphash.cc
[581/1114] Compiling sha1.cc
[582/1114] Compiling slhdsa.cc
[583/1114] Compiling sha256.cc
[584/1114] Compiling rsa_print.cc
[585/1114] Compiling spake2plus.cc
[586/1114] Compiling rsa_crypt.cc
[587/1114] Compiling rsa_extra.cc
[588/1114] Compiling refcount.cc
[589/1114] Compiling rc4.cc
[590/1114] Compiling windows.cc
[591/1114] Compiling urandom.cc
[591/1114] Compiling rsa_asn1.cc
[593/1114] Compiling trusty.cc
[594/1114] Compiling rand.cc
[595/1114] Compiling passive.cc
[596/1114] Compiling getentropy.cc
[597/1114] Compiling poly1305_arm_asm.S
[598/1114] Compiling ios.cc
[599/1114] Compiling deterministic.cc
[600/1114] Compiling poly1305_arm.cc
[601/1114] Compiling poly1305_vec.cc
[602/1114] Compiling forkunsafe.cc
[603/1114] Compiling fork_detect.cc
[604/1114] Compiling poly1305.cc
[605/1114] Compiling pool.cc
[606/1114] Compiling pkcs8_x509.cc
[607/1114] Compiling p5_pbev2.cc
[608/1114] Compiling pkcs8.cc
[609/1114] Compiling pkcs7.cc
[610/1114] Compiling pem_xaux.cc
[611/1114] Compiling pem_x509.cc
[612/1114] Compiling pkcs7_x509.cc
[613/1114] Compiling pem_pkey.cc
[614/1114] Compiling pem_pk8.cc
[615/1114] Compiling pem_oth.cc
[616/1114] Compiling mlkem.cc
[617/1114] Compiling obj_xref.cc
[617/1114] Compiling pem_all.cc
[619/1114] Compiling pem_lib.cc
[620/1114] Compiling pem_info.cc
[621/1114] Compiling mldsa.cc
[622/1114] Compiling poly_rq_mul.S
[623/1114] Compiling obj.cc
[624/1114] Compiling fips_shared_support.cc
[625/1114] Compiling md5.cc
[626/1114] Compiling mem.cc
[627/1114] Compiling md4.cc
[628/1114] Compiling lhash.cc
[629/1114] Compiling hpke.cc
[630/1114] Compiling kyber.cc
[631/1114] Compiling ex_data.cc
[632/1114] Compiling sign.cc
[633/1114] Compiling hrss.cc
[634/1114] Compiling print.cc
[635/1114] Compiling pbkdf.cc
[636/1114] Compiling scrypt.cc
[637/1114] Compiling p_x25519.cc
[638/1114] Compiling p_x25519_asn1.cc
[639/1114] Compiling p_ed25519.cc
[640/1114] Compiling p_rsa_asn1.cc
[641/1114] Compiling p_rsa.cc
[642/1114] Compiling p_hkdf.cc
[643/1114] Compiling p_ed25519_asn1.cc
[644/1114] Compiling p_ec_asn1.cc
[645/1114] Compiling p_dh_asn1.cc
[646/1114] Compiling p_dh.cc
[647/1114] Compiling p_ec.cc
[648/1114] Compiling p_dsa_asn1.cc
[649/1114] Compiling evp_ctx.cc
[650/1114] Compiling evp.cc
[651/1114] Compiling engine.cc
[652/1114] Compiling err.cc
[653/1114] Compiling evp_asn1.cc
[654/1114] Compiling hash_to_curve.cc
[655/1114] Compiling ecdh.cc
[656/1114] Compiling ecdsa_asn1.cc
[657/1114] Compiling ec_derive.cc
[658/1114] Compiling dsa.cc
[659/1114] Compiling ec_asn1.cc
[660/1114] Compiling dsa_asn1.cc
[661/1114] Compiling params.cc
[662/1114] Compiling x25519-asm-arm.S
[663/1114] Compiling bcm.cc
[664/1114] Compiling digest_extra.cc
[665/1114] Compiling dh_asn1.cc
[666/1114] Compiling des.cc
[667/1114] Compiling curve25519_64_adx.cc
[668/1114] Compiling cpu_intel.cc
[669/1114] Compiling spake25519.cc
[670/1114] Compiling crypto.cc
[671/1114] Compiling cpu_arm_linux.cc
[672/1114] Compiling cpu_arm_freebsd.cc
[673/1114] Compiling cpu_aarch64_win.cc
[674/1114] Compiling curve25519.cc
[675/1114] Compiling cpu_aarch64_openbsd.cc
[676/1114] Compiling cpu_aarch64_sysreg.cc
[677/1114] Compiling cpu_aarch64_apple.cc
[678/1114] Compiling cpu_aarch64_linux.cc
[679/1114] Compiling cpu_aarch64_fuchsia.cc
[680/1114] Compiling conf.cc
[681/1114] Compiling get_cipher.cc
[682/1114] Compiling tls_cbc.cc
[683/1114] Compiling e_rc4.cc
[684/1114] Compiling e_tls.cc
[685/1114] Compiling e_null.cc
[686/1114] Compiling e_rc2.cc
[687/1114] Compiling e_chacha20poly1305.cc
[688/1114] Compiling e_des.cc
[689/1114] Compiling e_aesctrhmac.cc
[690/1114] Compiling e_aesgcmsiv.cc
[691/1114] Compiling derive_key.cc
[692/1114] Compiling unicode.cc
[693/1114] Compiling chacha.cc
[694/1114] Compiling buf.cc
[695/1114] Compiling blake2.cc
[696/1114] Compiling convert.cc
[697/1114] Compiling socket_helper.cc
[698/1114] Compiling bn_asn1.cc
[699/1114] Compiling ber.cc
[700/1114] Compiling cbs.cc
[701/1114] Compiling cbb.cc
[702/1114] Compiling asn1_compat.cc
[703/1114] Compiling printf.cc
[704/1114] Compiling file.cc
[705/1114] Compiling socket.cc
[706/1114] Compiling hexdump.cc
[707/1114] Compiling errno.cc
[708/1114] Compiling fd.cc
[709/1114] Compiling pair.cc
[710/1114] Compiling connect.cc
[711/1114] Compiling bio_mem.cc
[712/1114] Compiling base64.cc
[713/1114] Compiling tasn_fre.cc
[714/1114] Compiling bio.cc
[715/1114] Compiling tasn_typ.cc
[716/1114] Compiling tasn_new.cc
[717/1114] Compiling tasn_enc.cc
[718/1114] Compiling tasn_utl.cc
[719/1114] Compiling posix_time.cc
[720/1114] Compiling f_int.cc
[721/1114] Compiling asn1_par.cc
[722/1114] Compiling asn_pack.cc
[723/1114] Compiling f_string.cc
[724/1114] Compiling asn1_lib.cc
[725/1114] Compiling tasn_dec.cc
[726/1114] Compiling a_octet.cc
[727/1114] Compiling a_time.cc
[728/1114] Compiling a_strnid.cc
[729/1114] Compiling a_utctm.cc
[730/1114] Compiling a_type.cc
[731/1114] Compiling a_strex.cc
[732/1114] Compiling a_int.cc
[733/1114] Compiling a_dup.cc
[734/1114] Compiling a_object.cc
[735/1114] Compiling a_gentm.cc
[736/1114] Compiling a_i2d_fp.cc
[737/1114] Compiling a_mbstr.cc
[738/1114] Compiling fiat_p256_adx_mul.S
[739/1114] Compiling fiat_p256_adx_sqr.S
[740/1114] Compiling fiat_curve25519_adx_square.S
[741/1114] Compiling fiat_curve25519_adx_mul.S
[742/1114] Compiling CCryptoBoringSSLShims shims.c
[743/1114] Compiling md5-x86_64-linux.S
[744/1114] Compiling md5-586-linux.S
[745/1114] Compiling md5-x86_64-apple.S
[746/1114] Compiling md5-586-apple.S
[747/1114] Compiling a_d2i_fp.cc
[748/1114] Compiling chacha20_poly1305_x86_64-linux.S
[749/1114] Compiling a_bitstr.cc
[750/1114] Compiling chacha20_poly1305_armv8-win.S
[751/1114] Compiling chacha20_poly1305_x86_64-apple.S
[752/1114] Compiling chacha20_poly1305_armv8-apple.S
[753/1114] Compiling err_data.cc
[754/1114] Compiling a_bool.cc
[755/1114] Compiling chacha-x86_64-linux.S
[756/1114] Compiling chacha20_poly1305_armv8-linux.S
[757/1114] Compiling chacha-x86_64-apple.S
[758/1114] Compiling chacha-x86-linux.S
[759/1114] Compiling chacha-armv8-win.S
[760/1114] Compiling chacha-x86-apple.S
[761/1114] Compiling chacha-armv8-apple.S
[762/1114] Compiling chacha-armv4-linux.S
[763/1114] Compiling aes128gcmsiv-x86_64-linux.S
[764/1114] Compiling chacha-armv8-linux.S
[765/1114] Compiling aes128gcmsiv-x86_64-apple.S
[765/1114] Compiling x86_64-mont5-linux.S
[767/1114] Compiling x86_64-mont5-apple.S
[768/1114] Compiling x86_64-mont-linux.S
[769/1114] Compiling x86-mont-linux.S
[770/1114] Compiling x86_64-mont-apple.S
[771/1114] Compiling vpaes-x86_64-linux.S
[772/1114] Compiling x86-mont-apple.S
[773/1114] Compiling vpaes-x86_64-apple.S
[774/1114] Compiling vpaes-x86-linux.S
[775/1114] Compiling vpaes-x86-apple.S
[775/1114] Compiling vpaes-armv8-win.S
[777/1114] Compiling vpaes-armv8-linux.S
[778/1114] Compiling vpaes-armv8-apple.S
[779/1114] Compiling vpaes-armv7-linux.S
[780/1114] Compiling sha512-x86_64-apple.S
[781/1114] Compiling sha512-armv8-win.S
[782/1114] Compiling sha512-x86_64-linux.S
[783/1114] Compiling sha512-armv8-linux.S
[784/1114] Compiling sha512-armv8-apple.S
[785/1114] Compiling sha512-armv4-linux.S
[786/1114] Compiling sha512-586-apple.S
[787/1114] Compiling sha512-586-linux.S
[788/1114] Compiling sha256-x86_64-linux.S
[789/1114] Compiling sha256-x86_64-apple.S
[790/1114] Compiling sha256-armv8-win.S
[791/1114] Compiling sha256-armv8-linux.S
[792/1114] Compiling sha256-armv4-linux.S
[793/1114] Compiling c-nioatomics.c
[794/1114] Compiling sha256-armv8-apple.S
[795/1114] Compiling sha256-586-apple.S
[796/1114] Compiling sha256-586-linux.S
[797/1114] Compiling c-atomics.c
[798/1114] Compiling sha1-armv8-win.S
[799/1114] Compiling sha1-x86_64-linux.S
[800/1114] Compiling sha1-x86_64-apple.S
[801/1121] Compiling sha1-armv8-linux.S
[802/1121] Compiling sha1-armv8-apple.S
[803/1121] Compiling sha1-586-apple.S
[804/1121] Compiling sha1-armv4-large-linux.S
[805/1121] Compiling sha1-586-linux.S
[806/1121] Compiling rsaz-avx2-apple.S
[808/1121] Compiling NIOConcurrencyHelpers atomics.swift
[809/1121] Compiling NIOConcurrencyHelpers NIOLockedValueBox.swift
[809/1121] Compiling rsaz-avx2-linux.S
[811/1121] Emitting module NIOConcurrencyHelpers
[812/1121] Compiling NIOConcurrencyHelpers NIOAtomic.swift
[813/1121] Compiling NIOConcurrencyHelpers NIOLock.swift
[813/1121] Compiling p256_beeu-x86_64-asm-linux.S
[814/1121] Compiling rdrand-x86_64-linux.S
[816/1121] Compiling NIOConcurrencyHelpers lock.swift
[817/1121] Compiling NIOConcurrencyHelpers NIOThreadPoolWorkAvailable.swift
[818/1122] Compiling rdrand-x86_64-apple.S
[819/1122] Compiling p256_beeu-x86_64-asm-apple.S
[820/1122] Compiling p256_beeu-armv8-asm-win.S
[821/1122] Compiling p256_beeu-armv8-asm-linux.S
[822/1122] Compiling p256-x86_64-asm-apple.S
[823/1122] Compiling p256-x86_64-asm-linux.S
[823/1122] Compiling p256_beeu-armv8-asm-apple.S
[825/1122] Compiling p256-armv8-asm-apple.S
[826/1122] Compiling ghashv8-armv7-linux.S
[827/1122] Compiling ghashv8-armv8-linux.S
[828/1122] Compiling p256-armv8-asm-win.S
[828/1122] Compiling ghash-x86_64-linux.S
[830/1122] Compiling ghashv8-armv8-apple.S
[831/1122] Compiling p256-armv8-asm-linux.S
[832/1122] Compiling ghashv8-armv8-win.S
[833/1122] Compiling ghash-x86-linux.S
[834/1122] Compiling ghash-x86_64-apple.S
[835/1122] Compiling ghash-ssse3-x86-linux.S
[836/1122] Compiling ghash-x86-apple.S
[837/1122] Compiling ghash-neon-armv8-win.S
[837/1122] Compiling ghash-ssse3-x86-apple.S
[839/1122] Compiling ghash-ssse3-x86_64-apple.S
[840/1122] Compiling ghash-ssse3-x86_64-linux.S
[841/1122] Compiling ghash-armv4-linux.S
[842/1122] Compiling ghash-neon-armv8-linux.S
[843/1122] Compiling co-586-linux.S
[844/1122] Compiling bsaes-armv7-linux.S
[845/1122] Compiling co-586-apple.S
[846/1122] Compiling bn-armv8-apple.S
[846/1122] Compiling bn-586-linux.S
[848/1122] Compiling bn-586-apple.S
[849/1122] Compiling bn-armv8-win.S
[850/1122] Compiling ghash-neon-armv8-apple.S
[851/1122] Compiling bn-armv8-linux.S
[852/1122] Compiling armv8-mont-win.S
[853/1122] Compiling armv4-mont-linux.S
[854/1122] Compiling aesv8-gcm-armv8-apple.S
[855/1122] Compiling armv8-mont-linux.S
[856/1122] Compiling aesv8-armv8-win.S
[857/1122] Compiling aesv8-gcm-armv8-win.S
[858/1122] Compiling aesv8-gcm-armv8-linux.S
[859/1122] Compiling armv8-mont-apple.S
[860/1122] Compiling aesv8-armv8-linux.S
[861/1122] Compiling aesv8-armv8-apple.S
[862/1122] Compiling aesv8-armv7-linux.S
[863/1122] Compiling aesni-x86_64-linux.S
[864/1122] Compiling aesni-x86-apple.S
[865/1122] Compiling aesni-gcm-x86_64-apple.S
[865/1122] Compiling aesni-x86-linux.S
[867/1122] Compiling aesni-x86_64-apple.S
[868/1122] Compiling aesni-gcm-x86_64-linux.S
[869/1122] Compiling aes-gcm-avx2-x86_64-apple.S
[869/1122] Compiling aes-gcm-avx2-x86_64-linux.S
[871/1122] Compiling aes-gcm-avx512-x86_64-linux.S
[872/1122] Compiling aes-gcm-avx512-x86_64-apple.S
[873/1122] Compiling x_spki.cc
[874/1122] Compiling x_req.cc
[875/1122] Compiling x_name.cc
[876/1122] Compiling xwing.cc
[877/1122] Compiling x_sig.cc
[878/1122] Compiling x_pubkey.cc
[879/1122] Compiling x_x509a.cc
[880/1122] Compiling x_x509.cc
[881/1122] Compiling x_exten.cc
[882/1122] Compiling x_algor.cc
[883/1122] Compiling x_all.cc
[884/1122] Compiling x509name.cc
[885/1122] Compiling x_attrib.cc
[886/1122] Compiling x_crl.cc
[887/1122] Compiling x509cset.cc
[888/1122] Compiling x509spki.cc
[889/1122] Compiling x509rset.cc
[890/1122] Compiling x509_vpm.cc
[891/1122] Compiling x509_set.cc
[892/1122] Compiling x509_v3.cc
[893/1122] Compiling x509_trs.cc
[894/1122] Compiling x509_txt.cc
[895/1122] Compiling x509_vfy.cc
[896/1122] Compiling x509_obj.cc
[897/1122] Compiling x509_req.cc
[898/1122] Compiling x509_lu.cc
[899/1122] Compiling x509_def.cc
[900/1122] Compiling x509_ext.cc
[901/1122] Compiling x509.cc
[902/1122] Compiling x509_cmp.cc
[903/1122] Compiling x509_att.cc
[904/1122] Compiling x509_d2.cc
[905/1122] Compiling v3_utl.cc
[906/1122] Compiling v3_skey.cc
[907/1122] Compiling v3_purp.cc
[908/1122] Compiling v3_prn.cc
[909/1122] Compiling v3_ocsp.cc
[910/1122] Compiling v3_pcons.cc
[911/1122] Compiling v3_pmaps.cc
[912/1122] Compiling v3_ncons.cc
[913/1122] Compiling v3_int.cc
[914/1122] Compiling v3_lib.cc
[915/1122] Compiling v3_info.cc
[916/1122] Compiling v3_ia5.cc
[917/1122] Compiling v3_enum.cc
[918/1122] Compiling v3_extku.cc
[919/1122] Compiling v3_crld.cc
[920/1122] Compiling v3_cpols.cc
[920/1122] Compiling v3_genn.cc
[922/1122] Compiling v3_conf.cc
[923/1122] Compiling v3_bitst.cc
[924/1122] Compiling v3_bcons.cc
[925/1122] Compiling v3_alt.cc
[926/1122] Compiling v3_akey.cc
[927/1122] Compiling t_crl.cc
[928/1122] Compiling t_x509.cc
[928/1122] Compiling t_req.cc
[930/1122] Compiling t_x509a.cc
[930/1122] Compiling v3_akeya.cc
[932/1122] Compiling rsa_pss.cc
[933/1122] Compiling i2d_pr.cc
[934/1122] Compiling name_print.cc
[935/1122] Compiling algorithm.cc
[936/1122] Compiling by_file.cc
[937/1122] Compiling by_dir.cc
[938/1122] Compiling a_verify.cc
[939/1122] Compiling policy.cc
[940/1122] Compiling asn1_gen.cc
[941/1122] Compiling a_sign.cc
[942/1122] Compiling thread_win.cc
[943/1122] Compiling thread_none.cc
[944/1122] Compiling voprf.cc
[945/1122] Compiling a_digest.cc
[946/1122] Compiling thread_pthread.cc
[947/1122] Compiling trust_token.cc
[948/1122] Compiling thread.cc
[949/1122] Compiling pmbtoken.cc
[950/1122] Compiling stack.cc
[951/1122] Compiling sha512.cc
[952/1122] Compiling siphash.cc
[953/1122] Compiling slhdsa.cc
[954/1122] Compiling sha256.cc
[955/1122] Compiling spake2plus.cc
[956/1122] Compiling sha1.cc
[957/1122] Compiling rsa_print.cc
[958/1122] Compiling rsa_extra.cc
[959/1122] Compiling refcount.cc
[960/1122] Compiling rc4.cc
[961/1122] Compiling rsa_crypt.cc
[962/1122] Compiling urandom.cc
[963/1122] Compiling trusty.cc
[964/1122] Compiling windows.cc
[965/1122] Compiling rand.cc
[966/1122] Compiling passive.cc
[967/1122] Compiling ios.cc
[968/1122] Compiling getentropy.cc
[969/1122] Compiling poly1305_arm_asm.S
[970/1122] Compiling fork_detect.cc
[971/1122] Compiling forkunsafe.cc
[972/1122] Compiling rsa_asn1.cc
[973/1122] Compiling deterministic.cc
[974/1122] Compiling poly1305_vec.cc
[975/1122] Compiling poly1305_arm.cc
[976/1122] Compiling poly1305.cc
[977/1122] Compiling pool.cc
[978/1122] Compiling pkcs8_x509.cc
[979/1122] Compiling pkcs7.cc
[980/1122] Compiling pkcs8.cc
[981/1122] Compiling p5_pbev2.cc
[982/1122] Compiling pkcs7_x509.cc
[983/1122] Compiling pem_xaux.cc
[984/1122] Compiling pem_x509.cc
[985/1122] Compiling pem_pkey.cc
[986/1122] Compiling pem_pk8.cc
[987/1122] Compiling mlkem.cc
[988/1122] Compiling pem_oth.cc
[989/1122] Compiling obj_xref.cc
[990/1122] Compiling pem_info.cc
[991/1122] Compiling pem_lib.cc
[992/1122] Compiling mem.cc
[993/1122] Compiling pem_all.cc
[994/1122] Compiling poly_rq_mul.S
[995/1122] Compiling lhash.cc
[996/1122] Compiling mldsa.cc
[997/1122] Compiling obj.cc
[998/1122] Compiling fips_shared_support.cc
[999/1122] Compiling md4.cc
[1000/1122] Compiling md5.cc
[1001/1122] Compiling fuzzer_mode.cc
[1002/1122] Compiling kyber.cc
[1003/1122] Compiling hpke.cc
[1004/1122] Compiling scrypt.cc
[1005/1122] Compiling hrss.cc
[1006/1122] Compiling ex_data.cc
[1007/1122] Compiling print.cc
[1008/1122] Compiling sign.cc
[1009/1122] Compiling pbkdf.cc
[1010/1122] Compiling p_x25519.cc
[1011/1122] Compiling p_x25519_asn1.cc
[1012/1122] Compiling p_rsa_asn1.cc
[1013/1122] Compiling p_rsa.cc
[1014/1122] Compiling p_hkdf.cc
[1015/1122] Compiling p_ed25519_asn1.cc
[1016/1122] Compiling p_ed25519.cc
[1017/1122] Compiling p_ec.cc
[1018/1122] Compiling p_dsa_asn1.cc
[1019/1122] Compiling p_ec_asn1.cc
[1020/1122] Compiling p_dh.cc
[1021/1122] Compiling err.cc
[1022/1122] Compiling p_dh_asn1.cc
[1023/1122] Compiling evp_asn1.cc
[1024/1122] Compiling evp_ctx.cc
[1025/1122] Compiling engine.cc
[1026/1122] Compiling ecdsa_p1363.cc
[1027/1122] Compiling ecdh.cc
[1028/1122] Compiling evp.cc
[1029/1122] Compiling ecdsa_asn1.cc
[1030/1122] Compiling ec_derive.cc
[1031/1122] Compiling hash_to_curve.cc
[1032/1122] Compiling dsa.cc
[1033/1122] Compiling ec_asn1.cc
[1034/1122] Compiling digest_extra.cc
[1035/1122] Compiling dsa_asn1.cc
[1036/1122] Compiling x25519-asm-arm.S
[1037/1122] Compiling des.cc
[1038/1122] Compiling curve25519_64_adx.cc
[1039/1122] Compiling spake25519.cc
[1040/1122] Compiling dh_asn1.cc
[1041/1122] Compiling params.cc
[1042/1122] Compiling cpu_intel.cc
[1043/1122] Compiling crypto.cc
[1044/1122] Compiling cpu_arm_linux.cc
[1045/1122] Compiling curve25519.cc
[1046/1122] Compiling cpu_aarch64_openbsd.cc
[1047/1122] Compiling cpu_aarch64_win.cc
[1048/1122] Compiling cpu_arm_freebsd.cc
[1049/1122] Compiling cpu_aarch64_sysreg.cc
[1050/1122] Compiling cpu_aarch64_linux.cc
[1051/1122] Compiling cpu_aarch64_fuchsia.cc
[1052/1122] Compiling conf.cc
[1053/1122] Compiling cpu_aarch64_apple.cc
[1054/1122] Compiling tls_cbc.cc
[1055/1122] Compiling get_cipher.cc
[1056/1122] Compiling e_tls.cc
[1057/1122] Compiling cms.cc
[1058/1122] Compiling e_null.cc
[1059/1122] Compiling e_rc4.cc
[1060/1122] Compiling e_des.cc
[1061/1122] Compiling e_rc2.cc
[1062/1122] Compiling e_aesgcmsiv.cc
[1063/1122] Compiling e_chacha20poly1305.cc
[1064/1122] Compiling e_aeseax.cc
[1065/1122] Compiling e_aesctrhmac.cc
[1066/1122] Compiling derive_key.cc
[1067/1122] Compiling chacha.cc
[1068/1122] Compiling unicode.cc
[1069/1122] Compiling sqrt.cc
[1070/1122] Compiling cbs.cc
[1071/1122] Compiling buf.cc
[1072/1122] Compiling ber.cc
[1073/1122] Compiling asn1_compat.cc
[1074/1122] Compiling cbb.cc
[1075/1122] Compiling exponentiation.cc
[1076/1122] Compiling div.cc
[1077/1122] Compiling convert.cc
[1078/1122] Compiling blake2.cc
[1079/1122] Compiling pair.cc
[1080/1122] Compiling hexdump.cc
[1081/1122] Compiling bn_asn1.cc
[1082/1122] Compiling printf.cc
[1083/1122] Compiling file.cc
[1084/1122] Compiling fd.cc
[1085/1122] Compiling errno.cc
[1086/1122] Compiling bio_mem.cc
[1087/1122] Compiling base64.cc
[1088/1122] Compiling tasn_typ.cc
[1089/1122] Compiling bio.cc
[1090/1122] Compiling tasn_fre.cc
[1091/1122] Compiling tasn_utl.cc
[1092/1122] Compiling posix_time.cc
[1093/1122] Compiling tasn_new.cc
[1094/1122] Compiling f_string.cc
[1095/1122] Compiling tasn_enc.cc
[1096/1122] Compiling f_int.cc
[1097/1122] Compiling asn_pack.cc
[1098/1122] Compiling tasn_dec.cc
[1099/1122] Compiling asn1_par.cc
[1100/1122] Compiling a_utctm.cc
[1101/1122] Compiling asn1_lib.cc
[1102/1122] Compiling a_type.cc
[1103/1122] Compiling a_octet.cc
[1104/1122] Compiling a_time.cc
[1105/1122] Compiling a_strnid.cc
[1106/1122] Compiling bcm.cc
[1107/1122] Compiling a_strex.cc
[1108/1122] Compiling a_i2d_fp.cc
[1109/1122] Compiling a_dup.cc
[1110/1122] Compiling a_int.cc
[1111/1122] Compiling a_object.cc
[1112/1122] Write sources
[1114/1122] Compiling a_mbstr.cc
[1115/1122] Write sources
[1116/1122] Compiling CAsyncHTTPClient CAsyncHTTPClient.c
[1118/1165] Compiling Algorithms EitherSequence.swift
[1119/1165] Compiling Algorithms FirstNonNil.swift
[1119/1167] Compiling a_gentm.cc
[1120/1167] Compiling a_d2i_fp.cc
[1122/1167] Compiling Algorithms Partition.swift
[1123/1167] Compiling Algorithms Permutations.swift
[1124/1167] Compiling Algorithms Keyed.swift
[1125/1167] Compiling Algorithms MinMax.swift
[1126/1167] Compiling Algorithms Intersperse.swift
[1127/1167] Compiling Algorithms Joined.swift
[1127/1167] Compiling a_bool.cc
[1128/1167] Compiling a_bitstr.cc
[1130/1167] Compiling Atomics IntegerOperations.swift
[1131/1167] Compiling Atomics Unmanaged extensions.swift
[1131/1167] Compiling aes.cc
[1133/1175] Compiling Algorithms Combinations.swift
[1134/1175] Compiling Algorithms Compacted.swift
[1135/1175] Compiling Algorithms Cycle.swift
[1136/1175] Compiling Algorithms Split.swift
[1137/1175] Compiling Algorithms Stride.swift
[1138/1175] Compiling Algorithms Suffix.swift
[1140/1178] Compiling Algorithms Reductions.swift
[1141/1178] Compiling Algorithms Rotate.swift
[1148/1178] Compiling Algorithms FlattenCollection.swift
[1149/1178] Compiling Algorithms Grouped.swift
[1150/1178] Compiling Algorithms Indexed.swift
[1156/1178] Compiling CryptoBoringWrapper CryptoKitErrors_boring.swift
[1157/1178] Compiling Algorithms Trim.swift
[1158/1178] Compiling Algorithms Unique.swift
[1159/1178] Compiling Algorithms Windows.swift
[1160/1178] Compiling CryptoBoringWrapper FiniteFieldArithmeticContext.swift
[1161/1178] Compiling CryptoBoringWrapper RandomBytes.swift
[1162/1178] Compiling CryptoBoringWrapper EllipticCurve.swift
[1163/1178] Compiling Algorithms AdjacentPairs.swift
[1164/1178] Compiling Algorithms Chain.swift
[1165/1178] Compiling Algorithms Chunked.swift
[1167/1178] Emitting module CryptoBoringWrapper
[1168/1178] Compiling CryptoBoringWrapper EllipticCurvePoint.swift
[1169/1178] Compiling CryptoBoringWrapper BoringSSLAEAD.swift
[1170/1178] Compiling CryptoBoringWrapper ArbitraryPrecisionInteger.swift
[1172/1263] Emitting module Algorithms
[1173/1264] Compiling Crypto AES-GCM.swift
[1174/1264] Compiling Crypto AES-GCM_boring.swift
[1175/1264] Compiling Crypto ChaChaPoly_boring.swift
[1176/1264] Compiling Crypto ASN1BitString.swift
[1177/1264] Compiling Crypto ASN1Boolean.swift
[1178/1264] Compiling Crypto ASN1Identifier.swift
[1179/1264] Emitting module Atomics
[1182/1329] Compiling NIOCore NIOCoreSendableMetatype.swift
[1183/1329] Compiling NIOCore NIODecodedAsyncSequence.swift
[1184/1329] Compiling NIOCore NIOLoopBound.swift
[1185/1329] Compiling NIOCore NIOPooledRecvBufferAllocator.swift
[1186/1329] Compiling NIOCore NIOScheduledCallback.swift
[1187/1329] Compiling NIOCore NIOSendable.swift
[1188/1329] Compiling NIOCore NIOSplitLinesMessageDecoder.swift
[1189/1329] Compiling NIOCore NIOTransportAccessibleChannelCore.swift
[1190/1329] Compiling NIOCore RecvByteBufferAllocator.swift
[1191/1337] Emitting module Crypto
[1192/1348] Compiling NIOCore AddressedEnvelope.swift
[1193/1348] Compiling NIOCore AsyncAwaitSupport.swift
[1194/1348] Compiling NIOCore AsyncChannel.swift
[1195/1348] Compiling NIOCore AsyncChannelHandler.swift
[1196/1348] Compiling NIOCore AsyncChannelInboundStream.swift
[1197/1348] Compiling NIOCore AsyncChannelOutboundWriter.swift
[1198/1348] Compiling NIOCore NIOAsyncSequenceProducer.swift
[1199/1348] Compiling NIOCore NIOAsyncSequenceProducerStrategies.swift
[1200/1348] Compiling NIOCore NIOAsyncWriter.swift
[1201/1348] Compiling NIOCore ByteBuffer-multi-int.swift
[1202/1348] Compiling NIOCore ByteBuffer-quicBinaryEncodingStrategy.swift
[1203/1348] Compiling NIOCore ByteBuffer-views.swift
[1204/1348] Compiling NIOCore EventLoopFuture+Deprecated.swift
[1205/1348] Compiling NIOCore EventLoopFuture+WithEventLoop.swift
[1206/1348] Compiling NIOCore EventLoopFuture.swift
[1207/1348] Compiling NIOCore FileDescriptor.swift
[1208/1348] Compiling NIOCore FileHandle.swift
[1209/1348] Compiling NIOCore FileRegion.swift
[1210/1348] Compiling NIOCore GlobalSingletons.swift
[1211/1348] Compiling NIOCore IO.swift
[1212/1348] Compiling NIOCore IOData.swift
[1213/1348] Compiling NIOCore IPProtocol.swift
[1214/1348] Compiling NIOCore IntegerBitPacking.swift
[1215/1348] Compiling NIOCore IntegerTypes.swift
[1216/1348] Compiling NIOCore Interfaces.swift
[1217/1348] Compiling NIOCore Linux.swift
[1218/1348] Compiling NIOCore MarkedCircularBuffer.swift
[1219/1348] Compiling NIOCore MulticastChannel.swift
[1220/1348] Compiling NIOCore NIOAny.swift
[1221/1348] Compiling NIOCore NIOCloseOnErrorHandler.swift
[1222/1348] Compiling NIOCore ByteBuffer-hex.swift
[1223/1348] Compiling NIOCore ByteBuffer-int.swift
[1224/1348] Compiling NIOCore ByteBuffer-lengthPrefix.swift
[1225/1348] Compiling NIOCore CircularBuffer.swift
[1226/1348] Compiling NIOCore Codec.swift
[1227/1348] Compiling NIOCore ConvenienceOptionSupport.swift
[1228/1348] Compiling NIOCore DeadChannel.swift
[1229/1348] Compiling NIOCore DispatchQueue+WithFuture.swift
[1230/1348] Compiling NIOCore EventLoop+Deprecated.swift
[1231/1348] Compiling NIOCore EventLoop+SerialExecutor.swift
[1232/1348] Compiling NIOCore EventLoop.swift
[1233/1348] Compiling NIOCore Channel.swift
[1234/1348] Compiling NIOCore ChannelHandler.swift
[1235/1348] Compiling NIOCore ChannelHandlers.swift
[1236/1348] Compiling NIOCore ChannelInvoker.swift
[1237/1348] Compiling NIOCore ChannelOption.swift
[1238/1348] Compiling NIOCore ChannelPipeline.swift
[1239/1348] Compiling NIOCore NIOThrowingAsyncSequenceProducer.swift
[1240/1348] Compiling NIOCore BSDSocketAPI.swift
[1241/1348] Compiling NIOCore ByteBuffer-aux.swift
[1242/1348] Compiling NIOCore ByteBuffer-binaryEncodedLengthPrefix.swift
[1243/1348] Compiling NIOCore ByteBuffer-conversions.swift
[1244/1348] Compiling NIOCore ByteBuffer-core.swift
[1249/1348] Compiling NIOCore SingleStepByteToMessageDecoder.swift
[1250/1348] Compiling NIOCore SocketAddresses.swift
[1251/1348] Compiling NIOCore SocketOptionProvider.swift
[1252/1348] Compiling NIOCore SystemCallHelpers.swift
[1253/1348] Compiling NIOCore TimeAmount+Duration.swift
[1254/1348] Compiling NIOCore TypeAssistedChannelHandler.swift
[1255/1348] Compiling NIOCore UniversalBootstrapSupport.swift
[1256/1348] Compiling NIOCore Utilities.swift
[1269/1348] Compiling Crypto Insecure_HashFunctions.swift
[1270/1348] Compiling Crypto MLKEM_boring.swift
[1271/1348] Compiling Crypto MLKEM_wrapper.swift
[1272/1348] Compiling Crypto XWing_boring.swift
[1273/1348] Compiling Crypto KEM-Errors.swift
[1274/1348] Compiling Crypto KEM.swift
[1275/1348] Compiling Crypto MLKEM.swift
[1276/1348] Compiling Crypto XWing.swift
[1277/1348] Compiling Crypto ECDH_boring.swift
[1278/1348] Compiling Crypto DH.swift
[1279/1348] Compiling Crypto ECDH.swift
[1280/1348] Compiling Crypto ANSIx963.swift
[1281/1348] Compiling NIOCore EventLoopFuture+AssumeIsolated.swift
[1293/1348] Compiling Crypto Signature.swift
[1294/1348] Compiling Crypto CryptoKitErrors_boring.swift
[1295/1348] Compiling Crypto Optional+withUnsafeBytes_boring.swift
[1296/1348] Compiling Crypto RNG_boring.swift
[1297/1348] Compiling Crypto SafeCompare_boring.swift
[1298/1348] Compiling Crypto Zeroization_boring.swift
[1299/1348] Compiling Crypto _CryptoModuleAnchor.swift
[1300/1348] Compiling Crypto PrettyBytes.swift
[1301/1348] Compiling Crypto SafeCompare.swift
[1302/1348] Compiling Crypto SecureBytes.swift
[1303/1348] Compiling Crypto Zeroization.swift
[1322/1367] Compiling CryptoExtras PKCS8DERRepresentation.swift
[1323/1367] Compiling CryptoExtras PKCS8PrivateKey.swift
[1324/1368] Compiling CryptoExtras RFC8410AlgorithmIdentifier.swift
[1325/1368] Compiling CryptoExtras ECToolbox_boring.swift
[1326/1368] Compiling CryptoExtras ECToolbox.swift
[1327/1368] Compiling CryptoExtras HashToField.swift
[1328/1368] Compiling CryptoExtras KDF.swift
[1329/1368] Compiling CryptoExtras PBKDF2_boring.swift
[1330/1368] Compiling CryptoExtras PBKDF2_commoncrypto.swift
[1331/1411] Emitting module CryptoExtras
[1332/1419] Compiling CryptoExtras Data+Extensions.swift
[1333/1419] Compiling CryptoExtras DigestType.swift
[1334/1419] Compiling CryptoExtras Error.swift
[1335/1419] Compiling CryptoExtras I2OSP.swift
[1336/1419] Compiling CryptoExtras IntegerEncoding.swift
[1337/1419] Compiling CryptoExtras PEMDocument.swift
[1338/1419] Compiling CryptoExtras PrettyBytes.swift
[1339/1419] Compiling CryptoExtras SubjectPublicKeyInfo.swift
[1340/1419] Compiling CryptoExtras AES_CBC.swift
[1341/1419] Compiling CryptoExtras AES_CFB.swift
[1342/1419] Compiling CryptoExtras AES_CTR.swift
[1343/1419] Compiling CryptoExtras AES_GCM_SIV.swift
[1344/1419] Compiling CryptoExtras Block Function.swift
[1345/1419] Compiling CryptoExtras AES_CBC_boring.swift
[1346/1419] Compiling CryptoExtras AES_CFB_boring.swift
[1347/1419] Compiling CryptoExtras AES_CTR_boring.swift
[1348/1419] Compiling CryptoExtras AES_GCM_SIV_boring.swift
[1349/1419] Compiling CryptoExtras ThreadOps.swift
[1350/1419] Compiling CryptoExtras ThreadPosix.swift
[1351/1419] Compiling CryptoExtras ThreadSpecific.swift
[1352/1419] Compiling CryptoExtras ThreadWindows.swift
[1353/1419] Compiling CryptoExtras DLEQ.swift
[1354/1419] Compiling CryptoExtras Prover.swift
[1355/1419] Compiling CryptoExtras Verifier.swift
[1356/1419] Compiling CryptoExtras ZKPToolbox.swift
[1357/1419] Compiling CryptoExtras PBKDF2.swift
[1358/1419] Compiling CryptoExtras Scrypt_boring.swift
[1359/1419] Compiling CryptoExtras Scrypt.swift
[1360/1419] Compiling CryptoExtras OPRF.swift
[1361/1419] Compiling CryptoExtras OPRFClient.swift
[1362/1419] Compiling CryptoExtras OPRFServer.swift
[1363/1419] Compiling CryptoExtras VOPRF+API.swift
[1364/1419] Compiling CryptoExtras VOPRFClient.swift
[1365/1419] Compiling CryptoExtras VOPRFServer.swift
[1366/1419] Compiling CryptoExtras BoringSSLPassphraseCallbackManager.swift
[1367/1419] Compiling CryptoExtras RSA+BlindSigning.swift
[1368/1419] Compiling CryptoExtras RSA.swift
[1369/1419] Compiling CryptoExtras RSA_boring.swift
[1370/1419] Compiling CryptoExtras Reexport.swift
[1371/1419] Compiling CryptoExtras Zeroization_boring.swift
[1372/1419] Compiling CryptoExtras BoringSSLHelpers.swift
[1373/1419] Compiling CryptoExtras CryptoKitErrors_boring.swift
[1383/1419] Compiling CryptoExtras CMAC.swift
[1384/1419] Compiling CryptoExtras ARC+API.swift
[1385/1419] Compiling CryptoExtras ARC.swift
[1386/1419] Compiling CryptoExtras ARCCredential.swift
[1387/1419] Compiling CryptoExtras ARCEncoding.swift
[1388/1419] Compiling CryptoExtras ARCPrecredential.swift
[1389/1419] Compiling CryptoExtras ARCPresentation.swift
[1390/1419] Compiling CryptoExtras ARCRequest.swift
[1391/1419] Compiling CryptoExtras ARCResponse.swift
[1392/1419] Compiling CryptoExtras ARCServer.swift
[1393/1419] Compiling CryptoExtras ChaCha20CTR_boring.swift
[1394/1419] Compiling CryptoExtras ChaCha20CTR.swift
[1395/1419] Compiling CryptoExtras BoringSSLSHA512256Context.swift
[1396/1419] Compiling CryptoExtras BoringSSLSHA512256HashFunction.swift
[1397/1419] Compiling CryptoExtras SHA512256.swift
[1398/1419] Compiling CryptoExtras SHA512256Digest.swift
[1399/1419] Compiling CryptoExtras Curve25519+PEM.swift
[1400/1419] Compiling CryptoExtras ObjectIdentifier.swift
[1402/1422] Emitting module _CryptoExtras
[1403/1422] Compiling _CryptoExtras Exports.swift
[1405/1519] Compiling X509 CertificateSerialNumber.swift
[1406/1519] Compiling X509 CertificateVersion.swift
[1407/1519] Compiling X509 CMSAttribute.swift
[1408/1519] Compiling X509 CMSContentInfo.swift
[1409/1519] Compiling X509 CMSEncapsulatedContentInfo.swift
[1410/1519] Compiling X509 CMSIssuerAndSerialNumber.swift
[1411/1519] Compiling X509 CMSOperations.swift
[1412/1519] Compiling X509 CMSSignature.swift
[1413/1519] Compiling X509 CMSSignedData.swift
[1414/1519] Compiling X509 CMSSignerIdentifier.swift
[1415/1519] Compiling X509 CMSSignerInfo.swift
[1416/1519] Compiling X509 CMSVersion.swift
[1417/1519] Compiling X509 Curve25519+DER.swift
[1418/1519] Compiling X509 CustomPrivateKey.swift
[1419/1519] Compiling X509 Digests.swift
[1420/1519] Compiling X509 DistinguishedName.swift
[1421/1519] Compiling X509 CommonName.swift
[1422/1519] Compiling X509 CountryName.swift
[1423/1519] Emitting module NIOCore
[1425/1574] Emitting module NIOEmbedded
[1426/1574] Compiling X509 OCSPNonce.swift
[1427/1574] Compiling X509 OCSPPolicy.swift
[1428/1574] Compiling X509 OCSPRequest.swift
[1429/1574] Compiling X509 OCSPResponse.swift
[1430/1574] Compiling X509 OCSPResponseBytes.swift
[1431/1574] Compiling X509 OCSPResponseData.swift
[1432/1574] Compiling X509 OCSPResponseStatus.swift
[1433/1574] Compiling X509 OCSPSignature.swift
[1434/1574] Compiling X509 OCSPSingleRequest.swift
[1435/1574] Compiling X509 OCSPSingleResponse.swift
[1436/1574] Compiling X509 OCSPTBSRequest.swift
[1437/1574] Compiling X509 OCSPVersion.swift
[1438/1574] Compiling X509 PKCS8PrivateKey.swift
[1439/1574] Compiling NIOPosix SelectorWSAPoll.swift
[1440/1574] Compiling NIOPosix ServerSocket.swift
[1441/1574] Compiling NIOPosix Socket.swift
[1442/1574] Compiling NIOPosix SocketChannel.swift
[1443/1574] Compiling NIOPosix SocketProtocols.swift
[1444/1574] Compiling NIOPosix StructuredConcurrencyHelpers.swift
[1445/1574] Compiling NIOPosix System.swift
[1446/1574] Compiling X509 Error.swift
[1447/1574] Compiling X509 AuthorityInformationAccess.swift
[1448/1574] Compiling X509 AuthorityKeyIdentifier.swift
[1449/1574] Compiling X509 BasicConstraints.swift
[1450/1574] Compiling X509 ExtendedKeyUsage.swift
[1451/1574] Compiling X509 ExtensionIdentifiers.swift
[1452/1574] Compiling X509 KeyUsage.swift
[1453/1574] Compiling X509 PromiseAndFuture.swift
[1454/1574] Compiling X509 RDNAttribute.swift
[1455/1574] Compiling X509 RandomNumberGenerator+bytes.swift
[1456/1574] Compiling X509 RelativeDistinguishedName.swift
[1457/1574] Compiling X509 SEC1PrivateKey.swift
[1458/1574] Compiling X509 SecKeyWrapper.swift
[1459/1574] Compiling X509 Signature.swift
[1460/1574] Compiling X509 SignatureAlgorithm.swift
[1461/1574] Compiling X509 AllOfPolicies.swift
[1462/1574] Compiling X509 AnyPolicy.swift
[1463/1574] Compiling X509 CertificateStore.swift
[1464/1574] Compiling X509 CustomCertificateStore.swift
[1465/1574] Compiling X509 OneOfPolicies.swift
[1466/1574] Compiling X509 PolicyBuilder.swift
[1467/1574] Compiling X509 BasicConstraintsPolicy.swift
[1468/1574] Compiling X509 DNSNames.swift
[1469/1574] Compiling X509 DirectoryNames.swift
[1470/1574] Compiling X509 ExpiryPolicy.swift
[1471/1574] Compiling X509 IPConstraints.swift
[1472/1574] Compiling X509 NameConstraintsPolicy.swift
[1473/1574] Compiling X509 RFC5280Policy.swift
[1474/1574] Compiling X509 URIConstraints.swift
[1475/1574] Compiling X509 VersionPolicy.swift
[1476/1574] Compiling X509 ServerIdentityPolicy.swift
[1477/1574] Compiling X509 TrustRootLoading.swift
[1478/1574] Compiling X509 UnverifiedChain.swift
[1479/1587] Compiling NIOEmbedded AsyncTestingEventLoop.swift
[1480/1587] Compiling NIOEmbedded Embedded.swift
[1481/1587] Compiling NIOEmbedded AsyncTestingChannel.swift
[1482/1587] Compiling NIOPosix HappyEyeballs.swift
[1483/1587] Compiling NIOPosix IO.swift
[1484/1587] Compiling NIOPosix IntegerBitPacking.swift
[1485/1587] Compiling NIOPosix IntegerTypes.swift
[1486/1587] Compiling NIOPosix Linux.swift
[1487/1587] Compiling NIOPosix LinuxCPUSet.swift
[1488/1587] Compiling NIOPosix LinuxUring.swift
[1489/1587] Compiling NIOPosix MultiThreadedEventLoopGroup.swift
[1490/1587] Compiling NIOPosix NIOPosixSendableMetatype.swift
[1491/1587] Compiling NIOPosix NIORandomizedDNSResolver.swift
[1492/1587] Compiling NIOPosix NIOThreadPool.swift
[1493/1587] Compiling NIOPosix NonBlockingFileIO.swift
[1494/1587] Compiling NIOPosix PendingDatagramWritesManager.swift
[1495/1587] Compiling NIOPosix PendingWritesManager.swift
[1496/1587] Compiling NIOPosix BaseStreamSocketChannel.swift
[1497/1587] Compiling NIOPosix Bootstrap.swift
[1498/1587] Compiling NIOPosix ControlMessage.swift
[1499/1587] Compiling NIOPosix DatagramVectorReadManager.swift
[1500/1587] Compiling NIOPosix Errors+Any.swift
[1501/1587] Compiling NIOPosix FileDescriptor.swift
[1502/1587] Compiling NIOPosix GetaddrinfoResolver.swift
[1503/1587] Compiling NIOPosix BSDSocketAPICommon.swift
[1504/1587] Compiling NIOPosix BSDSocketAPIPosix.swift
[1505/1587] Compiling NIOPosix BSDSocketAPIWindows.swift
[1506/1587] Compiling NIOPosix BaseSocket.swift
[1507/1587] Compiling NIOPosix BaseSocketChannel+AccessibleTransport.swift
[1508/1587] Compiling NIOPosix BaseSocketChannel+SocketOptionProvider.swift
[1509/1587] Compiling NIOPosix BaseSocketChannel.swift
[1511/1588] Compiling NIOPosix Selectable.swift
[1512/1588] Compiling NIOPosix SelectableChannel.swift
[1513/1588] Compiling NIOPosix SelectableEventLoop.swift
[1514/1588] Compiling NIOPosix SelectorEpoll.swift
[1515/1588] Compiling NIOPosix SelectorGeneric.swift
[1516/1588] Compiling NIOPosix SelectorKqueue.swift
[1517/1588] Compiling NIOPosix SelectorUring.swift
[1518/1588] Compiling NIOPosix PipeChannel.swift
[1519/1588] Compiling NIOPosix PipePair.swift
[1520/1588] Compiling NIOPosix Pool.swift
[1521/1588] Compiling NIOPosix PosixSingletons+ConcurrencyTakeOver.swift
[1522/1588] Compiling NIOPosix PosixSingletons.swift
[1523/1588] Compiling NIOPosix RawSocketBootstrap.swift
[1524/1588] Compiling NIOPosix Resolver.swift
[1532/1595] Emitting module NIOPosix
[1554/1595] Compiling NIOPosix Thread.swift
[1555/1595] Compiling NIOPosix ThreadPosix.swift
[1556/1595] Compiling NIOPosix ThreadWindows.swift
[1557/1595] Compiling NIOPosix Utilities.swift
[1558/1595] Emitting module X509
[1559/1595] Compiling NIOPosix VsockAddress.swift
[1560/1595] Compiling NIOPosix VsockChannelEvents.swift
[1561/1595] Compiling NIOPosix Windows.swift
[1584/1596] Compiling X509 ValidatedCertificateChain.swift
[1585/1596] Compiling X509 VerificationDiagnostic.swift
[1586/1596] Compiling X509 Verifier.swift
[1587/1596] Compiling X509 VerifierPolicy.swift
[1588/1596] Compiling X509 AlgorithmIdentifier.swift
[1589/1596] Compiling X509 ECDSASignature.swift
[1590/1596] Compiling X509 RSAPKCS1PublicKey.swift
[1591/1596] Compiling X509 SubjectPublicKeyInfo.swift
[1592/1596] Compiling X509 TBSCertificate.swift
[1593/1596] Compiling X509 Time.swift
[1594/1596] Compiling X509 TimeCalculations.swift
[1595/1596] Compiling X509 Validity.swift
[1596/1596] Compiling X509 X509SendableMetatype.swift
[1598/1599] Compiling NIO Exports.swift
[1599/1599] Emitting module NIO
[1601/1635] Compiling NIOSOCKS ClientStateMachine.swift
[1602/1636] Compiling NIOSOCKS SelectedAuthenticationMethod.swift
[1603/1636] Emitting module NIOSOCKS
[1604/1636] Compiling NIOSOCKS ServerStateMachine.swift
[1605/1636] Compiling NIOSOCKS SOCKSResponse.swift
[1606/1636] Compiling NIOTLS TLSEvents.swift
[1607/1636] Compiling NIOTLS SNIHandler.swift
[1608/1636] Compiling NIOTLS NIOTypedApplicationProtocolNegotiationHandler.swift
[1609/1636] Emitting module NIOTLS
[1610/1636] Compiling NIOTLS ProtocolNegotiationHandlerStateMachine.swift
[1611/1636] Compiling NIOTLS ApplicationProtocolNegotiationHandler.swift
[1612/1636] Compiling NIOSOCKS Messages.swift
[1613/1636] Compiling NIOSOCKS SOCKSRequest.swift
[1614/1636] Compiling NIOHTTP1 ByteCollectionUtils.swift
[1615/1636] Compiling NIOHTTP1 HTTPDecoder.swift
[1616/1636] Compiling NIOHTTP1 HTTPServerPipelineHandler.swift
[1617/1636] Compiling NIOHTTP1 HTTPServerProtocolErrorHandler.swift
[1618/1636] Compiling NIOHTTP1 HTTPEncoder.swift
[1619/1636] Compiling NIOHTTP1 HTTPHeaderValidator.swift
[1622/1638] Compiling NIOHTTP1 NIOHTTPClientUpgradeHandler.swift
[1623/1638] Compiling NIOHTTP1 NIOHTTPObjectAggregator.swift
[1629/1640] Compiling NIOHTTP1 NIOTypedHTTPClientUpgradeHandler.swift
[1630/1640] Compiling NIOHTTP1 NIOTypedHTTPClientUpgraderStateMachine.swift
[1631/1670] Compiling NIOSSL SafeCompare.swift
[1632/1670] Compiling NIOSSL SSLContext.swift
[1633/1670] Compiling NIOSSL SSLErrors.swift
[1634/1670] Compiling NIOSSL SSLInit.swift
[1635/1670] Compiling NIOSSL SSLCallbacks.swift
[1636/1670] Compiling NIOSSL SSLCertificate.swift
[1637/1670] Emitting module NIOHTTP1
[1638/1670] Compiling NIOSSL CustomPrivateKey.swift
[1639/1670] Compiling NIOSSL FreeBSDCABundle.swift
[1640/1670] Compiling NIOSSL IdentityVerification.swift
[1642/1688] Compiling NIOHPACK IntegerCoding.swift
[1643/1689] Compiling NIOHPACK IndexedHeaderTable.swift
[1644/1689] Emitting module NIOHTTPCompression
[1645/1689] Compiling NIOHTTPCompression HTTPDecompressor.swift
[1646/1689] Compiling NIOHPACK DynamicHeaderTable.swift
[1647/1689] Compiling NIOHPACK HPACKDecoder.swift
[1648/1689] Compiling NIOHPACK HPACKEncoder.swift
[1649/1689] Compiling NIOHPACK HPACKErrors.swift
[1650/1689] Compiling NIOHPACK StaticHeaderTable.swift
[1651/1689] Emitting module NIOSSL
[1652/1693] Compiling NIOHTTPCompression HTTPDecompression.swift
[1653/1693] Compiling NIOHTTPCompression HTTPCompression.swift
[1654/1693] Compiling NIOHPACK HuffmanCoding.swift
[1655/1693] Compiling NIOHPACK HuffmanTables.swift
[1656/1693] Compiling NIOHTTPCompression HTTPResponseCompressor.swift
[1657/1693] Compiling NIOHTTPCompression HTTPRequestCompressor.swift
[1659/1694] Compiling NIOHPACK HPACKHeader.swift
[1660/1694] Compiling NIOHPACK HeaderTables.swift
[1661/1694] Emitting module NIOHPACK
[1663/1695] Compiling NIOSSL LinuxCABundle.swift
[1664/1695] Compiling NIOSSL NIOSSLClientHandler.swift
[1665/1695] Compiling NIOSSL NIOSSLHandler+Configuration.swift
[1666/1695] Compiling NIOSSL NIOSSLHandler.swift
[1672/1695] Compiling NIOSSL SSLPrivateKey.swift
[1673/1695] Compiling NIOSSL SSLPublicKey.swift
[1674/1695] Compiling NIOSSL SecurityFrameworkCertificateVerification.swift
[1675/1695] Compiling NIOSSL String+unsafeUninitializedCapacity.swift
[1679/1695] Compiling NIOSSL SSLPKCS12Bundle.swift
[1680/1695] Compiling NIOSSL NIOSSLServerHandler.swift
[1681/1695] Compiling NIOSSL ObjectIdentifier.swift
[1682/1695] Compiling NIOSSL PosixPort.swift
[1685/1695] Compiling NIOSSL NIOSSLSecureBytes.swift
[1686/1695] Compiling NIOSSL RNG.swift
[1689/1695] Compiling NIOSSL SSLCertificateExtensions.swift
[1690/1695] Compiling NIOSSL SSLCertificateName.swift
[1691/1695] Compiling NIOSSL SSLConnection.swift
[1692/1758] Compiling NIOHTTP2 MaySendFrames.swift
[1693/1758] Compiling NIOHTTP2 SendingDataState.swift
[1694/1758] Compiling NIOHTTP2 SendingGoawayState.swift
[1695/1758] Compiling NIOHTTP2 SendingHeadersState.swift
[1696/1758] Compiling NIOHTTP2 SendingPushPromiseState.swift
[1697/1758] Compiling NIOHTTP2 SendingRstStreamState.swift
[1698/1758] Compiling NIOHTTP2 SendingWindowUpdateState.swift
[1699/1758] Compiling NIOHTTP2 HTTP2SettingsState.swift
[1700/1758] Compiling NIOHTTP2 HasExtendedConnectSettings.swift
[1701/1760] Compiling NIOHTTP2 HTTP2Settings.swift
[1702/1761] Compiling NIOHTTP2 HTTP2Stream.swift
[1703/1761] Compiling NIOHTTP2 HTTP2StreamChannel+OutboundStreamMultiplexer.swift
[1704/1761] Compiling NIOHTTP2 HTTP2StreamChannel.swift
[1706/1767] Emitting module NIOHTTP2
[1707/1767] Compiling NIOHTTP2 HTTP2StreamMultiplexer.swift
[1708/1767] Compiling NIOHTTP2 HTTP2ToHTTP1Codec.swift
[1709/1767] Compiling NIOHTTP2 HTTP2UserEvents.swift
[1710/1767] Compiling NIOHTTP2 InboundEventBuffer.swift
[1711/1767] Compiling NIOHTTP2 InboundWindowManager.swift
[1712/1767] Compiling NIOHTTP2 MultiplexerAbstractChannel.swift
[1713/1767] Compiling NIOHTTP2 NIOHTTP2FrameDelegate.swift
[1714/1767] Compiling NIOHTTP2 NIOHTTP2ServerConnectionManagementHandler+StateMachine.swift
[1715/1767] Compiling NIOHTTP2 NIOHTTP2ServerConnectionManagementHandler.swift
[1716/1767] Compiling NIOHTTP2 StreamChannelFlowController.swift
[1717/1767] Compiling NIOHTTP2 StreamChannelList.swift
[1718/1767] Compiling NIOHTTP2 StreamMap.swift
[1719/1767] Compiling NIOHTTP2 StreamStateMachine.swift
[1720/1767] Compiling NIOHTTP2 Timer.swift
[1721/1767] Compiling NIOHTTP2 UnsafeTransfer.swift
[1722/1767] Compiling NIOHTTP2 WatermarkedFlowController.swift
[1723/1767] Compiling NIOHTTP2 ConnectionStateMachine.swift
[1724/1767] Compiling NIOHTTP2 ConnectionStreamsState.swift
[1725/1767] Compiling NIOHTTP2 MayReceiveFrames.swift
[1726/1767] Compiling NIOHTTP2 ReceivingDataState.swift
[1727/1767] Compiling NIOHTTP2 ReceivingGoAwayState.swift
[1728/1767] Compiling NIOHTTP2 ReceivingHeadersState.swift
[1729/1767] Compiling NIOHTTP2 ReceivingPushPromiseState.swift
[1730/1767] Compiling NIOHTTP2 ReceivingRstStreamState.swift
[1731/1767] Compiling NIOHTTP2 ReceivingWindowUpdateState.swift
[1732/1767] Compiling NIOHTTP2 DOSHeuristics.swift
[1733/1767] Compiling NIOHTTP2 Error+Any.swift
[1734/1767] Compiling NIOHTTP2 ConcurrentStreamBuffer.swift
[1735/1767] Compiling NIOHTTP2 ControlFrameBuffer.swift
[1736/1767] Compiling NIOHTTP2 OutboundFlowControlBuffer.swift
[1737/1767] Compiling NIOHTTP2 OutboundFrameBuffer.swift
[1738/1767] Compiling NIOHTTP2 GlitchesMonitor.swift
[1739/1767] Compiling NIOHTTP2 HPACKHeaders+Validation.swift
[1740/1767] Compiling NIOHTTP2 HTTP2ChannelHandler+InboundStreamMultiplexer.swift
[1741/1767] Compiling NIOHTTP2 HasFlowControlWindows.swift
[1742/1767] Compiling NIOHTTP2 HasLocalSettings.swift
[1743/1767] Compiling NIOHTTP2 HasRemoteSettings.swift
[1744/1767] Compiling NIOHTTP2 LocallyQuiescingState.swift
[1745/1767] Compiling NIOHTTP2 QuiescingState.swift
[1746/1767] Compiling NIOHTTP2 RemotelyQuiescingState.swift
[1747/1767] Compiling NIOHTTP2 SendAndReceiveGoawayState.swift
[1748/1767] Compiling NIOHTTP2 StateMachineResult.swift
[1749/1767] Compiling NIOHTTP2 ContentLengthVerifier.swift
[1750/1767] Compiling NIOHTTP2 HTTP2ChannelHandler+InlineStreamMultiplexer.swift
[1751/1767] Compiling NIOHTTP2 HTTP2ChannelHandler.swift
[1752/1767] Compiling NIOHTTP2 HTTP2CommonInboundStreamMultiplexer.swift
[1753/1767] Compiling NIOHTTP2 HTTP2ConnectionStateChange.swift
[1754/1767] Compiling NIOHTTP2 HTTP2Error.swift
[1755/1767] Compiling NIOHTTP2 HTTP2ErrorCode.swift
[1756/1767] Compiling NIOHTTP2 HTTP2FlowControlWindow.swift
[1757/1767] Compiling NIOHTTP2 HTTP2Frame.swift
[1758/1767] Compiling NIOHTTP2 HTTP2FrameEncoder.swift
[1759/1767] Compiling NIOHTTP2 HTTP2FrameParser.swift
[1760/1767] Compiling NIOHTTP2 HTTP2PingData.swift
[1761/1767] Compiling NIOHTTP2 HTTP2PipelineHelpers.swift
[1766/1767] Compiling NIOHTTP2 HTTP2StreamDelegate.swift
[1767/1767] Compiling NIOHTTP2 HTTP2StreamID.swift
[1769/1832] Emitting module AsyncHTTPClient
[1770/1840] Compiling AsyncHTTPClient AnyAsyncSequence.swift
[1771/1840] Compiling AsyncHTTPClient AnyAsyncSequenceProucerDelete.swift
[1772/1840] Compiling AsyncHTTPClient AsyncLazySequence.swift
[1773/1840] Compiling AsyncHTTPClient HTTPClient+execute.swift
[1774/1840] Compiling AsyncHTTPClient HTTPClient+shutdown.swift
[1775/1840] Compiling AsyncHTTPClient HTTPClient+tracing.swift
[1776/1840] Compiling AsyncHTTPClient HTTPClientRequest+Prepared.swift
[1777/1840] Compiling AsyncHTTPClient HTTPClientRequest+auth.swift
[1778/1840] Compiling AsyncHTTPClient HTTPClientRequest.swift
[1779/1840] Compiling AsyncHTTPClient RequestValidation.swift
[1780/1840] Compiling AsyncHTTPClient SSLContextCache.swift
[1781/1840] Compiling AsyncHTTPClient Scheme.swift
[1782/1840] Compiling AsyncHTTPClient Singleton.swift
[1783/1840] Compiling AsyncHTTPClient StringConvertibleInstances.swift
[1784/1840] Compiling AsyncHTTPClient StructuredConcurrencyHelpers.swift
[1785/1840] Compiling AsyncHTTPClient TracingSupport.swift
[1786/1840] Compiling AsyncHTTPClient Utils.swift
[1787/1840] Compiling AsyncHTTPClient HTTPClientResponse.swift
[1788/1840] Compiling AsyncHTTPClient SingleIteratorPrecondition.swift
[1789/1840] Compiling AsyncHTTPClient Transaction+StateMachine.swift
[1790/1840] Compiling AsyncHTTPClient Transaction.swift
[1791/1840] Compiling AsyncHTTPClient Base64.swift
[1792/1840] Compiling AsyncHTTPClient BasicAuth.swift
[1793/1840] Compiling AsyncHTTPClient BestEffortHashableTLSConfiguration.swift
[1794/1840] Compiling AsyncHTTPClient Configuration+BrowserLike.swift
[1795/1840] Compiling AsyncHTTPClient ConnectionPool.swift
[1796/1840] Compiling AsyncHTTPClient LRUCache.swift
[1797/1840] Compiling AsyncHTTPClient NIOLoopBound+Execute.swift
[1798/1840] Compiling AsyncHTTPClient NWErrorHandler.swift
[1799/1840] Compiling AsyncHTTPClient NWWaitingHandler.swift
[1800/1840] Compiling AsyncHTTPClient TLSConfiguration.swift
[1801/1840] Compiling AsyncHTTPClient RedirectState.swift
[1802/1840] Compiling AsyncHTTPClient RequestBag+StateMachine.swift
[1803/1840] Compiling AsyncHTTPClient RequestBag+Tracing.swift
[1804/1840] Compiling AsyncHTTPClient RequestBag.swift
[1805/1840] Compiling AsyncHTTPClient HTTPConnectionEvent.swift
[1806/1840] Compiling AsyncHTTPClient HTTPConnectionPool+Factory.swift
[1807/1840] Compiling AsyncHTTPClient HTTPConnectionPool+Manager.swift
[1808/1840] Compiling AsyncHTTPClient HTTPConnectionPool.swift
[1809/1840] Compiling AsyncHTTPClient HTTPExecutableRequest.swift
[1810/1840] Compiling AsyncHTTPClient HTTPRequestStateMachine+Demand.swift
[1811/1840] Compiling AsyncHTTPClient HTTPRequestStateMachine.swift
[1812/1840] Compiling AsyncHTTPClient RequestBodyLength.swift
[1813/1840] Compiling AsyncHTTPClient RequestFramingMetadata.swift
[1814/1840] Compiling AsyncHTTPClient RequestOptions.swift
[1815/1840] Compiling AsyncHTTPClient HTTPConnectionPool+Backoff.swift
[1816/1840] Compiling AsyncHTTPClient HTTPConnectionPool+HTTP1Connections.swift
[1817/1840] Compiling AsyncHTTPClient HTTPConnectionPool+HTTP1StateMachine.swift
[1818/1840] Compiling AsyncHTTPClient HTTPConnectionPool+HTTP2Connections.swift
[1819/1840] Compiling AsyncHTTPClient HTTPConnectionPool+HTTP2StateMachine.swift
[1820/1840] Compiling AsyncHTTPClient HTTPConnectionPool+RequestQueue.swift
[1821/1840] Compiling AsyncHTTPClient HTTPConnectionPool+StateMachine.swift
[1822/1840] Compiling AsyncHTTPClient ConnectionTarget.swift
[1823/1840] Compiling AsyncHTTPClient HTTP1ProxyConnectHandler.swift
[1824/1840] Compiling AsyncHTTPClient SOCKSEventsHandler.swift
[1825/1840] Compiling AsyncHTTPClient TLSEventsHandler.swift
[1826/1840] Compiling AsyncHTTPClient HTTP1ClientChannelHandler.swift
[1827/1840] Compiling AsyncHTTPClient HTTP1Connection.swift
[1828/1840] Compiling AsyncHTTPClient HTTP1ConnectionStateMachine.swift
[1829/1840] Compiling AsyncHTTPClient HTTP2ClientRequestHandler.swift
[1830/1840] Compiling AsyncHTTPClient HTTP2Connection.swift
[1831/1840] Compiling AsyncHTTPClient HTTP2IdleHandler.swift
[1832/1840] Compiling AsyncHTTPClient DeconstructedURL.swift
[1833/1840] Compiling AsyncHTTPClient FileDownloadDelegate.swift
[1834/1840] Compiling AsyncHTTPClient FoundationExtensions.swift
[1835/1840] Compiling AsyncHTTPClient HTTPClient+HTTPCookie.swift
[1836/1840] Compiling AsyncHTTPClient HTTPClient+Proxy.swift
[1837/1840] Compiling AsyncHTTPClient HTTPClient+StructuredConcurrency.swift
[1838/1840] Compiling AsyncHTTPClient HTTPClient.swift
[1839/1840] Compiling AsyncHTTPClient HTTPClientConfiguration+SwiftConfiguration.swift
[1840/1840] Compiling AsyncHTTPClient HTTPHandler.swift
error: emit-module command failed with exit code 1 (use -v to see invocation)
[1842/1888] Emitting module TPInAppReceipt
/host/spi-builder-workspace/Sources/Extensions/Date+Extension.swift:13:55: error: cannot find type 'ISO8601DateFormatter' in scope
11 | }
12 |
13 | private nonisolated(unsafe) let rfc3339DateFormatter: ISO8601DateFormatter = {
   |                                                       `- error: cannot find type 'ISO8601DateFormatter' in scope
14 |     let formatter = ISO8601DateFormatter()
15 |     formatter.formatOptions = .withInternetDateTime
/host/spi-builder-workspace/Sources/Extras.swift:64:23: error: cannot find type 'Date' in scope
 62 |     public func activeAutoRenewableSubscriptionPurchases(
 63 |         ofProductIdentifier productIdentifier: String,
 64 |         forDate date: Date
    |                       `- error: cannot find type 'Date' in scope
 65 |     ) -> InAppPurchase? {
 66 |         let filtered = purchases(ofProductIdentifier: productIdentifier)
/host/spi-builder-workspace/Sources/Extras.swift:114:23: error: cannot find type 'Date' in scope
112 |     public func hasActiveAutoRenewableSubscription(
113 |         ofProductIdentifier productIdentifier: String,
114 |         forDate date: Date
    |                       `- error: cannot find type 'Date' in scope
115 |     ) -> Bool {
116 |         activeAutoRenewableSubscriptionPurchases(
[1843/1894] Compiling TPInAppReceipt EncapsulatedContentInfo.swift
[1844/1894] Compiling TPInAppReceipt IssuerAndSerialNumber.swift
[1845/1894] Compiling TPInAppReceipt SignedData.swift
[1846/1894] Compiling TPInAppReceipt SignerIdentifier.swift
[1847/1894] Compiling TPInAppReceipt SignerInfo.swift
[1848/1894] Compiling TPInAppReceipt Time.swift
[1849/1894] Compiling TPInAppReceipt Version.swift
[1850/1894] Compiling TPInAppReceipt AppReceipt.swift
/host/spi-builder-workspace/Sources/Extras.swift:64:23: error: cannot find type 'Date' in scope
 62 |     public func activeAutoRenewableSubscriptionPurchases(
 63 |         ofProductIdentifier productIdentifier: String,
 64 |         forDate date: Date
    |                       `- error: cannot find type 'Date' in scope
 65 |     ) -> InAppPurchase? {
 66 |         let filtered = purchases(ofProductIdentifier: productIdentifier)
/host/spi-builder-workspace/Sources/Blocking/AppReceipt+Blocking.swift:120:61: error: type 'DeviceIdentifier' has no member 'data_blocking'
118 |         }
119 |
120 |         let deviceId = deviceIdentifier ?? DeviceIdentifier.data_blocking
    |                                                             `- error: type 'DeviceIdentifier' has no member 'data_blocking'
121 |
122 |         guard let deviceId else {
[1851/1894] Compiling TPInAppReceipt AppReceipt+Blocking.swift
/host/spi-builder-workspace/Sources/Extras.swift:64:23: error: cannot find type 'Date' in scope
 62 |     public func activeAutoRenewableSubscriptionPurchases(
 63 |         ofProductIdentifier productIdentifier: String,
 64 |         forDate date: Date
    |                       `- error: cannot find type 'Date' in scope
 65 |     ) -> InAppPurchase? {
 66 |         let filtered = purchases(ofProductIdentifier: productIdentifier)
/host/spi-builder-workspace/Sources/Blocking/AppReceipt+Blocking.swift:120:61: error: type 'DeviceIdentifier' has no member 'data_blocking'
118 |         }
119 |
120 |         let deviceId = deviceIdentifier ?? DeviceIdentifier.data_blocking
    |                                                             `- error: type 'DeviceIdentifier' has no member 'data_blocking'
121 |
122 |         guard let deviceId else {
[1852/1894] Compiling TPInAppReceipt AppReceiptField.swift
/host/spi-builder-workspace/Sources/Extras.swift:64:23: error: cannot find type 'Date' in scope
 62 |     public func activeAutoRenewableSubscriptionPurchases(
 63 |         ofProductIdentifier productIdentifier: String,
 64 |         forDate date: Date
    |                       `- error: cannot find type 'Date' in scope
 65 |     ) -> InAppPurchase? {
 66 |         let filtered = purchases(ofProductIdentifier: productIdentifier)
/host/spi-builder-workspace/Sources/Blocking/AppReceipt+Blocking.swift:120:61: error: type 'DeviceIdentifier' has no member 'data_blocking'
118 |         }
119 |
120 |         let deviceId = deviceIdentifier ?? DeviceIdentifier.data_blocking
    |                                                             `- error: type 'DeviceIdentifier' has no member 'data_blocking'
121 |
122 |         guard let deviceId else {
[1853/1894] Compiling TPInAppReceipt InAppPurchase.swift
/host/spi-builder-workspace/Sources/Extras.swift:64:23: error: cannot find type 'Date' in scope
 62 |     public func activeAutoRenewableSubscriptionPurchases(
 63 |         ofProductIdentifier productIdentifier: String,
 64 |         forDate date: Date
    |                       `- error: cannot find type 'Date' in scope
 65 |     ) -> InAppPurchase? {
 66 |         let filtered = purchases(ofProductIdentifier: productIdentifier)
/host/spi-builder-workspace/Sources/Blocking/AppReceipt+Blocking.swift:120:61: error: type 'DeviceIdentifier' has no member 'data_blocking'
118 |         }
119 |
120 |         let deviceId = deviceIdentifier ?? DeviceIdentifier.data_blocking
    |                                                             `- error: type 'DeviceIdentifier' has no member 'data_blocking'
121 |
122 |         guard let deviceId else {
[1854/1894] Compiling TPInAppReceipt AlgorithmIdentifier.swift
/host/spi-builder-workspace/Sources/Extras.swift:64:23: error: cannot find type 'Date' in scope
 62 |     public func activeAutoRenewableSubscriptionPurchases(
 63 |         ofProductIdentifier productIdentifier: String,
 64 |         forDate date: Date
    |                       `- error: cannot find type 'Date' in scope
 65 |     ) -> InAppPurchase? {
 66 |         let filtered = purchases(ofProductIdentifier: productIdentifier)
/host/spi-builder-workspace/Sources/Blocking/AppReceipt+Blocking.swift:120:61: error: type 'DeviceIdentifier' has no member 'data_blocking'
118 |         }
119 |
120 |         let deviceId = deviceIdentifier ?? DeviceIdentifier.data_blocking
    |                                                             `- error: type 'DeviceIdentifier' has no member 'data_blocking'
121 |
122 |         guard let deviceId else {
[1855/1894] Compiling TPInAppReceipt Attribute.swift
/host/spi-builder-workspace/Sources/Extras.swift:64:23: error: cannot find type 'Date' in scope
 62 |     public func activeAutoRenewableSubscriptionPurchases(
 63 |         ofProductIdentifier productIdentifier: String,
 64 |         forDate date: Date
    |                       `- error: cannot find type 'Date' in scope
 65 |     ) -> InAppPurchase? {
 66 |         let filtered = purchases(ofProductIdentifier: productIdentifier)
/host/spi-builder-workspace/Sources/Blocking/AppReceipt+Blocking.swift:120:61: error: type 'DeviceIdentifier' has no member 'data_blocking'
118 |         }
119 |
120 |         let deviceId = deviceIdentifier ?? DeviceIdentifier.data_blocking
    |                                                             `- error: type 'DeviceIdentifier' has no member 'data_blocking'
121 |
122 |         guard let deviceId else {
[1856/1894] Compiling TPInAppReceipt ContentInfo.swift
/host/spi-builder-workspace/Sources/Extras.swift:64:23: error: cannot find type 'Date' in scope
 62 |     public func activeAutoRenewableSubscriptionPurchases(
 63 |         ofProductIdentifier productIdentifier: String,
 64 |         forDate date: Date
    |                       `- error: cannot find type 'Date' in scope
 65 |     ) -> InAppPurchase? {
 66 |         let filtered = purchases(ofProductIdentifier: productIdentifier)
/host/spi-builder-workspace/Sources/Blocking/AppReceipt+Blocking.swift:120:61: error: type 'DeviceIdentifier' has no member 'data_blocking'
118 |         }
119 |
120 |         let deviceId = deviceIdentifier ?? DeviceIdentifier.data_blocking
    |                                                             `- error: type 'DeviceIdentifier' has no member 'data_blocking'
121 |
122 |         guard let deviceId else {
[1857/1894] Compiling TPInAppReceipt HashVerifier.swift
[1858/1894] Compiling TPInAppReceipt ReceiptHashVerifier.swift
[1859/1894] Compiling TPInAppReceipt MetaVerifier.swift
[1860/1894] Compiling TPInAppReceipt ReceiptMetaVerifier.swift
[1861/1894] Compiling TPInAppReceipt ReceiptSignatureVerifier.swift
[1862/1894] Compiling TPInAppReceipt Sec_SignatureVerifier.swift
[1863/1894] Compiling TPInAppReceipt Decoding.swift
/host/spi-builder-workspace/Sources/Decoding.swift:45:36: error: cannot find 'Bundle' in scope
43 |     public static var local: AppReceipt {
44 |         get async throws(AppReceiptError) {
45 |             guard let data = await Bundle.main.appStoreReceiptData() else {
   |                                    `- error: cannot find 'Bundle' in scope
46 |                 throw AppReceiptError.appStoreReceiptNotFound
47 |             }
/host/spi-builder-workspace/Sources/Extensions/Data+Extension.swift:9:19: error: cannot find 'URLSession' in scope
 7 | extension Data {
 8 |     static func readBytes(from url: URL) async throws -> Data {
 9 |         try await URLSession.shared.data(from: url).0
   |                   `- error: cannot find 'URLSession' in scope
10 |     }
11 | }
/host/spi-builder-workspace/Sources/Extensions/Data+Extension.swift:9:13: warning: no 'async' operations occur within 'await' expression
 7 | extension Data {
 8 |     static func readBytes(from url: URL) async throws -> Data {
 9 |         try await URLSession.shared.data(from: url).0
   |             `- warning: no 'async' operations occur within 'await' expression
10 |     }
11 | }
/host/spi-builder-workspace/Sources/Extensions/Data+Extension.swift:9:9: warning: no calls to throwing functions occur within 'try' expression
 7 | extension Data {
 8 |     static func readBytes(from url: URL) async throws -> Data {
 9 |         try await URLSession.shared.data(from: url).0
   |         `- warning: no calls to throwing functions occur within 'try' expression
10 |     }
11 | }
/host/spi-builder-workspace/Sources/Extensions/Date+Extension.swift:13:55: error: cannot find type 'ISO8601DateFormatter' in scope
11 | }
12 |
13 | private nonisolated(unsafe) let rfc3339DateFormatter: ISO8601DateFormatter = {
   |                                                       `- error: cannot find type 'ISO8601DateFormatter' in scope
14 |     let formatter = ISO8601DateFormatter()
15 |     formatter.formatOptions = .withInternetDateTime
[1864/1894] Compiling TPInAppReceipt Error.swift
/host/spi-builder-workspace/Sources/Decoding.swift:45:36: error: cannot find 'Bundle' in scope
43 |     public static var local: AppReceipt {
44 |         get async throws(AppReceiptError) {
45 |             guard let data = await Bundle.main.appStoreReceiptData() else {
   |                                    `- error: cannot find 'Bundle' in scope
46 |                 throw AppReceiptError.appStoreReceiptNotFound
47 |             }
/host/spi-builder-workspace/Sources/Extensions/Data+Extension.swift:9:19: error: cannot find 'URLSession' in scope
 7 | extension Data {
 8 |     static func readBytes(from url: URL) async throws -> Data {
 9 |         try await URLSession.shared.data(from: url).0
   |                   `- error: cannot find 'URLSession' in scope
10 |     }
11 | }
/host/spi-builder-workspace/Sources/Extensions/Data+Extension.swift:9:13: warning: no 'async' operations occur within 'await' expression
 7 | extension Data {
 8 |     static func readBytes(from url: URL) async throws -> Data {
 9 |         try await URLSession.shared.data(from: url).0
   |             `- warning: no 'async' operations occur within 'await' expression
10 |     }
11 | }
/host/spi-builder-workspace/Sources/Extensions/Data+Extension.swift:9:9: warning: no calls to throwing functions occur within 'try' expression
 7 | extension Data {
 8 |     static func readBytes(from url: URL) async throws -> Data {
 9 |         try await URLSession.shared.data(from: url).0
   |         `- warning: no calls to throwing functions occur within 'try' expression
10 |     }
11 | }
/host/spi-builder-workspace/Sources/Extensions/Date+Extension.swift:13:55: error: cannot find type 'ISO8601DateFormatter' in scope
11 | }
12 |
13 | private nonisolated(unsafe) let rfc3339DateFormatter: ISO8601DateFormatter = {
   |                                                       `- error: cannot find type 'ISO8601DateFormatter' in scope
14 |     let formatter = ISO8601DateFormatter()
15 |     formatter.formatOptions = .withInternetDateTime
[1865/1894] Compiling TPInAppReceipt Bundle+Extension.swift
/host/spi-builder-workspace/Sources/Decoding.swift:45:36: error: cannot find 'Bundle' in scope
43 |     public static var local: AppReceipt {
44 |         get async throws(AppReceiptError) {
45 |             guard let data = await Bundle.main.appStoreReceiptData() else {
   |                                    `- error: cannot find 'Bundle' in scope
46 |                 throw AppReceiptError.appStoreReceiptNotFound
47 |             }
/host/spi-builder-workspace/Sources/Extensions/Data+Extension.swift:9:19: error: cannot find 'URLSession' in scope
 7 | extension Data {
 8 |     static func readBytes(from url: URL) async throws -> Data {
 9 |         try await URLSession.shared.data(from: url).0
   |                   `- error: cannot find 'URLSession' in scope
10 |     }
11 | }
/host/spi-builder-workspace/Sources/Extensions/Data+Extension.swift:9:13: warning: no 'async' operations occur within 'await' expression
 7 | extension Data {
 8 |     static func readBytes(from url: URL) async throws -> Data {
 9 |         try await URLSession.shared.data(from: url).0
   |             `- warning: no 'async' operations occur within 'await' expression
10 |     }
11 | }
/host/spi-builder-workspace/Sources/Extensions/Data+Extension.swift:9:9: warning: no calls to throwing functions occur within 'try' expression
 7 | extension Data {
 8 |     static func readBytes(from url: URL) async throws -> Data {
 9 |         try await URLSession.shared.data(from: url).0
   |         `- warning: no calls to throwing functions occur within 'try' expression
10 |     }
11 | }
/host/spi-builder-workspace/Sources/Extensions/Date+Extension.swift:13:55: error: cannot find type 'ISO8601DateFormatter' in scope
11 | }
12 |
13 | private nonisolated(unsafe) let rfc3339DateFormatter: ISO8601DateFormatter = {
   |                                                       `- error: cannot find type 'ISO8601DateFormatter' in scope
14 |     let formatter = ISO8601DateFormatter()
15 |     formatter.formatOptions = .withInternetDateTime
[1866/1894] Compiling TPInAppReceipt Data+Extension.swift
/host/spi-builder-workspace/Sources/Decoding.swift:45:36: error: cannot find 'Bundle' in scope
43 |     public static var local: AppReceipt {
44 |         get async throws(AppReceiptError) {
45 |             guard let data = await Bundle.main.appStoreReceiptData() else {
   |                                    `- error: cannot find 'Bundle' in scope
46 |                 throw AppReceiptError.appStoreReceiptNotFound
47 |             }
/host/spi-builder-workspace/Sources/Extensions/Data+Extension.swift:9:19: error: cannot find 'URLSession' in scope
 7 | extension Data {
 8 |     static func readBytes(from url: URL) async throws -> Data {
 9 |         try await URLSession.shared.data(from: url).0
   |                   `- error: cannot find 'URLSession' in scope
10 |     }
11 | }
/host/spi-builder-workspace/Sources/Extensions/Data+Extension.swift:9:13: warning: no 'async' operations occur within 'await' expression
 7 | extension Data {
 8 |     static func readBytes(from url: URL) async throws -> Data {
 9 |         try await URLSession.shared.data(from: url).0
   |             `- warning: no 'async' operations occur within 'await' expression
10 |     }
11 | }
/host/spi-builder-workspace/Sources/Extensions/Data+Extension.swift:9:9: warning: no calls to throwing functions occur within 'try' expression
 7 | extension Data {
 8 |     static func readBytes(from url: URL) async throws -> Data {
 9 |         try await URLSession.shared.data(from: url).0
   |         `- warning: no calls to throwing functions occur within 'try' expression
10 |     }
11 | }
/host/spi-builder-workspace/Sources/Extensions/Date+Extension.swift:13:55: error: cannot find type 'ISO8601DateFormatter' in scope
11 | }
12 |
13 | private nonisolated(unsafe) let rfc3339DateFormatter: ISO8601DateFormatter = {
   |                                                       `- error: cannot find type 'ISO8601DateFormatter' in scope
14 |     let formatter = ISO8601DateFormatter()
15 |     formatter.formatOptions = .withInternetDateTime
[1867/1894] Compiling TPInAppReceipt Date+Extension.swift
/host/spi-builder-workspace/Sources/Decoding.swift:45:36: error: cannot find 'Bundle' in scope
43 |     public static var local: AppReceipt {
44 |         get async throws(AppReceiptError) {
45 |             guard let data = await Bundle.main.appStoreReceiptData() else {
   |                                    `- error: cannot find 'Bundle' in scope
46 |                 throw AppReceiptError.appStoreReceiptNotFound
47 |             }
/host/spi-builder-workspace/Sources/Extensions/Data+Extension.swift:9:19: error: cannot find 'URLSession' in scope
 7 | extension Data {
 8 |     static func readBytes(from url: URL) async throws -> Data {
 9 |         try await URLSession.shared.data(from: url).0
   |                   `- error: cannot find 'URLSession' in scope
10 |     }
11 | }
/host/spi-builder-workspace/Sources/Extensions/Data+Extension.swift:9:13: warning: no 'async' operations occur within 'await' expression
 7 | extension Data {
 8 |     static func readBytes(from url: URL) async throws -> Data {
 9 |         try await URLSession.shared.data(from: url).0
   |             `- warning: no 'async' operations occur within 'await' expression
10 |     }
11 | }
/host/spi-builder-workspace/Sources/Extensions/Data+Extension.swift:9:9: warning: no calls to throwing functions occur within 'try' expression
 7 | extension Data {
 8 |     static func readBytes(from url: URL) async throws -> Data {
 9 |         try await URLSession.shared.data(from: url).0
   |         `- warning: no calls to throwing functions occur within 'try' expression
10 |     }
11 | }
/host/spi-builder-workspace/Sources/Extensions/Date+Extension.swift:13:55: error: cannot find type 'ISO8601DateFormatter' in scope
11 | }
12 |
13 | private nonisolated(unsafe) let rfc3339DateFormatter: ISO8601DateFormatter = {
   |                                                       `- error: cannot find type 'ISO8601DateFormatter' in scope
14 |     let formatter = ISO8601DateFormatter()
15 |     formatter.formatOptions = .withInternetDateTime
[1868/1894] Compiling TPInAppReceipt UUID+Extension.swift
/host/spi-builder-workspace/Sources/Decoding.swift:45:36: error: cannot find 'Bundle' in scope
43 |     public static var local: AppReceipt {
44 |         get async throws(AppReceiptError) {
45 |             guard let data = await Bundle.main.appStoreReceiptData() else {
   |                                    `- error: cannot find 'Bundle' in scope
46 |                 throw AppReceiptError.appStoreReceiptNotFound
47 |             }
/host/spi-builder-workspace/Sources/Extensions/Data+Extension.swift:9:19: error: cannot find 'URLSession' in scope
 7 | extension Data {
 8 |     static func readBytes(from url: URL) async throws -> Data {
 9 |         try await URLSession.shared.data(from: url).0
   |                   `- error: cannot find 'URLSession' in scope
10 |     }
11 | }
/host/spi-builder-workspace/Sources/Extensions/Data+Extension.swift:9:13: warning: no 'async' operations occur within 'await' expression
 7 | extension Data {
 8 |     static func readBytes(from url: URL) async throws -> Data {
 9 |         try await URLSession.shared.data(from: url).0
   |             `- warning: no 'async' operations occur within 'await' expression
10 |     }
11 | }
/host/spi-builder-workspace/Sources/Extensions/Data+Extension.swift:9:9: warning: no calls to throwing functions occur within 'try' expression
 7 | extension Data {
 8 |     static func readBytes(from url: URL) async throws -> Data {
 9 |         try await URLSession.shared.data(from: url).0
   |         `- warning: no calls to throwing functions occur within 'try' expression
10 |     }
11 | }
/host/spi-builder-workspace/Sources/Extensions/Date+Extension.swift:13:55: error: cannot find type 'ISO8601DateFormatter' in scope
11 | }
12 |
13 | private nonisolated(unsafe) let rfc3339DateFormatter: ISO8601DateFormatter = {
   |                                                       `- error: cannot find type 'ISO8601DateFormatter' in scope
14 |     let formatter = ISO8601DateFormatter()
15 |     formatter.formatOptions = .withInternetDateTime
[1869/1894] Compiling TPInAppReceipt X509_SignatureVerifier.swift
/host/spi-builder-workspace/Sources/Validator/Validator.swift:116:19: error: cannot find 'SecChainVerifier' in scope
114 |         let chainVerifier: ReceiptVerifier =
115 |             (isBlockingApi || environment == .xcode)
116 |             ? try SecChainVerifier(rootCertificates: [rootCertificate])
    |                   `- error: cannot find 'SecChainVerifier' in scope
117 |             : try X509ChainVerifier(rootCertificates: [rootCertificate])
118 |
/host/spi-builder-workspace/Sources/Validator/Validator.swift:121:29: error: cannot find 'SecSignatureVerifier' in scope
119 |         return ReceiptValidator {
120 |             chainVerifier
121 |             isBlockingApi ? SecSignatureVerifier() : SignatureVerifier()
    |                             `- error: cannot find 'SecSignatureVerifier' in scope
122 |             #if !targetEnvironment(simulator)
123 |             HashVerifier(deviceIdentifier: deviceIdentifier)
/host/spi-builder-workspace/Sources/Validator/Validator.swift:127:41: error: cannot find 'nativeAppVersionProvider' in scope
125 |             if needsMetadataVerification {
126 |                 MetaVerifier(
127 |                     appVersionProvider: nativeAppVersionProvider,
    |                                         `- error: cannot find 'nativeAppVersionProvider' in scope
128 |                     bundleIdentifierProvider: nativeBundleIdentifierProvider
129 |                 )
/host/spi-builder-workspace/Sources/Validator/Validator.swift:128:47: error: cannot find 'nativeBundleIdentifierProvider' in scope
126 |                 MetaVerifier(
127 |                     appVersionProvider: nativeAppVersionProvider,
128 |                     bundleIdentifierProvider: nativeBundleIdentifierProvider
    |                                               `- error: cannot find 'nativeBundleIdentifierProvider' in scope
129 |                 )
130 |             }
[1870/1894] Compiling TPInAppReceipt ReceiptValidatable.swift
/host/spi-builder-workspace/Sources/Validator/Validator.swift:116:19: error: cannot find 'SecChainVerifier' in scope
114 |         let chainVerifier: ReceiptVerifier =
115 |             (isBlockingApi || environment == .xcode)
116 |             ? try SecChainVerifier(rootCertificates: [rootCertificate])
    |                   `- error: cannot find 'SecChainVerifier' in scope
117 |             : try X509ChainVerifier(rootCertificates: [rootCertificate])
118 |
/host/spi-builder-workspace/Sources/Validator/Validator.swift:121:29: error: cannot find 'SecSignatureVerifier' in scope
119 |         return ReceiptValidator {
120 |             chainVerifier
121 |             isBlockingApi ? SecSignatureVerifier() : SignatureVerifier()
    |                             `- error: cannot find 'SecSignatureVerifier' in scope
122 |             #if !targetEnvironment(simulator)
123 |             HashVerifier(deviceIdentifier: deviceIdentifier)
/host/spi-builder-workspace/Sources/Validator/Validator.swift:127:41: error: cannot find 'nativeAppVersionProvider' in scope
125 |             if needsMetadataVerification {
126 |                 MetaVerifier(
127 |                     appVersionProvider: nativeAppVersionProvider,
    |                                         `- error: cannot find 'nativeAppVersionProvider' in scope
128 |                     bundleIdentifierProvider: nativeBundleIdentifierProvider
129 |                 )
/host/spi-builder-workspace/Sources/Validator/Validator.swift:128:47: error: cannot find 'nativeBundleIdentifierProvider' in scope
126 |                 MetaVerifier(
127 |                     appVersionProvider: nativeAppVersionProvider,
128 |                     bundleIdentifierProvider: nativeBundleIdentifierProvider
    |                                               `- error: cannot find 'nativeBundleIdentifierProvider' in scope
129 |                 )
130 |             }
[1871/1894] Compiling TPInAppReceipt ReceiptVerifier.swift
/host/spi-builder-workspace/Sources/Validator/Validator.swift:116:19: error: cannot find 'SecChainVerifier' in scope
114 |         let chainVerifier: ReceiptVerifier =
115 |             (isBlockingApi || environment == .xcode)
116 |             ? try SecChainVerifier(rootCertificates: [rootCertificate])
    |                   `- error: cannot find 'SecChainVerifier' in scope
117 |             : try X509ChainVerifier(rootCertificates: [rootCertificate])
118 |
/host/spi-builder-workspace/Sources/Validator/Validator.swift:121:29: error: cannot find 'SecSignatureVerifier' in scope
119 |         return ReceiptValidator {
120 |             chainVerifier
121 |             isBlockingApi ? SecSignatureVerifier() : SignatureVerifier()
    |                             `- error: cannot find 'SecSignatureVerifier' in scope
122 |             #if !targetEnvironment(simulator)
123 |             HashVerifier(deviceIdentifier: deviceIdentifier)
/host/spi-builder-workspace/Sources/Validator/Validator.swift:127:41: error: cannot find 'nativeAppVersionProvider' in scope
125 |             if needsMetadataVerification {
126 |                 MetaVerifier(
127 |                     appVersionProvider: nativeAppVersionProvider,
    |                                         `- error: cannot find 'nativeAppVersionProvider' in scope
128 |                     bundleIdentifierProvider: nativeBundleIdentifierProvider
129 |                 )
/host/spi-builder-workspace/Sources/Validator/Validator.swift:128:47: error: cannot find 'nativeBundleIdentifierProvider' in scope
126 |                 MetaVerifier(
127 |                     appVersionProvider: nativeAppVersionProvider,
128 |                     bundleIdentifierProvider: nativeBundleIdentifierProvider
    |                                               `- error: cannot find 'nativeBundleIdentifierProvider' in scope
129 |                 )
130 |             }
[1872/1894] Compiling TPInAppReceipt Validator.swift
/host/spi-builder-workspace/Sources/Validator/Validator.swift:116:19: error: cannot find 'SecChainVerifier' in scope
114 |         let chainVerifier: ReceiptVerifier =
115 |             (isBlockingApi || environment == .xcode)
116 |             ? try SecChainVerifier(rootCertificates: [rootCertificate])
    |                   `- error: cannot find 'SecChainVerifier' in scope
117 |             : try X509ChainVerifier(rootCertificates: [rootCertificate])
118 |
/host/spi-builder-workspace/Sources/Validator/Validator.swift:121:29: error: cannot find 'SecSignatureVerifier' in scope
119 |         return ReceiptValidator {
120 |             chainVerifier
121 |             isBlockingApi ? SecSignatureVerifier() : SignatureVerifier()
    |                             `- error: cannot find 'SecSignatureVerifier' in scope
122 |             #if !targetEnvironment(simulator)
123 |             HashVerifier(deviceIdentifier: deviceIdentifier)
/host/spi-builder-workspace/Sources/Validator/Validator.swift:127:41: error: cannot find 'nativeAppVersionProvider' in scope
125 |             if needsMetadataVerification {
126 |                 MetaVerifier(
127 |                     appVersionProvider: nativeAppVersionProvider,
    |                                         `- error: cannot find 'nativeAppVersionProvider' in scope
128 |                     bundleIdentifierProvider: nativeBundleIdentifierProvider
129 |                 )
/host/spi-builder-workspace/Sources/Validator/Validator.swift:128:47: error: cannot find 'nativeBundleIdentifierProvider' in scope
126 |                 MetaVerifier(
127 |                     appVersionProvider: nativeAppVersionProvider,
128 |                     bundleIdentifierProvider: nativeBundleIdentifierProvider
    |                                               `- error: cannot find 'nativeBundleIdentifierProvider' in scope
129 |                 )
130 |             }
[1873/1894] Compiling TPInAppReceipt VerifierBuilder.swift
/host/spi-builder-workspace/Sources/Validator/Validator.swift:116:19: error: cannot find 'SecChainVerifier' in scope
114 |         let chainVerifier: ReceiptVerifier =
115 |             (isBlockingApi || environment == .xcode)
116 |             ? try SecChainVerifier(rootCertificates: [rootCertificate])
    |                   `- error: cannot find 'SecChainVerifier' in scope
117 |             : try X509ChainVerifier(rootCertificates: [rootCertificate])
118 |
/host/spi-builder-workspace/Sources/Validator/Validator.swift:121:29: error: cannot find 'SecSignatureVerifier' in scope
119 |         return ReceiptValidator {
120 |             chainVerifier
121 |             isBlockingApi ? SecSignatureVerifier() : SignatureVerifier()
    |                             `- error: cannot find 'SecSignatureVerifier' in scope
122 |             #if !targetEnvironment(simulator)
123 |             HashVerifier(deviceIdentifier: deviceIdentifier)
/host/spi-builder-workspace/Sources/Validator/Validator.swift:127:41: error: cannot find 'nativeAppVersionProvider' in scope
125 |             if needsMetadataVerification {
126 |                 MetaVerifier(
127 |                     appVersionProvider: nativeAppVersionProvider,
    |                                         `- error: cannot find 'nativeAppVersionProvider' in scope
128 |                     bundleIdentifierProvider: nativeBundleIdentifierProvider
129 |                 )
/host/spi-builder-workspace/Sources/Validator/Validator.swift:128:47: error: cannot find 'nativeBundleIdentifierProvider' in scope
126 |                 MetaVerifier(
127 |                     appVersionProvider: nativeAppVersionProvider,
128 |                     bundleIdentifierProvider: nativeBundleIdentifierProvider
    |                                               `- error: cannot find 'nativeBundleIdentifierProvider' in scope
129 |                 )
130 |             }
[1874/1894] Compiling TPInAppReceipt resource_bundle_accessor.swift
/host/spi-builder-workspace/Sources/Validator/Validator.swift:116:19: error: cannot find 'SecChainVerifier' in scope
114 |         let chainVerifier: ReceiptVerifier =
115 |             (isBlockingApi || environment == .xcode)
116 |             ? try SecChainVerifier(rootCertificates: [rootCertificate])
    |                   `- error: cannot find 'SecChainVerifier' in scope
117 |             : try X509ChainVerifier(rootCertificates: [rootCertificate])
118 |
/host/spi-builder-workspace/Sources/Validator/Validator.swift:121:29: error: cannot find 'SecSignatureVerifier' in scope
119 |         return ReceiptValidator {
120 |             chainVerifier
121 |             isBlockingApi ? SecSignatureVerifier() : SignatureVerifier()
    |                             `- error: cannot find 'SecSignatureVerifier' in scope
122 |             #if !targetEnvironment(simulator)
123 |             HashVerifier(deviceIdentifier: deviceIdentifier)
/host/spi-builder-workspace/Sources/Validator/Validator.swift:127:41: error: cannot find 'nativeAppVersionProvider' in scope
125 |             if needsMetadataVerification {
126 |                 MetaVerifier(
127 |                     appVersionProvider: nativeAppVersionProvider,
    |                                         `- error: cannot find 'nativeAppVersionProvider' in scope
128 |                     bundleIdentifierProvider: nativeBundleIdentifierProvider
129 |                 )
/host/spi-builder-workspace/Sources/Validator/Validator.swift:128:47: error: cannot find 'nativeBundleIdentifierProvider' in scope
126 |                 MetaVerifier(
127 |                     appVersionProvider: nativeAppVersionProvider,
128 |                     bundleIdentifierProvider: nativeBundleIdentifierProvider
    |                                               `- error: cannot find 'nativeBundleIdentifierProvider' in scope
129 |                 )
130 |             }
[1875/1894] Compiling TPInAppReceipt ReceiptPayload.swift
[1876/1894] Compiling TPInAppReceipt AppReceiptDecoder.swift
[1877/1894] Compiling TPInAppReceipt AlgorithmIdentifier+SwiftASN1.swift
[1878/1894] Compiling TPInAppReceipt Attribute+SwiftASN1.swift
[1879/1894] Compiling TPInAppReceipt ContentInfo+SwiftASN1.swift
[1880/1894] Compiling TPInAppReceipt EncapsulatedContentInfo+SwiftASN1.swift
[1881/1894] Compiling TPInAppReceipt InAppPurchase+SwiftASN1.swift
[1882/1894] Compiling TPInAppReceipt InAppReceiptPayload+SwiftASN1.swift
[1883/1894] Compiling TPInAppReceipt IssuerAndSerialNumber+SwiftASN1.swift
[1884/1894] Compiling TPInAppReceipt SignedData+SwiftASN1.swift
[1885/1894] Compiling TPInAppReceipt SignerIdentifier+SwiftASN1.swift
[1886/1894] Compiling TPInAppReceipt SignerInfo+SwiftASN1.swift
[1887/1894] Compiling TPInAppReceipt Time+SwiftASN1.swift
[1888/1894] Compiling TPInAppReceipt SwiftASN1ReceiptDecoder.swift
[1889/1894] Compiling TPInAppReceipt Extras.swift
/host/spi-builder-workspace/Sources/Extras.swift:64:23: error: cannot find type 'Date' in scope
 62 |     public func activeAutoRenewableSubscriptionPurchases(
 63 |         ofProductIdentifier productIdentifier: String,
 64 |         forDate date: Date
    |                       `- error: cannot find type 'Date' in scope
 65 |     ) -> InAppPurchase? {
 66 |         let filtered = purchases(ofProductIdentifier: productIdentifier)
/host/spi-builder-workspace/Sources/Extras.swift:114:23: error: cannot find type 'Date' in scope
112 |     public func hasActiveAutoRenewableSubscription(
113 |         ofProductIdentifier productIdentifier: String,
114 |         forDate date: Date
    |                       `- error: cannot find type 'Date' in scope
115 |     ) -> Bool {
116 |         activeAutoRenewableSubscriptionPurchases(
/host/spi-builder-workspace/Sources/Extras.swift:90:27: error: cannot find type 'TimeInterval' in scope
 88 |         let filtered = purchases(ofProductIdentifier: productIdentifier)
 89 |
 90 |         var lastInterval: TimeInterval = 0
    |                           `- error: cannot find type 'TimeInterval' in scope
 91 |         for iap in filtered {
 92 |             if let thisInterval = iap.subscriptionExpirationDate?.timeIntervalSince1970 {
/host/spi-builder-workspace/Sources/Extras.swift:116:9: error: cannot call value of non-function type '[InAppPurchase]'
114 |         forDate date: Date
115 |     ) -> Bool {
116 |         activeAutoRenewableSubscriptionPurchases(
    |         `- error: cannot call value of non-function type '[InAppPurchase]'
117 |             ofProductIdentifier: productIdentifier,
118 |             forDate: date
/host/spi-builder-workspace/Sources/Validation.swift:117:43: error: type 'DeviceIdentifier' has no member 'data'
115 |     fileprivate static func deviceIdentifier(using deviceIdentifier: Data?) async -> Data? {
116 |         guard let deviceIdentifier else {
117 |             return await DeviceIdentifier.data
    |                                           `- error: type 'DeviceIdentifier' has no member 'data'
118 |         }
119 |
/host/spi-builder-workspace/Sources/Validation.swift:117:20: warning: no 'async' operations occur within 'await' expression
115 |     fileprivate static func deviceIdentifier(using deviceIdentifier: Data?) async -> Data? {
116 |         guard let deviceIdentifier else {
117 |             return await DeviceIdentifier.data
    |                    `- warning: no 'async' operations occur within 'await' expression
118 |         }
119 |
[1890/1894] Compiling TPInAppReceipt Validation.swift
/host/spi-builder-workspace/Sources/Extras.swift:64:23: error: cannot find type 'Date' in scope
 62 |     public func activeAutoRenewableSubscriptionPurchases(
 63 |         ofProductIdentifier productIdentifier: String,
 64 |         forDate date: Date
    |                       `- error: cannot find type 'Date' in scope
 65 |     ) -> InAppPurchase? {
 66 |         let filtered = purchases(ofProductIdentifier: productIdentifier)
/host/spi-builder-workspace/Sources/Extras.swift:114:23: error: cannot find type 'Date' in scope
112 |     public func hasActiveAutoRenewableSubscription(
113 |         ofProductIdentifier productIdentifier: String,
114 |         forDate date: Date
    |                       `- error: cannot find type 'Date' in scope
115 |     ) -> Bool {
116 |         activeAutoRenewableSubscriptionPurchases(
/host/spi-builder-workspace/Sources/Extras.swift:90:27: error: cannot find type 'TimeInterval' in scope
 88 |         let filtered = purchases(ofProductIdentifier: productIdentifier)
 89 |
 90 |         var lastInterval: TimeInterval = 0
    |                           `- error: cannot find type 'TimeInterval' in scope
 91 |         for iap in filtered {
 92 |             if let thisInterval = iap.subscriptionExpirationDate?.timeIntervalSince1970 {
/host/spi-builder-workspace/Sources/Extras.swift:116:9: error: cannot call value of non-function type '[InAppPurchase]'
114 |         forDate date: Date
115 |     ) -> Bool {
116 |         activeAutoRenewableSubscriptionPurchases(
    |         `- error: cannot call value of non-function type '[InAppPurchase]'
117 |             ofProductIdentifier: productIdentifier,
118 |             forDate: date
/host/spi-builder-workspace/Sources/Validation.swift:117:43: error: type 'DeviceIdentifier' has no member 'data'
115 |     fileprivate static func deviceIdentifier(using deviceIdentifier: Data?) async -> Data? {
116 |         guard let deviceIdentifier else {
117 |             return await DeviceIdentifier.data
    |                                           `- error: type 'DeviceIdentifier' has no member 'data'
118 |         }
119 |
/host/spi-builder-workspace/Sources/Validation.swift:117:20: warning: no 'async' operations occur within 'await' expression
115 |     fileprivate static func deviceIdentifier(using deviceIdentifier: Data?) async -> Data? {
116 |         guard let deviceIdentifier else {
117 |             return await DeviceIdentifier.data
    |                    `- warning: no 'async' operations occur within 'await' expression
118 |         }
119 |
[1891/1894] Compiling TPInAppReceipt ReceiptChainVerifier.swift
/host/spi-builder-workspace/Sources/Extras.swift:64:23: error: cannot find type 'Date' in scope
 62 |     public func activeAutoRenewableSubscriptionPurchases(
 63 |         ofProductIdentifier productIdentifier: String,
 64 |         forDate date: Date
    |                       `- error: cannot find type 'Date' in scope
 65 |     ) -> InAppPurchase? {
 66 |         let filtered = purchases(ofProductIdentifier: productIdentifier)
/host/spi-builder-workspace/Sources/Extras.swift:114:23: error: cannot find type 'Date' in scope
112 |     public func hasActiveAutoRenewableSubscription(
113 |         ofProductIdentifier productIdentifier: String,
114 |         forDate date: Date
    |                       `- error: cannot find type 'Date' in scope
115 |     ) -> Bool {
116 |         activeAutoRenewableSubscriptionPurchases(
/host/spi-builder-workspace/Sources/Extras.swift:90:27: error: cannot find type 'TimeInterval' in scope
 88 |         let filtered = purchases(ofProductIdentifier: productIdentifier)
 89 |
 90 |         var lastInterval: TimeInterval = 0
    |                           `- error: cannot find type 'TimeInterval' in scope
 91 |         for iap in filtered {
 92 |             if let thisInterval = iap.subscriptionExpirationDate?.timeIntervalSince1970 {
/host/spi-builder-workspace/Sources/Extras.swift:116:9: error: cannot call value of non-function type '[InAppPurchase]'
114 |         forDate date: Date
115 |     ) -> Bool {
116 |         activeAutoRenewableSubscriptionPurchases(
    |         `- error: cannot call value of non-function type '[InAppPurchase]'
117 |             ofProductIdentifier: productIdentifier,
118 |             forDate: date
/host/spi-builder-workspace/Sources/Validation.swift:117:43: error: type 'DeviceIdentifier' has no member 'data'
115 |     fileprivate static func deviceIdentifier(using deviceIdentifier: Data?) async -> Data? {
116 |         guard let deviceIdentifier else {
117 |             return await DeviceIdentifier.data
    |                                           `- error: type 'DeviceIdentifier' has no member 'data'
118 |         }
119 |
/host/spi-builder-workspace/Sources/Validation.swift:117:20: warning: no 'async' operations occur within 'await' expression
115 |     fileprivate static func deviceIdentifier(using deviceIdentifier: Data?) async -> Data? {
116 |         guard let deviceIdentifier else {
117 |             return await DeviceIdentifier.data
    |                    `- warning: no 'async' operations occur within 'await' expression
118 |         }
119 |
[1892/1894] Compiling TPInAppReceipt Sec_ChainVerifier.swift
/host/spi-builder-workspace/Sources/Extras.swift:64:23: error: cannot find type 'Date' in scope
 62 |     public func activeAutoRenewableSubscriptionPurchases(
 63 |         ofProductIdentifier productIdentifier: String,
 64 |         forDate date: Date
    |                       `- error: cannot find type 'Date' in scope
 65 |     ) -> InAppPurchase? {
 66 |         let filtered = purchases(ofProductIdentifier: productIdentifier)
/host/spi-builder-workspace/Sources/Extras.swift:114:23: error: cannot find type 'Date' in scope
112 |     public func hasActiveAutoRenewableSubscription(
113 |         ofProductIdentifier productIdentifier: String,
114 |         forDate date: Date
    |                       `- error: cannot find type 'Date' in scope
115 |     ) -> Bool {
116 |         activeAutoRenewableSubscriptionPurchases(
/host/spi-builder-workspace/Sources/Extras.swift:90:27: error: cannot find type 'TimeInterval' in scope
 88 |         let filtered = purchases(ofProductIdentifier: productIdentifier)
 89 |
 90 |         var lastInterval: TimeInterval = 0
    |                           `- error: cannot find type 'TimeInterval' in scope
 91 |         for iap in filtered {
 92 |             if let thisInterval = iap.subscriptionExpirationDate?.timeIntervalSince1970 {
/host/spi-builder-workspace/Sources/Extras.swift:116:9: error: cannot call value of non-function type '[InAppPurchase]'
114 |         forDate date: Date
115 |     ) -> Bool {
116 |         activeAutoRenewableSubscriptionPurchases(
    |         `- error: cannot call value of non-function type '[InAppPurchase]'
117 |             ofProductIdentifier: productIdentifier,
118 |             forDate: date
/host/spi-builder-workspace/Sources/Validation.swift:117:43: error: type 'DeviceIdentifier' has no member 'data'
115 |     fileprivate static func deviceIdentifier(using deviceIdentifier: Data?) async -> Data? {
116 |         guard let deviceIdentifier else {
117 |             return await DeviceIdentifier.data
    |                                           `- error: type 'DeviceIdentifier' has no member 'data'
118 |         }
119 |
/host/spi-builder-workspace/Sources/Validation.swift:117:20: warning: no 'async' operations occur within 'await' expression
115 |     fileprivate static func deviceIdentifier(using deviceIdentifier: Data?) async -> Data? {
116 |         guard let deviceIdentifier else {
117 |             return await DeviceIdentifier.data
    |                    `- warning: no 'async' operations occur within 'await' expression
118 |         }
119 |
[1893/1894] Compiling TPInAppReceipt X509_ChainVerifier.swift
/host/spi-builder-workspace/Sources/Extras.swift:64:23: error: cannot find type 'Date' in scope
 62 |     public func activeAutoRenewableSubscriptionPurchases(
 63 |         ofProductIdentifier productIdentifier: String,
 64 |         forDate date: Date
    |                       `- error: cannot find type 'Date' in scope
 65 |     ) -> InAppPurchase? {
 66 |         let filtered = purchases(ofProductIdentifier: productIdentifier)
/host/spi-builder-workspace/Sources/Extras.swift:114:23: error: cannot find type 'Date' in scope
112 |     public func hasActiveAutoRenewableSubscription(
113 |         ofProductIdentifier productIdentifier: String,
114 |         forDate date: Date
    |                       `- error: cannot find type 'Date' in scope
115 |     ) -> Bool {
116 |         activeAutoRenewableSubscriptionPurchases(
/host/spi-builder-workspace/Sources/Extras.swift:90:27: error: cannot find type 'TimeInterval' in scope
 88 |         let filtered = purchases(ofProductIdentifier: productIdentifier)
 89 |
 90 |         var lastInterval: TimeInterval = 0
    |                           `- error: cannot find type 'TimeInterval' in scope
 91 |         for iap in filtered {
 92 |             if let thisInterval = iap.subscriptionExpirationDate?.timeIntervalSince1970 {
/host/spi-builder-workspace/Sources/Extras.swift:116:9: error: cannot call value of non-function type '[InAppPurchase]'
114 |         forDate date: Date
115 |     ) -> Bool {
116 |         activeAutoRenewableSubscriptionPurchases(
    |         `- error: cannot call value of non-function type '[InAppPurchase]'
117 |             ofProductIdentifier: productIdentifier,
118 |             forDate: date
/host/spi-builder-workspace/Sources/Validation.swift:117:43: error: type 'DeviceIdentifier' has no member 'data'
115 |     fileprivate static func deviceIdentifier(using deviceIdentifier: Data?) async -> Data? {
116 |         guard let deviceIdentifier else {
117 |             return await DeviceIdentifier.data
    |                                           `- error: type 'DeviceIdentifier' has no member 'data'
118 |         }
119 |
/host/spi-builder-workspace/Sources/Validation.swift:117:20: warning: no 'async' operations occur within 'await' expression
115 |     fileprivate static func deviceIdentifier(using deviceIdentifier: Data?) async -> Data? {
116 |         guard let deviceIdentifier else {
117 |             return await DeviceIdentifier.data
    |                    `- warning: no 'async' operations occur within 'await' expression
118 |         }
119 |
[1894/1894] Compiling TPInAppReceipt DeviceIdentifier.swift
/host/spi-builder-workspace/Sources/Extras.swift:64:23: error: cannot find type 'Date' in scope
 62 |     public func activeAutoRenewableSubscriptionPurchases(
 63 |         ofProductIdentifier productIdentifier: String,
 64 |         forDate date: Date
    |                       `- error: cannot find type 'Date' in scope
 65 |     ) -> InAppPurchase? {
 66 |         let filtered = purchases(ofProductIdentifier: productIdentifier)
/host/spi-builder-workspace/Sources/Extras.swift:114:23: error: cannot find type 'Date' in scope
112 |     public func hasActiveAutoRenewableSubscription(
113 |         ofProductIdentifier productIdentifier: String,
114 |         forDate date: Date
    |                       `- error: cannot find type 'Date' in scope
115 |     ) -> Bool {
116 |         activeAutoRenewableSubscriptionPurchases(
/host/spi-builder-workspace/Sources/Extras.swift:90:27: error: cannot find type 'TimeInterval' in scope
 88 |         let filtered = purchases(ofProductIdentifier: productIdentifier)
 89 |
 90 |         var lastInterval: TimeInterval = 0
    |                           `- error: cannot find type 'TimeInterval' in scope
 91 |         for iap in filtered {
 92 |             if let thisInterval = iap.subscriptionExpirationDate?.timeIntervalSince1970 {
/host/spi-builder-workspace/Sources/Extras.swift:116:9: error: cannot call value of non-function type '[InAppPurchase]'
114 |         forDate date: Date
115 |     ) -> Bool {
116 |         activeAutoRenewableSubscriptionPurchases(
    |         `- error: cannot call value of non-function type '[InAppPurchase]'
117 |             ofProductIdentifier: productIdentifier,
118 |             forDate: date
/host/spi-builder-workspace/Sources/Validation.swift:117:43: error: type 'DeviceIdentifier' has no member 'data'
115 |     fileprivate static func deviceIdentifier(using deviceIdentifier: Data?) async -> Data? {
116 |         guard let deviceIdentifier else {
117 |             return await DeviceIdentifier.data
    |                                           `- error: type 'DeviceIdentifier' has no member 'data'
118 |         }
119 |
/host/spi-builder-workspace/Sources/Validation.swift:117:20: warning: no 'async' operations occur within 'await' expression
115 |     fileprivate static func deviceIdentifier(using deviceIdentifier: Data?) async -> Data? {
116 |         guard let deviceIdentifier else {
117 |             return await DeviceIdentifier.data
    |                    `- warning: no 'async' operations occur within 'await' expression
118 |         }
119 |
BUILD FAILURE 6.2 android