Build Information
Failed to build ResponseDetective, reference 1.5.1 (f4c120), with Swift 6.4 for visionOS using Xcode 27.0 on 18 Sep 2026 14:42:46 UTC.
Build Command
env DEVELOPER_DIR=/Applications/Xcode-27.0.0-Release.Candidate.app xcrun xcodebuild -IDEClonedSourcePackagesDirPathOverride=$PWD/.dependencies -skipMacroValidation -skipPackagePluginValidation -derivedDataPath $PWD/.derivedData build -scheme ResponseDetective -destination generic/platform=xrOSBuild Log
========================================
RunAll
========================================
Builder version: 5.1.0
Interrupt handler set up.
========================================
Checkout
========================================
Clone URL: https://github.com/netguru/ResponseDetective.git
Reference: 1.5.1
Initialized empty Git repository in /Users/admin/builder/spi-builder-workspace/.git/
From https://github.com/netguru/ResponseDetective
* tag 1.5.1 -> FETCH_HEAD
HEAD is now at f4c120e Merge pull request #64 from mattboran/feature/swiftpm
Cloned https://github.com/netguru/ResponseDetective.git
Revision (git rev-parse @):
f4c120ea136221cdb12e690bcc87cf987a66ef0f
SUCCESS checkout https://github.com/netguru/ResponseDetective.git at 1.5.1
========================================
Build
========================================
Selected platform: visionOS
Swift version: 6.4
Building package at path: $PWD
https://github.com/netguru/ResponseDetective.git
Command line invocation:
/Applications/Xcode-27.0.0-Release.Candidate.app/Contents/Developer/usr/bin/xcodebuild -IDEClonedSourcePackagesDirPathOverride=/Users/admin/builder/spi-builder-workspace/.dependencies -resolvePackageDependencies
resolved source packages:
{
"dependencies" : [
{
"identity" : "quick",
"requirement" : {
"exact" : [
"3.0.0"
]
},
"type" : "sourceControl",
"url" : "https://github.com/Quick/Quick.git"
},
{
"identity" : "nimble",
"requirement" : {
"exact" : [
"9.0.0"
]
},
"type" : "sourceControl",
"url" : "https://github.com/Quick/Nimble.git"
},
{
"identity" : "ohhttpstubs",
"requirement" : {
"exact" : [
"9.1.0"
]
},
"type" : "sourceControl",
"url" : "https://github.com/AliSoftware/OHHTTPStubs.git"
}
],
"manifest_display_name" : "ResponseDetective",
"name" : "ResponseDetective",
"path" : "/Users/admin/builder/spi-builder-workspace",
"platforms" : [
{
"name" : "ios",
"version" : "8.0"
},
{
"name" : "macos",
"version" : "10.10"
},
{
"name" : "tvos",
"version" : "9.0"
}
],
"products" : [
{
"name" : "ResponseDetective",
"targets" : [
"ResponseDetective",
"ResponseDetectiveObjC"
],
"type" : {
"library" : [
"automatic"
]
}
}
],
"targets" : [
{
"c99name" : "ResponseDetectiveTests",
"module_type" : "SwiftTarget",
"name" : "ResponseDetectiveTests",
"path" : "ResponseDetective",
"product_dependencies" : [
"Quick",
"Nimble",
"OHHTTPStubs"
],
"sources" : [
"Tests/Additions/TestBodyDeserializer.swift",
"Tests/Specs/BufferOutputFacilitySpec.swift",
"Tests/Specs/ConsoleOutputFacilitySpec.swift",
"Tests/Specs/ErrorRepresentationSpec.swift",
"Tests/Specs/HTMLBodyDeserializerSpec.swift",
"Tests/Specs/ImageBodyDeserializerSpec.swift",
"Tests/Specs/JSONBodyDeserializerSpec.swift",
"Tests/Specs/PlaintextBodyDeserializerSpec.swift",
"Tests/Specs/RequestRepresentationSpec.swift",
"Tests/Specs/ResponseDetectiveSpec.swift",
"Tests/Specs/ResponseRepresentationSpec.swift",
"Tests/Specs/URLEncodedBodyDeserializerSpec.swift",
"Tests/Specs/XMLBodyDeserializerSpec.swift"
],
"target_dependencies" : [
"ResponseDetective",
"ResponseDetectiveObjC"
],
"type" : "test"
},
{
"c99name" : "ResponseDetectiveObjC",
"module_type" : "ClangTarget",
"name" : "ResponseDetectiveObjC",
"path" : "ResponseDetective",
"product_memberships" : [
"ResponseDetective"
],
"sources" : [
"Sources/RDTHTMLBodyDeserializer.m",
"Sources/RDTXMLBodyDeserializer.m"
],
"type" : "library"
},
{
"c99name" : "ResponseDetective",
"module_type" : "SwiftTarget",
"name" : "ResponseDetective",
"path" : "ResponseDetective",
"product_memberships" : [
"ResponseDetective"
],
"sources" : [
"Sources/BufferOutputFacility.swift",
"Sources/ConsoleOutputFacility.swift",
"Sources/Dictionary.swift",
"Sources/ErrorRepresentation.swift",
"Sources/ImageBodyDeserializer.swift",
"Sources/JSONBodyDeserializer.swift",
"Sources/OutputFacility.swift",
"Sources/PlaintextBodyDeserializer.swift",
"Sources/RequestRepresentation.swift",
"Sources/ResponseDetective.swift",
"Sources/ResponseRepresentation.swift",
"Sources/URLEncodedBodyDeserializer.swift",
"Sources/URLProtocol.swift"
],
"target_dependencies" : [
"ResponseDetectiveObjC"
],
"type" : "library"
}
],
"tools_version" : "5.3"
}
{
"project" : {
"configurations" : [
"Debug",
"Release"
],
"name" : "ResponseDetective",
"schemes" : [
"ResponseDetective-iOS",
"ResponseDetective-macOS",
"ResponseDetective-tvOS"
],
"targets" : [
"ResponseDetective-iOS",
"ResponseDetective-iOS-Tests",
"ResponseDetective-macOS",
"ResponseDetective-macOS-Tests",
"ResponseDetective-tvOS",
"ResponseDetective-tvOS-Tests"
]
}
}
{
"workspace" : {
"name" : "ResponseDetective",
"schemes" : [
"ResponseDetective"
]
}
}
2026-09-18 10:42:31.516 xcodebuild[645:4139] [MT] IDERunDestination: Supported platforms for the buildables in the current scheme is empty.
Running build ...
env DEVELOPER_DIR=/Applications/Xcode-27.0.0-Release.Candidate.app xcrun xcodebuild -IDEClonedSourcePackagesDirPathOverride=$PWD/.dependencies -skipMacroValidation -skipPackagePluginValidation -derivedDataPath $PWD/.derivedData build -scheme ResponseDetective -destination generic/platform=xrOS
Command line invocation:
/Applications/Xcode-27.0.0-Release.Candidate.app/Contents/Developer/usr/bin/xcodebuild -IDEClonedSourcePackagesDirPathOverride=/Users/admin/builder/spi-builder-workspace/.dependencies -skipMacroValidation -skipPackagePluginValidation -derivedDataPath /Users/admin/builder/spi-builder-workspace/.derivedData build -scheme ResponseDetective -destination generic/platform=xrOS
Resolve Package Graph
Resolve Package Graph
Resolved source packages:
Quick: https://github.com/Quick/Quick.git @ 3.0.0
CwlPreconditionTesting: https://github.com/mattgallagher/CwlPreconditionTesting.git @ 2.2.2
CwlCatchException: https://github.com/mattgallagher/CwlCatchException.git @ 2.2.1
ResponseDetective: /Users/admin/builder/spi-builder-workspace
OHHTTPStubs: https://github.com/AliSoftware/OHHTTPStubs.git @ 9.1.0
Nimble: https://github.com/Quick/Nimble.git @ 9.0.0
ComputePackagePrebuildTargetDependencyGraph
Prepare packages
CreateBuildRequest
SendProjectDescription
CreateBuildOperation
ComputeTargetDependencyGraph
note: Building targets in dependency order
note: Target dependency graph (3 targets)
Target 'ResponseDetective-product' in project 'ResponseDetective'
➜ Explicit dependency on target 'ResponseDetective' in project 'ResponseDetective'
➜ Explicit dependency on target 'ResponseDetectiveObjC' in project 'ResponseDetective'
Target 'ResponseDetective' in project 'ResponseDetective'
➜ Explicit dependency on target 'ResponseDetectiveObjC' in project 'ResponseDetective'
Target 'ResponseDetectiveObjC' in project 'ResponseDetective' (no dependencies)
GatherProvisioningInputs
CreateBuildDescription
ExecuteExternalTool /Applications/Xcode-27.0.0-Release.Candidate.app/Contents/Developer/Toolchains/XcodeDefault.xctoolchain/usr/bin/clang -v -E -dM -isysroot /Applications/Xcode-27.0.0-Release.Candidate.app/Contents/Developer/Platforms/XROS.platform/Developer/SDKs/XROS27.0.sdk -x c -c /dev/null
ExecuteExternalTool /Applications/Xcode-27.0.0-Release.Candidate.app/Contents/Developer/Toolchains/XcodeDefault.xctoolchain/usr/bin/clang -v -E -dM -arch arm64 -isysroot /Applications/Xcode-27.0.0-Release.Candidate.app/Contents/Developer/Platforms/XROS.platform/Developer/SDKs/XROS27.0.sdk -x objective-c -c /dev/null
ExecuteExternalTool /Applications/Xcode-27.0.0-Release.Candidate.app/Contents/Developer/Toolchains/XcodeDefault.xctoolchain/usr/bin/swiftc --version
ExecuteExternalTool /Applications/Xcode-27.0.0-Release.Candidate.app/Contents/Developer/Toolchains/XcodeDefault.xctoolchain/usr/bin/clang -v -E -dM -arch arm64 -isysroot /Applications/Xcode-27.0.0-Release.Candidate.app/Contents/Developer/Platforms/XROS.platform/Developer/SDKs/XROS27.0.sdk -x c -c /dev/null
ExecuteExternalTool /Applications/Xcode-27.0.0-Release.Candidate.app/Contents/Developer/Toolchains/XcodeDefault.xctoolchain/usr/bin/ld -version_details
Build description signature: a34dbf917ce393dd25b8201200ff19e5
Build description path: /Users/admin/builder/spi-builder-workspace/.derivedData/Build/Intermediates.noindex/XCBuildData/a34dbf917ce393dd25b8201200ff19e5.xcbuilddata
CreateBuildDirectory /Users/admin/builder/spi-builder-workspace/.derivedData/SDKExplicitPrecompiledModules
cd /Users/admin/builder/spi-builder-workspace/.swiftpm/xcode
builtin-create-build-directory /Users/admin/builder/spi-builder-workspace/.derivedData/SDKExplicitPrecompiledModules
CreateBuildDirectory /Users/admin/builder/spi-builder-workspace/.derivedData/ModuleCache.noindex
cd /Users/admin/builder/spi-builder-workspace/.swiftpm/xcode
builtin-create-build-directory /Users/admin/builder/spi-builder-workspace/.derivedData/ModuleCache.noindex
CreateBuildDirectory /Users/admin/builder/spi-builder-workspace/.derivedData/CompilationCache.noindex
cd /Users/admin/builder/spi-builder-workspace/.swiftpm/xcode
builtin-create-build-directory /Users/admin/builder/spi-builder-workspace/.derivedData/CompilationCache.noindex
CreateBuildDirectory /Users/admin/builder/spi-builder-workspace/.derivedData/Build/Intermediates.noindex
cd /Users/admin/builder/spi-builder-workspace/.swiftpm/xcode
builtin-create-build-directory /Users/admin/builder/spi-builder-workspace/.derivedData/Build/Intermediates.noindex
CreateBuildDirectory /Users/admin/builder/spi-builder-workspace/.derivedData/Build/Products
cd /Users/admin/builder/spi-builder-workspace/.swiftpm/xcode
builtin-create-build-directory /Users/admin/builder/spi-builder-workspace/.derivedData/Build/Products
ClangStatCache /Applications/Xcode-27.0.0-Release.Candidate.app/Contents/Developer/Toolchains/XcodeDefault.xctoolchain/usr/bin/clang-stat-cache /Applications/Xcode-27.0.0-Release.Candidate.app/Contents/Developer/Platforms/XROS.platform/Developer/SDKs/XROS27.0.sdk /Users/admin/builder/spi-builder-workspace/.derivedData/SDKStatCaches.noindex/xros27.0-24M361-e829b21a6f8c9b70876ba0858053c044735bd543db762f57723cac368afd1ce4.sdkstatcache
cd /Users/admin/builder/spi-builder-workspace/.swiftpm/xcode
/Applications/Xcode-27.0.0-Release.Candidate.app/Contents/Developer/Toolchains/XcodeDefault.xctoolchain/usr/bin/clang-stat-cache /Applications/Xcode-27.0.0-Release.Candidate.app/Contents/Developer/Platforms/XROS.platform/Developer/SDKs/XROS27.0.sdk -o /Users/admin/builder/spi-builder-workspace/.derivedData/SDKStatCaches.noindex/xros27.0-24M361-e829b21a6f8c9b70876ba0858053c044735bd543db762f57723cac368afd1ce4.sdkstatcache
CreateBuildDirectory /Users/admin/builder/spi-builder-workspace/.derivedData/Build/Intermediates.noindex/PrecompiledHeaders
cd /Users/admin/builder/spi-builder-workspace/.swiftpm/xcode
builtin-create-build-directory /Users/admin/builder/spi-builder-workspace/.derivedData/Build/Intermediates.noindex/PrecompiledHeaders
CreateBuildDirectory /Users/admin/builder/spi-builder-workspace/.derivedData/Build/Intermediates.noindex/SwiftExplicitPrecompiledModules
cd /Users/admin/builder/spi-builder-workspace/.swiftpm/xcode
builtin-create-build-directory /Users/admin/builder/spi-builder-workspace/.derivedData/Build/Intermediates.noindex/SwiftExplicitPrecompiledModules
CreateBuildDirectory /Users/admin/builder/spi-builder-workspace/.derivedData/Build/Intermediates.noindex/ExplicitPrecompiledModules
cd /Users/admin/builder/spi-builder-workspace/.swiftpm/xcode
builtin-create-build-directory /Users/admin/builder/spi-builder-workspace/.derivedData/Build/Intermediates.noindex/ExplicitPrecompiledModules
CreateBuildDirectory /Users/admin/builder/spi-builder-workspace/.derivedData/Build/Intermediates.noindex/EagerLinkingTBDs/Debug-xros
cd /Users/admin/builder/spi-builder-workspace/.swiftpm/xcode
builtin-create-build-directory /Users/admin/builder/spi-builder-workspace/.derivedData/Build/Intermediates.noindex/EagerLinkingTBDs/Debug-xros
CreateBuildDirectory /Users/admin/builder/spi-builder-workspace/.derivedData/Build/Products/Debug-xros
cd /Users/admin/builder/spi-builder-workspace/.swiftpm/xcode
builtin-create-build-directory /Users/admin/builder/spi-builder-workspace/.derivedData/Build/Products/Debug-xros
CreateBuildDirectory /Users/admin/builder/spi-builder-workspace/.derivedData/Build/Products/Debug-xros/PackageFrameworks
cd /Users/admin/builder/spi-builder-workspace/.swiftpm/xcode
builtin-create-build-directory /Users/admin/builder/spi-builder-workspace/.derivedData/Build/Products/Debug-xros/PackageFrameworks
WriteAuxiliaryFile /Users/admin/builder/spi-builder-workspace/.derivedData/Build/Intermediates.noindex/ResponseDetective.build/Debug-xros/ResponseDetectiveObjC-t.build/ResponseDetectiveObjC.DependencyMetadataFileList (in target 'ResponseDetectiveObjC' from project 'ResponseDetective')
cd /Users/admin/builder/spi-builder-workspace
write-file /Users/admin/builder/spi-builder-workspace/.derivedData/Build/Intermediates.noindex/ResponseDetective.build/Debug-xros/ResponseDetectiveObjC-t.build/ResponseDetectiveObjC.DependencyMetadataFileList
WriteAuxiliaryFile /Users/admin/builder/spi-builder-workspace/.derivedData/Build/Intermediates.noindex/ResponseDetective.build/Debug-xros/ResponseDetectiveObjC-t.build/ResponseDetectiveObjC.modulemap (in target 'ResponseDetectiveObjC' from project 'ResponseDetective')
cd /Users/admin/builder/spi-builder-workspace
write-file /Users/admin/builder/spi-builder-workspace/.derivedData/Build/Intermediates.noindex/ResponseDetective.build/Debug-xros/ResponseDetectiveObjC-t.build/ResponseDetectiveObjC.modulemap
WriteAuxiliaryFile /Users/admin/builder/spi-builder-workspace/.derivedData/Build/Intermediates.noindex/ResponseDetective.build/Debug-xros/ResponseDetectiveObjC-t.build/ResponseDetectiveObjC.DependencyStaticMetadataFileList (in target 'ResponseDetectiveObjC' from project 'ResponseDetective')
cd /Users/admin/builder/spi-builder-workspace
write-file /Users/admin/builder/spi-builder-workspace/.derivedData/Build/Intermediates.noindex/ResponseDetective.build/Debug-xros/ResponseDetectiveObjC-t.build/ResponseDetectiveObjC.DependencyStaticMetadataFileList
WriteAuxiliaryFile /Users/admin/builder/spi-builder-workspace/.derivedData/Build/Intermediates.noindex/ResponseDetective.build/Debug-xros/ResponseDetective-t.build/ResponseDetective.DependencyMetadataFileList (in target 'ResponseDetective' from project 'ResponseDetective')
cd /Users/admin/builder/spi-builder-workspace
write-file /Users/admin/builder/spi-builder-workspace/.derivedData/Build/Intermediates.noindex/ResponseDetective.build/Debug-xros/ResponseDetective-t.build/ResponseDetective.DependencyMetadataFileList
WriteAuxiliaryFile /Users/admin/builder/spi-builder-workspace/.derivedData/Build/Intermediates.noindex/ResponseDetective.build/Debug-xros/ResponseDetective-t.build/ResponseDetective.DependencyStaticMetadataFileList (in target 'ResponseDetective' from project 'ResponseDetective')
cd /Users/admin/builder/spi-builder-workspace
write-file /Users/admin/builder/spi-builder-workspace/.derivedData/Build/Intermediates.noindex/ResponseDetective.build/Debug-xros/ResponseDetective-t.build/ResponseDetective.DependencyStaticMetadataFileList
WriteAuxiliaryFile /Users/admin/builder/spi-builder-workspace/.derivedData/Build/Intermediates.noindex/ResponseDetective.build/Debug-xros/ResponseDetective-t.build/ResponseDetective.modulemap (in target 'ResponseDetective' from project 'ResponseDetective')
cd /Users/admin/builder/spi-builder-workspace
write-file /Users/admin/builder/spi-builder-workspace/.derivedData/Build/Intermediates.noindex/ResponseDetective.build/Debug-xros/ResponseDetective-t.build/ResponseDetective.modulemap
WriteAuxiliaryFile /Users/admin/builder/spi-builder-workspace/.derivedData/Build/Intermediates.noindex/ResponseDetective.build/Debug-xros/ResponseDetectiveObjC-t.build/Objects-normal/arm64/e6072d4f65d7061329687fe24e3d63a7-common-args.resp (in target 'ResponseDetectiveObjC' from project 'ResponseDetective')
cd /Users/admin/builder/spi-builder-workspace
write-file /Users/admin/builder/spi-builder-workspace/.derivedData/Build/Intermediates.noindex/ResponseDetective.build/Debug-xros/ResponseDetectiveObjC-t.build/Objects-normal/arm64/e6072d4f65d7061329687fe24e3d63a7-common-args.resp
-fobjc-arc -fmodules -gmodules '-fmodules-cache-path=/Users/admin/builder/spi-builder-workspace/.derivedData/ModuleCache.noindex' '-fmodule-name=ResponseDetectiveObjC' -fpascal-strings -O0 -DSWIFT_PACKAGE '-DDEBUG=1' '-DOBJC_OLD_DISPATCH_PROTOTYPES=1' -g -fprofile-instr-generate -fcoverage-mapping -I/Users/admin/builder/spi-builder-workspace/.derivedData/Build/Products/Debug-xros/include -I/Users/admin/builder/spi-builder-workspace/ResponseDetective/include -I/Users/admin/builder/spi-builder-workspace/ResponseDetective/ResponseDetective/Sources -I/Users/admin/builder/spi-builder-workspace/ResponseDetective/ResponseDetective -I/Users/admin/builder/spi-builder-workspace/.derivedData/Build/Intermediates.noindex/ResponseDetective.build/Debug-xros/ResponseDetectiveObjC-t.build/DerivedSources-normal/arm64 -I/Users/admin/builder/spi-builder-workspace/.derivedData/Build/Intermediates.noindex/ResponseDetective.build/Debug-xros/ResponseDetectiveObjC-t.build/DerivedSources/arm64 -I/Users/admin/builder/spi-builder-workspace/.derivedData/Build/Intermediates.noindex/ResponseDetective.build/Debug-xros/ResponseDetectiveObjC-t.build/DerivedSources -F/Users/admin/builder/spi-builder-workspace/.derivedData/Build/Products/Debug-xros -iframework /Applications/Xcode-27.0.0-Release.Candidate.app/Contents/Developer/Platforms/XROS.platform/Developer/Library/Frameworks -iframework /Applications/Xcode-27.0.0-Release.Candidate.app/Contents/Developer/Platforms/XROS.platform/Developer/SDKs/XROS27.0.sdk/Developer/Library/Frameworks -DXcode
WriteAuxiliaryFile /Users/admin/builder/spi-builder-workspace/.derivedData/Build/Intermediates.noindex/ResponseDetective.build/Debug-xros/ResponseDetectiveObjC-t.build/Objects-normal/arm64/ResponseDetectiveObjC.LinkFileList (in target 'ResponseDetectiveObjC' from project 'ResponseDetective')
cd /Users/admin/builder/spi-builder-workspace
write-file /Users/admin/builder/spi-builder-workspace/.derivedData/Build/Intermediates.noindex/ResponseDetective.build/Debug-xros/ResponseDetectiveObjC-t.build/Objects-normal/arm64/ResponseDetectiveObjC.LinkFileList
WriteAuxiliaryFile /Users/admin/builder/spi-builder-workspace/.derivedData/Build/Intermediates.noindex/ResponseDetective.build/Debug-xros/ResponseDetective-t.build/Objects-normal/arm64/ResponseDetective_const_extract_protocols.json (in target 'ResponseDetective' from project 'ResponseDetective')
cd /Users/admin/builder/spi-builder-workspace
write-file /Users/admin/builder/spi-builder-workspace/.derivedData/Build/Intermediates.noindex/ResponseDetective.build/Debug-xros/ResponseDetective-t.build/Objects-normal/arm64/ResponseDetective_const_extract_protocols.json
WriteAuxiliaryFile /Users/admin/builder/spi-builder-workspace/.derivedData/Build/Intermediates.noindex/ResponseDetective.build/Debug-xros/ResponseDetective-t.build/Objects-normal/arm64/ResponseDetective.SwiftFileList (in target 'ResponseDetective' from project 'ResponseDetective')
cd /Users/admin/builder/spi-builder-workspace
write-file /Users/admin/builder/spi-builder-workspace/.derivedData/Build/Intermediates.noindex/ResponseDetective.build/Debug-xros/ResponseDetective-t.build/Objects-normal/arm64/ResponseDetective.SwiftFileList
WriteAuxiliaryFile /Users/admin/builder/spi-builder-workspace/.derivedData/Build/Intermediates.noindex/ResponseDetective.build/Debug-xros/ResponseDetective-t.build/Objects-normal/arm64/ResponseDetective.SwiftConstValuesFileList (in target 'ResponseDetective' from project 'ResponseDetective')
cd /Users/admin/builder/spi-builder-workspace
write-file /Users/admin/builder/spi-builder-workspace/.derivedData/Build/Intermediates.noindex/ResponseDetective.build/Debug-xros/ResponseDetective-t.build/Objects-normal/arm64/ResponseDetective.SwiftConstValuesFileList
WriteAuxiliaryFile /Users/admin/builder/spi-builder-workspace/.derivedData/Build/Intermediates.noindex/ResponseDetective.build/Debug-xros/ResponseDetective-t.build/Objects-normal/arm64/ResponseDetective.LinkFileList (in target 'ResponseDetective' from project 'ResponseDetective')
cd /Users/admin/builder/spi-builder-workspace
write-file /Users/admin/builder/spi-builder-workspace/.derivedData/Build/Intermediates.noindex/ResponseDetective.build/Debug-xros/ResponseDetective-t.build/Objects-normal/arm64/ResponseDetective.LinkFileList
WriteAuxiliaryFile /Users/admin/builder/spi-builder-workspace/.derivedData/Build/Intermediates.noindex/ResponseDetective.build/Debug-xros/ResponseDetective-t.build/Objects-normal/arm64/ResponseDetective-OutputFileMap.json (in target 'ResponseDetective' from project 'ResponseDetective')
cd /Users/admin/builder/spi-builder-workspace
write-file /Users/admin/builder/spi-builder-workspace/.derivedData/Build/Intermediates.noindex/ResponseDetective.build/Debug-xros/ResponseDetective-t.build/Objects-normal/arm64/ResponseDetective-OutputFileMap.json
Copy /Users/admin/builder/spi-builder-workspace/.derivedData/Build/Intermediates.noindex/GeneratedModuleMaps-xros/ResponseDetective.modulemap /Users/admin/builder/spi-builder-workspace/.derivedData/Build/Intermediates.noindex/ResponseDetective.build/Debug-xros/ResponseDetective-t.build/ResponseDetective.modulemap (in target 'ResponseDetective' from project 'ResponseDetective')
cd /Users/admin/builder/spi-builder-workspace
builtin-copy -exclude .DS_Store -exclude CVS -exclude .svn -exclude .git -exclude .hg -resolve-src-symlinks /Users/admin/builder/spi-builder-workspace/.derivedData/Build/Intermediates.noindex/ResponseDetective.build/Debug-xros/ResponseDetective-t.build/ResponseDetective.modulemap /Users/admin/builder/spi-builder-workspace/.derivedData/Build/Intermediates.noindex/GeneratedModuleMaps-xros
Copy /Users/admin/builder/spi-builder-workspace/.derivedData/Build/Intermediates.noindex/GeneratedModuleMaps-xros/ResponseDetectiveObjC.modulemap /Users/admin/builder/spi-builder-workspace/.derivedData/Build/Intermediates.noindex/ResponseDetective.build/Debug-xros/ResponseDetectiveObjC-t.build/ResponseDetectiveObjC.modulemap (in target 'ResponseDetectiveObjC' from project 'ResponseDetective')
cd /Users/admin/builder/spi-builder-workspace
builtin-copy -exclude .DS_Store -exclude CVS -exclude .svn -exclude .git -exclude .hg -resolve-src-symlinks /Users/admin/builder/spi-builder-workspace/.derivedData/Build/Intermediates.noindex/ResponseDetective.build/Debug-xros/ResponseDetectiveObjC-t.build/ResponseDetectiveObjC.modulemap /Users/admin/builder/spi-builder-workspace/.derivedData/Build/Intermediates.noindex/GeneratedModuleMaps-xros
ScanDependencies /Users/admin/builder/spi-builder-workspace/.derivedData/Build/Intermediates.noindex/ResponseDetective.build/Debug-xros/ResponseDetectiveObjC-t.build/Objects-normal/arm64/RDTXMLBodyDeserializer.o /Users/admin/builder/spi-builder-workspace/ResponseDetective/Sources/RDTXMLBodyDeserializer.m normal arm64 objective-c com.apple.compilers.llvm.clang.1_0.compiler (in target 'ResponseDetectiveObjC' from project 'ResponseDetective')
cd /Users/admin/builder/spi-builder-workspace/.swiftpm/xcode
Using response file: /Users/admin/builder/spi-builder-workspace/.derivedData/Build/Intermediates.noindex/ResponseDetective.build/Debug-xros/ResponseDetectiveObjC-t.build/Objects-normal/arm64/e6072d4f65d7061329687fe24e3d63a7-common-args.resp
builtin-ScanDependencies -o /Users/admin/builder/spi-builder-workspace/.derivedData/Build/Intermediates.noindex/ResponseDetective.build/Debug-xros/ResponseDetectiveObjC-t.build/Objects-normal/arm64/RDTXMLBodyDeserializer.o.scan -- /Applications/Xcode-27.0.0-Release.Candidate.app/Contents/Developer/Toolchains/XcodeDefault.xctoolchain/usr/bin/clang -x objective-c -ivfsstatcache /Users/admin/builder/spi-builder-workspace/.derivedData/SDKStatCaches.noindex/xros27.0-24M361-e829b21a6f8c9b70876ba0858053c044735bd543db762f57723cac368afd1ce4.sdkstatcache -target arm64-apple-xros1.0 -fmessage-length\=0 -fdiagnostics-show-note-include-stack -fmacro-backtrace-limit\=0 -fno-color-diagnostics -fmodules-prune-interval\=86400 -fmodules-prune-after\=345600 -fbuild-session-file\=/Users/admin/builder/spi-builder-workspace/.derivedData/ModuleCache.noindex/Session.modulevalidation -fmodules-validate-once-per-build-session -Wnon-modular-include-in-framework-module -Werror\=non-modular-include-in-framework-module -Wno-trigraphs -Wno-missing-field-initializers -Wno-missing-prototypes -Wno-return-type -Wno-implicit-atomic-properties -Wno-objc-interface-ivars -Wno-arc-repeated-use-of-weak -Wno-missing-braces -Wparentheses -Wswitch -Wno-unused-function -Wno-unused-label -Wno-unused-parameter -Wno-unused-variable -Wunused-value -Wno-empty-body -Wno-uninitialized -Wno-unknown-pragmas -Wno-shadow -Wno-four-char-constants -Wno-conversion -Wno-constant-conversion -Wno-int-conversion -Wno-bool-conversion -Wno-enum-conversion -Wno-float-conversion -Wno-non-literal-null-conversion -Wno-objc-literal-conversion -Wshorten-64-to-32 -Wpointer-sign -Wno-newline-eof -Wno-selector -Wno-strict-selector-match -Wno-undeclared-selector -Wno-deprecated-implementations -Wno-implicit-fallthrough -isysroot /Applications/Xcode-27.0.0-Release.Candidate.app/Contents/Developer/Platforms/XROS.platform/Developer/SDKs/XROS27.0.sdk -fstrict-aliasing -Wprotocol -Wdeprecated-declarations -Wno-sign-conversion -Wno-infinite-recursion -Wno-comma -Wno-block-capture-autoreleasing -Wno-strict-prototypes -Wno-semicolon-before-method-body -index-store-path /Users/admin/builder/spi-builder-workspace/.derivedData/Index.noindex/DataStore @/Users/admin/builder/spi-builder-workspace/.derivedData/Build/Intermediates.noindex/ResponseDetective.build/Debug-xros/ResponseDetectiveObjC-t.build/Objects-normal/arm64/e6072d4f65d7061329687fe24e3d63a7-common-args.resp -MMD -MT dependencies -MF /Users/admin/builder/spi-builder-workspace/.derivedData/Build/Intermediates.noindex/ResponseDetective.build/Debug-xros/ResponseDetectiveObjC-t.build/Objects-normal/arm64/RDTXMLBodyDeserializer.d --serialize-diagnostics /Users/admin/builder/spi-builder-workspace/.derivedData/Build/Intermediates.noindex/ResponseDetective.build/Debug-xros/ResponseDetectiveObjC-t.build/Objects-normal/arm64/RDTXMLBodyDeserializer.dia -c /Users/admin/builder/spi-builder-workspace/ResponseDetective/Sources/RDTXMLBodyDeserializer.m -o /Users/admin/builder/spi-builder-workspace/.derivedData/Build/Intermediates.noindex/ResponseDetective.build/Debug-xros/ResponseDetectiveObjC-t.build/Objects-normal/arm64/RDTXMLBodyDeserializer.o -index-unit-output-path /ResponseDetective.build/Debug-xros/ResponseDetectiveObjC-t.build/Objects-normal/arm64/RDTXMLBodyDeserializer.o
ScanDependencies /Users/admin/builder/spi-builder-workspace/.derivedData/Build/Intermediates.noindex/ResponseDetective.build/Debug-xros/ResponseDetectiveObjC-t.build/Objects-normal/arm64/RDTHTMLBodyDeserializer.o /Users/admin/builder/spi-builder-workspace/ResponseDetective/Sources/RDTHTMLBodyDeserializer.m normal arm64 objective-c com.apple.compilers.llvm.clang.1_0.compiler (in target 'ResponseDetectiveObjC' from project 'ResponseDetective')
cd /Users/admin/builder/spi-builder-workspace/.swiftpm/xcode
Using response file: /Users/admin/builder/spi-builder-workspace/.derivedData/Build/Intermediates.noindex/ResponseDetective.build/Debug-xros/ResponseDetectiveObjC-t.build/Objects-normal/arm64/e6072d4f65d7061329687fe24e3d63a7-common-args.resp
builtin-ScanDependencies -o /Users/admin/builder/spi-builder-workspace/.derivedData/Build/Intermediates.noindex/ResponseDetective.build/Debug-xros/ResponseDetectiveObjC-t.build/Objects-normal/arm64/RDTHTMLBodyDeserializer.o.scan -- /Applications/Xcode-27.0.0-Release.Candidate.app/Contents/Developer/Toolchains/XcodeDefault.xctoolchain/usr/bin/clang -x objective-c -ivfsstatcache /Users/admin/builder/spi-builder-workspace/.derivedData/SDKStatCaches.noindex/xros27.0-24M361-e829b21a6f8c9b70876ba0858053c044735bd543db762f57723cac368afd1ce4.sdkstatcache -target arm64-apple-xros1.0 -fmessage-length\=0 -fdiagnostics-show-note-include-stack -fmacro-backtrace-limit\=0 -fno-color-diagnostics -fmodules-prune-interval\=86400 -fmodules-prune-after\=345600 -fbuild-session-file\=/Users/admin/builder/spi-builder-workspace/.derivedData/ModuleCache.noindex/Session.modulevalidation -fmodules-validate-once-per-build-session -Wnon-modular-include-in-framework-module -Werror\=non-modular-include-in-framework-module -Wno-trigraphs -Wno-missing-field-initializers -Wno-missing-prototypes -Wno-return-type -Wno-implicit-atomic-properties -Wno-objc-interface-ivars -Wno-arc-repeated-use-of-weak -Wno-missing-braces -Wparentheses -Wswitch -Wno-unused-function -Wno-unused-label -Wno-unused-parameter -Wno-unused-variable -Wunused-value -Wno-empty-body -Wno-uninitialized -Wno-unknown-pragmas -Wno-shadow -Wno-four-char-constants -Wno-conversion -Wno-constant-conversion -Wno-int-conversion -Wno-bool-conversion -Wno-enum-conversion -Wno-float-conversion -Wno-non-literal-null-conversion -Wno-objc-literal-conversion -Wshorten-64-to-32 -Wpointer-sign -Wno-newline-eof -Wno-selector -Wno-strict-selector-match -Wno-undeclared-selector -Wno-deprecated-implementations -Wno-implicit-fallthrough -isysroot /Applications/Xcode-27.0.0-Release.Candidate.app/Contents/Developer/Platforms/XROS.platform/Developer/SDKs/XROS27.0.sdk -fstrict-aliasing -Wprotocol -Wdeprecated-declarations -Wno-sign-conversion -Wno-infinite-recursion -Wno-comma -Wno-block-capture-autoreleasing -Wno-strict-prototypes -Wno-semicolon-before-method-body -index-store-path /Users/admin/builder/spi-builder-workspace/.derivedData/Index.noindex/DataStore @/Users/admin/builder/spi-builder-workspace/.derivedData/Build/Intermediates.noindex/ResponseDetective.build/Debug-xros/ResponseDetectiveObjC-t.build/Objects-normal/arm64/e6072d4f65d7061329687fe24e3d63a7-common-args.resp -MMD -MT dependencies -MF /Users/admin/builder/spi-builder-workspace/.derivedData/Build/Intermediates.noindex/ResponseDetective.build/Debug-xros/ResponseDetectiveObjC-t.build/Objects-normal/arm64/RDTHTMLBodyDeserializer.d --serialize-diagnostics /Users/admin/builder/spi-builder-workspace/.derivedData/Build/Intermediates.noindex/ResponseDetective.build/Debug-xros/ResponseDetectiveObjC-t.build/Objects-normal/arm64/RDTHTMLBodyDeserializer.dia -c /Users/admin/builder/spi-builder-workspace/ResponseDetective/Sources/RDTHTMLBodyDeserializer.m -o /Users/admin/builder/spi-builder-workspace/.derivedData/Build/Intermediates.noindex/ResponseDetective.build/Debug-xros/ResponseDetectiveObjC-t.build/Objects-normal/arm64/RDTHTMLBodyDeserializer.o -index-unit-output-path /ResponseDetective.build/Debug-xros/ResponseDetectiveObjC-t.build/Objects-normal/arm64/RDTHTMLBodyDeserializer.o
SwiftDriver ResponseDetective normal arm64 com.apple.xcode.tools.swift.compiler (in target 'ResponseDetective' from project 'ResponseDetective')
cd /Users/admin/builder/spi-builder-workspace/.swiftpm/xcode
builtin-SwiftDriver -- /Applications/Xcode-27.0.0-Release.Candidate.app/Contents/Developer/Toolchains/XcodeDefault.xctoolchain/usr/bin/swiftc -parse-as-library -module-name ResponseDetective -Onone @/Users/admin/builder/spi-builder-workspace/.derivedData/Build/Intermediates.noindex/ResponseDetective.build/Debug-xros/ResponseDetective-t.build/Objects-normal/arm64/ResponseDetective.SwiftFileList -DSWIFT_PACKAGE -DDEBUG -DSWIFT_MODULE_RESOURCE_BUNDLE_UNAVAILABLE -Xcc -fmodule-map-file\=/Users/admin/builder/spi-builder-workspace/.derivedData/Build/Intermediates.noindex/GeneratedModuleMaps-xros/ResponseDetectiveObjC.modulemap -DXcode -plugin-path /Applications/Xcode-27.0.0-Release.Candidate.app/Contents/Developer/Toolchains/XcodeDefault.xctoolchain/usr/lib/swift/host/plugins/testing -enable-experimental-feature DebugDescriptionMacro -sdk /Applications/Xcode-27.0.0-Release.Candidate.app/Contents/Developer/Platforms/XROS.platform/Developer/SDKs/XROS27.0.sdk -target arm64-apple-xros1.0 -g -module-cache-path /Users/admin/builder/spi-builder-workspace/.derivedData/ModuleCache.noindex -Xfrontend -serialize-debugging-options -profile-coverage-mapping -profile-generate -enable-testing -index-store-path /Users/admin/builder/spi-builder-workspace/.derivedData/Index.noindex/DataStore -Xcc -D_LIBCPP_HARDENING_MODE\=_LIBCPP_HARDENING_MODE_DEBUG -swift-version 5 -I /Users/admin/builder/spi-builder-workspace/.derivedData/Build/Products/Debug-xros -Isystem /Applications/Xcode-27.0.0-Release.Candidate.app/Contents/Developer/Platforms/XROS.platform/Developer/usr/lib -F /Users/admin/builder/spi-builder-workspace/.derivedData/Build/Products/Debug-xros/PackageFrameworks -F /Users/admin/builder/spi-builder-workspace/.derivedData/Build/Products/Debug-xros -F /Applications/Xcode-27.0.0-Release.Candidate.app/Contents/Developer/Platforms/XROS.platform/Developer/Library/Frameworks -F /Applications/Xcode-27.0.0-Release.Candidate.app/Contents/Developer/Platforms/XROS.platform/Developer/SDKs/XROS27.0.sdk/Developer/Library/Frameworks -c -j10 -enable-batch-mode -incremental -Xcc -ivfsstatcache -Xcc /Users/admin/builder/spi-builder-workspace/.derivedData/SDKStatCaches.noindex/xros27.0-24M361-e829b21a6f8c9b70876ba0858053c044735bd543db762f57723cac368afd1ce4.sdkstatcache -output-file-map /Users/admin/builder/spi-builder-workspace/.derivedData/Build/Intermediates.noindex/ResponseDetective.build/Debug-xros/ResponseDetective-t.build/Objects-normal/arm64/ResponseDetective-OutputFileMap.json -save-temps -no-color-diagnostics -explicit-module-build -module-cache-path /Users/admin/builder/spi-builder-workspace/.derivedData/Build/Intermediates.noindex/SwiftExplicitPrecompiledModules -clang-scanner-module-cache-path /Users/admin/builder/spi-builder-workspace/.derivedData/ModuleCache.noindex -sdk-module-cache-path /Users/admin/builder/spi-builder-workspace/.derivedData/SDKExplicitPrecompiledModules -emit-dependencies -emit-module -emit-module-path /Users/admin/builder/spi-builder-workspace/.derivedData/Build/Intermediates.noindex/ResponseDetective.build/Debug-xros/ResponseDetective-t.build/Objects-normal/arm64/ResponseDetective.swiftmodule -serialize-diagnostics -dependency-scan-serialize-diagnostics-path /Users/admin/builder/spi-builder-workspace/.derivedData/Build/Intermediates.noindex/ResponseDetective.build/Debug-xros/ResponseDetective-t.build/Objects-normal/arm64/ResponseDetective-dependency-scan.dia -validate-clang-modules-once -clang-build-session-file /Users/admin/builder/spi-builder-workspace/.derivedData/ModuleCache.noindex/Session.modulevalidation -Xcc -fmodules-prune-interval\=86400 -Xcc -fmodules-prune-after\=345600 -emit-const-values -const-gather-protocols-list /Users/admin/builder/spi-builder-workspace/.derivedData/Build/Intermediates.noindex/ResponseDetective.build/Debug-xros/ResponseDetective-t.build/Objects-normal/arm64/ResponseDetective_const_extract_protocols.json -Xcc -I/Users/admin/builder/spi-builder-workspace/ResponseDetective/include -Xcc -I/Users/admin/builder/spi-builder-workspace/.derivedData/Build/Products/Debug-xros/include -Xcc -I/Users/admin/builder/spi-builder-workspace/.derivedData/Build/Intermediates.noindex/ResponseDetective.build/Debug-xros/ResponseDetective-t.build/DerivedSources-normal/arm64 -Xcc -I/Users/admin/builder/spi-builder-workspace/.derivedData/Build/Intermediates.noindex/ResponseDetective.build/Debug-xros/ResponseDetective-t.build/DerivedSources/arm64 -Xcc -I/Users/admin/builder/spi-builder-workspace/.derivedData/Build/Intermediates.noindex/ResponseDetective.build/Debug-xros/ResponseDetective-t.build/DerivedSources -Xcc -DSWIFT_PACKAGE -Xcc -DDEBUG\=1 -emit-objc-header -emit-objc-header-path /Users/admin/builder/spi-builder-workspace/.derivedData/Build/Intermediates.noindex/ResponseDetective.build/Debug-xros/ResponseDetective-t.build/Objects-normal/arm64/ResponseDetective-Swift.h -working-directory /Users/admin/builder/spi-builder-workspace/.swiftpm/xcode -experimental-emit-module-separately -disable-cmo
PrecompileModule /Users/admin/builder/spi-builder-workspace/.derivedData/Build/Intermediates.noindex/ExplicitPrecompiledModules/_Builtin_stddef-37BO0P252DJ5APFPZTV8FX4QH.scan
cd /
builtin-precompileModule /Users/admin/builder/spi-builder-workspace/.derivedData/Build/Intermediates.noindex/ExplicitPrecompiledModules/_Builtin_stddef-37BO0P252DJ5APFPZTV8FX4QH.scan
PrecompileModule /Users/admin/builder/spi-builder-workspace/.derivedData/Build/Intermediates.noindex/ExplicitPrecompiledModules/_AvailabilityInternal-ACCTE0RG5RCWRONKKWPHRTA5L.scan
cd /
builtin-precompileModule /Users/admin/builder/spi-builder-workspace/.derivedData/Build/Intermediates.noindex/ExplicitPrecompiledModules/_AvailabilityInternal-ACCTE0RG5RCWRONKKWPHRTA5L.scan
PrecompileModule /Users/admin/builder/spi-builder-workspace/.derivedData/Build/Intermediates.noindex/ExplicitPrecompiledModules/_Builtin_float-8D9VEJGZPXN1J9DY16N78XAIW.scan
cd /
builtin-precompileModule /Users/admin/builder/spi-builder-workspace/.derivedData/Build/Intermediates.noindex/ExplicitPrecompiledModules/_Builtin_float-8D9VEJGZPXN1J9DY16N78XAIW.scan
PrecompileModule /Users/admin/builder/spi-builder-workspace/.derivedData/Build/Intermediates.noindex/ExplicitPrecompiledModules/ptrcheck-3R3I2L0ROGESWM94IW3TDZ7ZO.scan
cd /
builtin-precompileModule /Users/admin/builder/spi-builder-workspace/.derivedData/Build/Intermediates.noindex/ExplicitPrecompiledModules/ptrcheck-3R3I2L0ROGESWM94IW3TDZ7ZO.scan
PrecompileModule /Users/admin/builder/spi-builder-workspace/.derivedData/Build/Intermediates.noindex/ExplicitPrecompiledModules/_Builtin_stdbool-DSJWFF6LU7LT8RYOEZHJ4CWEO.scan
cd /
builtin-precompileModule /Users/admin/builder/spi-builder-workspace/.derivedData/Build/Intermediates.noindex/ExplicitPrecompiledModules/_Builtin_stdbool-DSJWFF6LU7LT8RYOEZHJ4CWEO.scan
PrecompileModule /Users/admin/builder/spi-builder-workspace/.derivedData/Build/Intermediates.noindex/ExplicitPrecompiledModules/ptrauth-20OGKC5BEA0XI76L64XS6OV78.scan
cd /
builtin-precompileModule /Users/admin/builder/spi-builder-workspace/.derivedData/Build/Intermediates.noindex/ExplicitPrecompiledModules/ptrauth-20OGKC5BEA0XI76L64XS6OV78.scan
PrecompileModule /Users/admin/builder/spi-builder-workspace/.derivedData/Build/Intermediates.noindex/ExplicitPrecompiledModules/_Builtin_stdarg-3YPNYSJCKS5V13YYUVXO3HGQ1.scan
cd /
builtin-precompileModule /Users/admin/builder/spi-builder-workspace/.derivedData/Build/Intermediates.noindex/ExplicitPrecompiledModules/_Builtin_stdarg-3YPNYSJCKS5V13YYUVXO3HGQ1.scan
PrecompileModule /Users/admin/builder/spi-builder-workspace/.derivedData/Build/Intermediates.noindex/ExplicitPrecompiledModules/_DarwinFoundation1-63TYZJTW6PQMVYA16YZHD28KK.scan
cd /
builtin-precompileModule /Users/admin/builder/spi-builder-workspace/.derivedData/Build/Intermediates.noindex/ExplicitPrecompiledModules/_DarwinFoundation1-63TYZJTW6PQMVYA16YZHD28KK.scan
PrecompileModule /Users/admin/builder/spi-builder-workspace/.derivedData/Build/Intermediates.noindex/ExplicitPrecompiledModules/_DarwinFoundation2-4NULAH52NPBK17R4YKBOGW5RP.scan
cd /
builtin-precompileModule /Users/admin/builder/spi-builder-workspace/.derivedData/Build/Intermediates.noindex/ExplicitPrecompiledModules/_DarwinFoundation2-4NULAH52NPBK17R4YKBOGW5RP.scan
PrecompileModule /Users/admin/builder/spi-builder-workspace/.derivedData/Build/Intermediates.noindex/ExplicitPrecompiledModules/_Builtin_limits-MH8I16VI01X1UETF68Q1I53V.scan
cd /
builtin-precompileModule /Users/admin/builder/spi-builder-workspace/.derivedData/Build/Intermediates.noindex/ExplicitPrecompiledModules/_Builtin_limits-MH8I16VI01X1UETF68Q1I53V.scan
PrecompileModule /Users/admin/builder/spi-builder-workspace/.derivedData/Build/Intermediates.noindex/ExplicitPrecompiledModules/_Builtin_stdint-4Y62XFYYLEP9GDZ77MCR576JZ.scan
cd /
builtin-precompileModule /Users/admin/builder/spi-builder-workspace/.derivedData/Build/Intermediates.noindex/ExplicitPrecompiledModules/_Builtin_stdint-4Y62XFYYLEP9GDZ77MCR576JZ.scan
PrecompileModule /Users/admin/builder/spi-builder-workspace/.derivedData/Build/Intermediates.noindex/ExplicitPrecompiledModules/_DarwinFoundation3-EOYSVSU02W6VW83EBS1013LSJ.scan
cd /
builtin-precompileModule /Users/admin/builder/spi-builder-workspace/.derivedData/Build/Intermediates.noindex/ExplicitPrecompiledModules/_DarwinFoundation3-EOYSVSU02W6VW83EBS1013LSJ.scan
PrecompileModule /Users/admin/builder/spi-builder-workspace/.derivedData/Build/Intermediates.noindex/ExplicitPrecompiledModules/libxml2-BACUIC8RJU2ZSUCIDL23YOJJK.scan
cd /
builtin-precompileModule /Users/admin/builder/spi-builder-workspace/.derivedData/Build/Intermediates.noindex/ExplicitPrecompiledModules/libxml2-BACUIC8RJU2ZSUCIDL23YOJJK.scan
PrecompileModule /Users/admin/builder/spi-builder-workspace/.derivedData/Build/Intermediates.noindex/ExplicitPrecompiledModules/_Builtin_inttypes-5CV8ZY5IJGLSC1HDGX82DTZ0R.scan
cd /
builtin-precompileModule /Users/admin/builder/spi-builder-workspace/.derivedData/Build/Intermediates.noindex/ExplicitPrecompiledModules/_Builtin_inttypes-5CV8ZY5IJGLSC1HDGX82DTZ0R.scan
PrecompileModule /Users/admin/builder/spi-builder-workspace/.derivedData/Build/Intermediates.noindex/ExplicitPrecompiledModules/Darwin-54K53J86MFBJSGJ5H8JDTJ69M.scan
cd /
builtin-precompileModule /Users/admin/builder/spi-builder-workspace/.derivedData/Build/Intermediates.noindex/ExplicitPrecompiledModules/Darwin-54K53J86MFBJSGJ5H8JDTJ69M.scan
PrecompileModule /Users/admin/builder/spi-builder-workspace/.derivedData/Build/Intermediates.noindex/ExplicitPrecompiledModules/ObjectiveC-CT47SD1VIW86G6LAAYVF760Q3.scan
cd /
builtin-precompileModule /Users/admin/builder/spi-builder-workspace/.derivedData/Build/Intermediates.noindex/ExplicitPrecompiledModules/ObjectiveC-CT47SD1VIW86G6LAAYVF760Q3.scan
PrecompileModule /Users/admin/builder/spi-builder-workspace/.derivedData/Build/Intermediates.noindex/ExplicitPrecompiledModules/os_object-1AQMGEIY2ZPVM682ZZCAVAC02.scan
cd /
builtin-precompileModule /Users/admin/builder/spi-builder-workspace/.derivedData/Build/Intermediates.noindex/ExplicitPrecompiledModules/os_object-1AQMGEIY2ZPVM682ZZCAVAC02.scan
PrecompileModule /Users/admin/builder/spi-builder-workspace/.derivedData/Build/Intermediates.noindex/ExplicitPrecompiledModules/os_workgroup-E8VQH2GT0IR8VS6LIR4O8IT59.scan
cd /
builtin-precompileModule /Users/admin/builder/spi-builder-workspace/.derivedData/Build/Intermediates.noindex/ExplicitPrecompiledModules/os_workgroup-E8VQH2GT0IR8VS6LIR4O8IT59.scan
PrecompileModule /Users/admin/builder/spi-builder-workspace/.derivedData/Build/Intermediates.noindex/ExplicitPrecompiledModules/Dispatch-34BWZXNMGWY1384ZWSWQI8G1H.scan
cd /
builtin-precompileModule /Users/admin/builder/spi-builder-workspace/.derivedData/Build/Intermediates.noindex/ExplicitPrecompiledModules/Dispatch-34BWZXNMGWY1384ZWSWQI8G1H.scan
PrecompileModule /Users/admin/builder/spi-builder-workspace/.derivedData/Build/Intermediates.noindex/ExplicitPrecompiledModules/CoreFoundation-6LZBEU9XA8X0403DJDE00VZMV.scan
cd /
builtin-precompileModule /Users/admin/builder/spi-builder-workspace/.derivedData/Build/Intermediates.noindex/ExplicitPrecompiledModules/CoreFoundation-6LZBEU9XA8X0403DJDE00VZMV.scan
PrecompileModule /Users/admin/builder/spi-builder-workspace/.derivedData/Build/Intermediates.noindex/ExplicitPrecompiledModules/XPC-C8VAINZXSINWC3J3L99C25L5X.scan
cd /
builtin-precompileModule /Users/admin/builder/spi-builder-workspace/.derivedData/Build/Intermediates.noindex/ExplicitPrecompiledModules/XPC-C8VAINZXSINWC3J3L99C25L5X.scan
PrecompileModule /Users/admin/builder/spi-builder-workspace/.derivedData/Build/Intermediates.noindex/ExplicitPrecompiledModules/Security-EY4UURDATYYFLVRAQBGQGLCV1.scan
cd /
builtin-precompileModule /Users/admin/builder/spi-builder-workspace/.derivedData/Build/Intermediates.noindex/ExplicitPrecompiledModules/Security-EY4UURDATYYFLVRAQBGQGLCV1.scan
PrecompileModule /Users/admin/builder/spi-builder-workspace/.derivedData/Build/Intermediates.noindex/ExplicitPrecompiledModules/CFNetwork-1HGD6K977YHS3L864YDSSKOGX.scan
cd /
builtin-precompileModule /Users/admin/builder/spi-builder-workspace/.derivedData/Build/Intermediates.noindex/ExplicitPrecompiledModules/CFNetwork-1HGD6K977YHS3L864YDSSKOGX.scan
PrecompileModule /Users/admin/builder/spi-builder-workspace/.derivedData/Build/Intermediates.noindex/ExplicitPrecompiledModules/Foundation-5K97OMGOY33AGGFPILCD83395.scan
cd /
builtin-precompileModule /Users/admin/builder/spi-builder-workspace/.derivedData/Build/Intermediates.noindex/ExplicitPrecompiledModules/Foundation-5K97OMGOY33AGGFPILCD83395.scan
CompileC /Users/admin/builder/spi-builder-workspace/.derivedData/Build/Intermediates.noindex/ResponseDetective.build/Debug-xros/ResponseDetectiveObjC-t.build/Objects-normal/arm64/RDTXMLBodyDeserializer.o /Users/admin/builder/spi-builder-workspace/ResponseDetective/Sources/RDTXMLBodyDeserializer.m normal arm64 objective-c com.apple.compilers.llvm.clang.1_0.compiler (in target 'ResponseDetectiveObjC' from project 'ResponseDetective')
cd /Users/admin/builder/spi-builder-workspace/.swiftpm/xcode
Using response file: /Users/admin/builder/spi-builder-workspace/.derivedData/Build/Intermediates.noindex/ResponseDetective.build/Debug-xros/ResponseDetectiveObjC-t.build/Objects-normal/arm64/e6072d4f65d7061329687fe24e3d63a7-common-args.resp
/Applications/Xcode-27.0.0-Release.Candidate.app/Contents/Developer/Toolchains/XcodeDefault.xctoolchain/usr/bin/clang -x objective-c -ivfsstatcache /Users/admin/builder/spi-builder-workspace/.derivedData/SDKStatCaches.noindex/xros27.0-24M361-e829b21a6f8c9b70876ba0858053c044735bd543db762f57723cac368afd1ce4.sdkstatcache -target arm64-apple-xros1.0 -fmessage-length\=0 -fdiagnostics-show-note-include-stack -fmacro-backtrace-limit\=0 -fno-color-diagnostics -fmodules-prune-interval\=86400 -fmodules-prune-after\=345600 -fbuild-session-file\=/Users/admin/builder/spi-builder-workspace/.derivedData/ModuleCache.noindex/Session.modulevalidation -fmodules-validate-once-per-build-session -Wnon-modular-include-in-framework-module -Werror\=non-modular-include-in-framework-module -Wno-trigraphs -Wno-missing-field-initializers -Wno-missing-prototypes -Wno-return-type -Wno-implicit-atomic-properties -Wno-objc-interface-ivars -Wno-arc-repeated-use-of-weak -Wno-missing-braces -Wparentheses -Wswitch -Wno-unused-function -Wno-unused-label -Wno-unused-parameter -Wno-unused-variable -Wunused-value -Wno-empty-body -Wno-uninitialized -Wno-unknown-pragmas -Wno-shadow -Wno-four-char-constants -Wno-conversion -Wno-constant-conversion -Wno-int-conversion -Wno-bool-conversion -Wno-enum-conversion -Wno-float-conversion -Wno-non-literal-null-conversion -Wno-objc-literal-conversion -Wshorten-64-to-32 -Wpointer-sign -Wno-newline-eof -Wno-selector -Wno-strict-selector-match -Wno-undeclared-selector -Wno-deprecated-implementations -Wno-implicit-fallthrough -isysroot /Applications/Xcode-27.0.0-Release.Candidate.app/Contents/Developer/Platforms/XROS.platform/Developer/SDKs/XROS27.0.sdk -fstrict-aliasing -Wprotocol -Wdeprecated-declarations -Wno-sign-conversion -Wno-infinite-recursion -Wno-comma -Wno-block-capture-autoreleasing -Wno-strict-prototypes -Wno-semicolon-before-method-body -index-store-path /Users/admin/builder/spi-builder-workspace/.derivedData/Index.noindex/DataStore @/Users/admin/builder/spi-builder-workspace/.derivedData/Build/Intermediates.noindex/ResponseDetective.build/Debug-xros/ResponseDetectiveObjC-t.build/Objects-normal/arm64/e6072d4f65d7061329687fe24e3d63a7-common-args.resp -MMD -MT dependencies -MF /Users/admin/builder/spi-builder-workspace/.derivedData/Build/Intermediates.noindex/ResponseDetective.build/Debug-xros/ResponseDetectiveObjC-t.build/Objects-normal/arm64/RDTXMLBodyDeserializer.d --serialize-diagnostics /Users/admin/builder/spi-builder-workspace/.derivedData/Build/Intermediates.noindex/ResponseDetective.build/Debug-xros/ResponseDetectiveObjC-t.build/Objects-normal/arm64/RDTXMLBodyDeserializer.dia -c /Users/admin/builder/spi-builder-workspace/ResponseDetective/Sources/RDTXMLBodyDeserializer.m -o /Users/admin/builder/spi-builder-workspace/.derivedData/Build/Intermediates.noindex/ResponseDetective.build/Debug-xros/ResponseDetectiveObjC-t.build/Objects-normal/arm64/RDTXMLBodyDeserializer.o -index-unit-output-path /ResponseDetective.build/Debug-xros/ResponseDetectiveObjC-t.build/Objects-normal/arm64/RDTXMLBodyDeserializer.o
CompileC /Users/admin/builder/spi-builder-workspace/.derivedData/Build/Intermediates.noindex/ResponseDetective.build/Debug-xros/ResponseDetectiveObjC-t.build/Objects-normal/arm64/RDTHTMLBodyDeserializer.o /Users/admin/builder/spi-builder-workspace/ResponseDetective/Sources/RDTHTMLBodyDeserializer.m normal arm64 objective-c com.apple.compilers.llvm.clang.1_0.compiler (in target 'ResponseDetectiveObjC' from project 'ResponseDetective')
cd /Users/admin/builder/spi-builder-workspace/.swiftpm/xcode
Using response file: /Users/admin/builder/spi-builder-workspace/.derivedData/Build/Intermediates.noindex/ResponseDetective.build/Debug-xros/ResponseDetectiveObjC-t.build/Objects-normal/arm64/e6072d4f65d7061329687fe24e3d63a7-common-args.resp
/Applications/Xcode-27.0.0-Release.Candidate.app/Contents/Developer/Toolchains/XcodeDefault.xctoolchain/usr/bin/clang -x objective-c -ivfsstatcache /Users/admin/builder/spi-builder-workspace/.derivedData/SDKStatCaches.noindex/xros27.0-24M361-e829b21a6f8c9b70876ba0858053c044735bd543db762f57723cac368afd1ce4.sdkstatcache -target arm64-apple-xros1.0 -fmessage-length\=0 -fdiagnostics-show-note-include-stack -fmacro-backtrace-limit\=0 -fno-color-diagnostics -fmodules-prune-interval\=86400 -fmodules-prune-after\=345600 -fbuild-session-file\=/Users/admin/builder/spi-builder-workspace/.derivedData/ModuleCache.noindex/Session.modulevalidation -fmodules-validate-once-per-build-session -Wnon-modular-include-in-framework-module -Werror\=non-modular-include-in-framework-module -Wno-trigraphs -Wno-missing-field-initializers -Wno-missing-prototypes -Wno-return-type -Wno-implicit-atomic-properties -Wno-objc-interface-ivars -Wno-arc-repeated-use-of-weak -Wno-missing-braces -Wparentheses -Wswitch -Wno-unused-function -Wno-unused-label -Wno-unused-parameter -Wno-unused-variable -Wunused-value -Wno-empty-body -Wno-uninitialized -Wno-unknown-pragmas -Wno-shadow -Wno-four-char-constants -Wno-conversion -Wno-constant-conversion -Wno-int-conversion -Wno-bool-conversion -Wno-enum-conversion -Wno-float-conversion -Wno-non-literal-null-conversion -Wno-objc-literal-conversion -Wshorten-64-to-32 -Wpointer-sign -Wno-newline-eof -Wno-selector -Wno-strict-selector-match -Wno-undeclared-selector -Wno-deprecated-implementations -Wno-implicit-fallthrough -isysroot /Applications/Xcode-27.0.0-Release.Candidate.app/Contents/Developer/Platforms/XROS.platform/Developer/SDKs/XROS27.0.sdk -fstrict-aliasing -Wprotocol -Wdeprecated-declarations -Wno-sign-conversion -Wno-infinite-recursion -Wno-comma -Wno-block-capture-autoreleasing -Wno-strict-prototypes -Wno-semicolon-before-method-body -index-store-path /Users/admin/builder/spi-builder-workspace/.derivedData/Index.noindex/DataStore @/Users/admin/builder/spi-builder-workspace/.derivedData/Build/Intermediates.noindex/ResponseDetective.build/Debug-xros/ResponseDetectiveObjC-t.build/Objects-normal/arm64/e6072d4f65d7061329687fe24e3d63a7-common-args.resp -MMD -MT dependencies -MF /Users/admin/builder/spi-builder-workspace/.derivedData/Build/Intermediates.noindex/ResponseDetective.build/Debug-xros/ResponseDetectiveObjC-t.build/Objects-normal/arm64/RDTHTMLBodyDeserializer.d --serialize-diagnostics /Users/admin/builder/spi-builder-workspace/.derivedData/Build/Intermediates.noindex/ResponseDetective.build/Debug-xros/ResponseDetectiveObjC-t.build/Objects-normal/arm64/RDTHTMLBodyDeserializer.dia -c /Users/admin/builder/spi-builder-workspace/ResponseDetective/Sources/RDTHTMLBodyDeserializer.m -o /Users/admin/builder/spi-builder-workspace/.derivedData/Build/Intermediates.noindex/ResponseDetective.build/Debug-xros/ResponseDetectiveObjC-t.build/Objects-normal/arm64/RDTHTMLBodyDeserializer.o -index-unit-output-path /ResponseDetective.build/Debug-xros/ResponseDetectiveObjC-t.build/Objects-normal/arm64/RDTHTMLBodyDeserializer.o
Ld /Users/admin/builder/spi-builder-workspace/.derivedData/Build/Products/Debug-xros/ResponseDetectiveObjC.o normal (in target 'ResponseDetectiveObjC' from project 'ResponseDetective')
cd /Users/admin/builder/spi-builder-workspace
/Applications/Xcode-27.0.0-Release.Candidate.app/Contents/Developer/Toolchains/XcodeDefault.xctoolchain/usr/bin/clang -Xlinker -reproducible -target arm64-apple-xros1.0 -r -isysroot /Applications/Xcode-27.0.0-Release.Candidate.app/Contents/Developer/Platforms/XROS.platform/Developer/SDKs/XROS27.0.sdk -O0 -Xlinker -no_warn_duplicate_libraries -F/Users/admin/builder/spi-builder-workspace/.derivedData/Build/Intermediates.noindex/EagerLinkingTBDs/Debug-xros -F/Users/admin/builder/spi-builder-workspace/.derivedData/Build/Products/Debug-xros -iframework /Applications/Xcode-27.0.0-Release.Candidate.app/Contents/Developer/Platforms/XROS.platform/Developer/Library/Frameworks -iframework /Applications/Xcode-27.0.0-Release.Candidate.app/Contents/Developer/Platforms/XROS.platform/Developer/SDKs/XROS27.0.sdk/Developer/Library/Frameworks -filelist /Users/admin/builder/spi-builder-workspace/.derivedData/Build/Intermediates.noindex/ResponseDetective.build/Debug-xros/ResponseDetectiveObjC-t.build/Objects-normal/arm64/ResponseDetectiveObjC.LinkFileList -nostdlib -Xlinker -object_path_lto -Xlinker /Users/admin/builder/spi-builder-workspace/.derivedData/Build/Intermediates.noindex/ResponseDetective.build/Debug-xros/ResponseDetectiveObjC-t.build/Objects-normal/arm64/ResponseDetectiveObjC_lto.o -Xlinker -no_deduplicate -Xlinker -debug_variant -Xlinker -dependency_info -Xlinker /Users/admin/builder/spi-builder-workspace/.derivedData/Build/Intermediates.noindex/ResponseDetective.build/Debug-xros/ResponseDetectiveObjC-t.build/Objects-normal/arm64/ResponseDetectiveObjC_dependency_info.dat -fobjc-arc -fobjc-link-runtime -o /Users/admin/builder/spi-builder-workspace/.derivedData/Build/Products/Debug-xros/ResponseDetectiveObjC.o
SwiftExplicitDependencyGeneratePcm arm64 /Users/admin/builder/spi-builder-workspace/.derivedData/SDKExplicitPrecompiledModules/ptrauth-1WBA714DZSVUL5JQDJ08CLKZ.pcm
SwiftExplicitDependencyGeneratePcm arm64 /Users/admin/builder/spi-builder-workspace/.derivedData/SDKExplicitPrecompiledModules/_Builtin_stddef-5NQ9Z1GV07GBSRQGAQCGXGVRI.pcm
SwiftExplicitDependencyGeneratePcm arm64 /Users/admin/builder/spi-builder-workspace/.derivedData/SDKExplicitPrecompiledModules/ptrcheck-BXA97MNLI4BB0HF5I8MJE403D.pcm
SwiftExplicitDependencyGeneratePcm arm64 /Users/admin/builder/spi-builder-workspace/.derivedData/SDKExplicitPrecompiledModules/SwiftShims-CI4H5RO9IYFFWQ2COB512Q2S9.pcm
SwiftExplicitDependencyGeneratePcm arm64 /Users/admin/builder/spi-builder-workspace/.derivedData/SDKExplicitPrecompiledModules/_Builtin_stdarg-CDA349K2K4US766844K8E0PVA.pcm
SwiftExplicitDependencyGeneratePcm arm64 /Users/admin/builder/spi-builder-workspace/.derivedData/SDKExplicitPrecompiledModules/_Builtin_stdbool-5BU2ADS7JXQMYENKQHW9X8XOU.pcm
SwiftExplicitDependencyGeneratePcm arm64 /Users/admin/builder/spi-builder-workspace/.derivedData/SDKExplicitPrecompiledModules/_Builtin_float-6WKHNW5S40U2QGHXXGETUDIRA.pcm
SwiftExplicitDependencyGeneratePcm arm64 /Users/admin/builder/spi-builder-workspace/.derivedData/SDKExplicitPrecompiledModules/_SwiftConcurrencyShims-C8XHKSHX96D5YYALNM4W70Z0O.pcm
SwiftExplicitDependencyGeneratePcm arm64 /Users/admin/builder/spi-builder-workspace/.derivedData/SDKExplicitPrecompiledModules/_AvailabilityInternal-1Q8IQP6M38UWSGZ95UCEY2M44.pcm
SwiftExplicitDependencyGeneratePcm arm64 /Users/admin/builder/spi-builder-workspace/.derivedData/SDKExplicitPrecompiledModules/_DarwinFoundation1-5RGRVV2TZ6WC4WZW5IXF8NQ04.pcm
SwiftExplicitDependencyGeneratePcm arm64 /Users/admin/builder/spi-builder-workspace/.derivedData/SDKExplicitPrecompiledModules/_DarwinFoundation2-ENTECK156YEWITZRRBTOCE4KR.pcm
SwiftExplicitDependencyGeneratePcm arm64 /Users/admin/builder/spi-builder-workspace/.derivedData/SDKExplicitPrecompiledModules/_Builtin_limits-425JDMN5HPM3D0UEI8LEHP6NM.pcm
SwiftExplicitDependencyGeneratePcm arm64 /Users/admin/builder/spi-builder-workspace/.derivedData/SDKExplicitPrecompiledModules/string_h-2GT67HHHHK5CF1V1S31LH0PU2.pcm
SwiftExplicitDependencyGeneratePcm arm64 /Users/admin/builder/spi-builder-workspace/.derivedData/SDKExplicitPrecompiledModules/sys_types-AYM0BHR77VKMWZCO2T0XGV2HF.pcm
SwiftExplicitDependencyGeneratePcm arm64 /Users/admin/builder/spi-builder-workspace/.derivedData/SDKExplicitPrecompiledModules/_Builtin_stdint-8OR6T47OOYJA90ZBO3N1USDE.pcm
SwiftExplicitDependencyGeneratePcm arm64 /Users/admin/builder/spi-builder-workspace/.derivedData/SDKExplicitPrecompiledModules/_DarwinFoundation3-9ZHN6JKBS40BBA81RQMV8H0IC.pcm
SwiftExplicitDependencyGeneratePcm arm64 /Users/admin/builder/spi-builder-workspace/.derivedData/SDKExplicitPrecompiledModules/_Builtin_inttypes-11B64KJD36B3YOHBR1BBXBJY8.pcm
SwiftExplicitDependencyGeneratePcm arm64 /Users/admin/builder/spi-builder-workspace/.derivedData/SDKExplicitPrecompiledModules/Darwin-60P5LVNQO3ESRRM5DCJ05PFNK.pcm
SwiftExplicitDependencyGeneratePcm arm64 /Users/admin/builder/spi-builder-workspace/.derivedData/SDKExplicitPrecompiledModules/ObjectiveC-26TIBFYCEJZVP216ZZAU1X8KN.pcm
SwiftExplicitDependencyGeneratePcm arm64 /Users/admin/builder/spi-builder-workspace/.derivedData/SDKExplicitPrecompiledModules/os_object-692CJ8BG6RE5H04487EJJOVXW.pcm
SwiftExplicitDependencyGeneratePcm arm64 /Users/admin/builder/spi-builder-workspace/.derivedData/SDKExplicitPrecompiledModules/os_workgroup-4U1VXMWIZD80E7PRUQF2G7P9X.pcm
SwiftExplicitDependencyGeneratePcm arm64 /Users/admin/builder/spi-builder-workspace/.derivedData/SDKExplicitPrecompiledModules/Dispatch-CLT3466HKC22GCKAWSCNG0H7T.pcm
SwiftExplicitDependencyGeneratePcm arm64 /Users/admin/builder/spi-builder-workspace/.derivedData/SDKExplicitPrecompiledModules/CoreFoundation-AVLTZVCXBU2TO75JCN4AGU8XJ.pcm
SwiftExplicitDependencyGeneratePcm arm64 /Users/admin/builder/spi-builder-workspace/.derivedData/SDKExplicitPrecompiledModules/XPC-EP5EU7FNGP4VOA3EDM18P1KHO.pcm
SwiftExplicitDependencyGeneratePcm arm64 /Users/admin/builder/spi-builder-workspace/.derivedData/SDKExplicitPrecompiledModules/Security-8TH2M8WJIQMET4SADWX0N8372.pcm
SwiftExplicitDependencyGeneratePcm arm64 /Users/admin/builder/spi-builder-workspace/.derivedData/SDKExplicitPrecompiledModules/CFNetwork-5MI70N1VLDQSWTX4COWLMSIRO.pcm
SwiftExplicitDependencyGeneratePcm arm64 /Users/admin/builder/spi-builder-workspace/.derivedData/SDKExplicitPrecompiledModules/Foundation-8GON1KVEKRN3NOQI8RETBRWJP.pcm
SwiftExplicitDependencyGeneratePcm arm64 /Users/admin/builder/spi-builder-workspace/.derivedData/Build/Intermediates.noindex/SwiftExplicitPrecompiledModules/ResponseDetectiveObjC-BH024EHWUMAI8MVTBVTY32CYZ.pcm
SwiftEmitModule normal arm64 Emitting\ module\ for\ ResponseDetective (in target 'ResponseDetective' from project 'ResponseDetective')
SwiftCompile normal arm64 (in target 'ResponseDetective' from project 'ResponseDetective')
cd /Users/admin/builder/spi-builder-workspace/.swiftpm/xcode
/Users/admin/builder/spi-builder-workspace/ResponseDetective/Sources/URLProtocol.swift:11:44: warning: conformance of 'URLProtocol' to 'Sendable' is unavailable in visionOS; this is an error in the Swift 6 language mode
9 |
10 | /// The intercepting URL protocol.
11 | @objc(RDTURLProtocol) internal final class URLProtocol: Foundation.URLProtocol, URLSessionTaskDelegate, URLSessionDataDelegate {
| `- warning: conformance of 'URLProtocol' to 'Sendable' is unavailable in visionOS; this is an error in the Swift 6 language mode
12 |
13 | // MARK: Initialization
/Applications/Xcode-27.0.0-Release.Candidate.app/Contents/Developer/Platforms/XROS.platform/Developer/SDKs/XROS27.0.sdk/System/Library/Frameworks/Foundation.framework/Headers/NSString.h: 0: 194 | ///
195 | /// If the behavior you want to add supplements that of the existing class, you could write a category on `NSString`. Keep in mind, however, that this category will be in effect for all instances of `NSString` that you use, and this might have unintended consequences.
196 | @interface NSString : NSObject <NSCopying, NSMutableCopying, NSSecureCoding>
+--- -------------------------------------------------------------
|1 | @_nonSendable(_assumed)
| | `- note: conformance of 'URLProtocol' to 'Sendable' has been explicitly marked unavailable here
+------------------------------------------------------------------
197 |
198 | #pragma mark *** String funnel methods ***
SwiftCompile normal arm64 Compiling\ ResponseRepresentation.swift /Users/admin/builder/spi-builder-workspace/ResponseDetective/Sources/ResponseRepresentation.swift (in target 'ResponseDetective' from project 'ResponseDetective')
SwiftCompile normal arm64 /Users/admin/builder/spi-builder-workspace/ResponseDetective/Sources/ResponseRepresentation.swift (in target 'ResponseDetective' from project 'ResponseDetective')
cd /Users/admin/builder/spi-builder-workspace/.swiftpm/xcode
builtin-SwiftPerFileCompile ResponseRepresentation.swift
SwiftCompile normal arm64 Compiling\ ResponseDetective.swift /Users/admin/builder/spi-builder-workspace/ResponseDetective/Sources/ResponseDetective.swift (in target 'ResponseDetective' from project 'ResponseDetective')
SwiftCompile normal arm64 /Users/admin/builder/spi-builder-workspace/ResponseDetective/Sources/ResponseDetective.swift (in target 'ResponseDetective' from project 'ResponseDetective')
cd /Users/admin/builder/spi-builder-workspace/.swiftpm/xcode
builtin-SwiftPerFileCompile ResponseDetective.swift
SwiftCompile normal arm64 Compiling\ URLProtocol.swift /Users/admin/builder/spi-builder-workspace/ResponseDetective/Sources/URLProtocol.swift (in target 'ResponseDetective' from project 'ResponseDetective')
SwiftCompile normal arm64 /Users/admin/builder/spi-builder-workspace/ResponseDetective/Sources/URLProtocol.swift (in target 'ResponseDetective' from project 'ResponseDetective')
cd /Users/admin/builder/spi-builder-workspace/.swiftpm/xcode
builtin-SwiftPerFileCompile URLProtocol.swift
SwiftCompile normal arm64 Compiling\ RequestRepresentation.swift /Users/admin/builder/spi-builder-workspace/ResponseDetective/Sources/RequestRepresentation.swift (in target 'ResponseDetective' from project 'ResponseDetective')
SwiftCompile normal arm64 /Users/admin/builder/spi-builder-workspace/ResponseDetective/Sources/RequestRepresentation.swift (in target 'ResponseDetective' from project 'ResponseDetective')
cd /Users/admin/builder/spi-builder-workspace/.swiftpm/xcode
builtin-SwiftPerFileCompile RequestRepresentation.swift
SwiftCompile normal arm64 Compiling\ OutputFacility.swift /Users/admin/builder/spi-builder-workspace/ResponseDetective/Sources/OutputFacility.swift (in target 'ResponseDetective' from project 'ResponseDetective')
SwiftCompile normal arm64 /Users/admin/builder/spi-builder-workspace/ResponseDetective/Sources/OutputFacility.swift (in target 'ResponseDetective' from project 'ResponseDetective')
cd /Users/admin/builder/spi-builder-workspace/.swiftpm/xcode
builtin-SwiftPerFileCompile OutputFacility.swift
SwiftCompile normal arm64 Compiling\ PlaintextBodyDeserializer.swift /Users/admin/builder/spi-builder-workspace/ResponseDetective/Sources/PlaintextBodyDeserializer.swift (in target 'ResponseDetective' from project 'ResponseDetective')
SwiftCompile normal arm64 /Users/admin/builder/spi-builder-workspace/ResponseDetective/Sources/PlaintextBodyDeserializer.swift (in target 'ResponseDetective' from project 'ResponseDetective')
cd /Users/admin/builder/spi-builder-workspace/.swiftpm/xcode
builtin-SwiftPerFileCompile PlaintextBodyDeserializer.swift
SwiftCompile normal arm64 Compiling\ Dictionary.swift,\ ErrorRepresentation.swift /Users/admin/builder/spi-builder-workspace/ResponseDetective/Sources/Dictionary.swift /Users/admin/builder/spi-builder-workspace/ResponseDetective/Sources/ErrorRepresentation.swift (in target 'ResponseDetective' from project 'ResponseDetective')
SwiftCompile normal arm64 /Users/admin/builder/spi-builder-workspace/ResponseDetective/Sources/Dictionary.swift (in target 'ResponseDetective' from project 'ResponseDetective')
cd /Users/admin/builder/spi-builder-workspace/.swiftpm/xcode
builtin-SwiftPerFileCompile Dictionary.swift
SwiftCompile normal arm64 /Users/admin/builder/spi-builder-workspace/ResponseDetective/Sources/ErrorRepresentation.swift (in target 'ResponseDetective' from project 'ResponseDetective')
cd /Users/admin/builder/spi-builder-workspace/.swiftpm/xcode
builtin-SwiftPerFileCompile ErrorRepresentation.swift
SwiftCompile normal arm64 Compiling\ BufferOutputFacility.swift,\ ConsoleOutputFacility.swift /Users/admin/builder/spi-builder-workspace/ResponseDetective/Sources/BufferOutputFacility.swift /Users/admin/builder/spi-builder-workspace/ResponseDetective/Sources/ConsoleOutputFacility.swift (in target 'ResponseDetective' from project 'ResponseDetective')
SwiftCompile normal arm64 /Users/admin/builder/spi-builder-workspace/ResponseDetective/Sources/BufferOutputFacility.swift (in target 'ResponseDetective' from project 'ResponseDetective')
cd /Users/admin/builder/spi-builder-workspace/.swiftpm/xcode
builtin-SwiftPerFileCompile BufferOutputFacility.swift
SwiftCompile normal arm64 /Users/admin/builder/spi-builder-workspace/ResponseDetective/Sources/ConsoleOutputFacility.swift (in target 'ResponseDetective' from project 'ResponseDetective')
cd /Users/admin/builder/spi-builder-workspace/.swiftpm/xcode
builtin-SwiftPerFileCompile ConsoleOutputFacility.swift
SwiftCompile normal arm64 Compiling\ ImageBodyDeserializer.swift,\ JSONBodyDeserializer.swift /Users/admin/builder/spi-builder-workspace/ResponseDetective/Sources/ImageBodyDeserializer.swift /Users/admin/builder/spi-builder-workspace/ResponseDetective/Sources/JSONBodyDeserializer.swift (in target 'ResponseDetective' from project 'ResponseDetective')
/Users/admin/builder/spi-builder-workspace/ResponseDetective/Sources/ImageBodyDeserializer.swift:32:10: error: cannot find 'Image' in scope
30 | /// Deserializes image data into a pretty-printed string.
31 | public func deserialize(body: Data) -> String? {
32 | return Image(data: body).map { "\(Int($0.size.width))px × \(Int($0.size.height))px image" }
| `- error: cannot find 'Image' in scope
33 | }
34 |
Failed frontend command:
/Applications/Xcode-27.0.0-Release.Candidate.app/Contents/Developer/Toolchains/XcodeDefault.xctoolchain/usr/bin/swift-frontend -frontend -c /Users/admin/builder/spi-builder-workspace/ResponseDetective/Sources/BufferOutputFacility.swift /Users/admin/builder/spi-builder-workspace/ResponseDetective/Sources/ConsoleOutputFacility.swift /Users/admin/builder/spi-builder-workspace/ResponseDetective/Sources/Dictionary.swift /Users/admin/builder/spi-builder-workspace/ResponseDetective/Sources/ErrorRepresentation.swift -primary-file /Users/admin/builder/spi-builder-workspace/ResponseDetective/Sources/ImageBodyDeserializer.swift -primary-file /Users/admin/builder/spi-builder-workspace/ResponseDetective/Sources/JSONBodyDeserializer.swift /Users/admin/builder/spi-builder-workspace/ResponseDetective/Sources/OutputFacility.swift /Users/admin/builder/spi-builder-workspace/ResponseDetective/Sources/PlaintextBodyDeserializer.swift /Users/admin/builder/spi-builder-workspace/ResponseDetective/Sources/RequestRepresentation.swift /Users/admin/builder/spi-builder-workspace/ResponseDetective/Sources/ResponseDetective.swift /Users/admin/builder/spi-builder-workspace/ResponseDetective/Sources/ResponseRepresentation.swift /Users/admin/builder/spi-builder-workspace/ResponseDetective/Sources/URLEncodedBodyDeserializer.swift /Users/admin/builder/spi-builder-workspace/ResponseDetective/Sources/URLProtocol.swift -emit-dependencies-path /Users/admin/builder/spi-builder-workspace/.derivedData/Build/Intermediates.noindex/ResponseDetective.build/Debug-xros/ResponseDetective-t.build/Objects-normal/arm64/ImageBodyDeserializer.d -emit-const-values-path /Users/admin/builder/spi-builder-workspace/.derivedData/Build/Intermediates.noindex/ResponseDetective.build/Debug-xros/ResponseDetective-t.build/Objects-normal/arm64/ImageBodyDeserializer.swiftconstvalues -emit-reference-dependencies-path /Users/admin/builder/spi-builder-workspace/.derivedData/Build/Intermediates.noindex/ResponseDetective.build/Debug-xros/ResponseDetective-t.build/Objects-normal/arm64/ImageBodyDeserializer.swiftdeps -serialize-diagnostics-path /Users/admin/builder/spi-builder-workspace/.derivedData/Build/Intermediates.noindex/ResponseDetective.build/Debug-xros/ResponseDetective-t.build/Objects-normal/arm64/ImageBodyDeserializer.dia -emit-dependencies-path /Users/admin/builder/spi-builder-workspace/.derivedData/Build/Intermediates.noindex/ResponseDetective.build/Debug-xros/ResponseDetective-t.build/Objects-normal/arm64/JSONBodyDeserializer.d -emit-const-values-path /Users/admin/builder/spi-builder-workspace/.derivedData/Build/Intermediates.noindex/ResponseDetective.build/Debug-xros/ResponseDetective-t.build/Objects-normal/arm64/JSONBodyDeserializer.swiftconstvalues -emit-reference-dependencies-path /Users/admin/builder/spi-builder-workspace/.derivedData/Build/Intermediates.noindex/ResponseDetective.build/Debug-xros/ResponseDetective-t.build/Objects-normal/arm64/JSONBodyDeserializer.swiftdeps -serialize-diagnostics-path /Users/admin/builder/spi-builder-workspace/.derivedData/Build/Intermediates.noindex/ResponseDetective.build/Debug-xros/ResponseDetective-t.build/Objects-normal/arm64/JSONBodyDeserializer.dia -target arm64-apple-xros1.0 -disable-cross-import-overlay-search -load-resolved-plugin /Applications/Xcode-27.0.0-Release.Candidate.app/Contents/Developer/Platforms/XROS.platform/Developer/usr/lib/swift/host/plugins/libFoundationMacros.dylib\#/Applications/Xcode-27.0.0-Release.Candidate.app/Contents/Developer/Platforms/XROS.platform/Developer/usr/bin/swift-plugin-server\#FoundationMacros -load-resolved-plugin /Applications/Xcode-27.0.0-Release.Candidate.app/Contents/Developer/Platforms/XROS.platform/Developer/usr/lib/swift/host/plugins/libObservationMacros.dylib\#/Applications/Xcode-27.0.0-Release.Candidate.app/Contents/Developer/Platforms/XROS.platform/Developer/usr/bin/swift-plugin-server\#ObservationMacros -load-resolved-plugin /Applications/Xcode-27.0.0-Release.Candidate.app/Contents/Developer/Platforms/XROS.platform/Developer/usr/lib/swift/host/plugins/libSwiftMacros.dylib\#/Applications/Xcode-27.0.0-Release.Candidate.app/Contents/Developer/Platforms/XROS.platform/Developer/usr/bin/swift-plugin-server\#SwiftMacros -disable-implicit-swift-modules -Xcc -fno-implicit-modules -Xcc -fno-implicit-module-maps -explicit-swift-module-map-file /Users/admin/builder/spi-builder-workspace/.derivedData/Build/Intermediates.noindex/ResponseDetective.build/Debug-xros/ResponseDetective-t.build/Objects-normal/arm64/ResponseDetective-dependencies-1.json -Xllvm -aarch64-use-tbi -enable-objc-interop -stack-check -sdk /Applications/Xcode-27.0.0-Release.Candidate.app/Contents/Developer/Platforms/XROS.platform/Developer/SDKs/XROS27.0.sdk -I /Users/admin/builder/spi-builder-workspace/.derivedData/Build/Products/Debug-xros -Isystem /Applications/Xcode-27.0.0-Release.Candidate.app/Contents/Developer/Platforms/XROS.platform/Developer/usr/lib -F /Users/admin/builder/spi-builder-workspace/.derivedData/Build/Products/Debug-xros/PackageFrameworks -F /Users/admin/builder/spi-builder-workspace/.derivedData/Build/Products/Debug-xros -F /Applications/Xcode-27.0.0-Release.Candidate.app/Contents/Developer/Platforms/XROS.platform/Developer/Library/Frameworks -F /Applications/Xcode-27.0.0-Release.Candidate.app/Contents/Developer/Platforms/XROS.platform/Developer/SDKs/XROS27.0.sdk/Developer/Library/Frameworks -module-cache-path /Users/admin/builder/spi-builder-workspace/.derivedData/Build/Intermediates.noindex/SwiftExplicitPrecompiledModules -no-color-diagnostics -Xcc -fno-color-diagnostics -enable-testing -g -debug-info-format\=dwarf -dwarf-version\=4 -profile-generate -profile-coverage-mapping -swift-version 5 -Onone -D SWIFT_PACKAGE -D DEBUG -D SWIFT_MODULE_RESOURCE_BUNDLE_UNAVAILABLE -D Xcode -serialize-debugging-options -enable-experimental-feature DebugDescriptionMacro -empty-abi-descriptor -validate-clang-modules-once -clang-build-session-file /Users/admin/builder/spi-builder-workspace/.derivedData/ModuleCache.noindex/Session.modulevalidation -Xcc -working-directory -Xcc /Users/admin/builder/spi-builder-workspace/.swiftpm/xcode -enable-anonymous-context-mangled-names -file-compilation-dir /Users/admin/builder/spi-builder-workspace/.swiftpm/xcode -Xcc -fmodule-map-file\=/Users/admin/builder/spi-builder-workspace/.derivedData/Build/Intermediates.noindex/GeneratedModuleMaps-xros/ResponseDetectiveObjC.modulemap -Xcc -D_LIBCPP_HARDENING_MODE\=_LIBCPP_HARDENING_MODE_DEBUG -Xcc -ivfsstatcache -Xcc /Users/admin/builder/spi-builder-workspace/.derivedData/SDKStatCaches.noindex/xros27.0-24M361-e829b21a6f8c9b70876ba0858053c044735bd543db762f57723cac368afd1ce4.sdkstatcache -Xcc -fmodules-prune-interval\=86400 -Xcc -fmodules-prune-after\=345600 -Xcc -I/Users/admin/builder/spi-builder-workspace/ResponseDetective/include -Xcc -I/Users/admin/builder/spi-builder-workspace/.derivedData/Build/Products/Debug-xros/include -Xcc -I/Users/admin/builder/spi-builder-workspace/.derivedData/Build/Intermediates.noindex/ResponseDetective.build/Debug-xros/ResponseDetective-t.build/DerivedSources-normal/arm64 -Xcc -I/Users/admin/builder/spi-builder-workspace/.derivedData/Build/Intermediates.noindex/ResponseDetective.build/Debug-xros/ResponseDetective-t.build/DerivedSources/arm64 -Xcc -I/Users/admin/builder/spi-builder-workspace/.derivedData/Build/Intermediates.noindex/ResponseDetective.build/Debug-xros/ResponseDetective-t.build/DerivedSources -Xcc -DSWIFT_PACKAGE -Xcc -DDEBUG\=1 -no-auto-bridging-header-chaining -module-name ResponseDetective -const-gather-protocols-file /Users/admin/builder/spi-builder-workspace/.derivedData/Build/Intermediates.noindex/ResponseDetective.build/Debug-xros/ResponseDetective-t.build/Objects-normal/arm64/ResponseDetective_const_extract_protocols.json -disable-clang-spi -clang-target arm64-apple-xros27.0 -target-sdk-version 27.0 -target-sdk-name xros27.0 -in-process-plugin-server-path /Applications/Xcode-27.0.0-Release.Candidate.app/Contents/Developer/Toolchains/XcodeDefault.xctoolchain/usr/lib/swift/host/libSwiftInProcPluginServer.dylib -parse-as-library -o /Users/admin/builder/spi-builder-workspace/.derivedData/Build/Intermediates.noindex/ResponseDetective.build/Debug-xros/ResponseDetective-t.build/Objects-normal/arm64/ImageBodyDeserializer.o -o /Users/admin/builder/spi-builder-workspace/.derivedData/Build/Intermediates.noindex/ResponseDetective.build/Debug-xros/ResponseDetective-t.build/Objects-normal/arm64/JSONBodyDeserializer.o -debug-module-path /Users/admin/builder/spi-builder-workspace/.derivedData/Build/Intermediates.noindex/ResponseDetective.build/Debug-xros/ResponseDetective-t.build/Objects-normal/arm64/ResponseDetective.swiftmodule -index-unit-output-path /ResponseDetective.build/Debug-xros/ResponseDetective-t.build/Objects-normal/arm64/ImageBodyDeserializer.o -index-unit-output-path /ResponseDetective.build/Debug-xros/ResponseDetective-t.build/Objects-normal/arm64/JSONBodyDeserializer.o -index-store-path /Users/admin/builder/spi-builder-workspace/.derivedData/Index.noindex/DataStore -index-system-modules
SwiftCompile normal arm64 /Users/admin/builder/spi-builder-workspace/ResponseDetective/Sources/ImageBodyDeserializer.swift (in target 'ResponseDetective' from project 'ResponseDetective')
cd /Users/admin/builder/spi-builder-workspace/.swiftpm/xcode
builtin-SwiftPerFileCompile ImageBodyDeserializer.swift
SwiftCompile normal arm64 /Users/admin/builder/spi-builder-workspace/ResponseDetective/Sources/JSONBodyDeserializer.swift (in target 'ResponseDetective' from project 'ResponseDetective')
cd /Users/admin/builder/spi-builder-workspace/.swiftpm/xcode
builtin-SwiftPerFileCompile JSONBodyDeserializer.swift
SwiftCompile normal arm64 Compiling\ URLEncodedBodyDeserializer.swift /Users/admin/builder/spi-builder-workspace/ResponseDetective/Sources/URLEncodedBodyDeserializer.swift (in target 'ResponseDetective' from project 'ResponseDetective')
SwiftCompile normal arm64 /Users/admin/builder/spi-builder-workspace/ResponseDetective/Sources/URLEncodedBodyDeserializer.swift (in target 'ResponseDetective' from project 'ResponseDetective')
cd /Users/admin/builder/spi-builder-workspace/.swiftpm/xcode
builtin-SwiftPerFileCompile URLEncodedBodyDeserializer.swift
SwiftDriverJobDiscovery normal arm64 Emitting module for ResponseDetective (in target 'ResponseDetective' from project 'ResponseDetective')
SwiftDriver\ Compilation\ Requirements ResponseDetective normal arm64 com.apple.xcode.tools.swift.compiler (in target 'ResponseDetective' from project 'ResponseDetective')
cd /Users/admin/builder/spi-builder-workspace/.swiftpm/xcode
builtin-Swift-Compilation-Requirements -- /Applications/Xcode-27.0.0-Release.Candidate.app/Contents/Developer/Toolchains/XcodeDefault.xctoolchain/usr/bin/swiftc -parse-as-library -module-name ResponseDetective -Onone @/Users/admin/builder/spi-builder-workspace/.derivedData/Build/Intermediates.noindex/ResponseDetective.build/Debug-xros/ResponseDetective-t.build/Objects-normal/arm64/ResponseDetective.SwiftFileList -DSWIFT_PACKAGE -DDEBUG -DSWIFT_MODULE_RESOURCE_BUNDLE_UNAVAILABLE -Xcc -fmodule-map-file\=/Users/admin/builder/spi-builder-workspace/.derivedData/Build/Intermediates.noindex/GeneratedModuleMaps-xros/ResponseDetectiveObjC.modulemap -DXcode -plugin-path /Applications/Xcode-27.0.0-Release.Candidate.app/Contents/Developer/Toolchains/XcodeDefault.xctoolchain/usr/lib/swift/host/plugins/testing -enable-experimental-feature DebugDescriptionMacro -sdk /Applications/Xcode-27.0.0-Release.Candidate.app/Contents/Developer/Platforms/XROS.platform/Developer/SDKs/XROS27.0.sdk -target arm64-apple-xros1.0 -g -module-cache-path /Users/admin/builder/spi-builder-workspace/.derivedData/ModuleCache.noindex -Xfrontend -serialize-debugging-options -profile-coverage-mapping -profile-generate -enable-testing -index-store-path /Users/admin/builder/spi-builder-workspace/.derivedData/Index.noindex/DataStore -Xcc -D_LIBCPP_HARDENING_MODE\=_LIBCPP_HARDENING_MODE_DEBUG -swift-version 5 -I /Users/admin/builder/spi-builder-workspace/.derivedData/Build/Products/Debug-xros -Isystem /Applications/Xcode-27.0.0-Release.Candidate.app/Contents/Developer/Platforms/XROS.platform/Developer/usr/lib -F /Users/admin/builder/spi-builder-workspace/.derivedData/Build/Products/Debug-xros/PackageFrameworks -F /Users/admin/builder/spi-builder-workspace/.derivedData/Build/Products/Debug-xros -F /Applications/Xcode-27.0.0-Release.Candidate.app/Contents/Developer/Platforms/XROS.platform/Developer/Library/Frameworks -F /Applications/Xcode-27.0.0-Release.Candidate.app/Contents/Developer/Platforms/XROS.platform/Developer/SDKs/XROS27.0.sdk/Developer/Library/Frameworks -c -j10 -enable-batch-mode -incremental -Xcc -ivfsstatcache -Xcc /Users/admin/builder/spi-builder-workspace/.derivedData/SDKStatCaches.noindex/xros27.0-24M361-e829b21a6f8c9b70876ba0858053c044735bd543db762f57723cac368afd1ce4.sdkstatcache -output-file-map /Users/admin/builder/spi-builder-workspace/.derivedData/Build/Intermediates.noindex/ResponseDetective.build/Debug-xros/ResponseDetective-t.build/Objects-normal/arm64/ResponseDetective-OutputFileMap.json -save-temps -no-color-diagnostics -explicit-module-build -module-cache-path /Users/admin/builder/spi-builder-workspace/.derivedData/Build/Intermediates.noindex/SwiftExplicitPrecompiledModules -clang-scanner-module-cache-path /Users/admin/builder/spi-builder-workspace/.derivedData/ModuleCache.noindex -sdk-module-cache-path /Users/admin/builder/spi-builder-workspace/.derivedData/SDKExplicitPrecompiledModules -emit-dependencies -emit-module -emit-module-path /Users/admin/builder/spi-builder-workspace/.derivedData/Build/Intermediates.noindex/ResponseDetective.build/Debug-xros/ResponseDetective-t.build/Objects-normal/arm64/ResponseDetective.swiftmodule -serialize-diagnostics -dependency-scan-serialize-diagnostics-path /Users/admin/builder/spi-builder-workspace/.derivedData/Build/Intermediates.noindex/ResponseDetective.build/Debug-xros/ResponseDetective-t.build/Objects-normal/arm64/ResponseDetective-dependency-scan.dia -validate-clang-modules-once -clang-build-session-file /Users/admin/builder/spi-builder-workspace/.derivedData/ModuleCache.noindex/Session.modulevalidation -Xcc -fmodules-prune-interval\=86400 -Xcc -fmodules-prune-after\=345600 -emit-const-values -const-gather-protocols-list /Users/admin/builder/spi-builder-workspace/.derivedData/Build/Intermediates.noindex/ResponseDetective.build/Debug-xros/ResponseDetective-t.build/Objects-normal/arm64/ResponseDetective_const_extract_protocols.json -Xcc -I/Users/admin/builder/spi-builder-workspace/ResponseDetective/include -Xcc -I/Users/admin/builder/spi-builder-workspace/.derivedData/Build/Products/Debug-xros/include -Xcc -I/Users/admin/builder/spi-builder-workspace/.derivedData/Build/Intermediates.noindex/ResponseDetective.build/Debug-xros/ResponseDetective-t.build/DerivedSources-normal/arm64 -Xcc -I/Users/admin/builder/spi-builder-workspace/.derivedData/Build/Intermediates.noindex/ResponseDetective.build/Debug-xros/ResponseDetective-t.build/DerivedSources/arm64 -Xcc -I/Users/admin/builder/spi-builder-workspace/.derivedData/Build/Intermediates.noindex/ResponseDetective.build/Debug-xros/ResponseDetective-t.build/DerivedSources -Xcc -DSWIFT_PACKAGE -Xcc -DDEBUG\=1 -emit-objc-header -emit-objc-header-path /Users/admin/builder/spi-builder-workspace/.derivedData/Build/Intermediates.noindex/ResponseDetective.build/Debug-xros/ResponseDetective-t.build/Objects-normal/arm64/ResponseDetective-Swift.h -working-directory /Users/admin/builder/spi-builder-workspace/.swiftpm/xcode -experimental-emit-module-separately -disable-cmo
SwiftDriverJobDiscovery normal arm64 Compiling Dictionary.swift, ErrorRepresentation.swift (in target 'ResponseDetective' from project 'ResponseDetective')
SwiftDriverJobDiscovery normal arm64 Compiling OutputFacility.swift (in target 'ResponseDetective' from project 'ResponseDetective')
SwiftDriverJobDiscovery normal arm64 Compiling BufferOutputFacility.swift, ConsoleOutputFacility.swift (in target 'ResponseDetective' from project 'ResponseDetective')
SwiftDriverJobDiscovery normal arm64 Compiling PlaintextBodyDeserializer.swift (in target 'ResponseDetective' from project 'ResponseDetective')
SwiftDriverJobDiscovery normal arm64 Compiling URLEncodedBodyDeserializer.swift (in target 'ResponseDetective' from project 'ResponseDetective')
SwiftMergeGeneratedHeaders /Users/admin/builder/spi-builder-workspace/.derivedData/Build/Intermediates.noindex/GeneratedModuleMaps-xros/ResponseDetective-Swift.h /Users/admin/builder/spi-builder-workspace/.derivedData/Build/Intermediates.noindex/ResponseDetective.build/Debug-xros/ResponseDetective-t.build/Objects-normal/arm64/ResponseDetective-Swift.h (in target 'ResponseDetective' from project 'ResponseDetective')
cd /Users/admin/builder/spi-builder-workspace
builtin-swiftHeaderTool -arch arm64 /Users/admin/builder/spi-builder-workspace/.derivedData/Build/Intermediates.noindex/ResponseDetective.build/Debug-xros/ResponseDetective-t.build/Objects-normal/arm64/ResponseDetective-Swift.h -o /Users/admin/builder/spi-builder-workspace/.derivedData/Build/Intermediates.noindex/GeneratedModuleMaps-xros/ResponseDetective-Swift.h
Copy /Users/admin/builder/spi-builder-workspace/.derivedData/Build/Products/Debug-xros/ResponseDetective.swiftmodule/arm64-apple-xros.swiftmodule /Users/admin/builder/spi-builder-workspace/.derivedData/Build/Intermediates.noindex/ResponseDetective.build/Debug-xros/ResponseDetective-t.build/Objects-normal/arm64/ResponseDetective.swiftmodule (in target 'ResponseDetective' from project 'ResponseDetective')
cd /Users/admin/builder/spi-builder-workspace
builtin-copy -exclude .DS_Store -exclude CVS -exclude .svn -exclude .git -exclude .hg -resolve-src-symlinks -rename /Users/admin/builder/spi-builder-workspace/.derivedData/Build/Intermediates.noindex/ResponseDetective.build/Debug-xros/ResponseDetective-t.build/Objects-normal/arm64/ResponseDetective.swiftmodule /Users/admin/builder/spi-builder-workspace/.derivedData/Build/Products/Debug-xros/ResponseDetective.swiftmodule/arm64-apple-xros.swiftmodule
Copy /Users/admin/builder/spi-builder-workspace/.derivedData/Build/Products/Debug-xros/ResponseDetective.swiftmodule/arm64-apple-xros.abi.json /Users/admin/builder/spi-builder-workspace/.derivedData/Build/Intermediates.noindex/ResponseDetective.build/Debug-xros/ResponseDetective-t.build/Objects-normal/arm64/ResponseDetective.abi.json (in target 'ResponseDetective' from project 'ResponseDetective')
cd /Users/admin/builder/spi-builder-workspace
builtin-copy -exclude .DS_Store -exclude CVS -exclude .svn -exclude .git -exclude .hg -resolve-src-symlinks -rename /Users/admin/builder/spi-builder-workspace/.derivedData/Build/Intermediates.noindex/ResponseDetective.build/Debug-xros/ResponseDetective-t.build/Objects-normal/arm64/ResponseDetective.abi.json /Users/admin/builder/spi-builder-workspace/.derivedData/Build/Products/Debug-xros/ResponseDetective.swiftmodule/arm64-apple-xros.abi.json
Copy /Users/admin/builder/spi-builder-workspace/.derivedData/Build/Products/Debug-xros/ResponseDetective.swiftmodule/Project/arm64-apple-xros.swiftsourceinfo /Users/admin/builder/spi-builder-workspace/.derivedData/Build/Intermediates.noindex/ResponseDetective.build/Debug-xros/ResponseDetective-t.build/Objects-normal/arm64/ResponseDetective.swiftsourceinfo (in target 'ResponseDetective' from project 'ResponseDetective')
cd /Users/admin/builder/spi-builder-workspace
builtin-copy -exclude .DS_Store -exclude CVS -exclude .svn -exclude .git -exclude .hg -resolve-src-symlinks -rename /Users/admin/builder/spi-builder-workspace/.derivedData/Build/Intermediates.noindex/ResponseDetective.build/Debug-xros/ResponseDetective-t.build/Objects-normal/arm64/ResponseDetective.swiftsourceinfo /Users/admin/builder/spi-builder-workspace/.derivedData/Build/Products/Debug-xros/ResponseDetective.swiftmodule/Project/arm64-apple-xros.swiftsourceinfo
Copy /Users/admin/builder/spi-builder-workspace/.derivedData/Build/Products/Debug-xros/ResponseDetective.swiftmodule/arm64-apple-xros.swiftdoc /Users/admin/builder/spi-builder-workspace/.derivedData/Build/Intermediates.noindex/ResponseDetective.build/Debug-xros/ResponseDetective-t.build/Objects-normal/arm64/ResponseDetective.swiftdoc (in target 'ResponseDetective' from project 'ResponseDetective')
cd /Users/admin/builder/spi-builder-workspace
builtin-copy -exclude .DS_Store -exclude CVS -exclude .svn -exclude .git -exclude .hg -resolve-src-symlinks -rename /Users/admin/builder/spi-builder-workspace/.derivedData/Build/Intermediates.noindex/ResponseDetective.build/Debug-xros/ResponseDetective-t.build/Objects-normal/arm64/ResponseDetective.swiftdoc /Users/admin/builder/spi-builder-workspace/.derivedData/Build/Products/Debug-xros/ResponseDetective.swiftmodule/arm64-apple-xros.swiftdoc
SwiftDriverJobDiscovery normal arm64 Compiling RequestRepresentation.swift (in target 'ResponseDetective' from project 'ResponseDetective')
SwiftDriverJobDiscovery normal arm64 Compiling ResponseRepresentation.swift (in target 'ResponseDetective' from project 'ResponseDetective')
SwiftDriverJobDiscovery normal arm64 Compiling ResponseDetective.swift (in target 'ResponseDetective' from project 'ResponseDetective')
PruneExplicitPrecompiledModules /Users/admin/builder/spi-builder-workspace/.derivedData/Build/Intermediates.noindex/ExplicitPrecompiledModules
PruneExplicitPrecompiledModules /Users/admin/builder/spi-builder-workspace/.derivedData/Build/Intermediates.noindex/SwiftExplicitPrecompiledModules
PruneExplicitPrecompiledModules /Users/admin/builder/spi-builder-workspace/.derivedData/SDKExplicitPrecompiledModules
2026-09-18 10:42:35.745 xcodebuild[885:5187] [MT] IDERunDestination: Supported platforms for the buildables in the current scheme is empty.
** BUILD FAILED **
The following build commands failed:
SwiftCompile normal arm64 Compiling\ ImageBodyDeserializer.swift,\ JSONBodyDeserializer.swift /Users/admin/builder/spi-builder-workspace/ResponseDetective/Sources/ImageBodyDeserializer.swift /Users/admin/builder/spi-builder-workspace/ResponseDetective/Sources/JSONBodyDeserializer.swift (in target 'ResponseDetective' from project 'ResponseDetective')
SwiftCompile normal arm64 /Users/admin/builder/spi-builder-workspace/ResponseDetective/Sources/ImageBodyDeserializer.swift (in target 'ResponseDetective' from project 'ResponseDetective')
Building workspace ResponseDetective with scheme ResponseDetective
(3 failures)
Command line invocation:
/Applications/Xcode-27.0.0-Release.Candidate.app/Contents/Developer/usr/bin/xcodebuild -IDEClonedSourcePackagesDirPathOverride=/Users/admin/builder/spi-builder-workspace/.dependencies -resolvePackageDependencies
Resolve Package Graph
Resolved source packages:
Nimble: https://github.com/Quick/Nimble.git @ 9.0.0
CwlPreconditionTesting: https://github.com/mattgallagher/CwlPreconditionTesting.git @ 2.2.2
OHHTTPStubs: https://github.com/AliSoftware/OHHTTPStubs.git @ 9.1.0
CwlCatchException: https://github.com/mattgallagher/CwlCatchException.git @ 2.2.1
ResponseDetective: /Users/admin/builder/spi-builder-workspace
Quick: https://github.com/Quick/Quick.git @ 3.0.0
resolved source packages: Nimble, CwlPreconditionTesting, OHHTTPStubs, CwlCatchException, ResponseDetective, Quick
2026-09-18 10:42:42.559 xcodebuild[1021:5785] [MT] IDERunDestination: Supported platforms for the buildables in the current scheme is empty.
{
"dependencies" : [
{
"identity" : "quick",
"requirement" : {
"exact" : [
"3.0.0"
]
},
"type" : "sourceControl",
"url" : "https://github.com/Quick/Quick.git"
},
{
"identity" : "nimble",
"requirement" : {
"exact" : [
"9.0.0"
]
},
"type" : "sourceControl",
"url" : "https://github.com/Quick/Nimble.git"
},
{
"identity" : "ohhttpstubs",
"requirement" : {
"exact" : [
"9.1.0"
]
},
"type" : "sourceControl",
"url" : "https://github.com/AliSoftware/OHHTTPStubs.git"
}
],
"manifest_display_name" : "ResponseDetective",
"name" : "ResponseDetective",
"path" : "/Users/admin/builder/spi-builder-workspace",
"platforms" : [
{
"name" : "ios",
"version" : "8.0"
},
{
"name" : "macos",
"version" : "10.10"
},
{
"name" : "tvos",
"version" : "9.0"
}
],
"products" : [
{
"name" : "ResponseDetective",
"targets" : [
"ResponseDetective",
"ResponseDetectiveObjC"
],
"type" : {
"library" : [
"automatic"
]
}
}
],
"targets" : [
{
"c99name" : "ResponseDetectiveTests",
"module_type" : "SwiftTarget",
"name" : "ResponseDetectiveTests",
"path" : "ResponseDetective",
"product_dependencies" : [
"Quick",
"Nimble",
"OHHTTPStubs"
],
"sources" : [
"Tests/Additions/TestBodyDeserializer.swift",
"Tests/Specs/BufferOutputFacilitySpec.swift",
"Tests/Specs/ConsoleOutputFacilitySpec.swift",
"Tests/Specs/ErrorRepresentationSpec.swift",
"Tests/Specs/HTMLBodyDeserializerSpec.swift",
"Tests/Specs/ImageBodyDeserializerSpec.swift",
"Tests/Specs/JSONBodyDeserializerSpec.swift",
"Tests/Specs/PlaintextBodyDeserializerSpec.swift",
"Tests/Specs/RequestRepresentationSpec.swift",
"Tests/Specs/ResponseDetectiveSpec.swift",
"Tests/Specs/ResponseRepresentationSpec.swift",
"Tests/Specs/URLEncodedBodyDeserializerSpec.swift",
"Tests/Specs/XMLBodyDeserializerSpec.swift"
],
"target_dependencies" : [
"ResponseDetective",
"ResponseDetectiveObjC"
],
"type" : "test"
},
{
"c99name" : "ResponseDetectiveObjC",
"module_type" : "ClangTarget",
"name" : "ResponseDetectiveObjC",
"path" : "ResponseDetective",
"product_memberships" : [
"ResponseDetective"
],
"sources" : [
"Sources/RDTHTMLBodyDeserializer.m",
"Sources/RDTXMLBodyDeserializer.m"
],
"type" : "library"
},
{
"c99name" : "ResponseDetective",
"module_type" : "SwiftTarget",
"name" : "ResponseDetective",
"path" : "ResponseDetective",
"product_memberships" : [
"ResponseDetective"
],
"sources" : [
"Sources/BufferOutputFacility.swift",
"Sources/ConsoleOutputFacility.swift",
"Sources/Dictionary.swift",
"Sources/ErrorRepresentation.swift",
"Sources/ImageBodyDeserializer.swift",
"Sources/JSONBodyDeserializer.swift",
"Sources/OutputFacility.swift",
"Sources/PlaintextBodyDeserializer.swift",
"Sources/RequestRepresentation.swift",
"Sources/ResponseDetective.swift",
"Sources/ResponseRepresentation.swift",
"Sources/URLEncodedBodyDeserializer.swift",
"Sources/URLProtocol.swift"
],
"target_dependencies" : [
"ResponseDetectiveObjC"
],
"type" : "library"
}
],
"tools_version" : "5.3"
}
{
"workspace" : {
"name" : "ResponseDetective",
"schemes" : [
"ResponseDetective"
]
}
}
2026-09-18 10:42:43.955 xcodebuild[1029:5850] [MT] IDERunDestination: Supported platforms for the buildables in the current scheme is empty.
Running build ...
env DEVELOPER_DIR=/Applications/Xcode-27.0.0-Release.Candidate.app xcrun xcodebuild -IDEClonedSourcePackagesDirPathOverride=$PWD/.dependencies -skipMacroValidation -skipPackagePluginValidation -derivedDataPath $PWD/.derivedData build -scheme ResponseDetective -destination generic/platform=xrOS
Command line invocation:
/Applications/Xcode-27.0.0-Release.Candidate.app/Contents/Developer/usr/bin/xcodebuild -IDEClonedSourcePackagesDirPathOverride=/Users/admin/builder/spi-builder-workspace/.dependencies -skipMacroValidation -skipPackagePluginValidation -derivedDataPath /Users/admin/builder/spi-builder-workspace/.derivedData build -scheme ResponseDetective -destination generic/platform=xrOS
Resolve Package Graph
Resolved source packages:
CwlPreconditionTesting: https://github.com/mattgallagher/CwlPreconditionTesting.git @ 2.2.2
CwlCatchException: https://github.com/mattgallagher/CwlCatchException.git @ 2.2.1
ResponseDetective: /Users/admin/builder/spi-builder-workspace
Quick: https://github.com/Quick/Quick.git @ 3.0.0
OHHTTPStubs: https://github.com/AliSoftware/OHHTTPStubs.git @ 9.1.0
Nimble: https://github.com/Quick/Nimble.git @ 9.0.0
ComputePackagePrebuildTargetDependencyGraph
Prepare packages
CreateBuildRequest
SendProjectDescription
CreateBuildOperation
ComputeTargetDependencyGraph
note: Building targets in dependency order
note: Target dependency graph (3 targets)
Target 'ResponseDetective-product' in project 'ResponseDetective'
➜ Explicit dependency on target 'ResponseDetective' in project 'ResponseDetective'
➜ Explicit dependency on target 'ResponseDetectiveObjC' in project 'ResponseDetective'
Target 'ResponseDetective' in project 'ResponseDetective'
➜ Explicit dependency on target 'ResponseDetectiveObjC' in project 'ResponseDetective'
Target 'ResponseDetectiveObjC' in project 'ResponseDetective' (no dependencies)
GatherProvisioningInputs
CreateBuildDescription
ClangStatCache /Applications/Xcode-27.0.0-Release.Candidate.app/Contents/Developer/Toolchains/XcodeDefault.xctoolchain/usr/bin/clang-stat-cache /Applications/Xcode-27.0.0-Release.Candidate.app/Contents/Developer/Platforms/XROS.platform/Developer/SDKs/XROS27.0.sdk /Users/admin/builder/spi-builder-workspace/.derivedData/SDKStatCaches.noindex/xros27.0-24M361-e829b21a6f8c9b70876ba0858053c044735bd543db762f57723cac368afd1ce4.sdkstatcache
cd /Users/admin/builder/spi-builder-workspace/.swiftpm/xcode
/Applications/Xcode-27.0.0-Release.Candidate.app/Contents/Developer/Toolchains/XcodeDefault.xctoolchain/usr/bin/clang-stat-cache /Applications/Xcode-27.0.0-Release.Candidate.app/Contents/Developer/Platforms/XROS.platform/Developer/SDKs/XROS27.0.sdk -o /Users/admin/builder/spi-builder-workspace/.derivedData/SDKStatCaches.noindex/xros27.0-24M361-e829b21a6f8c9b70876ba0858053c044735bd543db762f57723cac368afd1ce4.sdkstatcache
SwiftDriver ResponseDetective normal arm64 com.apple.xcode.tools.swift.compiler (in target 'ResponseDetective' from project 'ResponseDetective')
cd /Users/admin/builder/spi-builder-workspace/.swiftpm/xcode
builtin-SwiftDriver -- /Applications/Xcode-27.0.0-Release.Candidate.app/Contents/Developer/Toolchains/XcodeDefault.xctoolchain/usr/bin/swiftc -parse-as-library -module-name ResponseDetective -Onone @/Users/admin/builder/spi-builder-workspace/.derivedData/Build/Intermediates.noindex/ResponseDetective.build/Debug-xros/ResponseDetective-t.build/Objects-normal/arm64/ResponseDetective.SwiftFileList -DSWIFT_PACKAGE -DDEBUG -DSWIFT_MODULE_RESOURCE_BUNDLE_UNAVAILABLE -Xcc -fmodule-map-file\=/Users/admin/builder/spi-builder-workspace/.derivedData/Build/Intermediates.noindex/GeneratedModuleMaps-xros/ResponseDetectiveObjC.modulemap -DXcode -plugin-path /Applications/Xcode-27.0.0-Release.Candidate.app/Contents/Developer/Toolchains/XcodeDefault.xctoolchain/usr/lib/swift/host/plugins/testing -enable-experimental-feature DebugDescriptionMacro -sdk /Applications/Xcode-27.0.0-Release.Candidate.app/Contents/Developer/Platforms/XROS.platform/Developer/SDKs/XROS27.0.sdk -target arm64-apple-xros1.0 -g -module-cache-path /Users/admin/builder/spi-builder-workspace/.derivedData/ModuleCache.noindex -Xfrontend -serialize-debugging-options -profile-coverage-mapping -profile-generate -enable-testing -index-store-path /Users/admin/builder/spi-builder-workspace/.derivedData/Index.noindex/DataStore -Xcc -D_LIBCPP_HARDENING_MODE\=_LIBCPP_HARDENING_MODE_DEBUG -swift-version 5 -I /Users/admin/builder/spi-builder-workspace/.derivedData/Build/Products/Debug-xros -Isystem /Applications/Xcode-27.0.0-Release.Candidate.app/Contents/Developer/Platforms/XROS.platform/Developer/usr/lib -F /Users/admin/builder/spi-builder-workspace/.derivedData/Build/Products/Debug-xros/PackageFrameworks -F /Users/admin/builder/spi-builder-workspace/.derivedData/Build/Products/Debug-xros -F /Applications/Xcode-27.0.0-Release.Candidate.app/Contents/Developer/Platforms/XROS.platform/Developer/Library/Frameworks -F /Applications/Xcode-27.0.0-Release.Candidate.app/Contents/Developer/Platforms/XROS.platform/Developer/SDKs/XROS27.0.sdk/Developer/Library/Frameworks -c -j10 -enable-batch-mode -incremental -Xcc -ivfsstatcache -Xcc /Users/admin/builder/spi-builder-workspace/.derivedData/SDKStatCaches.noindex/xros27.0-24M361-e829b21a6f8c9b70876ba0858053c044735bd543db762f57723cac368afd1ce4.sdkstatcache -output-file-map /Users/admin/builder/spi-builder-workspace/.derivedData/Build/Intermediates.noindex/ResponseDetective.build/Debug-xros/ResponseDetective-t.build/Objects-normal/arm64/ResponseDetective-OutputFileMap.json -save-temps -no-color-diagnostics -explicit-module-build -module-cache-path /Users/admin/builder/spi-builder-workspace/.derivedData/Build/Intermediates.noindex/SwiftExplicitPrecompiledModules -clang-scanner-module-cache-path /Users/admin/builder/spi-builder-workspace/.derivedData/ModuleCache.noindex -sdk-module-cache-path /Users/admin/builder/spi-builder-workspace/.derivedData/SDKExplicitPrecompiledModules -emit-dependencies -emit-module -emit-module-path /Users/admin/builder/spi-builder-workspace/.derivedData/Build/Intermediates.noindex/ResponseDetective.build/Debug-xros/ResponseDetective-t.build/Objects-normal/arm64/ResponseDetective.swiftmodule -serialize-diagnostics -dependency-scan-serialize-diagnostics-path /Users/admin/builder/spi-builder-workspace/.derivedData/Build/Intermediates.noindex/ResponseDetective.build/Debug-xros/ResponseDetective-t.build/Objects-normal/arm64/ResponseDetective-dependency-scan.dia -validate-clang-modules-once -clang-build-session-file /Users/admin/builder/spi-builder-workspace/.derivedData/ModuleCache.noindex/Session.modulevalidation -Xcc -fmodules-prune-interval\=86400 -Xcc -fmodules-prune-after\=345600 -emit-const-values -const-gather-protocols-list /Users/admin/builder/spi-builder-workspace/.derivedData/Build/Intermediates.noindex/ResponseDetective.build/Debug-xros/ResponseDetective-t.build/Objects-normal/arm64/ResponseDetective_const_extract_protocols.json -Xcc -I/Users/admin/builder/spi-builder-workspace/ResponseDetective/include -Xcc -I/Users/admin/builder/spi-builder-workspace/.derivedData/Build/Products/Debug-xros/include -Xcc -I/Users/admin/builder/spi-builder-workspace/.derivedData/Build/Intermediates.noindex/ResponseDetective.build/Debug-xros/ResponseDetective-t.build/DerivedSources-normal/arm64 -Xcc -I/Users/admin/builder/spi-builder-workspace/.derivedData/Build/Intermediates.noindex/ResponseDetective.build/Debug-xros/ResponseDetective-t.build/DerivedSources/arm64 -Xcc -I/Users/admin/builder/spi-builder-workspace/.derivedData/Build/Intermediates.noindex/ResponseDetective.build/Debug-xros/ResponseDetective-t.build/DerivedSources -Xcc -DSWIFT_PACKAGE -Xcc -DDEBUG\=1 -emit-objc-header -emit-objc-header-path /Users/admin/builder/spi-builder-workspace/.derivedData/Build/Intermediates.noindex/ResponseDetective.build/Debug-xros/ResponseDetective-t.build/Objects-normal/arm64/ResponseDetective-Swift.h -working-directory /Users/admin/builder/spi-builder-workspace/.swiftpm/xcode -experimental-emit-module-separately -disable-cmo
SwiftCompile normal arm64 Compiling\ JSONBodyDeserializer.swift /Users/admin/builder/spi-builder-workspace/ResponseDetective/Sources/JSONBodyDeserializer.swift (in target 'ResponseDetective' from project 'ResponseDetective')
SwiftCompile normal arm64 /Users/admin/builder/spi-builder-workspace/ResponseDetective/Sources/JSONBodyDeserializer.swift (in target 'ResponseDetective' from project 'ResponseDetective')
cd /Users/admin/builder/spi-builder-workspace/.swiftpm/xcode
builtin-SwiftPerFileCompile JSONBodyDeserializer.swift
SwiftEmitModule normal arm64 Emitting\ module\ for\ ResponseDetective (in target 'ResponseDetective' from project 'ResponseDetective')
SwiftCompile normal arm64 (in target 'ResponseDetective' from project 'ResponseDetective')
cd /Users/admin/builder/spi-builder-workspace/.swiftpm/xcode
SwiftCompile normal arm64 Compiling\ ImageBodyDeserializer.swift /Users/admin/builder/spi-builder-workspace/ResponseDetective/Sources/ImageBodyDeserializer.swift (in target 'ResponseDetective' from project 'ResponseDetective')
/Users/admin/builder/spi-builder-workspace/ResponseDetective/Sources/ImageBodyDeserializer.swift:32:10: error: cannot find 'Image' in scope
30 | /// Deserializes image data into a pretty-printed string.
31 | public func deserialize(body: Data) -> String? {
32 | return Image(data: body).map { "\(Int($0.size.width))px × \(Int($0.size.height))px image" }
| `- error: cannot find 'Image' in scope
33 | }
34 |
Failed frontend command:
/Applications/Xcode-27.0.0-Release.Candidate.app/Contents/Developer/Toolchains/XcodeDefault.xctoolchain/usr/bin/swift-frontend -frontend -c /Users/admin/builder/spi-builder-workspace/ResponseDetective/Sources/BufferOutputFacility.swift /Users/admin/builder/spi-builder-workspace/ResponseDetective/Sources/ConsoleOutputFacility.swift /Users/admin/builder/spi-builder-workspace/ResponseDetective/Sources/Dictionary.swift /Users/admin/builder/spi-builder-workspace/ResponseDetective/Sources/ErrorRepresentation.swift -primary-file /Users/admin/builder/spi-builder-workspace/ResponseDetective/Sources/ImageBodyDeserializer.swift /Users/admin/builder/spi-builder-workspace/ResponseDetective/Sources/JSONBodyDeserializer.swift /Users/admin/builder/spi-builder-workspace/ResponseDetective/Sources/OutputFacility.swift /Users/admin/builder/spi-builder-workspace/ResponseDetective/Sources/PlaintextBodyDeserializer.swift /Users/admin/builder/spi-builder-workspace/ResponseDetective/Sources/RequestRepresentation.swift /Users/admin/builder/spi-builder-workspace/ResponseDetective/Sources/ResponseDetective.swift /Users/admin/builder/spi-builder-workspace/ResponseDetective/Sources/ResponseRepresentation.swift /Users/admin/builder/spi-builder-workspace/ResponseDetective/Sources/URLEncodedBodyDeserializer.swift /Users/admin/builder/spi-builder-workspace/ResponseDetective/Sources/URLProtocol.swift -emit-dependencies-path /Users/admin/builder/spi-builder-workspace/.derivedData/Build/Intermediates.noindex/ResponseDetective.build/Debug-xros/ResponseDetective-t.build/Objects-normal/arm64/ImageBodyDeserializer.d -emit-const-values-path /Users/admin/builder/spi-builder-workspace/.derivedData/Build/Intermediates.noindex/ResponseDetective.build/Debug-xros/ResponseDetective-t.build/Objects-normal/arm64/ImageBodyDeserializer.swiftconstvalues -emit-reference-dependencies-path /Users/admin/builder/spi-builder-workspace/.derivedData/Build/Intermediates.noindex/ResponseDetective.build/Debug-xros/ResponseDetective-t.build/Objects-normal/arm64/ImageBodyDeserializer.swiftdeps -serialize-diagnostics-path /Users/admin/builder/spi-builder-workspace/.derivedData/Build/Intermediates.noindex/ResponseDetective.build/Debug-xros/ResponseDetective-t.build/Objects-normal/arm64/ImageBodyDeserializer.dia -target arm64-apple-xros1.0 -disable-cross-import-overlay-search -load-resolved-plugin /Applications/Xcode-27.0.0-Release.Candidate.app/Contents/Developer/Platforms/XROS.platform/Developer/usr/lib/swift/host/plugins/libFoundationMacros.dylib\#/Applications/Xcode-27.0.0-Release.Candidate.app/Contents/Developer/Platforms/XROS.platform/Developer/usr/bin/swift-plugin-server\#FoundationMacros -load-resolved-plugin /Applications/Xcode-27.0.0-Release.Candidate.app/Contents/Developer/Platforms/XROS.platform/Developer/usr/lib/swift/host/plugins/libObservationMacros.dylib\#/Applications/Xcode-27.0.0-Release.Candidate.app/Contents/Developer/Platforms/XROS.platform/Developer/usr/bin/swift-plugin-server\#ObservationMacros -load-resolved-plugin /Applications/Xcode-27.0.0-Release.Candidate.app/Contents/Developer/Platforms/XROS.platform/Developer/usr/lib/swift/host/plugins/libSwiftMacros.dylib\#/Applications/Xcode-27.0.0-Release.Candidate.app/Contents/Developer/Platforms/XROS.platform/Developer/usr/bin/swift-plugin-server\#SwiftMacros -disable-implicit-swift-modules -Xcc -fno-implicit-modules -Xcc -fno-implicit-module-maps -explicit-swift-module-map-file /Users/admin/builder/spi-builder-workspace/.derivedData/Build/Intermediates.noindex/ResponseDetective.build/Debug-xros/ResponseDetective-t.build/Objects-normal/arm64/ResponseDetective-dependencies-1.json -Xllvm -aarch64-use-tbi -enable-objc-interop -stack-check -sdk /Applications/Xcode-27.0.0-Release.Candidate.app/Contents/Developer/Platforms/XROS.platform/Developer/SDKs/XROS27.0.sdk -I /Users/admin/builder/spi-builder-workspace/.derivedData/Build/Products/Debug-xros -Isystem /Applications/Xcode-27.0.0-Release.Candidate.app/Contents/Developer/Platforms/XROS.platform/Developer/usr/lib -F /Users/admin/builder/spi-builder-workspace/.derivedData/Build/Products/Debug-xros/PackageFrameworks -F /Users/admin/builder/spi-builder-workspace/.derivedData/Build/Products/Debug-xros -F /Applications/Xcode-27.0.0-Release.Candidate.app/Contents/Developer/Platforms/XROS.platform/Developer/Library/Frameworks -F /Applications/Xcode-27.0.0-Release.Candidate.app/Contents/Developer/Platforms/XROS.platform/Developer/SDKs/XROS27.0.sdk/Developer/Library/Frameworks -module-cache-path /Users/admin/builder/spi-builder-workspace/.derivedData/Build/Intermediates.noindex/SwiftExplicitPrecompiledModules -no-color-diagnostics -Xcc -fno-color-diagnostics -enable-testing -g -debug-info-format\=dwarf -dwarf-version\=4 -profile-generate -profile-coverage-mapping -swift-version 5 -Onone -D SWIFT_PACKAGE -D DEBUG -D SWIFT_MODULE_RESOURCE_BUNDLE_UNAVAILABLE -D Xcode -serialize-debugging-options -enable-experimental-feature DebugDescriptionMacro -empty-abi-descriptor -validate-clang-modules-once -clang-build-session-file /Users/admin/builder/spi-builder-workspace/.derivedData/ModuleCache.noindex/Session.modulevalidation -Xcc -working-directory -Xcc /Users/admin/builder/spi-builder-workspace/.swiftpm/xcode -enable-anonymous-context-mangled-names -file-compilation-dir /Users/admin/builder/spi-builder-workspace/.swiftpm/xcode -Xcc -fmodule-map-file\=/Users/admin/builder/spi-builder-workspace/.derivedData/Build/Intermediates.noindex/GeneratedModuleMaps-xros/ResponseDetectiveObjC.modulemap -Xcc -D_LIBCPP_HARDENING_MODE\=_LIBCPP_HARDENING_MODE_DEBUG -Xcc -ivfsstatcache -Xcc /Users/admin/builder/spi-builder-workspace/.derivedData/SDKStatCaches.noindex/xros27.0-24M361-e829b21a6f8c9b70876ba0858053c044735bd543db762f57723cac368afd1ce4.sdkstatcache -Xcc -fmodules-prune-interval\=86400 -Xcc -fmodules-prune-after\=345600 -Xcc -I/Users/admin/builder/spi-builder-workspace/ResponseDetective/include -Xcc -I/Users/admin/builder/spi-builder-workspace/.derivedData/Build/Products/Debug-xros/include -Xcc -I/Users/admin/builder/spi-builder-workspace/.derivedData/Build/Intermediates.noindex/ResponseDetective.build/Debug-xros/ResponseDetective-t.build/DerivedSources-normal/arm64 -Xcc -I/Users/admin/builder/spi-builder-workspace/.derivedData/Build/Intermediates.noindex/ResponseDetective.build/Debug-xros/ResponseDetective-t.build/DerivedSources/arm64 -Xcc -I/Users/admin/builder/spi-builder-workspace/.derivedData/Build/Intermediates.noindex/ResponseDetective.build/Debug-xros/ResponseDetective-t.build/DerivedSources -Xcc -DSWIFT_PACKAGE -Xcc -DDEBUG\=1 -no-auto-bridging-header-chaining -module-name ResponseDetective -const-gather-protocols-file /Users/admin/builder/spi-builder-workspace/.derivedData/Build/Intermediates.noindex/ResponseDetective.build/Debug-xros/ResponseDetective-t.build/Objects-normal/arm64/ResponseDetective_const_extract_protocols.json -disable-clang-spi -clang-target arm64-apple-xros27.0 -target-sdk-version 27.0 -target-sdk-name xros27.0 -in-process-plugin-server-path /Applications/Xcode-27.0.0-Release.Candidate.app/Contents/Developer/Toolchains/XcodeDefault.xctoolchain/usr/lib/swift/host/libSwiftInProcPluginServer.dylib -parse-as-library -o /Users/admin/builder/spi-builder-workspace/.derivedData/Build/Intermediates.noindex/ResponseDetective.build/Debug-xros/ResponseDetective-t.build/Objects-normal/arm64/ImageBodyDeserializer.o -debug-module-path /Users/admin/builder/spi-builder-workspace/.derivedData/Build/Intermediates.noindex/ResponseDetective.build/Debug-xros/ResponseDetective-t.build/Objects-normal/arm64/ResponseDetective.swiftmodule -index-unit-output-path /ResponseDetective.build/Debug-xros/ResponseDetective-t.build/Objects-normal/arm64/ImageBodyDeserializer.o -index-store-path /Users/admin/builder/spi-builder-workspace/.derivedData/Index.noindex/DataStore -index-system-modules
SwiftCompile normal arm64 /Users/admin/builder/spi-builder-workspace/ResponseDetective/Sources/ImageBodyDeserializer.swift (in target 'ResponseDetective' from project 'ResponseDetective')
cd /Users/admin/builder/spi-builder-workspace/.swiftpm/xcode
builtin-SwiftPerFileCompile ImageBodyDeserializer.swift
SwiftCompile normal arm64 Compiling\ URLProtocol.swift /Users/admin/builder/spi-builder-workspace/ResponseDetective/Sources/URLProtocol.swift (in target 'ResponseDetective' from project 'ResponseDetective')
SwiftCompile normal arm64 /Users/admin/builder/spi-builder-workspace/ResponseDetective/Sources/URLProtocol.swift (in target 'ResponseDetective' from project 'ResponseDetective')
cd /Users/admin/builder/spi-builder-workspace/.swiftpm/xcode
builtin-SwiftPerFileCompile URLProtocol.swift
PruneExplicitPrecompiledModules /Users/admin/builder/spi-builder-workspace/.derivedData/Build/Intermediates.noindex/SwiftExplicitPrecompiledModules
PruneExplicitPrecompiledModules /Users/admin/builder/spi-builder-workspace/.derivedData/SDKExplicitPrecompiledModules
PruneExplicitPrecompiledModules /Users/admin/builder/spi-builder-workspace/.derivedData/Build/Intermediates.noindex/ExplicitPrecompiledModules
2026-09-18 10:42:44.980 xcodebuild[1030:5875] [MT] IDERunDestination: Supported platforms for the buildables in the current scheme is empty.
** BUILD FAILED **
The following build commands failed:
SwiftCompile normal arm64 Compiling\ ImageBodyDeserializer.swift /Users/admin/builder/spi-builder-workspace/ResponseDetective/Sources/ImageBodyDeserializer.swift (in target 'ResponseDetective' from project 'ResponseDetective')
SwiftCompile normal arm64 /Users/admin/builder/spi-builder-workspace/ResponseDetective/Sources/ImageBodyDeserializer.swift (in target 'ResponseDetective' from project 'ResponseDetective')
Building workspace ResponseDetective with scheme ResponseDetective
(3 failures)
BUILD FAILURE 6.4 visionOS