The Swift Package Index logo.Swift Package Index

Build Information

Failed to build SwiftDataPreviewer, reference main (cb28e8), with Swift 6.3 for Android on 27 Jun 2026 02:14:46 UTC.

Build Command

bash -c docker run --pull=always --rm -v "checkouts-53886768-0":/host -w "$PWD" -e JAVA_HOME="/root/.sdkman/candidates/java/current" -e SPI_BUILD="1" -e SPI_PROCESSING="1" registry.gitlab.com/saguaro1/spi-images:android-6.3-latest swift build --swift-sdk aarch64-unknown-linux-android28 2>&1

Build Log

========================================
RunAll
========================================
Builder version: 0e64495ecc1688c3b3e031a5ef1348b5c05091ae
Interrupt handler set up.
========================================
Checkout
========================================
Clone URL: https://github.com/markbattistella/SwiftDataPreviewer.git
Reference: main
Initialized empty Git repository in /host/spi-builder-workspace/.git/
hint: Using 'master' as the name for the initial branch. This default branch name
hint: is subject to change. To configure the initial branch name to use in all
hint: of your new repositories, which will suppress this warning, call:
hint:
hint: 	git config --global init.defaultBranch <name>
hint:
hint: Names commonly chosen instead of 'master' are 'main', 'trunk' and
hint: 'development'. The just-created branch can be renamed via this command:
hint:
hint: 	git branch -m <name>
From https://github.com/markbattistella/SwiftDataPreviewer
 * branch            main       -> FETCH_HEAD
 * [new branch]      main       -> origin/main
HEAD is now at cb28e87 2026-05-26
Cloned https://github.com/markbattistella/SwiftDataPreviewer.git
Revision (git rev-parse @):
cb28e87da262735b13083f5c2953dbe566a79986
SPI manifest file found: $PWD/.spi.yml
SUCCESS checkout https://github.com/markbattistella/SwiftDataPreviewer.git at main
========================================
Build
========================================
Selected platform:         android
Swift version:             6.3
Building package at path:  $PWD
https://github.com/markbattistella/SwiftDataPreviewer.git
Running build ...
bash -c docker run --pull=always --rm -v "checkouts-53886768-0":/host -w "$PWD" -e JAVA_HOME="/root/.sdkman/candidates/java/current" -e SPI_BUILD="1" -e SPI_PROCESSING="1" registry.gitlab.com/saguaro1/spi-images:android-6.3-latest swift build --swift-sdk aarch64-unknown-linux-android28 2>&1
android-6.3-latest: Pulling from saguaro1/spi-images
Digest: sha256:451958f7df55f9af673f8b0851dc526f2aee3222db374ae53b89fa21ad564bc8
Status: Image is up to date for registry.gitlab.com/saguaro1/spi-images:android-6.3-latest
Fetching https://github.com/markbattistella/SimpleLogger
[1/229] Fetching simplelogger
Fetched https://github.com/markbattistella/SimpleLogger from cache (0.40s)
Computing version for https://github.com/markbattistella/SimpleLogger
Computed https://github.com/markbattistella/SimpleLogger at 26.5.26 (0.55s)
Creating working copy for https://github.com/markbattistella/SimpleLogger
Working copy of https://github.com/markbattistella/SimpleLogger resolved at 26.5.26
Building for debugging...
[0/3] Write sources
[2/3] Write swift-version-272D24FF697CF451.txt
error: emit-module command failed with exit code 1 (use -v to see invocation)
[4/25] Emitting module SimpleLogger
/host/spi-builder-workspace/.build/checkouts/SimpleLogger/Sources/SimpleLogger/Core/Logger+Export.swift:8:8: error: no such module 'UniformTypeIdentifiers'
  6 |
  7 | import Foundation
  8 | import UniformTypeIdentifiers
    |        `- error: no such module 'UniformTypeIdentifiers'
  9 |
 10 | extension UTType {
[5/25] Compiling SimpleLogger Category+Architecture.swift
/host/spi-builder-workspace/.build/checkouts/SimpleLogger/Sources/SimpleLogger/Core/Logger+Export.swift:8:8: error: no such module 'UniformTypeIdentifiers'
  6 |
  7 | import Foundation
  8 | import UniformTypeIdentifiers
    |        `- error: no such module 'UniformTypeIdentifiers'
  9 |
 10 | extension UTType {
[6/25] Compiling SimpleLogger Category+Commerce.swift
/host/spi-builder-workspace/.build/checkouts/SimpleLogger/Sources/SimpleLogger/Core/Logger+Export.swift:8:8: error: no such module 'UniformTypeIdentifiers'
  6 |
  7 | import Foundation
  8 | import UniformTypeIdentifiers
    |        `- error: no such module 'UniformTypeIdentifiers'
  9 |
 10 | extension UTType {
[7/25] Compiling SimpleLogger Category+Miscellaneous.swift
/host/spi-builder-workspace/.build/checkouts/SimpleLogger/Sources/SimpleLogger/Core/Logger+Export.swift:8:8: error: no such module 'UniformTypeIdentifiers'
  6 |
  7 | import Foundation
  8 | import UniformTypeIdentifiers
    |        `- error: no such module 'UniformTypeIdentifiers'
  9 |
 10 | extension UTType {
[8/25] Compiling SimpleLogger Category+Security.swift
/host/spi-builder-workspace/.build/checkouts/SimpleLogger/Sources/SimpleLogger/Core/Logger+Export.swift:8:8: error: no such module 'UniformTypeIdentifiers'
  6 |
  7 | import Foundation
  8 | import UniformTypeIdentifiers
    |        `- error: no such module 'UniformTypeIdentifiers'
  9 |
 10 | extension UTType {
[9/25] Compiling SimpleLogger Category+System.swift
/host/spi-builder-workspace/.build/checkouts/SimpleLogger/Sources/SimpleLogger/Core/Logger+Export.swift:8:8: error: no such module 'UniformTypeIdentifiers'
  6 |
  7 | import Foundation
  8 | import UniformTypeIdentifiers
    |        `- error: no such module 'UniformTypeIdentifiers'
  9 |
 10 | extension UTType {
[10/25] Compiling SimpleLogger Category+Testing.swift
/host/spi-builder-workspace/.build/checkouts/SimpleLogger/Sources/SimpleLogger/Core/Logger+Export.swift:8:8: error: no such module 'UniformTypeIdentifiers'
  6 |
  7 | import Foundation
  8 | import UniformTypeIdentifiers
    |        `- error: no such module 'UniformTypeIdentifiers'
  9 |
 10 | extension UTType {
[11/28] Compiling SimpleLogger Category+Network.swift
/host/spi-builder-workspace/.build/checkouts/SimpleLogger/Sources/SimpleLogger/Core/Logger+Export.swift:8:8: error: no such module 'UniformTypeIdentifiers'
  6 |
  7 | import Foundation
  8 | import UniformTypeIdentifiers
    |        `- error: no such module 'UniformTypeIdentifiers'
  9 |
 10 | extension UTType {
[12/28] Compiling SimpleLogger Category+Performance.swift
/host/spi-builder-workspace/.build/checkouts/SimpleLogger/Sources/SimpleLogger/Core/Logger+Export.swift:8:8: error: no such module 'UniformTypeIdentifiers'
  6 |
  7 | import Foundation
  8 | import UniformTypeIdentifiers
    |        `- error: no such module 'UniformTypeIdentifiers'
  9 |
 10 | extension UTType {
[13/28] Compiling SimpleLogger Category+Persistence.swift
/host/spi-builder-workspace/.build/checkouts/SimpleLogger/Sources/SimpleLogger/Core/Logger+Export.swift:8:8: error: no such module 'UniformTypeIdentifiers'
  6 |
  7 | import Foundation
  8 | import UniformTypeIdentifiers
    |        `- error: no such module 'UniformTypeIdentifiers'
  9 |
 10 | extension UTType {
[14/28] Compiling SimpleLogger Category+UI.swift
/host/spi-builder-workspace/.build/checkouts/SimpleLogger/Sources/SimpleLogger/Core/Logger+Export.swift:8:8: error: no such module 'UniformTypeIdentifiers'
  6 |
  7 | import Foundation
  8 | import UniformTypeIdentifiers
    |        `- error: no such module 'UniformTypeIdentifiers'
  9 |
 10 | extension UTType {
[15/28] Compiling SimpleLogger Category+Utilities.swift
/host/spi-builder-workspace/.build/checkouts/SimpleLogger/Sources/SimpleLogger/Core/Logger+Export.swift:8:8: error: no such module 'UniformTypeIdentifiers'
  6 |
  7 | import Foundation
  8 | import UniformTypeIdentifiers
    |        `- error: no such module 'UniformTypeIdentifiers'
  9 |
 10 | extension UTType {
[16/28] Compiling SimpleLogger Logger+Export.swift
/host/spi-builder-workspace/.build/checkouts/SimpleLogger/Sources/SimpleLogger/Core/Logger+Export.swift:8:8: error: no such module 'UniformTypeIdentifiers'
  6 |
  7 | import Foundation
  8 | import UniformTypeIdentifiers
    |        `- error: no such module 'UniformTypeIdentifiers'
  9 |
 10 | extension UTType {
[17/28] Compiling SimpleLogger Logger+Filter.swift
/host/spi-builder-workspace/.build/checkouts/SimpleLogger/Sources/SimpleLogger/Core/Logger+Export.swift:8:8: error: no such module 'UniformTypeIdentifiers'
  6 |
  7 | import Foundation
  8 | import UniformTypeIdentifiers
    |        `- error: no such module 'UniformTypeIdentifiers'
  9 |
 10 | extension UTType {
[18/28] Compiling SimpleLogger Logger+Init.swift
/host/spi-builder-workspace/.build/checkouts/SimpleLogger/Sources/SimpleLogger/Core/Logger+Export.swift:8:8: error: no such module 'UniformTypeIdentifiers'
  6 |
  7 | import Foundation
  8 | import UniformTypeIdentifiers
    |        `- error: no such module 'UniformTypeIdentifiers'
  9 |
 10 | extension UTType {
[19/28] Compiling SimpleLogger LoggerCategory.swift
/host/spi-builder-workspace/.build/checkouts/SimpleLogger/Sources/SimpleLogger/Core/Logger+Export.swift:8:8: error: no such module 'UniformTypeIdentifiers'
  6 |
  7 | import Foundation
  8 | import UniformTypeIdentifiers
    |        `- error: no such module 'UniformTypeIdentifiers'
  9 |
 10 | extension UTType {
[20/28] Compiling SimpleLogger LoggerRepresentation.swift
/host/spi-builder-workspace/.build/checkouts/SimpleLogger/Sources/SimpleLogger/Core/Logger+Export.swift:8:8: error: no such module 'UniformTypeIdentifiers'
  6 |
  7 | import Foundation
  8 | import UniformTypeIdentifiers
    |        `- error: no such module 'UniformTypeIdentifiers'
  9 |
 10 | extension UTType {
[21/28] Compiling SimpleLogger Duration+Ext.swift
/host/spi-builder-workspace/.build/checkouts/SimpleLogger/Sources/SimpleLogger/Core/Logger+Export.swift:8:8: error: no such module 'UniformTypeIdentifiers'
  6 |
  7 | import Foundation
  8 | import UniformTypeIdentifiers
    |        `- error: no such module 'UniformTypeIdentifiers'
  9 |
 10 | extension UTType {
[22/28] Compiling SimpleLogger LoggerExporter.swift
/host/spi-builder-workspace/.build/checkouts/SimpleLogger/Sources/SimpleLogger/Core/Logger+Export.swift:8:8: error: no such module 'UniformTypeIdentifiers'
  6 |
  7 | import Foundation
  8 | import UniformTypeIdentifiers
    |        `- error: no such module 'UniformTypeIdentifiers'
  9 |
 10 | extension UTType {
[23/28] Compiling SimpleLogger LoggerManager.swift
/host/spi-builder-workspace/.build/checkouts/SimpleLogger/Sources/SimpleLogger/Core/Logger+Export.swift:8:8: error: no such module 'UniformTypeIdentifiers'
  6 |
  7 | import Foundation
  8 | import UniformTypeIdentifiers
    |        `- error: no such module 'UniformTypeIdentifiers'
  9 |
 10 | extension UTType {
[24/28] Compiling SimpleLogger LoggerQuery.swift
/host/spi-builder-workspace/.build/checkouts/SimpleLogger/Sources/SimpleLogger/Core/Logger+Export.swift:8:8: error: no such module 'UniformTypeIdentifiers'
  6 |
  7 | import Foundation
  8 | import UniformTypeIdentifiers
    |        `- error: no such module 'UniformTypeIdentifiers'
  9 |
 10 | extension UTType {
[25/28] Compiling SimpleLogger LoggerReader.swift
/host/spi-builder-workspace/.build/checkouts/SimpleLogger/Sources/SimpleLogger/Core/Logger+Export.swift:8:8: error: no such module 'UniformTypeIdentifiers'
  6 |
  7 | import Foundation
  8 | import UniformTypeIdentifiers
    |        `- error: no such module 'UniformTypeIdentifiers'
  9 |
 10 | extension UTType {
[26/28] Compiling SimpleLogger CompressionLevel.swift
/host/spi-builder-workspace/.build/checkouts/SimpleLogger/Sources/SimpleLogger/Core/Logger+Export.swift:8:8: error: no such module 'UniformTypeIdentifiers'
  6 |
  7 | import Foundation
  8 | import UniformTypeIdentifiers
    |        `- error: no such module 'UniformTypeIdentifiers'
  9 |
 10 | extension UTType {
[27/28] Compiling SimpleLogger Data+Ext.swift
/host/spi-builder-workspace/.build/checkouts/SimpleLogger/Sources/SimpleLogger/Core/Logger+Export.swift:8:8: error: no such module 'UniformTypeIdentifiers'
  6 |
  7 | import Foundation
  8 | import UniformTypeIdentifiers
    |        `- error: no such module 'UniformTypeIdentifiers'
  9 |
 10 | extension UTType {
[28/28] Compiling SimpleLogger gzip+Error.swift
/host/spi-builder-workspace/.build/checkouts/SimpleLogger/Sources/SimpleLogger/Core/Logger+Export.swift:8:8: error: no such module 'UniformTypeIdentifiers'
  6 |
  7 | import Foundation
  8 | import UniformTypeIdentifiers
    |        `- error: no such module 'UniformTypeIdentifiers'
  9 |
 10 | extension UTType {
BUILD FAILURE 6.3 android