The Swift Package Index logo.Swift Package Index

Build Information

Failed to build WWWebSocket, reference main (7fe152), with Swift 6.4 for macOS (Xcode) using Xcode 27.0 on 20 Sep 2026 15:48:18 UTC.

Build Command

env DEVELOPER_DIR=/Applications/Xcode-27.0.0-Release.Candidate.app xcrun xcodebuild -IDEClonedSourcePackagesDirPathOverride=$PWD/.dependencies -skipMacroValidation -skipPackagePluginValidation -derivedDataPath $PWD/.derivedData build -scheme WWWebSocket -destination platform=macOS,arch=arm64

Build Log

========================================
RunAll
========================================
Builder version: 5.1.0
Interrupt handler set up.
========================================
Checkout
========================================
Clone URL: https://github.com/William-Weng/WWWebSocket.git
Reference: main
Initialized empty Git repository in /Users/admin/builder/spi-builder-workspace/.git/
From https://github.com/William-Weng/WWWebSocket
 * branch            main       -> FETCH_HEAD
 * [new branch]      main       -> origin/main
HEAD is now at 7fe1520 - 加上WWWebSocketDelegate說明
Cloned https://github.com/William-Weng/WWWebSocket.git
Revision (git rev-parse @):
7fe1520796e5296d50444f3ef0bfe659050fecbe
SUCCESS checkout https://github.com/William-Weng/WWWebSocket.git at main
========================================
Build
========================================
Selected platform:         macosXcodebuild
Swift version:             6.4
Building package at path:  $PWD
https://github.com/William-Weng/WWWebSocket.git
Command line invocation:
    /Applications/Xcode-27.0.0-Release.Candidate.app/Contents/Developer/usr/bin/xcodebuild -IDEClonedSourcePackagesDirPathOverride=/Users/admin/builder/spi-builder-workspace/.dependencies -resolvePackageDependencies
Resolve Package Graph
Resolve Package Graph
Resolved source packages:
  WWWebSocket: /Users/admin/builder/spi-builder-workspace
resolved source packages: WWWebSocket
2026-09-20 11:47:27.817 xcodebuild[529:3049] [MT] IDERunDestination: Supported platforms for the buildables in the current scheme is empty.
{
  "dependencies" : [
  ],
  "manifest_display_name" : "WWWebSocket",
  "name" : "WWWebSocket",
  "path" : "/Users/admin/builder/spi-builder-workspace",
  "platforms" : [
    {
      "name" : "ios",
      "version" : "14.0"
    }
  ],
  "products" : [
    {
      "name" : "WWWebSocket",
      "targets" : [
        "WWWebSocket"
      ],
      "type" : {
        "library" : [
          "automatic"
        ]
      }
    }
  ],
  "targets" : [
    {
      "c99name" : "WWWebSocket",
      "module_type" : "SwiftTarget",
      "name" : "WWWebSocket",
      "path" : "Sources/WWWebSocket",
      "product_memberships" : [
        "WWWebSocket"
      ],
      "resources" : [
        {
          "path" : "/Users/admin/builder/spi-builder-workspace/Sources/WWWebSocket/Privacy",
          "rule" : {
            "copy" : {
            }
          }
        }
      ],
      "sources" : [
        "Constant.swift",
        "WebSocket.swift"
      ],
      "type" : "library"
    }
  ],
  "tools_version" : "5.6"
}
{
  "workspace" : {
    "name" : "WWWebSocket",
    "schemes" : [
      "WWWebSocket"
    ]
  }
}
2026-09-20 11:48:09.284 xcodebuild[664:4288] [MT] IDERunDestination: Supported platforms for the buildables in the current scheme is empty.
Running build ...
env DEVELOPER_DIR=/Applications/Xcode-27.0.0-Release.Candidate.app xcrun xcodebuild -IDEClonedSourcePackagesDirPathOverride=$PWD/.dependencies -skipMacroValidation -skipPackagePluginValidation -derivedDataPath $PWD/.derivedData build -scheme WWWebSocket -destination platform=macOS,arch=arm64
Command line invocation:
    /Applications/Xcode-27.0.0-Release.Candidate.app/Contents/Developer/usr/bin/xcodebuild -IDEClonedSourcePackagesDirPathOverride=/Users/admin/builder/spi-builder-workspace/.dependencies -skipMacroValidation -skipPackagePluginValidation -derivedDataPath /Users/admin/builder/spi-builder-workspace/.derivedData build -scheme WWWebSocket -destination platform=macOS,arch=arm64
Resolve Package Graph
Resolved source packages:
  WWWebSocket: /Users/admin/builder/spi-builder-workspace
ComputePackagePrebuildTargetDependencyGraph
Prepare packages
CreateBuildRequest
SendProjectDescription
CreateBuildOperation
ComputeTargetDependencyGraph
note: Building targets in dependency order
note: Target dependency graph (3 targets)
    Target 'WWWebSocket-product' in project 'WWWebSocket'
        ➜ Explicit dependency on target 'WWWebSocket' in project 'WWWebSocket'
        ➜ Explicit dependency on target 'WWWebSocket_WWWebSocket' in project 'WWWebSocket'
    Target 'WWWebSocket' in project 'WWWebSocket'
        ➜ Explicit dependency on target 'WWWebSocket_WWWebSocket' in project 'WWWebSocket'
    Target 'WWWebSocket_WWWebSocket' in project 'WWWebSocket' (no dependencies)
GatherProvisioningInputs
CreateBuildDescription
ExecuteExternalTool /Applications/Xcode-27.0.0-Release.Candidate.app/Contents/Developer/Toolchains/XcodeDefault.xctoolchain/usr/bin/clang -v -E -dM -isysroot /Applications/Xcode-27.0.0-Release.Candidate.app/Contents/Developer/Platforms/MacOSX.platform/Developer/SDKs/MacOSX27.0.sdk -x c -c /dev/null
ExecuteExternalTool /Applications/Xcode-27.0.0-Release.Candidate.app/Contents/Developer/Toolchains/XcodeDefault.xctoolchain/usr/bin/swiftc --version
ExecuteExternalTool /Applications/Xcode-27.0.0-Release.Candidate.app/Contents/Developer/Toolchains/XcodeDefault.xctoolchain/usr/bin/ld -version_details
Build description signature: b07f2a5196d46dc90e832f68b9d12cea
Build description path: /Users/admin/builder/spi-builder-workspace/.derivedData/Build/Intermediates.noindex/XCBuildData/b07f2a5196d46dc90e832f68b9d12cea.xcbuilddata
CreateBuildDirectory /Users/admin/builder/spi-builder-workspace/.derivedData/ModuleCache.noindex
    cd /Users/admin/builder/spi-builder-workspace/.swiftpm/xcode
    builtin-create-build-directory /Users/admin/builder/spi-builder-workspace/.derivedData/ModuleCache.noindex
CreateBuildDirectory /Users/admin/builder/spi-builder-workspace/.derivedData/SDKExplicitPrecompiledModules
    cd /Users/admin/builder/spi-builder-workspace/.swiftpm/xcode
    builtin-create-build-directory /Users/admin/builder/spi-builder-workspace/.derivedData/SDKExplicitPrecompiledModules
CreateBuildDirectory /Users/admin/builder/spi-builder-workspace/.derivedData/CompilationCache.noindex
    cd /Users/admin/builder/spi-builder-workspace/.swiftpm/xcode
    builtin-create-build-directory /Users/admin/builder/spi-builder-workspace/.derivedData/CompilationCache.noindex
CreateBuildDirectory /Users/admin/builder/spi-builder-workspace/.derivedData/Build/Intermediates.noindex
    cd /Users/admin/builder/spi-builder-workspace/.swiftpm/xcode
    builtin-create-build-directory /Users/admin/builder/spi-builder-workspace/.derivedData/Build/Intermediates.noindex
CreateBuildDirectory /Users/admin/builder/spi-builder-workspace/.derivedData/Build/Products
    cd /Users/admin/builder/spi-builder-workspace/.swiftpm/xcode
    builtin-create-build-directory /Users/admin/builder/spi-builder-workspace/.derivedData/Build/Products
ClangStatCache /Applications/Xcode-27.0.0-Release.Candidate.app/Contents/Developer/Toolchains/XcodeDefault.xctoolchain/usr/bin/clang-stat-cache /Applications/Xcode-27.0.0-Release.Candidate.app/Contents/Developer/Platforms/MacOSX.platform/Developer/SDKs/MacOSX27.0.sdk /Users/admin/builder/spi-builder-workspace/.derivedData/SDKStatCaches.noindex/macosx27.0-26A425-e829b21a6f8c9b70876ba0858053c0446a22442a12e9d48fe1a705f55a1adfc4.sdkstatcache
    cd /Users/admin/builder/spi-builder-workspace/.swiftpm/xcode
    /Applications/Xcode-27.0.0-Release.Candidate.app/Contents/Developer/Toolchains/XcodeDefault.xctoolchain/usr/bin/clang-stat-cache /Applications/Xcode-27.0.0-Release.Candidate.app/Contents/Developer/Platforms/MacOSX.platform/Developer/SDKs/MacOSX27.0.sdk -o /Users/admin/builder/spi-builder-workspace/.derivedData/SDKStatCaches.noindex/macosx27.0-26A425-e829b21a6f8c9b70876ba0858053c0446a22442a12e9d48fe1a705f55a1adfc4.sdkstatcache
CreateBuildDirectory /Users/admin/builder/spi-builder-workspace/.derivedData/Build/Intermediates.noindex/SwiftExplicitPrecompiledModules
    cd /Users/admin/builder/spi-builder-workspace/.swiftpm/xcode
    builtin-create-build-directory /Users/admin/builder/spi-builder-workspace/.derivedData/Build/Intermediates.noindex/SwiftExplicitPrecompiledModules
CreateBuildDirectory /Users/admin/builder/spi-builder-workspace/.derivedData/Build/Intermediates.noindex/ExplicitPrecompiledModules
    cd /Users/admin/builder/spi-builder-workspace/.swiftpm/xcode
    builtin-create-build-directory /Users/admin/builder/spi-builder-workspace/.derivedData/Build/Intermediates.noindex/ExplicitPrecompiledModules
CreateBuildDirectory /Users/admin/builder/spi-builder-workspace/.derivedData/Build/Intermediates.noindex/PrecompiledHeaders
    cd /Users/admin/builder/spi-builder-workspace/.swiftpm/xcode
    builtin-create-build-directory /Users/admin/builder/spi-builder-workspace/.derivedData/Build/Intermediates.noindex/PrecompiledHeaders
CreateBuildDirectory /Users/admin/builder/spi-builder-workspace/.derivedData/Build/Intermediates.noindex/EagerLinkingTBDs/Debug
    cd /Users/admin/builder/spi-builder-workspace/.swiftpm/xcode
    builtin-create-build-directory /Users/admin/builder/spi-builder-workspace/.derivedData/Build/Intermediates.noindex/EagerLinkingTBDs/Debug
CreateBuildDirectory /Users/admin/builder/spi-builder-workspace/.derivedData/Build/Products/Debug
    cd /Users/admin/builder/spi-builder-workspace/.swiftpm/xcode
    builtin-create-build-directory /Users/admin/builder/spi-builder-workspace/.derivedData/Build/Products/Debug
CreateBuildDirectory /Users/admin/builder/spi-builder-workspace/.derivedData/Build/Products/Debug/PackageFrameworks
    cd /Users/admin/builder/spi-builder-workspace/.swiftpm/xcode
    builtin-create-build-directory /Users/admin/builder/spi-builder-workspace/.derivedData/Build/Products/Debug/PackageFrameworks
MkDir /Users/admin/builder/spi-builder-workspace/.derivedData/Build/Products/Debug/WWWebSocket_WWWebSocket.bundle (in target 'WWWebSocket_WWWebSocket' from project 'WWWebSocket')
    cd /Users/admin/builder/spi-builder-workspace
    /bin/mkdir -p /Users/admin/builder/spi-builder-workspace/.derivedData/Build/Products/Debug/WWWebSocket_WWWebSocket.bundle
MkDir /Users/admin/builder/spi-builder-workspace/.derivedData/Build/Products/Debug/WWWebSocket_WWWebSocket.bundle/Contents (in target 'WWWebSocket_WWWebSocket' from project 'WWWebSocket')
    cd /Users/admin/builder/spi-builder-workspace
    /bin/mkdir -p /Users/admin/builder/spi-builder-workspace/.derivedData/Build/Products/Debug/WWWebSocket_WWWebSocket.bundle/Contents
WriteAuxiliaryFile /Users/admin/builder/spi-builder-workspace/.derivedData/Build/Intermediates.noindex/WWWebSocket.build/Debug/WWWebSocket_WWWebSocket-b.build/WWWebSocket_WWWebSocket.DependencyStaticMetadataFileList (in target 'WWWebSocket_WWWebSocket' from project 'WWWebSocket')
    cd /Users/admin/builder/spi-builder-workspace
    write-file /Users/admin/builder/spi-builder-workspace/.derivedData/Build/Intermediates.noindex/WWWebSocket.build/Debug/WWWebSocket_WWWebSocket-b.build/WWWebSocket_WWWebSocket.DependencyStaticMetadataFileList
MkDir /Users/admin/builder/spi-builder-workspace/.derivedData/Build/Products/Debug/WWWebSocket_WWWebSocket.bundle/Contents/Resources (in target 'WWWebSocket_WWWebSocket' from project 'WWWebSocket')
    cd /Users/admin/builder/spi-builder-workspace
    /bin/mkdir -p /Users/admin/builder/spi-builder-workspace/.derivedData/Build/Products/Debug/WWWebSocket_WWWebSocket.bundle/Contents/Resources
WriteAuxiliaryFile /Users/admin/builder/spi-builder-workspace/.derivedData/Build/Intermediates.noindex/WWWebSocket.build/Debug/WWWebSocket_WWWebSocket-b.build/WWWebSocket_WWWebSocket.DependencyMetadataFileList (in target 'WWWebSocket_WWWebSocket' from project 'WWWebSocket')
    cd /Users/admin/builder/spi-builder-workspace
    write-file /Users/admin/builder/spi-builder-workspace/.derivedData/Build/Intermediates.noindex/WWWebSocket.build/Debug/WWWebSocket_WWWebSocket-b.build/WWWebSocket_WWWebSocket.DependencyMetadataFileList
WriteAuxiliaryFile /Users/admin/builder/spi-builder-workspace/.derivedData/Build/Intermediates.noindex/WWWebSocket.build/Debug/WWWebSocket_WWWebSocket-b.build/empty-WWWebSocket_WWWebSocket.plist (in target 'WWWebSocket_WWWebSocket' from project 'WWWebSocket')
    cd /Users/admin/builder/spi-builder-workspace
    write-file /Users/admin/builder/spi-builder-workspace/.derivedData/Build/Intermediates.noindex/WWWebSocket.build/Debug/WWWebSocket_WWWebSocket-b.build/empty-WWWebSocket_WWWebSocket.plist
WriteAuxiliaryFile /Users/admin/builder/spi-builder-workspace/.derivedData/Build/Intermediates.noindex/WWWebSocket.build/Debug/WWWebSocket-t.build/WWWebSocket.modulemap (in target 'WWWebSocket' from project 'WWWebSocket')
    cd /Users/admin/builder/spi-builder-workspace
    write-file /Users/admin/builder/spi-builder-workspace/.derivedData/Build/Intermediates.noindex/WWWebSocket.build/Debug/WWWebSocket-t.build/WWWebSocket.modulemap
WriteAuxiliaryFile /Users/admin/builder/spi-builder-workspace/.derivedData/Build/Intermediates.noindex/WWWebSocket.build/Debug/WWWebSocket-t.build/WWWebSocket.DependencyMetadataFileList (in target 'WWWebSocket' from project 'WWWebSocket')
    cd /Users/admin/builder/spi-builder-workspace
    write-file /Users/admin/builder/spi-builder-workspace/.derivedData/Build/Intermediates.noindex/WWWebSocket.build/Debug/WWWebSocket-t.build/WWWebSocket.DependencyMetadataFileList
WriteAuxiliaryFile /Users/admin/builder/spi-builder-workspace/.derivedData/Build/Intermediates.noindex/WWWebSocket.build/Debug/WWWebSocket-t.build/WWWebSocket.DependencyStaticMetadataFileList (in target 'WWWebSocket' from project 'WWWebSocket')
    cd /Users/admin/builder/spi-builder-workspace
    write-file /Users/admin/builder/spi-builder-workspace/.derivedData/Build/Intermediates.noindex/WWWebSocket.build/Debug/WWWebSocket-t.build/WWWebSocket.DependencyStaticMetadataFileList
WriteAuxiliaryFile /Users/admin/builder/spi-builder-workspace/.derivedData/Build/Intermediates.noindex/WWWebSocket.build/Debug/WWWebSocket-t.build/Objects-normal/arm64/WWWebSocket_const_extract_protocols.json (in target 'WWWebSocket' from project 'WWWebSocket')
    cd /Users/admin/builder/spi-builder-workspace
    write-file /Users/admin/builder/spi-builder-workspace/.derivedData/Build/Intermediates.noindex/WWWebSocket.build/Debug/WWWebSocket-t.build/Objects-normal/arm64/WWWebSocket_const_extract_protocols.json
WriteAuxiliaryFile /Users/admin/builder/spi-builder-workspace/.derivedData/Build/Intermediates.noindex/WWWebSocket.build/Debug/WWWebSocket-t.build/Objects-normal/arm64/WWWebSocket.SwiftFileList (in target 'WWWebSocket' from project 'WWWebSocket')
    cd /Users/admin/builder/spi-builder-workspace
    write-file /Users/admin/builder/spi-builder-workspace/.derivedData/Build/Intermediates.noindex/WWWebSocket.build/Debug/WWWebSocket-t.build/Objects-normal/arm64/WWWebSocket.SwiftFileList
WriteAuxiliaryFile /Users/admin/builder/spi-builder-workspace/.derivedData/Build/Intermediates.noindex/WWWebSocket.build/Debug/WWWebSocket-t.build/Objects-normal/arm64/WWWebSocket.SwiftConstValuesFileList (in target 'WWWebSocket' from project 'WWWebSocket')
    cd /Users/admin/builder/spi-builder-workspace
    write-file /Users/admin/builder/spi-builder-workspace/.derivedData/Build/Intermediates.noindex/WWWebSocket.build/Debug/WWWebSocket-t.build/Objects-normal/arm64/WWWebSocket.SwiftConstValuesFileList
WriteAuxiliaryFile /Users/admin/builder/spi-builder-workspace/.derivedData/Build/Intermediates.noindex/WWWebSocket.build/Debug/WWWebSocket-t.build/Objects-normal/arm64/WWWebSocket.LinkFileList (in target 'WWWebSocket' from project 'WWWebSocket')
    cd /Users/admin/builder/spi-builder-workspace
    write-file /Users/admin/builder/spi-builder-workspace/.derivedData/Build/Intermediates.noindex/WWWebSocket.build/Debug/WWWebSocket-t.build/Objects-normal/arm64/WWWebSocket.LinkFileList
WriteAuxiliaryFile /Users/admin/builder/spi-builder-workspace/.derivedData/Build/Intermediates.noindex/WWWebSocket.build/Debug/WWWebSocket-t.build/Objects-normal/arm64/WWWebSocket-OutputFileMap.json (in target 'WWWebSocket' from project 'WWWebSocket')
    cd /Users/admin/builder/spi-builder-workspace
    write-file /Users/admin/builder/spi-builder-workspace/.derivedData/Build/Intermediates.noindex/WWWebSocket.build/Debug/WWWebSocket-t.build/Objects-normal/arm64/WWWebSocket-OutputFileMap.json
WriteAuxiliaryFile /Users/admin/builder/spi-builder-workspace/.derivedData/Build/Intermediates.noindex/WWWebSocket.build/Debug/WWWebSocket-t.build/DerivedSources/resource_bundle_accessor.swift (in target 'WWWebSocket' from project 'WWWebSocket')
    cd /Users/admin/builder/spi-builder-workspace
    write-file /Users/admin/builder/spi-builder-workspace/.derivedData/Build/Intermediates.noindex/WWWebSocket.build/Debug/WWWebSocket-t.build/DerivedSources/resource_bundle_accessor.swift
Copy /Users/admin/builder/spi-builder-workspace/.derivedData/Build/Intermediates.noindex/GeneratedModuleMaps/WWWebSocket.modulemap /Users/admin/builder/spi-builder-workspace/.derivedData/Build/Intermediates.noindex/WWWebSocket.build/Debug/WWWebSocket-t.build/WWWebSocket.modulemap (in target 'WWWebSocket' from project 'WWWebSocket')
    cd /Users/admin/builder/spi-builder-workspace
    builtin-copy -exclude .DS_Store -exclude CVS -exclude .svn -exclude .git -exclude .hg -resolve-src-symlinks /Users/admin/builder/spi-builder-workspace/.derivedData/Build/Intermediates.noindex/WWWebSocket.build/Debug/WWWebSocket-t.build/WWWebSocket.modulemap /Users/admin/builder/spi-builder-workspace/.derivedData/Build/Intermediates.noindex/GeneratedModuleMaps
ProcessInfoPlistFile /Users/admin/builder/spi-builder-workspace/.derivedData/Build/Products/Debug/WWWebSocket_WWWebSocket.bundle/Contents/Info.plist /Users/admin/builder/spi-builder-workspace/.derivedData/Build/Intermediates.noindex/WWWebSocket.build/Debug/WWWebSocket_WWWebSocket-b.build/empty-WWWebSocket_WWWebSocket.plist (in target 'WWWebSocket_WWWebSocket' from project 'WWWebSocket')
    cd /Users/admin/builder/spi-builder-workspace
    builtin-infoPlistUtility /Users/admin/builder/spi-builder-workspace/.derivedData/Build/Intermediates.noindex/WWWebSocket.build/Debug/WWWebSocket_WWWebSocket-b.build/empty-WWWebSocket_WWWebSocket.plist -producttype com.apple.product-type.bundle -expandbuildsettings -platform macosx -o /Users/admin/builder/spi-builder-workspace/.derivedData/Build/Products/Debug/WWWebSocket_WWWebSocket.bundle/Contents/Info.plist
CpResource /Users/admin/builder/spi-builder-workspace/.derivedData/Build/Products/Debug/WWWebSocket_WWWebSocket.bundle/Contents/Resources/Privacy /Users/admin/builder/spi-builder-workspace/Sources/WWWebSocket/Privacy (in target 'WWWebSocket_WWWebSocket' from project 'WWWebSocket')
    cd /Users/admin/builder/spi-builder-workspace
    builtin-copy -exclude .DS_Store -exclude CVS -exclude .svn -exclude .git -exclude .hg -resolve-src-symlinks /Users/admin/builder/spi-builder-workspace/Sources/WWWebSocket/Privacy /Users/admin/builder/spi-builder-workspace/.derivedData/Build/Products/Debug/WWWebSocket_WWWebSocket.bundle/Contents/Resources
RegisterExecutionPolicyException /Users/admin/builder/spi-builder-workspace/.derivedData/Build/Products/Debug/WWWebSocket_WWWebSocket.bundle (in target 'WWWebSocket_WWWebSocket' from project 'WWWebSocket')
    cd /Users/admin/builder/spi-builder-workspace
    builtin-RegisterExecutionPolicyException /Users/admin/builder/spi-builder-workspace/.derivedData/Build/Products/Debug/WWWebSocket_WWWebSocket.bundle
Touch /Users/admin/builder/spi-builder-workspace/.derivedData/Build/Products/Debug/WWWebSocket_WWWebSocket.bundle (in target 'WWWebSocket_WWWebSocket' from project 'WWWebSocket')
    cd /Users/admin/builder/spi-builder-workspace
    /usr/bin/touch -c /Users/admin/builder/spi-builder-workspace/.derivedData/Build/Products/Debug/WWWebSocket_WWWebSocket.bundle
SwiftDriver WWWebSocket normal arm64 com.apple.xcode.tools.swift.compiler (in target 'WWWebSocket' from project 'WWWebSocket')
    cd /Users/admin/builder/spi-builder-workspace/.swiftpm/xcode
    builtin-SwiftDriver -- /Applications/Xcode-27.0.0-Release.Candidate.app/Contents/Developer/Toolchains/XcodeDefault.xctoolchain/usr/bin/swiftc -parse-as-library -module-name WWWebSocket -Onone @/Users/admin/builder/spi-builder-workspace/.derivedData/Build/Intermediates.noindex/WWWebSocket.build/Debug/WWWebSocket-t.build/Objects-normal/arm64/WWWebSocket.SwiftFileList -DSWIFT_PACKAGE -DDEBUG -DSWIFT_MODULE_RESOURCE_BUNDLE_AVAILABLE -DXcode -plugin-path /Applications/Xcode-27.0.0-Release.Candidate.app/Contents/Developer/Toolchains/XcodeDefault.xctoolchain/usr/lib/swift/host/plugins/testing -enable-experimental-feature DebugDescriptionMacro -sdk /Applications/Xcode-27.0.0-Release.Candidate.app/Contents/Developer/Platforms/MacOSX.platform/Developer/SDKs/MacOSX27.0.sdk -target arm64-apple-macos12.0 -g -module-cache-path /Users/admin/builder/spi-builder-workspace/.derivedData/ModuleCache.noindex -Xfrontend -serialize-debugging-options -enable-testing -index-store-path /Users/admin/builder/spi-builder-workspace/.derivedData/Index.noindex/DataStore -Xcc -D_LIBCPP_HARDENING_MODE\=_LIBCPP_HARDENING_MODE_DEBUG -swift-version 5 -I /Users/admin/builder/spi-builder-workspace/.derivedData/Build/Products/Debug -Isystem /Applications/Xcode-27.0.0-Release.Candidate.app/Contents/Developer/Platforms/MacOSX.platform/Developer/usr/lib -F /Users/admin/builder/spi-builder-workspace/.derivedData/Build/Products/Debug -F /Applications/Xcode-27.0.0-Release.Candidate.app/Contents/Developer/Platforms/MacOSX.platform/Developer/Library/Frameworks -c -j10 -enable-batch-mode -incremental -Xcc -ivfsstatcache -Xcc /Users/admin/builder/spi-builder-workspace/.derivedData/SDKStatCaches.noindex/macosx27.0-26A425-e829b21a6f8c9b70876ba0858053c0446a22442a12e9d48fe1a705f55a1adfc4.sdkstatcache -output-file-map /Users/admin/builder/spi-builder-workspace/.derivedData/Build/Intermediates.noindex/WWWebSocket.build/Debug/WWWebSocket-t.build/Objects-normal/arm64/WWWebSocket-OutputFileMap.json -save-temps -no-color-diagnostics -explicit-module-build -module-cache-path /Users/admin/builder/spi-builder-workspace/.derivedData/Build/Intermediates.noindex/SwiftExplicitPrecompiledModules -clang-scanner-module-cache-path /Users/admin/builder/spi-builder-workspace/.derivedData/ModuleCache.noindex -sdk-module-cache-path /Users/admin/builder/spi-builder-workspace/.derivedData/SDKExplicitPrecompiledModules -emit-dependencies -emit-module -emit-module-path /Users/admin/builder/spi-builder-workspace/.derivedData/Build/Intermediates.noindex/WWWebSocket.build/Debug/WWWebSocket-t.build/Objects-normal/arm64/WWWebSocket.swiftmodule -serialize-diagnostics -dependency-scan-serialize-diagnostics-path /Users/admin/builder/spi-builder-workspace/.derivedData/Build/Intermediates.noindex/WWWebSocket.build/Debug/WWWebSocket-t.build/Objects-normal/arm64/WWWebSocket-dependency-scan.dia -validate-clang-modules-once -clang-build-session-file /Users/admin/builder/spi-builder-workspace/.derivedData/ModuleCache.noindex/Session.modulevalidation -Xcc -fmodules-prune-interval\=86400 -Xcc -fmodules-prune-after\=345600 -emit-const-values -const-gather-protocols-list /Users/admin/builder/spi-builder-workspace/.derivedData/Build/Intermediates.noindex/WWWebSocket.build/Debug/WWWebSocket-t.build/Objects-normal/arm64/WWWebSocket_const_extract_protocols.json -Xcc -I/Users/admin/builder/spi-builder-workspace/.derivedData/Build/Products/Debug/include -Xcc -I/Users/admin/builder/spi-builder-workspace/.derivedData/Build/Intermediates.noindex/WWWebSocket.build/Debug/WWWebSocket-t.build/DerivedSources-normal/arm64 -Xcc -I/Users/admin/builder/spi-builder-workspace/.derivedData/Build/Intermediates.noindex/WWWebSocket.build/Debug/WWWebSocket-t.build/DerivedSources/arm64 -Xcc -I/Users/admin/builder/spi-builder-workspace/.derivedData/Build/Intermediates.noindex/WWWebSocket.build/Debug/WWWebSocket-t.build/DerivedSources -Xcc -DSWIFT_PACKAGE -Xcc -DDEBUG\=1 -emit-objc-header -emit-objc-header-path /Users/admin/builder/spi-builder-workspace/.derivedData/Build/Intermediates.noindex/WWWebSocket.build/Debug/WWWebSocket-t.build/Objects-normal/arm64/WWWebSocket-Swift.h -working-directory /Users/admin/builder/spi-builder-workspace/.swiftpm/xcode -experimental-emit-module-separately -disable-cmo
/Users/admin/builder/spi-builder-workspace/Sources/WWWebSocket/Constant.swift:8:8: error: Unable to resolve module dependency: 'UIKit' (in target 'WWWebSocket' from project 'WWWebSocket')
    note: A dependency of main module 'WWWebSocket'
    /Users/admin/builder/spi-builder-workspace/Sources/WWWebSocket/WebSocket.swift:8:8: note: Also imported here
/Users/admin/builder/spi-builder-workspace/Sources/WWWebSocket/Constant.swift:8:8: note: A dependency of main module 'WWWebSocket'
import UIKit
       ^ (in target 'WWWebSocket' from project 'WWWebSocket')
/Users/admin/builder/spi-builder-workspace/Sources/WWWebSocket/WebSocket.swift:8:8: note: Also imported here
import UIKit
       ^ (in target 'WWWebSocket' from project 'WWWebSocket')
PruneExplicitPrecompiledModules /Users/admin/builder/spi-builder-workspace/.derivedData/Build/Intermediates.noindex/SwiftExplicitPrecompiledModules
PruneExplicitPrecompiledModules /Users/admin/builder/spi-builder-workspace/.derivedData/SDKExplicitPrecompiledModules
PruneExplicitPrecompiledModules /Users/admin/builder/spi-builder-workspace/.derivedData/Build/Intermediates.noindex/ExplicitPrecompiledModules
2026-09-20 11:48:10.868 xcodebuild[665:4332] [MT] IDERunDestination: Supported platforms for the buildables in the current scheme is empty.
--- xcodebuild: WARNING: Using the first of multiple matching destinations:
{ platform:macOS, arch:arm64, id:af62bcf7a355bdb9cd586d96c9b5fbef01bd5053, name:My Mac }
{ platform:macOS, arch:arm64, variant:Mac Catalyst, id:af62bcf7a355bdb9cd586d96c9b5fbef01bd5053, name:My Mac }
{ platform:macOS, arch:arm64, variant:DriverKit, id:af62bcf7a355bdb9cd586d96c9b5fbef01bd5053, name:My Mac }
{ platform:macOS, arch:arm64, variant:Designed for [iPad,iPhone], id:af62bcf7a355bdb9cd586d96c9b5fbef01bd5053, name:My Mac }
** BUILD FAILED **
The following build commands failed:
	SwiftDriver WWWebSocket normal arm64 com.apple.xcode.tools.swift.compiler (in target 'WWWebSocket' from project 'WWWebSocket')
	Building workspace WWWebSocket with scheme WWWebSocket
(2 failures)
Command line invocation:
    /Applications/Xcode-27.0.0-Release.Candidate.app/Contents/Developer/usr/bin/xcodebuild -IDEClonedSourcePackagesDirPathOverride=/Users/admin/builder/spi-builder-workspace/.dependencies -resolvePackageDependencies
Resolve Package Graph
Resolved source packages:
  WWWebSocket: /Users/admin/builder/spi-builder-workspace
resolved source packages: WWWebSocket
2026-09-20 11:48:15.617 xcodebuild[681:4509] [MT] IDERunDestination: Supported platforms for the buildables in the current scheme is empty.
{
  "dependencies" : [
  ],
  "manifest_display_name" : "WWWebSocket",
  "name" : "WWWebSocket",
  "path" : "/Users/admin/builder/spi-builder-workspace",
  "platforms" : [
    {
      "name" : "ios",
      "version" : "14.0"
    }
  ],
  "products" : [
    {
      "name" : "WWWebSocket",
      "targets" : [
        "WWWebSocket"
      ],
      "type" : {
        "library" : [
          "automatic"
        ]
      }
    }
  ],
  "targets" : [
    {
      "c99name" : "WWWebSocket",
      "module_type" : "SwiftTarget",
      "name" : "WWWebSocket",
      "path" : "Sources/WWWebSocket",
      "product_memberships" : [
        "WWWebSocket"
      ],
      "resources" : [
        {
          "path" : "/Users/admin/builder/spi-builder-workspace/Sources/WWWebSocket/Privacy",
          "rule" : {
            "copy" : {
            }
          }
        }
      ],
      "sources" : [
        "Constant.swift",
        "WebSocket.swift"
      ],
      "type" : "library"
    }
  ],
  "tools_version" : "5.6"
}
{
  "workspace" : {
    "name" : "WWWebSocket",
    "schemes" : [
      "WWWebSocket"
    ]
  }
}
2026-09-20 11:48:16.756 xcodebuild[689:4578] [MT] IDERunDestination: Supported platforms for the buildables in the current scheme is empty.
Running build ...
env DEVELOPER_DIR=/Applications/Xcode-27.0.0-Release.Candidate.app xcrun xcodebuild -IDEClonedSourcePackagesDirPathOverride=$PWD/.dependencies -skipMacroValidation -skipPackagePluginValidation -derivedDataPath $PWD/.derivedData build -scheme WWWebSocket -destination platform=macOS,arch=arm64
Command line invocation:
    /Applications/Xcode-27.0.0-Release.Candidate.app/Contents/Developer/usr/bin/xcodebuild -IDEClonedSourcePackagesDirPathOverride=/Users/admin/builder/spi-builder-workspace/.dependencies -skipMacroValidation -skipPackagePluginValidation -derivedDataPath /Users/admin/builder/spi-builder-workspace/.derivedData build -scheme WWWebSocket -destination platform=macOS,arch=arm64
Resolve Package Graph
Resolved source packages:
  WWWebSocket: /Users/admin/builder/spi-builder-workspace
ComputePackagePrebuildTargetDependencyGraph
Prepare packages
CreateBuildRequest
SendProjectDescription
CreateBuildOperation
ComputeTargetDependencyGraph
note: Building targets in dependency order
note: Target dependency graph (3 targets)
    Target 'WWWebSocket-product' in project 'WWWebSocket'
        ➜ Explicit dependency on target 'WWWebSocket' in project 'WWWebSocket'
        ➜ Explicit dependency on target 'WWWebSocket_WWWebSocket' in project 'WWWebSocket'
    Target 'WWWebSocket' in project 'WWWebSocket'
        ➜ Explicit dependency on target 'WWWebSocket_WWWebSocket' in project 'WWWebSocket'
    Target 'WWWebSocket_WWWebSocket' in project 'WWWebSocket' (no dependencies)
GatherProvisioningInputs
CreateBuildDescription
ClangStatCache /Applications/Xcode-27.0.0-Release.Candidate.app/Contents/Developer/Toolchains/XcodeDefault.xctoolchain/usr/bin/clang-stat-cache /Applications/Xcode-27.0.0-Release.Candidate.app/Contents/Developer/Platforms/MacOSX.platform/Developer/SDKs/MacOSX27.0.sdk /Users/admin/builder/spi-builder-workspace/.derivedData/SDKStatCaches.noindex/macosx27.0-26A425-e829b21a6f8c9b70876ba0858053c0446a22442a12e9d48fe1a705f55a1adfc4.sdkstatcache
    cd /Users/admin/builder/spi-builder-workspace/.swiftpm/xcode
    /Applications/Xcode-27.0.0-Release.Candidate.app/Contents/Developer/Toolchains/XcodeDefault.xctoolchain/usr/bin/clang-stat-cache /Applications/Xcode-27.0.0-Release.Candidate.app/Contents/Developer/Platforms/MacOSX.platform/Developer/SDKs/MacOSX27.0.sdk -o /Users/admin/builder/spi-builder-workspace/.derivedData/SDKStatCaches.noindex/macosx27.0-26A425-e829b21a6f8c9b70876ba0858053c0446a22442a12e9d48fe1a705f55a1adfc4.sdkstatcache
SwiftDriver WWWebSocket normal arm64 com.apple.xcode.tools.swift.compiler (in target 'WWWebSocket' from project 'WWWebSocket')
    cd /Users/admin/builder/spi-builder-workspace/.swiftpm/xcode
    builtin-SwiftDriver -- /Applications/Xcode-27.0.0-Release.Candidate.app/Contents/Developer/Toolchains/XcodeDefault.xctoolchain/usr/bin/swiftc -parse-as-library -module-name WWWebSocket -Onone @/Users/admin/builder/spi-builder-workspace/.derivedData/Build/Intermediates.noindex/WWWebSocket.build/Debug/WWWebSocket-t.build/Objects-normal/arm64/WWWebSocket.SwiftFileList -DSWIFT_PACKAGE -DDEBUG -DSWIFT_MODULE_RESOURCE_BUNDLE_AVAILABLE -DXcode -plugin-path /Applications/Xcode-27.0.0-Release.Candidate.app/Contents/Developer/Toolchains/XcodeDefault.xctoolchain/usr/lib/swift/host/plugins/testing -enable-experimental-feature DebugDescriptionMacro -sdk /Applications/Xcode-27.0.0-Release.Candidate.app/Contents/Developer/Platforms/MacOSX.platform/Developer/SDKs/MacOSX27.0.sdk -target arm64-apple-macos12.0 -g -module-cache-path /Users/admin/builder/spi-builder-workspace/.derivedData/ModuleCache.noindex -Xfrontend -serialize-debugging-options -enable-testing -index-store-path /Users/admin/builder/spi-builder-workspace/.derivedData/Index.noindex/DataStore -Xcc -D_LIBCPP_HARDENING_MODE\=_LIBCPP_HARDENING_MODE_DEBUG -swift-version 5 -I /Users/admin/builder/spi-builder-workspace/.derivedData/Build/Products/Debug -Isystem /Applications/Xcode-27.0.0-Release.Candidate.app/Contents/Developer/Platforms/MacOSX.platform/Developer/usr/lib -F /Users/admin/builder/spi-builder-workspace/.derivedData/Build/Products/Debug -F /Applications/Xcode-27.0.0-Release.Candidate.app/Contents/Developer/Platforms/MacOSX.platform/Developer/Library/Frameworks -c -j10 -enable-batch-mode -incremental -Xcc -ivfsstatcache -Xcc /Users/admin/builder/spi-builder-workspace/.derivedData/SDKStatCaches.noindex/macosx27.0-26A425-e829b21a6f8c9b70876ba0858053c0446a22442a12e9d48fe1a705f55a1adfc4.sdkstatcache -output-file-map /Users/admin/builder/spi-builder-workspace/.derivedData/Build/Intermediates.noindex/WWWebSocket.build/Debug/WWWebSocket-t.build/Objects-normal/arm64/WWWebSocket-OutputFileMap.json -save-temps -no-color-diagnostics -explicit-module-build -module-cache-path /Users/admin/builder/spi-builder-workspace/.derivedData/Build/Intermediates.noindex/SwiftExplicitPrecompiledModules -clang-scanner-module-cache-path /Users/admin/builder/spi-builder-workspace/.derivedData/ModuleCache.noindex -sdk-module-cache-path /Users/admin/builder/spi-builder-workspace/.derivedData/SDKExplicitPrecompiledModules -emit-dependencies -emit-module -emit-module-path /Users/admin/builder/spi-builder-workspace/.derivedData/Build/Intermediates.noindex/WWWebSocket.build/Debug/WWWebSocket-t.build/Objects-normal/arm64/WWWebSocket.swiftmodule -serialize-diagnostics -dependency-scan-serialize-diagnostics-path /Users/admin/builder/spi-builder-workspace/.derivedData/Build/Intermediates.noindex/WWWebSocket.build/Debug/WWWebSocket-t.build/Objects-normal/arm64/WWWebSocket-dependency-scan.dia -validate-clang-modules-once -clang-build-session-file /Users/admin/builder/spi-builder-workspace/.derivedData/ModuleCache.noindex/Session.modulevalidation -Xcc -fmodules-prune-interval\=86400 -Xcc -fmodules-prune-after\=345600 -emit-const-values -const-gather-protocols-list /Users/admin/builder/spi-builder-workspace/.derivedData/Build/Intermediates.noindex/WWWebSocket.build/Debug/WWWebSocket-t.build/Objects-normal/arm64/WWWebSocket_const_extract_protocols.json -Xcc -I/Users/admin/builder/spi-builder-workspace/.derivedData/Build/Products/Debug/include -Xcc -I/Users/admin/builder/spi-builder-workspace/.derivedData/Build/Intermediates.noindex/WWWebSocket.build/Debug/WWWebSocket-t.build/DerivedSources-normal/arm64 -Xcc -I/Users/admin/builder/spi-builder-workspace/.derivedData/Build/Intermediates.noindex/WWWebSocket.build/Debug/WWWebSocket-t.build/DerivedSources/arm64 -Xcc -I/Users/admin/builder/spi-builder-workspace/.derivedData/Build/Intermediates.noindex/WWWebSocket.build/Debug/WWWebSocket-t.build/DerivedSources -Xcc -DSWIFT_PACKAGE -Xcc -DDEBUG\=1 -emit-objc-header -emit-objc-header-path /Users/admin/builder/spi-builder-workspace/.derivedData/Build/Intermediates.noindex/WWWebSocket.build/Debug/WWWebSocket-t.build/Objects-normal/arm64/WWWebSocket-Swift.h -working-directory /Users/admin/builder/spi-builder-workspace/.swiftpm/xcode -experimental-emit-module-separately -disable-cmo
/Users/admin/builder/spi-builder-workspace/Sources/WWWebSocket/Constant.swift:8:8: error: Unable to resolve module dependency: 'UIKit' (in target 'WWWebSocket' from project 'WWWebSocket')
    note: A dependency of main module 'WWWebSocket'
    /Users/admin/builder/spi-builder-workspace/Sources/WWWebSocket/WebSocket.swift:8:8: note: Also imported here
/Users/admin/builder/spi-builder-workspace/Sources/WWWebSocket/Constant.swift:8:8: note: A dependency of main module 'WWWebSocket'
import UIKit
       ^ (in target 'WWWebSocket' from project 'WWWebSocket')
/Users/admin/builder/spi-builder-workspace/Sources/WWWebSocket/WebSocket.swift:8:8: note: Also imported here
import UIKit
       ^ (in target 'WWWebSocket' from project 'WWWebSocket')
PruneExplicitPrecompiledModules /Users/admin/builder/spi-builder-workspace/.derivedData/Build/Intermediates.noindex/SwiftExplicitPrecompiledModules
PruneExplicitPrecompiledModules /Users/admin/builder/spi-builder-workspace/.derivedData/SDKExplicitPrecompiledModules
PruneExplicitPrecompiledModules /Users/admin/builder/spi-builder-workspace/.derivedData/Build/Intermediates.noindex/ExplicitPrecompiledModules
2026-09-20 11:48:17.688 xcodebuild[690:4601] [MT] IDERunDestination: Supported platforms for the buildables in the current scheme is empty.
--- xcodebuild: WARNING: Using the first of multiple matching destinations:
{ platform:macOS, arch:arm64, id:af62bcf7a355bdb9cd586d96c9b5fbef01bd5053, name:My Mac }
{ platform:macOS, arch:arm64, variant:Mac Catalyst, id:af62bcf7a355bdb9cd586d96c9b5fbef01bd5053, name:My Mac }
{ platform:macOS, arch:arm64, variant:DriverKit, id:af62bcf7a355bdb9cd586d96c9b5fbef01bd5053, name:My Mac }
{ platform:macOS, arch:arm64, variant:Designed for [iPad,iPhone], id:af62bcf7a355bdb9cd586d96c9b5fbef01bd5053, name:My Mac }
** BUILD FAILED **
The following build commands failed:
	SwiftDriver WWWebSocket normal arm64 com.apple.xcode.tools.swift.compiler (in target 'WWWebSocket' from project 'WWWebSocket')
	Building workspace WWWebSocket with scheme WWWebSocket
(2 failures)
BUILD FAILURE 6.4 macosXcodebuild