Build Information
Failed to build OJP, reference 1.7.1 (3085f6), with Swift 6.1 for iOS using Xcode 16.3 on 4 Oct 2026 00:02:25 UTC.
Build Command
No build command. This typically means the build failed at an early stage where we determine the build command.Build Log
========================================
RunAll
========================================
Builder version: 5.1.1
Interrupt handler set up.
========================================
Checkout
========================================
Clone URL: https://github.com/openTdataCH/ojp-ios.git
Reference: 1.7.1
Initialized empty Git repository in /Users/admin/builder/spi-builder-workspace/.git/
From https://github.com/openTdataCH/ojp-ios
* tag 1.7.1 -> FETCH_HEAD
HEAD is now at 3085f61 Merge pull request #149 from openTdataCH/release/1.7.1
Cloned https://github.com/openTdataCH/ojp-ios.git
Revision (git rev-parse @):
3085f61119df6b2ff48472c3e2048e81666005b9
SPI manifest file found: $PWD/.spi.yml
SUCCESS checkout https://github.com/openTdataCH/ojp-ios.git at 1.7.1
========================================
Build
========================================
Selected platform: iOS
Swift version: 6.1
Building package at path: $PWD
https://github.com/openTdataCH/ojp-ios.git
https://github.com/openTdataCH/ojp-ios.git
{
"dependencies" : [
{
"identity" : "xmlcoder",
"requirement" : {
"range" : [
{
"lower_bound" : "0.18.0",
"upper_bound" : "1.0.0"
}
]
},
"type" : "sourceControl",
"url" : "https://github.com/CoreOffice/XMLCoder.git"
},
{
"identity" : "swiftformat",
"requirement" : {
"range" : [
{
"lower_bound" : "0.50.4",
"upper_bound" : "1.0.0"
}
]
},
"type" : "sourceControl",
"url" : "https://github.com/nicklockwood/SwiftFormat"
},
{
"identity" : "swift-duration",
"requirement" : {
"range" : [
{
"lower_bound" : "1.0.1",
"upper_bound" : "2.0.0"
}
]
},
"type" : "sourceControl",
"url" : "https://github.com/longinius/swift-duration.git"
},
{
"identity" : "swift-testing",
"requirement" : {
"range" : [
{
"lower_bound" : "6.3.2",
"upper_bound" : "7.0.0"
}
]
},
"type" : "sourceControl",
"url" : "https://github.com/swiftlang/swift-testing.git"
}
],
"manifest_display_name" : "OJP",
"name" : "OJP",
"path" : "/Users/admin/builder/spi-builder-workspace",
"platforms" : [
{
"name" : "ios",
"version" : "15.0"
},
{
"name" : "macos",
"version" : "14.0"
},
{
"name" : "watchos",
"version" : "9.0"
},
{
"name" : "tvos",
"version" : "15.0"
}
],
"products" : [
{
"name" : "OJP",
"targets" : [
"OJP"
],
"type" : {
"library" : [
"automatic"
]
}
}
],
"targets" : [
{
"c99name" : "OJPTests",
"module_type" : "SwiftTarget",
"name" : "OJPTests",
"path" : "Tests/OJPTests",
"product_dependencies" : [
"Testing"
],
"resources" : [
{
"path" : "/Users/admin/builder/spi-builder-workspace/Tests/OJPTests/Resources/lir/lir-address.xml",
"rule" : {
"process" : {
}
}
},
{
"path" : "/Users/admin/builder/spi-builder-workspace/Tests/OJPTests/Resources/lir/lir-be-bbox-sorting.xml",
"rule" : {
"process" : {
}
}
},
{
"path" : "/Users/admin/builder/spi-builder-workspace/Tests/OJPTests/Resources/lir/lir-be-bbox.xml",
"rule" : {
"process" : {
}
}
},
{
"path" : "/Users/admin/builder/spi-builder-workspace/Tests/OJPTests/Resources/lir/lir-emmenmatt-sloid.xml",
"rule" : {
"process" : {
}
}
},
{
"path" : "/Users/admin/builder/spi-builder-workspace/Tests/OJPTests/Resources/lir/lir-lausanne.xml",
"rule" : {
"process" : {
}
}
},
{
"path" : "/Users/admin/builder/spi-builder-workspace/Tests/OJPTests/Resources/lir/lir-minimum-response.xml",
"rule" : {
"process" : {
}
}
},
{
"path" : "/Users/admin/builder/spi-builder-workspace/Tests/OJPTests/Resources/lir/lir-shared-mobility.xml",
"rule" : {
"process" : {
}
}
},
{
"path" : "/Users/admin/builder/spi-builder-workspace/Tests/OJPTests/Resources/lir/ns/lir-be-bbox-ns-both.xml",
"rule" : {
"process" : {
}
}
},
{
"path" : "/Users/admin/builder/spi-builder-workspace/Tests/OJPTests/Resources/lir/ns/lir-be-bbox-ns.xml",
"rule" : {
"process" : {
}
}
},
{
"path" : "/Users/admin/builder/spi-builder-workspace/Tests/OJPTests/Resources/performance/tr-perf-be-zh-1result-projection.xml",
"rule" : {
"process" : {
}
}
},
{
"path" : "/Users/admin/builder/spi-builder-workspace/Tests/OJPTests/Resources/performance/tr-perf-be-zh-20results-projection.xml",
"rule" : {
"process" : {
}
}
},
{
"path" : "/Users/admin/builder/spi-builder-workspace/Tests/OJPTests/Resources/performance/tr-perf-zh-stg-10results-wo-projection.xml",
"rule" : {
"process" : {
}
}
},
{
"path" : "/Users/admin/builder/spi-builder-workspace/Tests/OJPTests/Resources/ser/ser-bern.xml",
"rule" : {
"process" : {
}
}
},
{
"path" : "/Users/admin/builder/spi-builder-workspace/Tests/OJPTests/Resources/ser/ser-from-address.xml",
"rule" : {
"process" : {
}
}
},
{
"path" : "/Users/admin/builder/spi-builder-workspace/Tests/OJPTests/Resources/situations/ser-situation-multipleContentElements.xml",
"rule" : {
"process" : {
}
}
},
{
"path" : "/Users/admin/builder/spi-builder-workspace/Tests/OJPTests/Resources/situations/tir-situation-empty.xml",
"rule" : {
"process" : {
}
}
},
{
"path" : "/Users/admin/builder/spi-builder-workspace/Tests/OJPTests/Resources/tir/tir-with-behig.xml",
"rule" : {
"process" : {
}
}
},
{
"path" : "/Users/admin/builder/spi-builder-workspace/Tests/OJPTests/Resources/tir/tir.xml",
"rule" : {
"process" : {
}
}
},
{
"path" : "/Users/admin/builder/spi-builder-workspace/Tests/OJPTests/Resources/tr/continuousService/tr-continuous-leg-walk.xml",
"rule" : {
"process" : {
}
}
},
{
"path" : "/Users/admin/builder/spi-builder-workspace/Tests/OJPTests/Resources/tr/edgecases/trip-edgecase-empty-tripresult.xml",
"rule" : {
"process" : {
}
}
},
{
"path" : "/Users/admin/builder/spi-builder-workspace/Tests/OJPTests/Resources/tr/request/tr-stopref-stopref.xml",
"rule" : {
"process" : {
}
}
},
{
"path" : "/Users/admin/builder/spi-builder-workspace/Tests/OJPTests/Resources/tr/request/tr-xsd-valid-minimal.xml",
"rule" : {
"process" : {
}
}
},
{
"path" : "/Users/admin/builder/spi-builder-workspace/Tests/OJPTests/Resources/tr/situations/tr-cancellation-winter.xml",
"rule" : {
"process" : {
}
}
},
{
"path" : "/Users/admin/builder/spi-builder-workspace/Tests/OJPTests/Resources/tr/situations/tr-cancellation.xml",
"rule" : {
"process" : {
}
}
},
{
"path" : "/Users/admin/builder/spi-builder-workspace/Tests/OJPTests/Resources/tr/situations/tr-deviation-notActuallyALiveExample.xml",
"rule" : {
"process" : {
}
}
},
{
"path" : "/Users/admin/builder/spi-builder-workspace/Tests/OJPTests/Resources/tr/situations/tr-fribourg-basel.xml",
"rule" : {
"process" : {
}
}
},
{
"path" : "/Users/admin/builder/spi-builder-workspace/Tests/OJPTests/Resources/tr/situations/tr-fribourg-berne.xml",
"rule" : {
"process" : {
}
}
},
{
"path" : "/Users/admin/builder/spi-builder-workspace/Tests/OJPTests/Resources/tr/situations/tr-infeasible.xml",
"rule" : {
"process" : {
}
}
},
{
"path" : "/Users/admin/builder/spi-builder-workspace/Tests/OJPTests/Resources/tr/situations/tr-leg3-cancellation.xml",
"rule" : {
"process" : {
}
}
},
{
"path" : "/Users/admin/builder/spi-builder-workspace/Tests/OJPTests/Resources/tr/situations/tr-noPublishingActions.xml",
"rule" : {
"process" : {
}
}
},
{
"path" : "/Users/admin/builder/spi-builder-workspace/Tests/OJPTests/Resources/tr/situations/trip-not-serviced.xml",
"rule" : {
"process" : {
}
}
},
{
"path" : "/Users/admin/builder/spi-builder-workspace/Tests/OJPTests/Resources/tr/tr-gurten-trip1-minimal-response.xml",
"rule" : {
"process" : {
}
}
},
{
"path" : "/Users/admin/builder/spi-builder-workspace/Tests/OJPTests/Resources/tr/tr-pagination/tr-bern-baerenplatz1.xml",
"rule" : {
"process" : {
}
}
},
{
"path" : "/Users/admin/builder/spi-builder-workspace/Tests/OJPTests/Resources/tr/tr-pagination/tr-bern-baerenplatz2.xml",
"rule" : {
"process" : {
}
}
},
{
"path" : "/Users/admin/builder/spi-builder-workspace/Tests/OJPTests/Resources/tr/tr-with-transfer-legs.xml",
"rule" : {
"process" : {
}
}
},
{
"path" : "/Users/admin/builder/spi-builder-workspace/Tests/OJPTests/Resources/tr/trip-bern-zh-response.xml",
"rule" : {
"process" : {
}
}
},
{
"path" : "/Users/admin/builder/spi-builder-workspace/Tests/OJPTests/Resources/tr/trip-link-projection.xml",
"rule" : {
"process" : {
}
}
},
{
"path" : "/Users/admin/builder/spi-builder-workspace/Tests/OJPTests/Resources/trr/tripresult-long.xml",
"rule" : {
"process" : {
}
}
},
{
"path" : "/Users/admin/builder/spi-builder-workspace/Tests/OJPTests/Resources/trr/tripresult-short.xml",
"rule" : {
"process" : {
}
}
},
{
"path" : "/Users/admin/builder/spi-builder-workspace/Tests/OJPTests/Resources/trr/trr-response-bern-stmoritz.xml",
"rule" : {
"process" : {
}
}
}
],
"sources" : [
"ErrorTests.swift",
"LoaderTests.swift",
"LocationRequestTests.swift",
"OJPPerformanceTests.swift",
"OjpSDKTests.swift",
"PersistenceTests.swift",
"PointOfInterestTests.swift",
"SituationTests.swift",
"StopEventTests.swift",
"SystemTests.swift",
"TestHelpers.swift",
"TripInfoRequestTests.swift",
"TripRefineRequestTests.swift",
"TripRequestTests.swift"
],
"target_dependencies" : [
"OJP"
],
"type" : "test"
},
{
"c99name" : "OJP",
"module_type" : "SwiftTarget",
"name" : "OJP",
"path" : "Sources/OJP",
"product_dependencies" : [
"XMLCoder",
"Duration"
],
"product_memberships" : [
"OJP"
],
"sources" : [
"APIConfiguration.swift",
"ConvenienceExtensions/Duration+Extensions.swift",
"ConvenienceExtensions/Logger+Extensions.swift",
"ConvenienceExtensions/PointOfInterest+Extensions.swift",
"ConvenienceExtensions/Sequence+Extensions.swift",
"ConvenienceExtensions/StopEventResponse+Extensions.swift",
"ConvenienceExtensions/TripRefine+Extension.swift",
"ConvenienceExtensions/TripRequest+Extensions.swift",
"ConvenienceExtensions/VehicleOccupancyStructure+Extensions.swift",
"Generated/Version.swift",
"GeoHelpers.swift",
"HTTPLoader.swift",
"Models/Geo.swift",
"Models/OJPv2+Extensions.swift",
"Models/OJPv2+LocationInformation.swift",
"Models/OJPv2+StopEvent.swift",
"Models/OJPv2+Trip.swift",
"Models/OJPv2+TripInfo.swift",
"Models/OJPv2+TripRefine.swift",
"Models/OJPv2.swift",
"OJP.swift",
"OJPDecoder.swift",
"OJPHelpers.swift",
"OJPSDKError.swift",
"Utilities/PaginatedTripLoader.swift"
],
"type" : "library"
}
],
"tools_version" : "5.9"
}
Command line invocation:
/Applications/Xcode-16.3.0.app/Contents/Developer/usr/bin/xcodebuild -IDEClonedSourcePackagesDirPathOverride=/Users/admin/builder/spi-builder-workspace/.dependencies -resolvePackageDependencies
Resolve Package Graph
Fetching from https://github.com/CoreOffice/XMLCoder.git
Fetching from https://github.com/longinius/swift-duration.git
Fetching from https://github.com/nicklockwood/SwiftFormat
Fetching from https://github.com/swiftlang/swift-testing.git
Resolve Package Graph
Updating from https://github.com/longinius/swift-duration.git
Updating from https://github.com/CoreOffice/XMLCoder.git
Updating from https://github.com/nicklockwood/SwiftFormat
Updating from https://github.com/swiftlang/swift-testing.git
Resolved source packages:
spi-builder-workspace: (null)
2026-10-03 17:02:23.978 xcodebuild[527:2998] Writing error result bundle to /var/folders/5k/5yc19ymj0jqd5v0zvgfqz0xw0000gn/T/ResultBundle_2026-03-10_17-02-0023.xcresult
xcodebuild: error: Could not resolve package dependencies:
Failed to resolve dependencies Dependencies could not be resolved because 'swift-testing' >= 6.3.0 contains incompatible tools version (6.2.0) and root depends on 'swift-testing' 6.3.2..<7.0.0.
Command line invocation:
/Applications/Xcode-16.3.0.app/Contents/Developer/usr/bin/xcodebuild -IDEClonedSourcePackagesDirPathOverride=/Users/admin/builder/spi-builder-workspace/.dependencies -resolvePackageDependencies
Resolve Package Graph
Updating from https://github.com/CoreOffice/XMLCoder.git
Updating from https://github.com/longinius/swift-duration.git
Updating from https://github.com/swiftlang/swift-testing.git
Updating from https://github.com/nicklockwood/SwiftFormat
Resolved source packages:
spi-builder-workspace: (null)
2026-10-03 17:02:25.519 xcodebuild[817:4756] Writing error result bundle to /var/folders/5k/5yc19ymj0jqd5v0zvgfqz0xw0000gn/T/ResultBundle_2026-03-10_17-02-0025.xcresult
xcodebuild: error: Could not resolve package dependencies:
Failed to resolve dependencies Dependencies could not be resolved because 'swift-testing' >= 6.3.0 contains incompatible tools version (6.2.0) and root depends on 'swift-testing' 6.3.2..<7.0.0.
BUILD FAILURE 6.1 iOS