Build Information
Failed to build Inttegro, reference v0.4.3 (c1fe93), with Swift 6.1 for macOS (SPM) on 23 Oct 2026 13:41:19 UTC.
Build Command
env DEVELOPER_DIR=/Applications/Xcode-16.3.0.app xcrun swift build --arch arm64Build Log
========================================
RunAll
========================================
Builder version: 5.1.3
Interrupt handler set up.
========================================
Checkout
========================================
Clone URL: https://github.com/inttegro/inttegro-sdk-ios.git
Reference: v0.4.3
Initialized empty Git repository in /Users/admin/builder/spi-builder-workspace/.git/
From https://github.com/inttegro/inttegro-sdk-ios
* tag v0.4.3 -> FETCH_HEAD
HEAD is now at c1fe93f ios: release configurable presentation at 0.4.3
Cloned https://github.com/inttegro/inttegro-sdk-ios.git
Revision (git rev-parse @):
c1fe93f0b0d8c625e16c0be6c137a82517c542a1
SUCCESS checkout https://github.com/inttegro/inttegro-sdk-ios.git at v0.4.3
========================================
Build
========================================
Selected platform: macosSpm
Swift version: 6.1
Building package at path: $PWD
https://github.com/inttegro/inttegro-sdk-ios.git
https://github.com/inttegro/inttegro-sdk-ios.git
{
"dependencies" : [
{
"identity" : "swift-docc-plugin",
"requirement" : {
"exact" : [
"1.5.0"
]
},
"type" : "sourceControl",
"url" : "https://github.com/swiftlang/swift-docc-plugin"
}
],
"manifest_display_name" : "Inttegro",
"name" : "Inttegro",
"path" : "/Users/admin/builder/spi-builder-workspace",
"platforms" : [
{
"name" : "ios",
"version" : "16.0"
}
],
"products" : [
{
"name" : "Inttegro",
"targets" : [
"Inttegro"
],
"type" : {
"library" : [
"automatic"
]
}
},
{
"name" : "InttegroBridge",
"targets" : [
"InttegroBridge"
],
"type" : {
"library" : [
"automatic"
]
}
}
],
"targets" : [
{
"c99name" : "InttegroTests",
"module_type" : "SwiftTarget",
"name" : "InttegroTests",
"path" : "Tests/InttegroTests",
"sources" : [
"CheckoutPaymentSheetAdapterTests.swift",
"PaymentSheetBridgeTests.swift",
"PaymentSheetConfigurationTests.swift",
"PaymentSheetTelemetryTests.swift",
"PaymentSheetViewModelTests.swift"
],
"target_dependencies" : [
"Inttegro",
"InttegroBridge"
],
"type" : "test"
},
{
"c99name" : "InttegroBridge",
"module_type" : "SwiftTarget",
"name" : "InttegroBridge",
"path" : "Sources/InttegroBridge",
"product_memberships" : [
"InttegroBridge"
],
"sources" : [
"PaymentSheetBridge.swift"
],
"target_dependencies" : [
"Inttegro"
],
"type" : "library"
},
{
"c99name" : "Inttegro",
"module_type" : "SwiftTarget",
"name" : "Inttegro",
"path" : "Sources/Inttegro",
"product_memberships" : [
"Inttegro",
"InttegroBridge"
],
"resources" : [
{
"path" : "/Users/admin/builder/spi-builder-workspace/Sources/Inttegro/Resources/InttegroMobileMoney.xcassets",
"rule" : {
"process" : {
}
}
}
],
"sources" : [
"CheckoutLifecycle.swift",
"CheckoutPaymentSheetAdapter.swift",
"PaymentSheet+SwiftUI.swift",
"PaymentSheet.swift",
"PaymentSheetAdapter.swift",
"PaymentSheetModels.swift",
"PaymentSheetTelemetry.swift",
"PaymentSheetView.swift",
"PaymentSheetViewModel.swift"
],
"type" : "library"
}
],
"tools_version" : "6.0"
}
Running build ...
env DEVELOPER_DIR=/Applications/Xcode-16.3.0.app xcrun swift build --arch arm64 -Xswiftc -Xfrontend -Xswiftc -stats-output-dir -Xswiftc -Xfrontend -Xswiftc .stats
[1/1] Compiling plugin Swift-DocC Preview
[2/2] Compiling plugin Swift-DocC
Building for debugging...
[2/6] Write sources
[4/6] Copying InttegroMobileMoney.xcassets
[5/6] Write swift-version-2F0A5646E1D333AE.txt
[7/16] Compiling Inttegro PaymentSheetTelemetry.swift
/Users/admin/builder/spi-builder-workspace/Sources/Inttegro/PaymentSheet.swift:2:8: error: no such module 'UIKit'
1 | import SwiftUI
2 | import UIKit
| `- error: no such module 'UIKit'
3 |
4 | /// UIKit presenter for Inttegro's native Checkout experience.
[8/17] Compiling Inttegro PaymentSheetAdapter.swift
/Users/admin/builder/spi-builder-workspace/Sources/Inttegro/PaymentSheet.swift:2:8: error: no such module 'UIKit'
1 | import SwiftUI
2 | import UIKit
| `- error: no such module 'UIKit'
3 |
4 | /// UIKit presenter for Inttegro's native Checkout experience.
[9/17] Compiling Inttegro PaymentSheetViewModel.swift
/Users/admin/builder/spi-builder-workspace/Sources/Inttegro/PaymentSheet.swift:2:8: error: no such module 'UIKit'
1 | import SwiftUI
2 | import UIKit
| `- error: no such module 'UIKit'
3 |
4 | /// UIKit presenter for Inttegro's native Checkout experience.
[10/17] Compiling Inttegro PaymentSheetModels.swift
/Users/admin/builder/spi-builder-workspace/Sources/Inttegro/PaymentSheet.swift:2:8: error: no such module 'UIKit'
1 | import SwiftUI
2 | import UIKit
| `- error: no such module 'UIKit'
3 |
4 | /// UIKit presenter for Inttegro's native Checkout experience.
[11/17] Compiling Inttegro resource_bundle_accessor.swift
/Users/admin/builder/spi-builder-workspace/Sources/Inttegro/PaymentSheet.swift:2:8: error: no such module 'UIKit'
1 | import SwiftUI
2 | import UIKit
| `- error: no such module 'UIKit'
3 |
4 | /// UIKit presenter for Inttegro's native Checkout experience.
error: emit-module command failed with exit code 1 (use -v to see invocation)
[12/17] Emitting module Inttegro
/Users/admin/builder/spi-builder-workspace/Sources/Inttegro/PaymentSheet.swift:2:8: error: no such module 'UIKit'
1 | import SwiftUI
2 | import UIKit
| `- error: no such module 'UIKit'
3 |
4 | /// UIKit presenter for Inttegro's native Checkout experience.
[13/17] Compiling Inttegro PaymentSheet+SwiftUI.swift
/Users/admin/builder/spi-builder-workspace/Sources/Inttegro/PaymentSheet.swift:2:8: error: no such module 'UIKit'
1 | import SwiftUI
2 | import UIKit
| `- error: no such module 'UIKit'
3 |
4 | /// UIKit presenter for Inttegro's native Checkout experience.
[14/17] Compiling Inttegro CheckoutPaymentSheetAdapter.swift
/Users/admin/builder/spi-builder-workspace/Sources/Inttegro/PaymentSheet.swift:2:8: error: no such module 'UIKit'
1 | import SwiftUI
2 | import UIKit
| `- error: no such module 'UIKit'
3 |
4 | /// UIKit presenter for Inttegro's native Checkout experience.
[15/17] Compiling Inttegro CheckoutLifecycle.swift
/Users/admin/builder/spi-builder-workspace/Sources/Inttegro/PaymentSheet.swift:2:8: error: no such module 'UIKit'
1 | import SwiftUI
2 | import UIKit
| `- error: no such module 'UIKit'
3 |
4 | /// UIKit presenter for Inttegro's native Checkout experience.
[16/17] Compiling Inttegro PaymentSheetView.swift
/Users/admin/builder/spi-builder-workspace/Sources/Inttegro/PaymentSheet.swift:2:8: error: no such module 'UIKit'
1 | import SwiftUI
2 | import UIKit
| `- error: no such module 'UIKit'
3 |
4 | /// UIKit presenter for Inttegro's native Checkout experience.
[17/17] Compiling Inttegro PaymentSheet.swift
/Users/admin/builder/spi-builder-workspace/Sources/Inttegro/PaymentSheet.swift:2:8: error: no such module 'UIKit'
1 | import SwiftUI
2 | import UIKit
| `- error: no such module 'UIKit'
3 |
4 | /// UIKit presenter for Inttegro's native Checkout experience.
Fetching https://github.com/swiftlang/swift-docc-plugin from cache
Fetched https://github.com/swiftlang/swift-docc-plugin from cache (0.84s)
Computing version for https://github.com/swiftlang/swift-docc-plugin
Computed https://github.com/swiftlang/swift-docc-plugin at 1.5.0 (4.52s)
Fetching https://github.com/swiftlang/swift-docc-symbolkit from cache
Fetched https://github.com/swiftlang/swift-docc-symbolkit from cache (1.09s)
Computing version for https://github.com/swiftlang/swift-docc-symbolkit
Computed https://github.com/swiftlang/swift-docc-symbolkit at 1.0.0 (1.82s)
Creating working copy for https://github.com/swiftlang/swift-docc-plugin
Working copy of https://github.com/swiftlang/swift-docc-plugin resolved at 1.5.0
Creating working copy for https://github.com/swiftlang/swift-docc-symbolkit
Working copy of https://github.com/swiftlang/swift-docc-symbolkit resolved at 1.0.0
Running build ...
env DEVELOPER_DIR=/Applications/Xcode-16.3.0.app xcrun swift build --arch arm64
[0/1] Planning build
[1/1] Compiling plugin Swift-DocC Preview
[2/2] Compiling plugin Swift-DocC
Building for debugging...
[2/3] Write swift-version-2F0A5646E1D333AE.txt
error: emit-module command failed with exit code 1 (use -v to see invocation)
[4/13] Emitting module Inttegro
/Users/admin/builder/spi-builder-workspace/Sources/Inttegro/PaymentSheet.swift:2:8: error: no such module 'UIKit'
1 | import SwiftUI
2 | import UIKit
| `- error: no such module 'UIKit'
3 |
4 | /// UIKit presenter for Inttegro's native Checkout experience.
[5/14] Compiling Inttegro resource_bundle_accessor.swift
/Users/admin/builder/spi-builder-workspace/Sources/Inttegro/PaymentSheet.swift:2:8: error: no such module 'UIKit'
1 | import SwiftUI
2 | import UIKit
| `- error: no such module 'UIKit'
3 |
4 | /// UIKit presenter for Inttegro's native Checkout experience.
[6/14] Compiling Inttegro PaymentSheetAdapter.swift
/Users/admin/builder/spi-builder-workspace/Sources/Inttegro/PaymentSheet.swift:2:8: error: no such module 'UIKit'
1 | import SwiftUI
2 | import UIKit
| `- error: no such module 'UIKit'
3 |
4 | /// UIKit presenter for Inttegro's native Checkout experience.
[7/14] Compiling Inttegro CheckoutLifecycle.swift
/Users/admin/builder/spi-builder-workspace/Sources/Inttegro/PaymentSheet.swift:2:8: error: no such module 'UIKit'
1 | import SwiftUI
2 | import UIKit
| `- error: no such module 'UIKit'
3 |
4 | /// UIKit presenter for Inttegro's native Checkout experience.
[8/14] Compiling Inttegro CheckoutPaymentSheetAdapter.swift
/Users/admin/builder/spi-builder-workspace/Sources/Inttegro/PaymentSheet.swift:2:8: error: no such module 'UIKit'
1 | import SwiftUI
2 | import UIKit
| `- error: no such module 'UIKit'
3 |
4 | /// UIKit presenter for Inttegro's native Checkout experience.
[9/14] Compiling Inttegro PaymentSheetModels.swift
/Users/admin/builder/spi-builder-workspace/Sources/Inttegro/PaymentSheet.swift:2:8: error: no such module 'UIKit'
1 | import SwiftUI
2 | import UIKit
| `- error: no such module 'UIKit'
3 |
4 | /// UIKit presenter for Inttegro's native Checkout experience.
[10/14] Compiling Inttegro PaymentSheet.swift
/Users/admin/builder/spi-builder-workspace/Sources/Inttegro/PaymentSheet.swift:2:8: error: no such module 'UIKit'
1 | import SwiftUI
2 | import UIKit
| `- error: no such module 'UIKit'
3 |
4 | /// UIKit presenter for Inttegro's native Checkout experience.
[11/14] Compiling Inttegro PaymentSheetView.swift
/Users/admin/builder/spi-builder-workspace/Sources/Inttegro/PaymentSheet.swift:2:8: error: no such module 'UIKit'
1 | import SwiftUI
2 | import UIKit
| `- error: no such module 'UIKit'
3 |
4 | /// UIKit presenter for Inttegro's native Checkout experience.
[12/14] Compiling Inttegro PaymentSheetTelemetry.swift
/Users/admin/builder/spi-builder-workspace/Sources/Inttegro/PaymentSheet.swift:2:8: error: no such module 'UIKit'
1 | import SwiftUI
2 | import UIKit
| `- error: no such module 'UIKit'
3 |
4 | /// UIKit presenter for Inttegro's native Checkout experience.
[13/14] Compiling Inttegro PaymentSheetViewModel.swift
/Users/admin/builder/spi-builder-workspace/Sources/Inttegro/PaymentSheet.swift:2:8: error: no such module 'UIKit'
1 | import SwiftUI
2 | import UIKit
| `- error: no such module 'UIKit'
3 |
4 | /// UIKit presenter for Inttegro's native Checkout experience.
[14/14] Compiling Inttegro PaymentSheet+SwiftUI.swift
/Users/admin/builder/spi-builder-workspace/Sources/Inttegro/PaymentSheet.swift:2:8: error: no such module 'UIKit'
1 | import SwiftUI
2 | import UIKit
| `- error: no such module 'UIKit'
3 |
4 | /// UIKit presenter for Inttegro's native Checkout experience.
BUILD FAILURE 6.1 macosSpm