The Swift Package Index logo.Swift Package Index

Build Information

Failed to build Dynatrace, reference 8.349.1 (08bc37), with Swift 6.2 for watchOS using Xcode 26.3 on 9 Oct 2026 11:09:09 UTC.

Build Command

env DEVELOPER_DIR=/Applications/Xcode-26.3.0.app xcrun xcodebuild -IDEClonedSourcePackagesDirPathOverride=$PWD/.dependencies -skipMacroValidation -skipPackagePluginValidation -derivedDataPath $PWD/.derivedData build -scheme Dynatrace-Package -destination generic/platform=watchOS

Build Log

========================================
RunAll
========================================
Builder version: 5.1.1
Interrupt handler set up.
========================================
Checkout
========================================
Clone URL: https://github.com/dynatrace/swift-mobile-sdk.git
Reference: 8.349.1
Initialized empty Git repository in /Users/admin/builder/spi-builder-workspace/.git/
From https://github.com/dynatrace/swift-mobile-sdk
 * tag               8.349.1    -> FETCH_HEAD
HEAD is now at 08bc37b 8.349.1 release
Cloned https://github.com/dynatrace/swift-mobile-sdk.git
Revision (git rev-parse @):
08bc37bd9689038dd1b9fde259ee10452a131094
SUCCESS checkout https://github.com/dynatrace/swift-mobile-sdk.git at 8.349.1
========================================
Build
========================================
Selected platform:         watchOS
Swift version:             6.2
Building package at path:  $PWD
https://github.com/dynatrace/swift-mobile-sdk.git
Command line invocation:
    /Applications/Xcode-26.3.0.app/Contents/Developer/usr/bin/xcodebuild -IDEClonedSourcePackagesDirPathOverride=/Users/admin/builder/spi-builder-workspace/.dependencies -resolvePackageDependencies
Resolve Package Graph
Resolve Package Graph
Resolved source packages:
  Dynatrace: /Users/admin/builder/spi-builder-workspace
resolved source packages: Dynatrace
2026-10-09 07:08:42.660 xcodebuild[532:3042] [MT] IDERunDestination: Supported platforms for the buildables in the current scheme is empty.
{
  "dependencies" : [
  ],
  "manifest_display_name" : "Dynatrace",
  "name" : "Dynatrace",
  "path" : "/Users/admin/builder/spi-builder-workspace",
  "platforms" : [
    {
      "name" : "ios",
      "version" : "15.0"
    },
    {
      "name" : "tvos",
      "version" : "15.0"
    }
  ],
  "products" : [
    {
      "name" : "Dynatrace",
      "targets" : [
        "Dynatrace-Dynamic"
      ],
      "type" : {
        "library" : [
          "automatic"
        ]
      }
    },
    {
      "name" : "DynatraceSessionReplay",
      "targets" : [
        "Dynatrace-Dynamic",
        "DynatraceSessionReplay"
      ],
      "type" : {
        "library" : [
          "automatic"
        ]
      }
    }
  ],
  "targets" : [
    {
      "c99name" : "DynatraceSessionReplay",
      "module_type" : "BinaryTarget",
      "name" : "DynatraceSessionReplay",
      "path" : "remote/archive/dynatrace-mobile-agent-ios-8.349.1.1007-replay-xcframework.zip",
      "product_memberships" : [
        "DynatraceSessionReplay"
      ],
      "sources" : [
      ],
      "type" : "binary"
    },
    {
      "c99name" : "Dynatrace_Dynamic",
      "module_type" : "SwiftTarget",
      "name" : "Dynatrace-Dynamic",
      "path" : "Sources/Dynatrace-Dynamic",
      "product_memberships" : [
        "Dynatrace",
        "DynatraceSessionReplay"
      ],
      "sources" : [
        "SPM.swift"
      ],
      "target_dependencies" : [
        "Dynatrace"
      ],
      "type" : "library"
    },
    {
      "c99name" : "Dynatrace",
      "module_type" : "BinaryTarget",
      "name" : "Dynatrace",
      "path" : "remote/archive/dynatrace-mobile-agent-ios-8.349.1.1007-xcframework.zip",
      "product_memberships" : [
        "Dynatrace",
        "DynatraceSessionReplay"
      ],
      "sources" : [
      ],
      "type" : "binary"
    }
  ],
  "tools_version" : "5.5"
}
{
  "workspace" : {
    "name" : "spi-builder-workspace",
    "schemes" : [
      "Dynatrace",
      "Dynatrace-Package",
      "DynatraceSessionReplay"
    ]
  }
}
2026-10-09 07:09:03.281 xcodebuild[694:4216] [MT] IDERunDestination: Supported platforms for the buildables in the current scheme is empty.
Running build ...
env DEVELOPER_DIR=/Applications/Xcode-26.3.0.app xcrun xcodebuild -IDEClonedSourcePackagesDirPathOverride=$PWD/.dependencies -skipMacroValidation -skipPackagePluginValidation -derivedDataPath $PWD/.derivedData build -scheme Dynatrace-Package -destination generic/platform=watchOS
Command line invocation:
    /Applications/Xcode-26.3.0.app/Contents/Developer/usr/bin/xcodebuild -IDEClonedSourcePackagesDirPathOverride=/Users/admin/builder/spi-builder-workspace/.dependencies -skipMacroValidation -skipPackagePluginValidation -derivedDataPath /Users/admin/builder/spi-builder-workspace/.derivedData build -scheme Dynatrace-Package -destination generic/platform=watchOS
Resolve Package Graph
Resolved source packages:
  Dynatrace: /Users/admin/builder/spi-builder-workspace
ComputePackagePrebuildTargetDependencyGraph
Prepare packages
CreateBuildRequest
SendProjectDescription
CreateBuildOperation
ComputeTargetDependencyGraph
note: Building targets in dependency order
note: Target dependency graph (3 targets)
    Target 'DynatraceSessionReplay' in project 'Dynatrace'
        ➜ Explicit dependency on target 'Dynatrace-Dynamic' in project 'Dynatrace'
    Target 'Dynatrace' in project 'Dynatrace'
        ➜ Explicit dependency on target 'Dynatrace-Dynamic' in project 'Dynatrace'
    Target 'Dynatrace-Dynamic' in project 'Dynatrace' (no dependencies)
GatherProvisioningInputs
CreateBuildDescription
ExecuteExternalTool /Applications/Xcode-26.3.0.app/Contents/Developer/Toolchains/XcodeDefault.xctoolchain/usr/bin/clang -v -E -dM -isysroot /Applications/Xcode-26.3.0.app/Contents/Developer/Platforms/WatchOS.platform/Developer/SDKs/WatchOS26.2.sdk -x c -c /dev/null
ExecuteExternalTool /Applications/Xcode-26.3.0.app/Contents/Developer/Toolchains/XcodeDefault.xctoolchain/usr/bin/swiftc --version
ExecuteExternalTool /Applications/Xcode-26.3.0.app/Contents/Developer/Toolchains/XcodeDefault.xctoolchain/usr/bin/ld -version_details
Build description signature: f88aa9e4b426ae8e33ccceb07a201ad6
Build description path: /Users/admin/builder/spi-builder-workspace/.derivedData/Build/Intermediates.noindex/XCBuildData/f88aa9e4b426ae8e33ccceb07a201ad6.xcbuilddata
/Users/admin/builder/spi-builder-workspace/.dependencies/artifacts/spi-builder-workspace/DynatraceSessionReplay/DynatraceSessionReplay.xcframework:1:1: error: While building for watchOS, no library for this platform was found in '/Users/admin/builder/spi-builder-workspace/.dependencies/artifacts/spi-builder-workspace/DynatraceSessionReplay/DynatraceSessionReplay.xcframework'. (in target 'DynatraceSessionReplay' from project 'Dynatrace')
/Users/admin/builder/spi-builder-workspace/.dependencies/artifacts/spi-builder-workspace/Dynatrace/Dynatrace.xcframework:1:1: error: While building for watchOS, no library for this platform was found in '/Users/admin/builder/spi-builder-workspace/.dependencies/artifacts/spi-builder-workspace/Dynatrace/Dynatrace.xcframework'. (in target 'DynatraceSessionReplay' from project 'Dynatrace')
/Users/admin/builder/spi-builder-workspace/.dependencies/artifacts/spi-builder-workspace/Dynatrace/Dynatrace.xcframework:1:1: error: While building for watchOS, no library for this platform was found in '/Users/admin/builder/spi-builder-workspace/.dependencies/artifacts/spi-builder-workspace/Dynatrace/Dynatrace.xcframework'. (in target 'Dynatrace' from project 'Dynatrace')
/Users/admin/builder/spi-builder-workspace/.dependencies/artifacts/spi-builder-workspace/Dynatrace/Dynatrace.xcframework:1:1: error: While building for watchOS, no library for this platform was found in '/Users/admin/builder/spi-builder-workspace/.dependencies/artifacts/spi-builder-workspace/Dynatrace/Dynatrace.xcframework'. (in target 'Dynatrace-Dynamic' from project 'Dynatrace')
2026-10-09 07:09:04.706 xcodebuild[696:4259] [MT] IDERunDestination: Supported platforms for the buildables in the current scheme is empty.
** BUILD FAILED **
The following build commands failed:
	Building workspace spi-builder-workspace with scheme Dynatrace-Package
(1 failure)
Command line invocation:
    /Applications/Xcode-26.3.0.app/Contents/Developer/usr/bin/xcodebuild -IDEClonedSourcePackagesDirPathOverride=/Users/admin/builder/spi-builder-workspace/.dependencies -resolvePackageDependencies
Resolve Package Graph
Resolved source packages:
  Dynatrace: /Users/admin/builder/spi-builder-workspace
resolved source packages: Dynatrace
2026-10-09 07:09:07.094 xcodebuild[711:4371] [MT] IDERunDestination: Supported platforms for the buildables in the current scheme is empty.
{
  "dependencies" : [
  ],
  "manifest_display_name" : "Dynatrace",
  "name" : "Dynatrace",
  "path" : "/Users/admin/builder/spi-builder-workspace",
  "platforms" : [
    {
      "name" : "ios",
      "version" : "15.0"
    },
    {
      "name" : "tvos",
      "version" : "15.0"
    }
  ],
  "products" : [
    {
      "name" : "Dynatrace",
      "targets" : [
        "Dynatrace-Dynamic"
      ],
      "type" : {
        "library" : [
          "automatic"
        ]
      }
    },
    {
      "name" : "DynatraceSessionReplay",
      "targets" : [
        "Dynatrace-Dynamic",
        "DynatraceSessionReplay"
      ],
      "type" : {
        "library" : [
          "automatic"
        ]
      }
    }
  ],
  "targets" : [
    {
      "c99name" : "DynatraceSessionReplay",
      "module_type" : "BinaryTarget",
      "name" : "DynatraceSessionReplay",
      "path" : "remote/archive/dynatrace-mobile-agent-ios-8.349.1.1007-replay-xcframework.zip",
      "product_memberships" : [
        "DynatraceSessionReplay"
      ],
      "sources" : [
      ],
      "type" : "binary"
    },
    {
      "c99name" : "Dynatrace_Dynamic",
      "module_type" : "SwiftTarget",
      "name" : "Dynatrace-Dynamic",
      "path" : "Sources/Dynatrace-Dynamic",
      "product_memberships" : [
        "Dynatrace",
        "DynatraceSessionReplay"
      ],
      "sources" : [
        "SPM.swift"
      ],
      "target_dependencies" : [
        "Dynatrace"
      ],
      "type" : "library"
    },
    {
      "c99name" : "Dynatrace",
      "module_type" : "BinaryTarget",
      "name" : "Dynatrace",
      "path" : "remote/archive/dynatrace-mobile-agent-ios-8.349.1.1007-xcframework.zip",
      "product_memberships" : [
        "Dynatrace",
        "DynatraceSessionReplay"
      ],
      "sources" : [
      ],
      "type" : "binary"
    }
  ],
  "tools_version" : "5.5"
}
{
  "workspace" : {
    "name" : "spi-builder-workspace",
    "schemes" : [
      "Dynatrace",
      "Dynatrace-Package",
      "DynatraceSessionReplay"
    ]
  }
}
2026-10-09 07:09:08.177 xcodebuild[719:4431] [MT] IDERunDestination: Supported platforms for the buildables in the current scheme is empty.
Running build ...
env DEVELOPER_DIR=/Applications/Xcode-26.3.0.app xcrun xcodebuild -IDEClonedSourcePackagesDirPathOverride=$PWD/.dependencies -skipMacroValidation -skipPackagePluginValidation -derivedDataPath $PWD/.derivedData build -scheme Dynatrace-Package -destination generic/platform=watchOS
Command line invocation:
    /Applications/Xcode-26.3.0.app/Contents/Developer/usr/bin/xcodebuild -IDEClonedSourcePackagesDirPathOverride=/Users/admin/builder/spi-builder-workspace/.dependencies -skipMacroValidation -skipPackagePluginValidation -derivedDataPath /Users/admin/builder/spi-builder-workspace/.derivedData build -scheme Dynatrace-Package -destination generic/platform=watchOS
Resolve Package Graph
Resolved source packages:
  Dynatrace: /Users/admin/builder/spi-builder-workspace
ComputePackagePrebuildTargetDependencyGraph
Prepare packages
CreateBuildRequest
SendProjectDescription
CreateBuildOperation
ComputeTargetDependencyGraph
note: Building targets in dependency order
note: Target dependency graph (3 targets)
    Target 'DynatraceSessionReplay' in project 'Dynatrace'
        ➜ Explicit dependency on target 'Dynatrace-Dynamic' in project 'Dynatrace'
    Target 'Dynatrace' in project 'Dynatrace'
        ➜ Explicit dependency on target 'Dynatrace-Dynamic' in project 'Dynatrace'
    Target 'Dynatrace-Dynamic' in project 'Dynatrace' (no dependencies)
GatherProvisioningInputs
CreateBuildDescription
ExecuteExternalTool /Applications/Xcode-26.3.0.app/Contents/Developer/Toolchains/XcodeDefault.xctoolchain/usr/bin/clang -v -E -dM -isysroot /Applications/Xcode-26.3.0.app/Contents/Developer/Platforms/WatchOS.platform/Developer/SDKs/WatchOS26.2.sdk -x c -c /dev/null
ExecuteExternalTool /Applications/Xcode-26.3.0.app/Contents/Developer/Toolchains/XcodeDefault.xctoolchain/usr/bin/swiftc --version
ExecuteExternalTool /Applications/Xcode-26.3.0.app/Contents/Developer/Toolchains/XcodeDefault.xctoolchain/usr/bin/ld -version_details
Build description signature: f88aa9e4b426ae8e33ccceb07a201ad6
Build description path: /Users/admin/builder/spi-builder-workspace/.derivedData/Build/Intermediates.noindex/XCBuildData/f88aa9e4b426ae8e33ccceb07a201ad6.xcbuilddata
/Users/admin/builder/spi-builder-workspace/.dependencies/artifacts/spi-builder-workspace/DynatraceSessionReplay/DynatraceSessionReplay.xcframework:1:1: error: While building for watchOS, no library for this platform was found in '/Users/admin/builder/spi-builder-workspace/.dependencies/artifacts/spi-builder-workspace/DynatraceSessionReplay/DynatraceSessionReplay.xcframework'. (in target 'DynatraceSessionReplay' from project 'Dynatrace')
/Users/admin/builder/spi-builder-workspace/.dependencies/artifacts/spi-builder-workspace/Dynatrace/Dynatrace.xcframework:1:1: error: While building for watchOS, no library for this platform was found in '/Users/admin/builder/spi-builder-workspace/.dependencies/artifacts/spi-builder-workspace/Dynatrace/Dynatrace.xcframework'. (in target 'DynatraceSessionReplay' from project 'Dynatrace')
/Users/admin/builder/spi-builder-workspace/.dependencies/artifacts/spi-builder-workspace/Dynatrace/Dynatrace.xcframework:1:1: error: While building for watchOS, no library for this platform was found in '/Users/admin/builder/spi-builder-workspace/.dependencies/artifacts/spi-builder-workspace/Dynatrace/Dynatrace.xcframework'. (in target 'Dynatrace' from project 'Dynatrace')
/Users/admin/builder/spi-builder-workspace/.dependencies/artifacts/spi-builder-workspace/Dynatrace/Dynatrace.xcframework:1:1: error: While building for watchOS, no library for this platform was found in '/Users/admin/builder/spi-builder-workspace/.dependencies/artifacts/spi-builder-workspace/Dynatrace/Dynatrace.xcframework'. (in target 'Dynatrace-Dynamic' from project 'Dynatrace')
2026-10-09 07:09:09.016 xcodebuild[721:4460] [MT] IDERunDestination: Supported platforms for the buildables in the current scheme is empty.
** BUILD FAILED **
The following build commands failed:
	Building workspace spi-builder-workspace with scheme Dynatrace-Package
(1 failure)
BUILD FAILURE 6.2 watchOS