The Swift Package Index logo.Swift Package Index

Build Information

Failed to build SupaImageKit, reference 1.0.4 (7aac26), with Swift 6.4 for Linux on 22 Sep 2026 16:19:34 UTC.

Build Command

bash -c docker run --pull=always --rm -v "checkouts-54344847-0":/host -w "$PWD" -e JAVA_HOME="/root/.sdkman/candidates/java/current" -e SPI_BUILD="1" -e SPI_PROCESSING="1" registry.gitlab.com/saguaro1/spi-images:basic-6.4-latest swift build --triple x86_64-unknown-linux-gnu 2>&1

Build Log

========================================
RunAll
========================================
Builder version: 5.1.0
Interrupt handler set up.
========================================
Checkout
========================================
Clone URL: https://github.com/01000010x/SupaImageKit.git
Reference: 1.0.4
Initialized empty Git repository in /host/spi-builder-workspace/.git/
hint: Using 'master' as the name for the initial branch. This default branch name
hint: is subject to change. To configure the initial branch name to use in all
hint: of your new repositories, which will suppress this warning, call:
hint:
hint: 	git config --global init.defaultBranch <name>
hint:
hint: Names commonly chosen instead of 'master' are 'main', 'trunk' and
hint: 'development'. The just-created branch can be renamed via this command:
hint:
hint: 	git branch -m <name>
From https://github.com/01000010x/SupaImageKit
 * tag               1.0.4      -> FETCH_HEAD
HEAD is now at 7aac260 Update SupaImageView for thread safety
Cloned https://github.com/01000010x/SupaImageKit.git
Revision (git rev-parse @):
7aac2601b01bf4945d05347bbb31a17aca99c3b3
SUCCESS checkout https://github.com/01000010x/SupaImageKit.git at 1.0.4
========================================
Build
========================================
Selected platform:         linux
Swift version:             6.4
Building package at path:  $PWD
https://github.com/01000010x/SupaImageKit.git
Running build ...
bash -c docker run --pull=always --rm -v "checkouts-54344847-0":/host -w "$PWD" -e JAVA_HOME="/root/.sdkman/candidates/java/current" -e SPI_BUILD="1" -e SPI_PROCESSING="1" registry.gitlab.com/saguaro1/spi-images:basic-6.4-latest swift build --triple x86_64-unknown-linux-gnu 2>&1
basic-6.4-latest: Pulling from saguaro1/spi-images
Digest: sha256:c77fcce225e223ac0fafed844619173fc6de8d62dd560eeb28db3182af6a282b
Status: Image is up to date for registry.gitlab.com/saguaro1/spi-images:basic-6.4-latest
Fetching https://github.com/supabase/supabase-swift.git
[1/33608] Fetching supabase-swift
Fetched https://github.com/supabase/supabase-swift.git (1.95s)
Computing version for https://github.com/supabase/supabase-swift.git
Computed https://github.com/supabase/supabase-swift.git at 2.55.2 (3.14s)
Fetching https://github.com/pointfreeco/xctest-dynamic-overlay
Fetching https://github.com/apple/swift-crypto.git
Fetching https://github.com/pointfreeco/swift-concurrency-extras
Fetching https://github.com/apple/swift-http-types.git
Fetching https://github.com/pointfreeco/swift-clocks
[1/1058] Fetching swift-concurrency-extras
[1059/19607] Fetching swift-concurrency-extras, swift-crypto
[1245/21542] Fetching swift-concurrency-extras, swift-crypto, swift-http-types
[1246/22988] Fetching swift-concurrency-extras, swift-crypto, swift-http-types, swift-clocks
Fetched https://github.com/pointfreeco/swift-clocks (0.55s)
[4106/21542] Fetching swift-concurrency-extras, swift-crypto, swift-http-types
[4849/24269] Fetching swift-concurrency-extras, swift-crypto, swift-http-types, xctest-dynamic-overlay
Fetched https://github.com/pointfreeco/xctest-dynamic-overlay (0.73s)
[5590/21542] Fetching swift-concurrency-extras, swift-crypto, swift-http-types
Fetched https://github.com/pointfreeco/swift-concurrency-extras (1.26s)
Fetched https://github.com/apple/swift-http-types.git (1.26s)
Fetched https://github.com/apple/swift-crypto.git (1.28s)
Computing version for https://github.com/pointfreeco/swift-concurrency-extras
Computed https://github.com/pointfreeco/swift-concurrency-extras at 1.4.1 (1.48s)
Computing version for https://github.com/apple/swift-http-types.git
Computed https://github.com/apple/swift-http-types.git at 1.8.0 (0.22s)
Computing version for https://github.com/pointfreeco/swift-clocks
Computed https://github.com/pointfreeco/swift-clocks at 1.1.1 (0.19s)
Fetching https://github.com/pointfreeco/swift-issue-reporting
[1/6142] Fetching swift-issue-reporting
Fetched https://github.com/pointfreeco/swift-issue-reporting (0.76s)
Computing version for https://github.com/pointfreeco/swift-issue-reporting
Computed https://github.com/pointfreeco/swift-issue-reporting at 2.1.0 (1.01s)
Computing version for https://github.com/pointfreeco/xctest-dynamic-overlay
Computed https://github.com/pointfreeco/xctest-dynamic-overlay at 1.13.1 (0.23s)
Computing version for https://github.com/apple/swift-crypto.git
Computed https://github.com/apple/swift-crypto.git at 4.5.2 (0.29s)
Fetching https://github.com/apple/swift-asn1.git
[1/1983] Fetching swift-asn1
Fetched https://github.com/apple/swift-asn1.git (1.24s)
Computing version for https://github.com/apple/swift-asn1.git
Computed https://github.com/apple/swift-asn1.git at 1.7.3 (1.47s)
Creating working copy for https://github.com/supabase/supabase-swift.git
Working copy of https://github.com/supabase/supabase-swift.git resolved at 2.55.2
Creating working copy for https://github.com/pointfreeco/xctest-dynamic-overlay
Working copy of https://github.com/pointfreeco/xctest-dynamic-overlay resolved at 1.13.1
Creating working copy for https://github.com/apple/swift-asn1.git
Working copy of https://github.com/apple/swift-asn1.git resolved at 1.7.3
Creating working copy for https://github.com/pointfreeco/swift-concurrency-extras
Working copy of https://github.com/pointfreeco/swift-concurrency-extras resolved at 1.4.1
Creating working copy for https://github.com/pointfreeco/swift-clocks
Working copy of https://github.com/pointfreeco/swift-clocks resolved at 1.1.1
Creating working copy for https://github.com/apple/swift-http-types.git
Working copy of https://github.com/apple/swift-http-types.git resolved at 1.8.0
Creating working copy for https://github.com/apple/swift-crypto.git
Working copy of https://github.com/apple/swift-crypto.git resolved at 4.5.2
Creating working copy for https://github.com/pointfreeco/swift-issue-reporting
Working copy of https://github.com/pointfreeco/swift-issue-reporting resolved at 2.1.0
Building for debugging...
[Computing dependencies]
[Provisioning 2 / 32]
[Pre-planning 1 / 687]
[Planning deferred tasks]
[Starting]
[127 / 624]
[143 / 663] CCryptoBoringSSLShims
[145 / 663] IssueReporting
[146 / 663] IssueReporting
[158 / 663] IssueReporting
[169 / 663] IssueReporting-product
[171 / 663] _IssueReporting
[172 / 663] HTTPTypes
[173 / 663] HTTPTypes-product
[174 / 663] HTTPTypes-product
[177 / 663] HTTPTypes
[179 / 663] CryptoBoringWrapper
[180 / 663] CryptoBoringWrapper
[184 / 664] CryptoBoringWrapper
[186 / 664] CryptoBoringWrapper
[192 / 665] IssueReporting
[194 / 665] ConcurrencyExtras-product
[196 / 665] ConcurrencyExtras
[201 / 665] CCryptoBoringSSL
[204 / 665] CCryptoBoringSSL
[206 / 666] CCryptoBoringSSL
[207 / 666] CCryptoBoringSSL
[208 / 667] CCryptoBoringSSL
[211 / 667] CCryptoBoringSSL
[213 / 667] CCryptoBoringSSL
[214 / 667] CCryptoBoringSSL
[218 / 667] CCryptoBoringSSL
[219 / 667] CCryptoBoringSSL
[220 / 667] CCryptoBoringSSL
[222 / 667] CCryptoBoringSSL
[223 / 667] CCryptoBoringSSL
[224 / 667] CCryptoBoringSSL
[225 / 667] CCryptoBoringSSL
[226 / 667] CCryptoBoringSSL
[227 / 667] CCryptoBoringSSL
[228 / 667] CCryptoBoringSSL
[230 / 667] CCryptoBoringSSL
[231 / 667] CCryptoBoringSSL
[232 / 667] CCryptoBoringSSL
[234 / 667] CCryptoBoringSSL
[235 / 667] CCryptoBoringSSL
[237 / 667] CCryptoBoringSSL
[238 / 667] CCryptoBoringSSL
[240 / 667] CCryptoBoringSSL
[243 / 667] CCryptoBoringSSL
[250 / 667] CCryptoBoringSSL
[252 / 667] CCryptoBoringSSL
[254 / 667] CCryptoBoringSSL
[257 / 667] CCryptoBoringSSL
[258 / 667] CCryptoBoringSSL
[260 / 667] CCryptoBoringSSL
[263 / 667] CCryptoBoringSSL
[264 / 667] CCryptoBoringSSL
[266 / 667] CCryptoBoringSSL
[267 / 667] CCryptoBoringSSL
[271 / 667] CCryptoBoringSSL
[273 / 667] CCryptoBoringSSL
[275 / 667] CCryptoBoringSSL
[278 / 667] CCryptoBoringSSL
[280 / 667] CCryptoBoringSSL
[282 / 667] CCryptoBoringSSL
[287 / 667] CCryptoBoringSSL
[288 / 667] CCryptoBoringSSL
[289 / 667] CCryptoBoringSSL
[291 / 667] CCryptoBoringSSL
[293 / 667] CCryptoBoringSSL
[297 / 667] CCryptoBoringSSL
[302 / 667] CCryptoBoringSSL
[308 / 667] CCryptoBoringSSL
[314 / 667] CCryptoBoringSSL
[321 / 667] CCryptoBoringSSL
[331 / 667] CCryptoBoringSSL
[332 / 667] CCryptoBoringSSL
[334 / 667] CCryptoBoringSSL
[339 / 667] CCryptoBoringSSL
[340 / 667] CCryptoBoringSSL
[342 / 667] CCryptoBoringSSL
[345 / 667] CCryptoBoringSSL
[348 / 667] CCryptoBoringSSL
[351 / 667] CCryptoBoringSSL
[352 / 667] CCryptoBoringSSL
[353 / 667] CCryptoBoringSSL
[354 / 667] CCryptoBoringSSL
[356 / 667] CCryptoBoringSSL
[357 / 667] CCryptoBoringSSL
[359 / 667] CCryptoBoringSSL
[361 / 667] CCryptoBoringSSL
[364 / 667] CCryptoBoringSSL
[366 / 667] CCryptoBoringSSL
[367 / 667] CCryptoBoringSSL
[368 / 667] CCryptoBoringSSL
[370 / 667] CCryptoBoringSSL
[372 / 667] CCryptoBoringSSL
[374 / 667] CCryptoBoringSSL
[375 / 667] CCryptoBoringSSL
[376 / 667] CCryptoBoringSSL
[378 / 667] CCryptoBoringSSL
[380 / 667] CCryptoBoringSSL
[383 / 667] CCryptoBoringSSL
[388 / 667] CCryptoBoringSSL
[392 / 667] CCryptoBoringSSL
[393 / 667] CCryptoBoringSSL
[396 / 667] CCryptoBoringSSL
[399 / 667] CCryptoBoringSSL
[401 / 667] CCryptoBoringSSL
[402 / 667] CCryptoBoringSSL
[406 / 667] CCryptoBoringSSL
[407 / 667] CCryptoBoringSSL
[410 / 667] CCryptoBoringSSL
[411 / 667] CCryptoBoringSSL
[417 / 667] CCryptoBoringSSL
[424 / 667] CCryptoBoringSSL
[428 / 667] CCryptoBoringSSL
[430 / 667] CCryptoBoringSSL
[435 / 667] CCryptoBoringSSL
[439 / 667] CCryptoBoringSSL
[442 / 667] CCryptoBoringSSL
[445 / 667] CCryptoBoringSSL
[447 / 667] CCryptoBoringSSL
[451 / 667] CCryptoBoringSSL
[454 / 667] CCryptoBoringSSL
[455 / 667] CCryptoBoringSSL
[458 / 667] CCryptoBoringSSL
[459 / 667] CCryptoBoringSSL
[460 / 667] CCryptoBoringSSL
[463 / 667] CCryptoBoringSSL
[466 / 667] CCryptoBoringSSL
[467 / 667] CCryptoBoringSSL
[470 / 667] CCryptoBoringSSL
[471 / 667] CCryptoBoringSSL
[474 / 667] CCryptoBoringSSL
[475 / 667] CCryptoBoringSSL
[478 / 667] CCryptoBoringSSL
[480 / 667] CCryptoBoringSSL
[482 / 667] CCryptoBoringSSL
[484 / 667] CCryptoBoringSSL
[486 / 667] CCryptoBoringSSL
[493 / 667] CCryptoBoringSSL
[500 / 667] CCryptoBoringSSL
[502 / 667] CCryptoBoringSSL
[504 / 667] CCryptoBoringSSL
[507 / 667] CCryptoBoringSSL
[509 / 667] CCryptoBoringSSL
[512 / 667] CCryptoBoringSSL
[515 / 667] CCryptoBoringSSL
[516 / 667] CCryptoBoringSSL
[519 / 667] CCryptoBoringSSL
[520 / 667] CCryptoBoringSSL
[521 / 667] CCryptoBoringSSL
[523 / 667] CCryptoBoringSSL
[530 / 667] CCryptoBoringSSL
[535 / 667] CCryptoBoringSSL
[538 / 667] CCryptoBoringSSL
[543 / 667] CCryptoBoringSSL
[546 / 667] CCryptoBoringSSL
[550 / 667] CCryptoBoringSSL
[552 / 667] CCryptoBoringSSL
[553 / 667] CCryptoBoringSSL
[556 / 667] CCryptoBoringSSL
[557 / 667] CCryptoBoringSSL
[558 / 667] CCryptoBoringSSL
[560 / 667] CCryptoBoringSSL
[562 / 667] CCryptoBoringSSL
[564 / 667] CCryptoBoringSSL
[570 / 668] CXKCP
[574 / 670]
[583 / 681] _IssueReporting
[587 / 691] _IssueReporting
[590 / 691] _IssueReporting
[597 / 691] Crypto
[598 / 691] Clocks
[600 / 691] Crypto
[601 / 691] Crypto
[602 / 691] Clocks
[603 / 691] Clocks
[605 / 691] Crypto
[612 / 691] Crypto-product
[615 / 696] XCTestDynamicOverlay
[617 / 696]
[624 / 697] Helpers
[629 / 707] Helpers
[637 / 708] XCTestDynamicOverlay
[639 / 708] XCTestDynamicOverlay
[641 / 708] Storage
[642 / 708] XCTestDynamicOverlay
[646 / 710] RealtimeV2
[650 / 728] Storage
[651 / 728] Storage
[652 / 728] Storage
[652 / 729] Storage
[654 / 729] Storage
[655 / 729] Storage
[658 / 729] Storage
[668 / 729] Crypto
[671 / 730] RealtimeV2
[672 / 730] RealtimeV2
[673 / 730] RealtimeV2
[674 / 730] Realtime
[676 / 730] RealtimeV2
[684 / 745] PostgREST
[685 / 745] PostgREST
[686 / 746] Functions
[700 / 746] Storage
[703 / 746] PostgREST
[704 / 746] Functions
[706 / 746] CCryptoBoringSSL
[709 / 757] Auth
[712 / 766] Auth
[714 / 767] PostgREST
[715 / 767] Realtime
[717 / 769] Realtime
[718 / 769] RealtimeV2
[721 / 769] Auth
[728 / 769] Auth
[733 / 769] Auth
[733 / 769] Realtime
[736 / 769] Realtime
[740 / 769] Realtime
[742 / 769] Supabase
[747 / 777] Supabase
[749 / 778] Supabase
[750 / 778] Supabase
[756 / 778] Supabase
[760 / 779] SupaImageKit
[763 / 787] Auth
error: SwiftCompile normal x86_64 /host/spi-builder-workspace/Sources/SupaImageKit/ImageCacheServiceProtocol.swift failed with a nonzero exit code. Command line:     cd /host
    builtin-SwiftPerFileCompile ImageCacheServiceProtocol.swift
[767 / 787] SupaImageKit
/host/spi-builder-workspace/Sources/SupaImageKit/ImageCacheServiceProtocol.swift:8:8: error: no such module 'UIKit'
 6 | //
 7 | import Foundation
 8 | import UIKit
   |        `- error: no such module 'UIKit'
 9 |
10 | protocol ImageCacheServiceProtocol {
Failed frontend command:
/usr/bin/swift-frontend -frontend -c -primary-file /host/spi-builder-workspace/Sources/SupaImageKit/ImageCacheServiceProtocol.swift /host/spi-builder-workspace/Sources/SupaImageKit/ImageDownloaderProtocol.swift /host/spi-builder-workspace/Sources/SupaImageKit/InMemoryImageCache.swift /host/spi-builder-workspace/Sources/SupaImageKit/OnDiskImageCache.swift /host/spi-builder-workspace/Sources/SupaImageKit/SupaBaseImageDownloader.swift /host/spi-builder-workspace/Sources/SupaImageKit/SupaImageView.swift /host/spi-builder-workspace/Sources/SupaImageKit/SupabaseImageView.swift -emit-dependencies-path /host/spi-builder-workspace/.build/out/Intermediates.noindex/SupaImageKit.build/Debug-linux-x86_64/SupaImageKit-t.build/Objects-normal/x86_64/ImageCacheServiceProtocol.d -emit-const-values-path /host/spi-builder-workspace/.build/out/Intermediates.noindex/SupaImageKit.build/Debug-linux-x86_64/SupaImageKit-t.build/Objects-normal/x86_64/ImageCacheServiceProtocol.swiftconstvalues -emit-reference-dependencies-path /host/spi-builder-workspace/.build/out/Intermediates.noindex/SupaImageKit.build/Debug-linux-x86_64/SupaImageKit-t.build/Objects-normal/x86_64/ImageCacheServiceProtocol.swiftdeps -serialize-diagnostics-path /host/spi-builder-workspace/.build/out/Intermediates.noindex/SupaImageKit.build/Debug-linux-x86_64/SupaImageKit-t.build/Objects-normal/x86_64/ImageCacheServiceProtocol.dia -target x86_64-unknown-linux-gnu -disable-objc-interop -I /host/spi-builder-workspace/.build/out/Products/Debug-linux-x86_64 -module-cache-path /host/spi-builder-workspace/.build/out/ModuleCache.noindex -color-diagnostics -Xcc -fcolor-diagnostics -enable-testing -g -debug-info-format\=dwarf -dwarf-version\=4 -swift-version 6 -Onone -D SWIFT_PACKAGE -D DEBUG -D SWIFT_MODULE_RESOURCE_BUNDLE_UNAVAILABLE -D Xcode -serialize-debugging-options -enable-experimental-feature DebugDescriptionMacro -empty-abi-descriptor -external-plugin-path /usr/lib/swift/host/plugins/testing\#/usr/bin/swift-plugin-server -validate-clang-modules-once -clang-build-session-file /host/spi-builder-workspace/.build/out/ModuleCache.noindex/Session.modulevalidation -Xcc -working-directory -Xcc /host -enable-anonymous-context-mangled-names -file-compilation-dir /host -Xcc -fmodule-map-file\=/host/spi-builder-workspace/.build/checkouts/swift-crypto/Sources/CXKCPShims/include/module.modulemap -Xcc -fmodule-map-file\=/host/spi-builder-workspace/.build/checkouts/swift-crypto/Sources/CXKCP/include/module.modulemap -Xcc -fmodule-map-file\=/host/spi-builder-workspace/.build/checkouts/swift-crypto/Sources/CCryptoBoringSSLShims/include/module.modulemap -Xcc -fmodule-map-file\=/host/spi-builder-workspace/.build/checkouts/swift-crypto/Sources/CCryptoBoringSSL/include/module.modulemap -Xcc -fno-omit-frame-pointer -Xcc -D_LIBCPP_HARDENING_MODE\=_LIBCPP_HARDENING_MODE_DEBUG -Xcc -fmodules-prune-interval\=86400 -Xcc -fmodules-prune-after\=345600 -Xcc -I/host/spi-builder-workspace/.build/checkouts/swift-crypto/Sources/CXKCPShims/include -Xcc -I/host/spi-builder-workspace/.build/checkouts/swift-crypto/Sources/CXKCP/include -Xcc -I/host/spi-builder-workspace/.build/checkouts/swift-crypto/Sources/CCryptoBoringSSLShims/include -Xcc -I/host/spi-builder-workspace/.build/checkouts/swift-crypto/Sources/CCryptoBoringSSL/include -Xcc -I/host/spi-builder-workspace/.build/out/Products/Debug-linux-x86_64/include -Xcc -I/host/spi-builder-workspace/.build/out/Intermediates.noindex/SupaImageKit.build/Debug-linux-x86_64/SupaImageKit-t.build/DerivedSources-normal/x86_64 -Xcc -I/host/spi-builder-workspace/.build/out/Intermediates.noindex/SupaImageKit.build/Debug-linux-x86_64/SupaImageKit-t.build/DerivedSources/x86_64 -Xcc -I/host/spi-builder-workspace/.build/out/Intermediates.noindex/SupaImageKit.build/Debug-linux-x86_64/SupaImageKit-t.build/DerivedSources -Xcc -DSWIFT_PACKAGE -Xcc -DDEBUG\=1 -no-auto-bridging-header-chaining -module-name SupaImageKit -package-name spi_builder_workspace -const-gather-protocols-file /host/spi-builder-workspace/.build/out/Intermediates.noindex/SupaImageKit.build/Debug-linux-x86_64/SupaImageKit-t.build/Objects-normal/x86_64/SupaImageKit_const_extract_protocols.json -in-process-plugin-server-path /usr/lib/swift/host/libSwiftInProcPluginServer.so -plugin-path /usr/lib/swift/host/plugins -plugin-path /usr/local/lib/swift/host/plugins -parse-as-library -o /host/spi-builder-workspace/.build/out/Intermediates.noindex/SupaImageKit.build/Debug-linux-x86_64/SupaImageKit-t.build/Objects-normal/x86_64/ImageCacheServiceProtocol.o -index-unit-output-path /SupaImageKit.build/Debug-linux-x86_64/SupaImageKit-t.build/Objects-normal/x86_64/ImageCacheServiceProtocol.o -index-store-path /host/spi-builder-workspace/.build/out -index-system-modules
error: SwiftCompile normal x86_64 /host/spi-builder-workspace/Sources/SupaImageKit/SupaBaseImageDownloader.swift failed with a nonzero exit code. Command line:     cd /host
    builtin-SwiftPerFileCompile SupaBaseImageDownloader.swift
/host/spi-builder-workspace/Sources/SupaImageKit/ImageCacheServiceProtocol.swift:8:8: error: no such module 'UIKit'
 6 | //
 7 | import Foundation
 8 | import UIKit
   |        `- error: no such module 'UIKit'
 9 |
10 | protocol ImageCacheServiceProtocol {
Failed frontend command:
/usr/bin/swift-frontend -frontend -c /host/spi-builder-workspace/Sources/SupaImageKit/ImageCacheServiceProtocol.swift /host/spi-builder-workspace/Sources/SupaImageKit/ImageDownloaderProtocol.swift /host/spi-builder-workspace/Sources/SupaImageKit/InMemoryImageCache.swift /host/spi-builder-workspace/Sources/SupaImageKit/OnDiskImageCache.swift -primary-file /host/spi-builder-workspace/Sources/SupaImageKit/SupaBaseImageDownloader.swift /host/spi-builder-workspace/Sources/SupaImageKit/SupaImageView.swift /host/spi-builder-workspace/Sources/SupaImageKit/SupabaseImageView.swift -emit-dependencies-path /host/spi-builder-workspace/.build/out/Intermediates.noindex/SupaImageKit.build/Debug-linux-x86_64/SupaImageKit-t.build/Objects-normal/x86_64/SupaBaseImageDownloader.d -emit-const-values-path /host/spi-builder-workspace/.build/out/Intermediates.noindex/SupaImageKit.build/Debug-linux-x86_64/SupaImageKit-t.build/Objects-normal/x86_64/SupaBaseImageDownloader.swiftconstvalues -emit-reference-dependencies-path /host/spi-builder-workspace/.build/out/Intermediates.noindex/SupaImageKit.build/Debug-linux-x86_64/SupaImageKit-t.build/Objects-normal/x86_64/SupaBaseImageDownloader.swiftdeps -serialize-diagnostics-path /host/spi-builder-workspace/.build/out/Intermediates.noindex/SupaImageKit.build/Debug-linux-x86_64/SupaImageKit-t.build/Objects-normal/x86_64/SupaBaseImageDownloader.dia -target x86_64-unknown-linux-gnu -disable-objc-interop -I /host/spi-builder-workspace/.build/out/Products/Debug-linux-x86_64 -module-cache-path /host/spi-builder-workspace/.build/out/ModuleCache.noindex -color-diagnostics -Xcc -fcolor-diagnostics -enable-testing -g -debug-info-format\=dwarf -dwarf-version\=4 -swift-version 6 -Onone -D SWIFT_PACKAGE -D DEBUG -D SWIFT_MODULE_RESOURCE_BUNDLE_UNAVAILABLE -D Xcode -serialize-debugging-options -enable-experimental-feature DebugDescriptionMacro -empty-abi-descriptor -external-plugin-path /usr/lib/swift/host/plugins/testing\#/usr/bin/swift-plugin-server -validate-clang-modules-once -clang-build-session-file /host/spi-builder-workspace/.build/out/ModuleCache.noindex/Session.modulevalidation -Xcc -working-directory -Xcc /host -enable-anonymous-context-mangled-names -file-compilation-dir /host -Xcc -fmodule-map-file\=/host/spi-builder-workspace/.build/checkouts/swift-crypto/Sources/CXKCPShims/include/module.modulemap -Xcc -fmodule-map-file\=/host/spi-builder-workspace/.build/checkouts/swift-crypto/Sources/CXKCP/include/module.modulemap -Xcc -fmodule-map-file\=/host/spi-builder-workspace/.build/checkouts/swift-crypto/Sources/CCryptoBoringSSLShims/include/module.modulemap -Xcc -fmodule-map-file\=/host/spi-builder-workspace/.build/checkouts/swift-crypto/Sources/CCryptoBoringSSL/include/module.modulemap -Xcc -fno-omit-frame-pointer -Xcc -D_LIBCPP_HARDENING_MODE\=_LIBCPP_HARDENING_MODE_DEBUG -Xcc -fmodules-prune-interval\=86400 -Xcc -fmodules-prune-after\=345600 -Xcc -I/host/spi-builder-workspace/.build/checkouts/swift-crypto/Sources/CXKCPShims/include -Xcc -I/host/spi-builder-workspace/.build/checkouts/swift-crypto/Sources/CXKCP/include -Xcc -I/host/spi-builder-workspace/.build/checkouts/swift-crypto/Sources/CCryptoBoringSSLShims/include -Xcc -I/host/spi-builder-workspace/.build/checkouts/swift-crypto/Sources/CCryptoBoringSSL/include -Xcc -I/host/spi-builder-workspace/.build/out/Products/Debug-linux-x86_64/include -Xcc -I/host/spi-builder-workspace/.build/out/Intermediates.noindex/SupaImageKit.build/Debug-linux-x86_64/SupaImageKit-t.build/DerivedSources-normal/x86_64 -Xcc -I/host/spi-builder-workspace/.build/out/Intermediates.noindex/SupaImageKit.build/Debug-linux-x86_64/SupaImageKit-t.build/DerivedSources/x86_64 -Xcc -I/host/spi-builder-workspace/.build/out/Intermediates.noindex/SupaImageKit.build/Debug-linux-x86_64/SupaImageKit-t.build/DerivedSources -Xcc -DSWIFT_PACKAGE -Xcc -DDEBUG\=1 -no-auto-bridging-header-chaining -module-name SupaImageKit -package-name spi_builder_workspace -const-gather-protocols-file /host/spi-builder-workspace/.build/out/Intermediates.noindex/SupaImageKit.build/Debug-linux-x86_64/SupaImageKit-t.build/Objects-normal/x86_64/SupaImageKit_const_extract_protocols.json -in-process-plugin-server-path /usr/lib/swift/host/libSwiftInProcPluginServer.so -plugin-path /usr/lib/swift/host/plugins -plugin-path /usr/local/lib/swift/host/plugins -parse-as-library -o /host/spi-builder-workspace/.build/out/Intermediates.noindex/SupaImageKit.build/Debug-linux-x86_64/SupaImageKit-t.build/Objects-normal/x86_64/SupaBaseImageDownloader.o -index-unit-output-path /SupaImageKit.build/Debug-linux-x86_64/SupaImageKit-t.build/Objects-normal/x86_64/SupaBaseImageDownloader.o -index-store-path /host/spi-builder-workspace/.build/out -index-system-modules
error: Build failed
BUILD FAILURE 6.4 linux