Build Information
Failed to build GoogleCloudDialogflowCXV3, reference 0.5.0 (43c7bd), with Swift 6.2 for Android on 10 Oct 2026 22:48:54 UTC.
Build Command
bash -c docker run --pull=always --rm -v "checkouts-53886768-2":/host -w "$PWD" -e JAVA_HOME="/root/.sdkman/candidates/java/current" -e SPI_BUILD="1" -e SPI_PROCESSING="1" registry.gitlab.com/saguaro1/spi-images:android-6.2-latest swift build --swift-sdk aarch64-unknown-linux-android28 2>&1Build Log
========================================
RunAll
========================================
Builder version: 5.1.1
Interrupt handler set up.
========================================
Checkout
========================================
Clone URL: https://github.com/googleapis/swift-google-cloud-dialogflow-cx-v3.git
Reference: 0.5.0
Initialized empty Git repository in /host/spi-builder-workspace/.git/
hint: Using 'master' as the name for the initial branch. This default branch name
hint: is subject to change. To configure the initial branch name to use in all
hint: of your new repositories, which will suppress this warning, call:
hint:
hint: git config --global init.defaultBranch <name>
hint:
hint: Names commonly chosen instead of 'master' are 'main', 'trunk' and
hint: 'development'. The just-created branch can be renamed via this command:
hint:
hint: git branch -m <name>
From https://github.com/googleapis/swift-google-cloud-dialogflow-cx-v3
* tag 0.5.0 -> FETCH_HEAD
HEAD is now at 43c7bd5 chore: release circa 2026-10-07 (#1382)
Cloned https://github.com/googleapis/swift-google-cloud-dialogflow-cx-v3.git
Revision (git rev-parse @):
43c7bd518ac53d71c0265ecc1864a416d82b1ba4
SPI manifest file found: $PWD/.spi.yml
SUCCESS checkout https://github.com/googleapis/swift-google-cloud-dialogflow-cx-v3.git at 0.5.0
========================================
Build
========================================
Selected platform: android
Swift version: 6.2
Building package at path: $PWD
https://github.com/googleapis/swift-google-cloud-dialogflow-cx-v3.git
Running build ...
bash -c docker run --pull=always --rm -v "checkouts-53886768-2":/host -w "$PWD" -e JAVA_HOME="/root/.sdkman/candidates/java/current" -e SPI_BUILD="1" -e SPI_PROCESSING="1" registry.gitlab.com/saguaro1/spi-images:android-6.2-latest swift build --swift-sdk aarch64-unknown-linux-android28 2>&1
android-6.2-latest: Pulling from saguaro1/spi-images
Digest: sha256:a839c9ce201f1dacc8eb056626ec7ab0a1c6d53d7b77c83feda395f4507c51be
Status: Image is up to date for registry.gitlab.com/saguaro1/spi-images:android-6.2-latest
Fetching https://github.com/googleapis/swift-google-type
Fetching https://github.com/googleapis/swift-google-longrunning
Fetching https://github.com/googleapis/swift-google-wkt
Fetching https://github.com/googleapis/swift-google-gax
Fetching https://github.com/googleapis/swift-google-cloud-location
[1/437] Fetching swift-google-type
[438/989] Fetching swift-google-type, swift-google-cloud-location
[792/2012] Fetching swift-google-type, swift-google-cloud-location, swift-google-wkt
[2013/2631] Fetching swift-google-type, swift-google-cloud-location, swift-google-wkt, swift-google-longrunning
[2292/4379] Fetching swift-google-type, swift-google-cloud-location, swift-google-wkt, swift-google-longrunning, swift-google-gax
Fetched https://github.com/googleapis/swift-google-cloud-location from cache (0.54s)
[2093/3827] Fetching swift-google-type, swift-google-wkt, swift-google-longrunning, swift-google-gax
Fetched https://github.com/googleapis/swift-google-wkt from cache (0.54s)
[1122/2804] Fetching swift-google-type, swift-google-longrunning, swift-google-gax
Fetching https://github.com/googleapis/swift-google-auth
Fetching https://github.com/googleapis/swift-google-rpc
Fetched https://github.com/googleapis/swift-google-type from cache (0.59s)
Fetching https://github.com/apple/swift-log
Fetched https://github.com/googleapis/swift-google-longrunning from cache (0.66s)
Fetched https://github.com/googleapis/swift-google-gax from cache (0.66s)
[1/1023] Fetching swift-google-auth
[83/1445] Fetching swift-google-auth, swift-google-rpc
Fetched https://github.com/googleapis/swift-google-rpc from cache (0.47s)
[676/1023] Fetching swift-google-auth
[953/9280] Fetching swift-google-auth, swift-log
Fetched https://github.com/googleapis/swift-google-auth from cache (0.56s)
[826/8257] Fetching swift-log
Fetched https://github.com/apple/swift-log from cache (0.71s)
Computing version for https://github.com/googleapis/swift-google-wkt
Computed https://github.com/googleapis/swift-google-wkt at 0.5.0 (1.74s)
Fetching https://github.com/swift-extras/swift-extras-base64
[10/954] Fetching swift-extras-base64
Fetched https://github.com/swift-extras/swift-extras-base64 from cache (0.45s)
Computing version for https://github.com/googleapis/swift-google-type
Computed https://github.com/googleapis/swift-google-type at 0.5.0 (0.78s)
Computing version for https://github.com/googleapis/swift-google-rpc
Computed https://github.com/googleapis/swift-google-rpc at 0.5.0 (0.33s)
Computing version for https://github.com/googleapis/swift-google-longrunning
Computed https://github.com/googleapis/swift-google-longrunning at 0.5.0 (0.41s)
Computing version for https://github.com/googleapis/swift-google-gax
Computed https://github.com/googleapis/swift-google-gax at 0.5.0 (0.36s)
Fetching https://github.com/apple/swift-nio
Fetching https://github.com/swift-server/async-http-client.git
[1/16464] Fetching async-http-client
[16465/102838] Fetching async-http-client, swift-nio
Fetched https://github.com/swift-server/async-http-client.git from cache (1.36s)
[19003/86374] Fetching swift-nio
Fetched https://github.com/apple/swift-nio from cache (5.72s)
Computing version for https://github.com/googleapis/swift-google-cloud-location
Computed https://github.com/googleapis/swift-google-cloud-location at 0.5.0 (6.01s)
Computing version for https://github.com/googleapis/swift-google-auth
Computed https://github.com/googleapis/swift-google-auth at 0.5.0 (0.31s)
Fetching https://github.com/apple/swift-system.git
Fetching https://github.com/vapor/jwt-kit.git
[1/10254] Fetching jwt-kit
[2/17495] Fetching jwt-kit, swift-system
Fetched https://github.com/apple/swift-system.git from cache (0.91s)
[9537/10254] Fetching jwt-kit
Fetched https://github.com/vapor/jwt-kit.git from cache (1.19s)
Computing version for https://github.com/swift-extras/swift-extras-base64
Computed https://github.com/swift-extras/swift-extras-base64 at 1.2.0 (1.50s)
Computing version for https://github.com/swift-server/async-http-client.git
Computed https://github.com/swift-server/async-http-client.git at 1.36.2 (0.35s)
Fetching https://github.com/apple/swift-algorithms.git
Fetching https://github.com/apple/swift-distributed-tracing.git
Fetching https://github.com/apple/swift-service-context.git
Fetching https://github.com/apple/swift-nio-extras.git
[1/1500] Fetching swift-service-context
[736/8203] Fetching swift-service-context, swift-nio-extras
[1971/14754] Fetching swift-service-context, swift-nio-extras, swift-distributed-tracing
Fetched https://github.com/apple/swift-service-context.git from cache (0.47s)
[1072/13254] Fetching swift-nio-extras, swift-distributed-tracing
Fetching https://github.com/apple/swift-nio-http2.git
[2135/19418] Fetching swift-nio-extras, swift-distributed-tracing, swift-algorithms
Fetched https://github.com/apple/swift-nio-extras.git from cache (0.77s)
Fetched https://github.com/apple/swift-distributed-tracing.git from cache (0.78s)
Fetching https://github.com/apple/swift-nio-ssl.git
Fetching https://github.com/apple/swift-configuration.git
Fetching https://github.com/apple/swift-atomics.git
Fetched https://github.com/apple/swift-algorithms.git from cache (0.79s)
Fetching https://github.com/apple/swift-nio-transport-services.git
[1/12294] Fetching swift-nio-http2
[4919/16222] Fetching swift-nio-http2, swift-configuration
[7939/18111] Fetching swift-nio-http2, swift-configuration, swift-atomics
[12594/20978] Fetching swift-nio-http2, swift-configuration, swift-atomics, swift-nio-transport-services
[16923/37839] Fetching swift-nio-http2, swift-configuration, swift-atomics, swift-nio-transport-services, swift-nio-ssl
Fetched https://github.com/apple/swift-configuration.git from cache (0.70s)
Fetched https://github.com/apple/swift-nio-transport-services.git from cache (0.71s)
Fetched https://github.com/apple/swift-atomics.git from cache (0.72s)
[13306/29155] Fetching swift-nio-http2, swift-nio-ssl
Fetched https://github.com/apple/swift-nio-http2.git from cache (1.60s)
[13152/16861] Fetching swift-nio-ssl
Fetched https://github.com/apple/swift-nio-ssl.git from cache (2.15s)
Computing version for https://github.com/apple/swift-service-context.git
Computed https://github.com/apple/swift-service-context.git at 1.3.0 (3.25s)
Computing version for https://github.com/apple/swift-algorithms.git
Computed https://github.com/apple/swift-algorithms.git at 1.2.1 (1.51s)
Fetching https://github.com/apple/swift-numerics.git
[1/6728] Fetching swift-numerics
Fetched https://github.com/apple/swift-numerics.git from cache (0.66s)
Computing version for https://github.com/apple/swift-log
Computed https://github.com/apple/swift-log at 1.16.1 (0.95s)
Computing version for https://github.com/apple/swift-distributed-tracing.git
Computed https://github.com/apple/swift-distributed-tracing.git at 1.5.0 (0.33s)
Computing version for https://github.com/apple/swift-atomics.git
Computed https://github.com/apple/swift-atomics.git at 1.3.1 (0.29s)
Computing version for https://github.com/apple/swift-numerics.git
Computed https://github.com/apple/swift-numerics.git at 1.1.1 (0.35s)
Computing version for https://github.com/apple/swift-nio
Computed https://github.com/apple/swift-nio at 2.104.0 (0.65s)
Fetching https://github.com/apple/swift-collections.git
[1/28703] Fetching swift-collections
Fetched https://github.com/apple/swift-collections.git from cache (1.62s)
Computing version for https://github.com/apple/swift-configuration.git
Computed https://github.com/apple/swift-configuration.git at 1.2.2 (2.94s)
Fetching https://github.com/swift-server/swift-service-lifecycle
[1/2867] Fetching swift-service-lifecycle
Fetched https://github.com/swift-server/swift-service-lifecycle from cache (0.58s)
Computing version for https://github.com/apple/swift-nio-transport-services.git
Computed https://github.com/apple/swift-nio-transport-services.git at 1.28.0 (0.94s)
Computing version for https://github.com/swift-server/swift-service-lifecycle
Computed https://github.com/swift-server/swift-service-lifecycle at 2.12.1 (0.26s)
Fetching https://github.com/apple/swift-async-algorithms.git
[1/6820] Fetching swift-async-algorithms
Fetched https://github.com/apple/swift-async-algorithms.git from cache (0.73s)
Computing version for https://github.com/apple/swift-async-algorithms.git
Computed https://github.com/apple/swift-async-algorithms.git at 1.1.7 (1.18s)
Computing version for https://github.com/apple/swift-collections.git
Computed https://github.com/apple/swift-collections.git at 1.7.2 (0.41s)
Computing version for https://github.com/apple/swift-nio-http2.git
Computed https://github.com/apple/swift-nio-http2.git at 1.46.0 (0.39s)
Computing version for https://github.com/vapor/jwt-kit.git
Computed https://github.com/vapor/jwt-kit.git at 5.7.1 (0.33s)
Fetching https://github.com/apple/swift-crypto.git
Fetching https://github.com/apple/swift-certificates.git
[1/18629] Fetching swift-crypto
[374/26238] Fetching swift-crypto, swift-certificates
Fetched https://github.com/apple/swift-certificates.git from cache (0.72s)
[2236/18629] Fetching swift-crypto
Fetched https://github.com/apple/swift-crypto.git from cache (1.79s)
Computing version for https://github.com/apple/swift-crypto.git
Computed https://github.com/apple/swift-crypto.git at 4.5.2 (2.84s)
Fetching https://github.com/apple/swift-asn1.git
[1/2009] Fetching swift-asn1
Fetched https://github.com/apple/swift-asn1.git from cache (0.49s)
Computing version for https://github.com/apple/swift-asn1.git
Computed https://github.com/apple/swift-asn1.git at 1.7.3 (0.85s)
Computing version for https://github.com/apple/swift-certificates.git
Computed https://github.com/apple/swift-certificates.git at 1.21.0 (0.41s)
Computing version for https://github.com/apple/swift-nio-ssl.git
Computed https://github.com/apple/swift-nio-ssl.git at 2.37.5 (0.35s)
Computing version for https://github.com/apple/swift-system.git
Computed https://github.com/apple/swift-system.git at 1.8.1 (0.37s)
Computing version for https://github.com/apple/swift-nio-extras.git
Computed https://github.com/apple/swift-nio-extras.git at 1.35.1 (0.57s)
Fetching https://github.com/apple/swift-http-types.git
Fetching https://github.com/apple/swift-http-structured-headers.git
[1/1939] Fetching swift-http-types
[932/3192] Fetching swift-http-types, swift-http-structured-headers
Fetched https://github.com/apple/swift-http-types.git from cache (0.47s)
Fetched https://github.com/apple/swift-http-structured-headers.git from cache (0.51s)
Computing version for https://github.com/apple/swift-http-structured-headers.git
Computed https://github.com/apple/swift-http-structured-headers.git at 1.7.0 (0.89s)
Computing version for https://github.com/apple/swift-http-types.git
Computed https://github.com/apple/swift-http-types.git at 1.8.0 (0.41s)
Creating working copy for https://github.com/apple/swift-algorithms.git
Working copy of https://github.com/apple/swift-algorithms.git resolved at 1.2.1
Creating working copy for https://github.com/apple/swift-configuration.git
Working copy of https://github.com/apple/swift-configuration.git resolved at 1.2.2
Creating working copy for https://github.com/googleapis/swift-google-gax
Working copy of https://github.com/googleapis/swift-google-gax resolved at 0.5.0
Creating working copy for https://github.com/vapor/jwt-kit.git
Working copy of https://github.com/vapor/jwt-kit.git resolved at 5.7.1
Creating working copy for https://github.com/swift-server/swift-service-lifecycle
Working copy of https://github.com/swift-server/swift-service-lifecycle resolved at 2.12.1
Creating working copy for https://github.com/apple/swift-async-algorithms.git
Working copy of https://github.com/apple/swift-async-algorithms.git resolved at 1.1.7
Creating working copy for https://github.com/googleapis/swift-google-rpc
Working copy of https://github.com/googleapis/swift-google-rpc resolved at 0.5.0
Creating working copy for https://github.com/apple/swift-nio-extras.git
Working copy of https://github.com/apple/swift-nio-extras.git resolved at 1.35.1
Creating working copy for https://github.com/apple/swift-system.git
Working copy of https://github.com/apple/swift-system.git resolved at 1.8.1
Creating working copy for https://github.com/apple/swift-numerics.git
Working copy of https://github.com/apple/swift-numerics.git resolved at 1.1.1
Creating working copy for https://github.com/googleapis/swift-google-longrunning
Working copy of https://github.com/googleapis/swift-google-longrunning resolved at 0.5.0
Creating working copy for https://github.com/swift-server/async-http-client.git
Working copy of https://github.com/swift-server/async-http-client.git resolved at 1.36.2
Creating working copy for https://github.com/apple/swift-crypto.git
Working copy of https://github.com/apple/swift-crypto.git resolved at 4.5.2
Creating working copy for https://github.com/apple/swift-nio-ssl.git
Working copy of https://github.com/apple/swift-nio-ssl.git resolved at 2.37.5
Creating working copy for https://github.com/apple/swift-atomics.git
Working copy of https://github.com/apple/swift-atomics.git resolved at 1.3.1
Creating working copy for https://github.com/apple/swift-collections.git
Working copy of https://github.com/apple/swift-collections.git resolved at 1.7.2
Creating working copy for https://github.com/apple/swift-service-context.git
Working copy of https://github.com/apple/swift-service-context.git resolved at 1.3.0
Creating working copy for https://github.com/apple/swift-http-structured-headers.git
Working copy of https://github.com/apple/swift-http-structured-headers.git resolved at 1.7.0
Creating working copy for https://github.com/apple/swift-nio-transport-services.git
Working copy of https://github.com/apple/swift-nio-transport-services.git resolved at 1.28.0
Creating working copy for https://github.com/apple/swift-http-types.git
Working copy of https://github.com/apple/swift-http-types.git resolved at 1.8.0
Creating working copy for https://github.com/googleapis/swift-google-type
Working copy of https://github.com/googleapis/swift-google-type resolved at 0.5.0
Creating working copy for https://github.com/googleapis/swift-google-auth
Working copy of https://github.com/googleapis/swift-google-auth resolved at 0.5.0
Creating working copy for https://github.com/googleapis/swift-google-cloud-location
Working copy of https://github.com/googleapis/swift-google-cloud-location resolved at 0.5.0
Creating working copy for https://github.com/swift-extras/swift-extras-base64
Working copy of https://github.com/swift-extras/swift-extras-base64 resolved at 1.2.0
Creating working copy for https://github.com/apple/swift-log
Working copy of https://github.com/apple/swift-log resolved at 1.16.1
Creating working copy for https://github.com/apple/swift-certificates.git
Working copy of https://github.com/apple/swift-certificates.git resolved at 1.21.0
Creating working copy for https://github.com/apple/swift-nio-http2.git
Working copy of https://github.com/apple/swift-nio-http2.git resolved at 1.46.0
Creating working copy for https://github.com/apple/swift-distributed-tracing.git
Working copy of https://github.com/apple/swift-distributed-tracing.git resolved at 1.5.0
Creating working copy for https://github.com/googleapis/swift-google-wkt
Working copy of https://github.com/googleapis/swift-google-wkt resolved at 0.5.0
Creating working copy for https://github.com/apple/swift-nio
Working copy of https://github.com/apple/swift-nio resolved at 2.104.0
Creating working copy for https://github.com/apple/swift-asn1.git
Working copy of https://github.com/apple/swift-asn1.git resolved at 1.7.3
Building for debugging...
[0/1832] Compiling CAsyncHTTPClient CAsyncHTTPClient.c
[1/1832] Compiling _NumericsShims _NumericsShims.c
[2/1832] Write sources
[6/1832] Compiling _AtomicsShims.c
[6/1832] Write sources
[236/1832] Write swift-version--11D90AFD9DD3AB2.txt
[236/1832] Write sources
[255/1838] Compiling aes.cc
[256/1838] Compiling p_ec_asn1.cc
[257/1838] Compiling a_bitstr.cc
[258/1860] Compiling buf.cc
[259/1871] Compiling a_mbstr.cc
[261/1871] Emitting module ServiceContextModule
[261/1882] Compiling v3_akeya.cc
[263/1907] Emitting module _NIODataStructures
[264/1910] Emitting module InternalCollectionsUtilities
[265/1913] Compiling InternalCollectionsUtilities Iterable+Equality.swift
[266/1913] Compiling InternalCollectionsUtilities LifetimeOverride.swift
[267/1915] Compiling RealModule RealFunctions.swift
[268/1916] Compiling RealModule RelaxedArithmetic.swift
[269/1916] Compiling InternalCollectionsUtilities Iterable+CopyContents.swift
[271/1916] Compiling Logging LoggingSystem.swift
[272/1916] Emitting module _NIOBase64
[273/1917] Compiling _NIOBase64 Base64.swift
[274/1918] Compiling _NIODataStructures PriorityQueue.swift
[276/1918] Compiling ServiceContextModule ServiceContext.swift
[277/1918] Compiling ServiceContextModule ServiceContextKey.swift
[281/1918] Compiling InternalCollectionsUtilities MutableRef.swift
[282/1919] Compiling SwiftASN1 DER.swift
[283/1919] Compiling SwiftASN1 Errors.swift
[284/1919] Compiling InternalCollectionsUtilities UInt+first and last set bit.swift
[285/1919] Compiling InternalCollectionsUtilities UInt+reversed.swift
[286/1921] Compiling InternalCollectionsUtilities UnsafeRawBufferPointer+Extras.swift
[287/1921] Compiling InternalCollectionsUtilities _SortedCollection.swift
[288/1921] Compiling InternalCollectionsUtilities _UniqueCollection.swift
[289/1923] Compiling RealModule Float80+Real.swift
[290/1924] Compiling _CertificateInternals _TinyArray.swift
[291/1924] Compiling Logging Logger.swift
[292/1924] Emitting module _CertificateInternals
[293/1924] Compiling InternalCollectionsUtilities _UnsafeBitSet+_Word.swift
[294/1924] Compiling InternalCollectionsUtilities _UnsafeBitSet.swift
[295/1924] Compiling RealModule Float16+Real.swift
[296/1924] Emitting module RealModule
[297/1924] Compiling InternalCollectionsUtilities UnsafeBufferPointer+Extras.swift
[298/1924] Compiling InternalCollectionsUtilities UnsafeMutableBufferPointer+Extras.swift
[302/1925] Compiling RealModule Real.swift
[303/1925] Compiling InternalCollectionsUtilities UnsafeMutablePointer+Extras.swift
[304/1925] Compiling InternalCollectionsUtilities UnsafeMutableRawBufferPointer+Extras.swift
[305/1925] Compiling InternalCollectionsUtilities UnsafePointer+Extras.swift
[306/1926] Compiling InternalCollectionsUtilities Strideable+LimitHelpers.swift
[307/1926] Compiling InternalCollectionsUtilities String+Padding.swift
[308/1926] Compiling InternalCollectionsUtilities TemporaryAllocation.swift
[309/1926] Compiling InternalCollectionsUtilities _UnsafeBitSet+Index.swift
[314/1926] Wrapping AST for _NIOBase64 for debugging
[316/1926] Compiling InternalCollectionsUtilities MutableSpan+Extras.swift
[317/1926] Compiling InternalCollectionsUtilities OutputSpan+Extras.swift
[318/1926] Compiling InternalCollectionsUtilities RandomAccessCollection+Offsets.swift
[319/1926] Compiling InternalCollectionsUtilities Span+Extras.swift
[320/1926] Compiling InternalCollectionsUtilities BorrowingIteratorProtocol+Equality.swift
[321/1926] Compiling InternalCollectionsUtilities BorrowingIteratorProtocol+Extras.swift
[322/1926] Compiling InternalCollectionsUtilities Debugging.swift
[323/1926] Compiling InternalCollectionsUtilities Descriptions.swift
[327/1926] Write sources
[341/1931] Compiling Logging Logger+With.swift
[342/1932] Compiling Logging Logger+Attributes.swift
[342/1933] Wrapping AST for ServiceContextModule for debugging
[344/1933] Compiling _NIODataStructures _TinyArray.swift
[344/1933] Compiling CXKCPShims shims.c
[347/1933] Emitting module SwiftASN1
[349/1933] Wrapping AST for _CertificateInternals for debugging
[350/1933] Wrapping AST for RealModule for debugging
[352/1933] Compiling _NIODataStructures Heap.swift
[353/1934] Compiling Instrumentation NoOpInstrument.swift
[353/1934] Compiling SimpleFIPS202.c
[355/1934] Wrapping AST for InternalCollectionsUtilities for debugging
[356/1934] Compiling KeccakSponge.c
[358/1938] Compiling Instrumentation MultiplexInstrument.swift
[358/1938] Compiling KeccakHash.c
[360/1938] Compiling Instrumentation Instrument.swift
[360/1938] Wrapping AST for _NIODataStructures for debugging
[362/1938] Compiling SpanPreview OutputSpan+InputSpanHelpers.swift
[363/1938] Compiling SpanPreview MutableSpan+InputSpanHelpers.swift
[363/1938] Compiling CSystem shims.c
[364/1938] Compiling CNIOWindows shim.c
[366/1938] Emitting module Instrumentation
[367/1938] Emitting module SpanPreview
[368/1938] Compiling SpanPreview InputSpan.swift
[368/1939] Compiling CNIOWASI CNIOWASI.c
[369/1939] Compiling CNIOWindows WSAStartup.c
[373/1939] Compiling CNIOPosix event_loop_id.c
[374/1939] Compiling CNIOOpenBSD shim.c
[375/1939] Compiling CNIOLinux liburing_shims.c
[376/1976] Compiling CNIOLinux shim.c
[377/2018] Wrapping AST for SpanPreview for debugging
[378/2018] Compiling KeccakP-1600-opt64.c
[380/2018] Compiling DequeModule RigidDeque+Testing.swift
[381/2018] Compiling DequeModule RigidDeque.swift
[382/2018] Compiling DequeModule UniqueDeque+Append.swift
[383/2018] Compiling DequeModule UniqueDeque+Consumption.swift
[384/2018] Compiling DequeModule UniqueDeque+ContainerOperations.swift
[384/2023] Compiling CNIOLLHTTP c_nio_http.c
[385/2023] Compiling CNIOLLHTTP c_nio_api.c
[386/2023] Compiling CNIOFreeBSD shim.c
[387/2023] Compiling CNIOLLHTTP c_nio_llhttp.c
[388/2023] Compiling CNIOExtrasZlib zutil.c
[389/2023] Compiling CNIOExtrasZlib inftrees.c
[390/2023] Compiling CNIOExtrasZlib inflate.c
[391/2023] Compiling CNIOExtrasZlib trees.c
[392/2023] Compiling CNIOExtrasZlib inffast.c
[394/2023] Compiling DequeModule RigidDeque+Descriptions.swift
[395/2023] Compiling DequeModule RigidDeque+Equatable.swift
[396/2023] Compiling DequeModule RigidDeque+Hashable.swift
[397/2023] Compiling DequeModule RigidDeque+Initializers.swift
[398/2023] Compiling DequeModule RigidDeque+Insertions.swift
[399/2023] Compiling DequeModule RigidDeque+Iterable.swift
[399/2028] Compiling CNIOExtrasZlib crc32.c
[400/2028] Compiling CNIOExtrasZlib adler32.c
[401/2028] Compiling CNIOExtrasZlib deflate.c
[403/2028] Compiling SystemPackage SystemString.swift
[404/2028] Compiling SystemPackage Util+StringArray.swift
[405/2028] Compiling SystemPackage Util.swift
[406/2028] Compiling SystemPackage UtilConsumers.swift
[406/2028] Compiling CNIODarwin shim.c
[407/2028] Compiling SystemPackage WinSDK+Overlay.swift
[410/2028] Compiling DequeModule UniqueDeque+Deprecations.swift
[411/2028] Compiling DequeModule UniqueDeque+Descriptions.swift
[412/2028] Compiling DequeModule UniqueDeque+Equatable.swift
[413/2028] Compiling DequeModule UniqueDeque+Hashable.swift
[414/2028] Compiling fiat_p256_adx_sqr.S
[415/2028] Compiling fiat_p256_adx_mul.S
[417/2028] Compiling DequeModule RigidDeque+Prepend.swift
[418/2028] Compiling DequeModule RigidDeque+Removals.swift
[419/2028] Compiling DequeModule RigidDeque+Replacements.swift
[422/2028] Compiling fiat_curve25519_adx_square.S
[423/2028] Compiling CNIOBoringSSLShims shims.c
[424/2028] Compiling fiat_curve25519_adx_mul.S
[426/2028] Emitting module SystemPackage
[427/2028] Compiling DequeModule _DequeBuffer.swift
[428/2028] Compiling DequeModule _DequeBufferHeader.swift
[429/2028] Compiling DequeModule RigidDeque+Append.swift
[430/2028] Compiling DequeModule RigidDeque+Consumption.swift
[431/2028] Compiling DequeModule RigidDeque+ContainerOperations.swift
[432/2028] Compiling DequeModule RigidDeque+Deprecations.swift
[433/2028] Compiling DequeModule Deque+Codable.swift
[434/2028] Compiling DequeModule Deque+Collection.swift
[435/2028] Compiling DequeModule Deque+CustomReflectable.swift
[436/2028] Compiling DequeModule Deque+Descriptions.swift
[437/2028] Compiling DequeModule Deque+Equatable.swift
[438/2028] Compiling DequeModule Deque+ExpressibleByArrayLiteral.swift
[439/2028] Compiling DequeModule Deque+Extras.swift
[440/2028] Compiling DequeModule Deque+Hashable.swift
[441/2028] Compiling DequeModule Deque+Testing.swift
[442/2028] Compiling DequeModule Deque._Storage.swift
[443/2028] Compiling DequeModule Deque._UnsafeHandle.swift
[444/2028] Compiling DequeModule Deque.swift
[452/2028] Compiling Logging MetadataProvider.swift
[458/2028] Compiling Instrumentation InstrumentationSystem.swift
[459/2028] Compiling Instrumentation Locks.swift
[460/2028] Emitting module Logging
[498/2032] Compiling tls_method.cc
[499/2032] Compiling tls_record.cc
[501/2032] Wrapping AST for Logging for debugging
[502/2032] Wrapping AST for SwiftASN1 for debugging
[503/2032] Wrapping AST for Instrumentation for debugging
[505/2040] Emitting module Tracing
[506/2041] Compiling Tracing WithTracer.swift
[507/2041] Compiling Tracing TracingTime.swift
[508/2041] Compiling Tracing Tracer.swift
[509/2041] Compiling Tracing NoOpTracer.swift
[510/2041] Compiling Tracing InstrumentationSystem+Tracing.swift
[511/2041] Compiling Tracing SpanProtocol.swift
[512/2041] Compiling Tracing TracerProtocol.swift
[513/2041] Compiling Tracing TracerProtocol+Legacy.swift
[514/2042] Wrapping AST for SystemPackage for debugging
[515/2042] Wrapping AST for Tracing for debugging
[517/2042] Emitting module DequeModule
[517/2042] Compiling tls13_server.cc
[518/2042] Compiling tls13_both.cc
[519/2042] Compiling tls13_enc.cc
[521/2042] Compiling DequeModule UniqueDeque+Replacements.swift
[522/2042] Compiling DequeModule UniqueDeque.swift
[523/2042] Compiling DequeModule _DequeSlot.swift
[524/2042] Compiling DequeModule _UnsafeDequeHandle.swift
[525/2042] Compiling DequeModule _UnsafeDequeSegments.swift
[525/2043] Compiling tls13_client.cc
[527/2043] Compiling t1_enc.cc
[528/2043] Compiling ssl_x509.cc
[530/2086] Compiling Configuration JSONSnapshot.swift
[531/2086] Compiling Configuration PropertyListSnapshot.swift
[532/2086] Compiling Configuration ReloadingFileProvider.swift
[533/2086] Compiling Configuration ReloadingFileProviderMetrics.swift
[534/2086] Compiling Configuration YAMLSnapshot.swift
[535/2086] Compiling Configuration InMemoryProvider.swift
[536/2091] Compiling ExtrasBase64 Base32+Span.swift
[537/2091] Emitting module ExtrasBase64
[538/2091] Emitting module Configuration
[538/2091] Compiling ssl_transcript.cc
[539/2091] Wrapping AST for DequeModule for debugging
[540/2091] Compiling ssl_versions.cc
[541/2091] Compiling ssl_privkey.cc
[542/2091] Compiling ssl_stat.cc
[543/2091] Compiling ssl_session.cc
[544/2091] Compiling ssl_file.cc
[546/2091] Compiling ExtrasBase64 Base64.swift
[547/2091] Compiling ExtrasBase64 Base64+Span.swift
[548/2091] Compiling ExtrasBase64 Base32.swift
[549/2092] Compiling Configuration EnvironmentKeyEncoder.swift
[550/2092] Compiling Configuration EnvironmentVariablesProvider.swift
[551/2092] Compiling Configuration CommonProviderFileSystem.swift
[552/2092] Compiling Configuration DirectoryFilesProvider.swift
[553/2092] Compiling Configuration FileProvider.swift
[554/2092] Compiling Configuration FileProviderSnapshot.swift
[555/2092] Compiling Configuration Deprecations.swift
[556/2092] Compiling Configuration ExpressibleByConfigInt.swift
[557/2092] Compiling Configuration ExpressibleByConfigString.swift
[558/2092] Compiling Configuration CLIKeyEncoder.swift
[559/2092] Compiling Configuration ConfigKeyEncoder.swift
[560/2092] Compiling Configuration DotSeparatorKeyDecoder.swift
[561/2092] Compiling ssl_key_share.cc
[562/2092] Compiling ssl_lib.cc
[563/2092] Compiling ssl_cert.cc
[564/2092] Wrapping AST for ExtrasBase64 for debugging
[565/2123] Compiling ssl_credential.cc
[566/2123] Compiling ssl_cipher.cc
[567/2123] Compiling ssl_buffer.cc
[569/2123] Compiling Configuration SeparatorKeyEncoder.swift
[570/2123] Compiling Configuration MultiProvider.swift
[571/2123] Compiling Configuration CLIArgumentParser.swift
[572/2123] Compiling Configuration CLISnapshot.swift
[573/2123] Compiling Configuration CommandLineArgumentsProvider.swift
[574/2123] Compiling Configuration EnvironmentFileParser.swift
[575/2123] Compiling GoogleWKT WKTUInt32Value.swift
[576/2123] Compiling GoogleWKT WKTUInt64Value.swift
[577/2123] Compiling GoogleWKT WKTFloatValue.swift
[578/2123] Compiling GoogleWKT WKTInt32Value.swift
[579/2123] Compiling GoogleWKT WKTInt64Value.swift
[580/2123] Compiling GoogleWKT WKTRecursive.swift
[580/2123] Compiling ssl_asn1.cc
[582/2123] Compiling Configuration CombineLatestManyStorage.swift
[583/2123] Compiling Configuration AsyncSequences.swift
[584/2123] Compiling Configuration FoundationExtensions.swift
[585/2123] Compiling Configuration Span.swift
[586/2123] Compiling Configuration ConfigBytesFromStringDecoder.swift
[586/2123] Compiling ssl_aead_ctx.cc
[588/2123] Emitting module GoogleWKT
[592/2127] Compiling s3_pkt.cc
[593/2127] Compiling s3_lib.cc
[595/2127] Compiling GoogleWKT WKTSourceContext.swift
[596/2127] Compiling GoogleWKT WKTSyntax.swift
[597/2127] Compiling GoogleWKT WKTType.swift
[598/2127] Compiling GoogleWKT PackageVersion.swift
[599/2127] Compiling GoogleWKT UnknownFields.swift
[600/2127] Compiling GoogleWKT WKTAny.swift
[601/2127] Compiling GoogleWKT WKTAnyError.swift
[602/2127] Compiling GoogleWKT WKTBoolValue.swift
[603/2127] Compiling GoogleWKT WKTBytesValue.swift
[604/2127] Compiling GoogleWKT WKTDoubleValue.swift
[605/2127] Compiling GoogleWKT WKTDuration.swift
[606/2127] Compiling GoogleWKT WKTEmpty.swift
[607/2127] Compiling GoogleWKT WKTFieldMask.swift
[608/2127] Compiling GoogleWKT WKTValue.swift
[609/2127] Compiling GoogleWKT WKTApi.swift
[610/2127] Compiling GoogleWKT WKTEnum.swift
[611/2127] Compiling GoogleWKT WKTEnumValue.swift
[612/2127] Compiling GoogleWKT WKTField.swift
[613/2127] Compiling GoogleWKT WKTMethod.swift
[614/2127] Compiling GoogleWKT WKTMixin.swift
[615/2127] Compiling GoogleWKT WKTOption.swift
[616/2127] Compiling GoogleWKT WKTStringValue.swift
[617/2127] Compiling GoogleWKT WKTTimestamp.swift
[619/2127] Compiling handshake_server.cc
[620/2127] Compiling s3_both.cc
[621/2127] Compiling handshake_client.cc
[622/2127] Compiling handshake.cc
[623/2127] Compiling handoff.cc
[623/2127] Compiling extensions.cc
[637/2128] Compiling encrypted_client_hello.cc
[640/2128] Compiling GoogleWKT AnyPackable.swift
[641/2128] Compiling GoogleWKT DecodeToDefault.swift
[642/2128] Compiling GoogleWKT DiscoveryBase64.swift
[643/2128] Compiling GoogleWKT ProtoJSONDecoder.swift
[644/2128] Compiling GoogleWKT ProtoJSONEncoder.swift
[644/2129] Compiling dtls_record.cc
[646/2129] Compiling d1_srtp.cc
[647/2129] Compiling dtls_method.cc
[648/2129] Compiling md5-x86_64-apple.S
[649/2129] Wrapping AST for Configuration for debugging
[650/2129] Compiling md5-x86_64-linux.S
[651/2129] Compiling md5-586-linux.S
[652/2129] Wrapping AST for GoogleWKT for debugging
[653/2130] Compiling md5-586-apple.S
[654/2162] Compiling chacha20_poly1305_x86_64-linux.S
[655/2162] Compiling chacha20_poly1305_x86_64-apple.S
[656/2162] Compiling d1_lib.cc
[657/2162] Compiling chacha20_poly1305_armv8-win.S
[658/2162] Compiling chacha20_poly1305_armv8-linux.S
[659/2162] Compiling bio_ssl.cc
[659/2162] Compiling d1_pkt.cc
[661/2162] Compiling err_data.cc
[663/2162] Emitting module GoogleType
[663/2164] Compiling chacha20_poly1305_armv8-apple.S
[665/2164] Compiling GoogleRpc HttpRequest.swift
[666/2164] Compiling GoogleRpc HttpResponse.swift
[668/2166] Compiling GoogleRpc DebugInfo.swift
[668/2166] Compiling d1_both.cc
[669/2166] Compiling chacha-x86_64-linux.S
[670/2166] Compiling chacha-x86_64-apple.S
[671/2166] Compiling chacha-x86-linux.S
[673/2166] Compiling GoogleRpc LocalizedMessage.swift
[674/2166] Compiling GoogleRpc PackageVersion.swift
[675/2166] Compiling GoogleRpc RequestInfo.swift
[676/2166] Compiling GoogleRpc ResourceInfo.swift
[677/2166] Emitting module GoogleRpc
[677/2166] Compiling chacha-armv8-win.S
[679/2166] Compiling GoogleRpc ErrorInfo.swift
[680/2166] Compiling GoogleRpc PreconditionFailure.swift
[681/2166] Compiling GoogleRpc QuotaFailure.swift
[681/2166] Compiling chacha-x86-apple.S
[685/2166] Compiling GoogleRpc BadRequest.swift
[686/2166] Compiling GoogleRpc Code.swift
[687/2166] Compiling GoogleRpc Help.swift
[688/2166] Compiling GoogleRpc HttpHeader.swift
[692/2166] Compiling chacha-armv8-linux.S
[692/2166] Compiling chacha-armv4-linux.S
[694/2166] Compiling aes128gcmsiv-x86_64-linux.S
[695/2166] Compiling chacha-armv8-apple.S
[697/2166] Compiling GoogleRpc Status.swift
[698/2166] Compiling GoogleType Month.swift
[700/2166] Compiling GoogleRpc RetryInfo.swift
[708/2166] Compiling x86_64-mont5-linux.S
[709/2167] Compiling aes128gcmsiv-x86_64-apple.S
[712/2167] Compiling GoogleType TimeOfDay.swift
[713/2167] Compiling GoogleType TimeZone.swift
[714/2168] Compiling x86_64-mont-apple.S
[715/2168] Compiling x86-mont-linux.S
[716/2168] Compiling x86_64-mont-linux.S
[717/2168] Wrapping AST for GoogleRpc for debugging
[718/2168] Compiling x86_64-mont5-apple.S
[719/2168] Compiling vpaes-x86_64-linux.S
[720/2168] Compiling x86-mont-apple.S
[721/2168] Compiling vpaes-armv8-win.S
[722/2168] Compiling vpaes-x86-linux.S
[723/2168] Compiling vpaes-x86_64-apple.S
[724/2168] Wrapping AST for GoogleType for debugging
[725/2168] Compiling vpaes-armv8-linux.S
[725/2168] Compiling vpaes-x86-apple.S
[727/2168] Compiling vpaes-armv8-apple.S
[728/2168] Compiling vpaes-armv7-linux.S
[729/2168] Compiling sha512-armv8-win.S
[730/2168] Compiling sha512-x86_64-linux.S
[731/2168] Compiling sha512-armv8-apple.S
[732/2168] Compiling sha512-x86_64-apple.S
[733/2168] Compiling sha512-armv4-linux.S
[734/2168] Compiling sha512-586-linux.S
[735/2168] Compiling sha512-armv8-linux.S
[736/2168] Compiling sha256-x86_64-linux.S
[737/2168] Compiling sha256-x86_64-apple.S
[738/2168] Compiling sha512-586-apple.S
[739/2168] Compiling sha256-armv8-win.S
[740/2168] Compiling sha256-armv8-apple.S
[741/2168] Compiling sha256-armv8-linux.S
[742/2168] Compiling sha256-armv4-linux.S
[743/2168] Compiling sha256-586-apple.S
[744/2168] Compiling sha256-586-linux.S
[745/2168] Compiling sha1-x86_64-linux.S
[746/2168] Compiling sha1-x86_64-apple.S
[747/2168] Compiling sha1-armv8-apple.S
[747/2168] Compiling sha1-armv8-win.S
[749/2168] Compiling sha1-armv8-linux.S
[750/2168] Compiling sha1-armv4-large-linux.S
[751/2168] Compiling sha1-586-apple.S
[752/2168] Compiling sha1-586-linux.S
[753/2168] Compiling rdrand-x86_64-linux.S
[754/2168] Compiling rdrand-x86_64-apple.S
[755/2168] Compiling rsaz-avx2-linux.S
[756/2168] Compiling p256_beeu-x86_64-asm-linux.S
[757/2168] Compiling rsaz-avx2-apple.S
[758/2168] Compiling p256_beeu-x86_64-asm-apple.S
[759/2168] Compiling p256_beeu-armv8-asm-linux.S
[760/2168] Compiling p256-x86_64-asm-apple.S
[761/2168] Compiling p256_beeu-armv8-asm-win.S
[761/2168] Compiling p256-x86_64-asm-linux.S
[763/2168] Compiling p256_beeu-armv8-asm-apple.S
[764/2168] Compiling p256-armv8-asm-win.S
[765/2168] Compiling p256-armv8-asm-apple.S
[766/2168] Compiling ghashv8-armv8-win.S
[767/2168] Compiling p256-armv8-asm-linux.S
[768/2168] Compiling ghashv8-armv8-linux.S
[768/2168] Compiling ghashv8-armv8-apple.S
[768/2168] Compiling ghashv8-armv7-linux.S
[768/2168] Compiling ghash-x86_64-apple.S
[772/2168] Compiling ghash-x86_64-linux.S
[773/2168] Compiling ghash-x86-apple.S
[774/2168] Compiling ghash-ssse3-x86_64-apple.S
[775/2168] Compiling ghash-x86-linux.S
[776/2168] Compiling ghash-ssse3-x86-apple.S
[776/2168] Compiling ghash-ssse3-x86_64-linux.S
[778/2168] Compiling ghash-neon-armv8-win.S
[779/2168] Compiling ghash-ssse3-x86-linux.S
[780/2168] Compiling ghash-neon-armv8-linux.S
[781/2168] Compiling co-586-linux.S
[782/2168] Compiling ghash-neon-armv8-apple.S
[783/2168] Compiling ghash-armv4-linux.S
[784/2168] Compiling bn-armv8-win.S
[785/2168] Compiling co-586-apple.S
[786/2168] Compiling bn-armv8-linux.S
[787/2168] Compiling bsaes-armv7-linux.S
[788/2168] Compiling bn-586-linux.S
[789/2168] Compiling bn-586-apple.S
[790/2168] Compiling armv8-mont-win.S
[791/2168] Compiling bn-armv8-apple.S
[792/2168] Compiling armv8-mont-linux.S
[793/2168] Compiling aesv8-gcm-armv8-apple.S
[793/2168] Compiling aesv8-gcm-armv8-linux.S
[793/2168] Compiling armv4-mont-linux.S
[796/2168] Compiling aesv8-gcm-armv8-win.S
[797/2168] Compiling armv8-mont-apple.S
[798/2168] Compiling aesv8-armv8-linux.S
[799/2168] Compiling aesv8-armv8-win.S
[800/2168] Compiling aesv8-armv7-linux.S
[801/2168] Compiling aesni-x86_64-apple.S
[802/2168] Compiling aesni-x86-linux.S
[803/2168] Compiling aesv8-armv8-apple.S
[804/2168] Compiling aesni-x86_64-linux.S
[805/2168] Compiling aesni-gcm-x86_64-linux.S
[806/2168] Compiling aesni-gcm-x86_64-apple.S
[806/2168] Compiling aesni-x86-apple.S
[808/2168] Compiling aes-gcm-avx10-x86_64-apple.S
[809/2168] Compiling aes-gcm-avx2-x86_64-linux.S
[810/2168] Compiling aes-gcm-avx2-x86_64-apple.S
[810/2168] Compiling aes-gcm-avx10-x86_64-linux.S
[812/2168] Compiling x_x509.cc
[813/2168] Compiling x_val.cc
[814/2168] Compiling x_req.cc
[815/2168] Compiling x_x509a.cc
[815/2168] Compiling x_spki.cc
[817/2168] Compiling x_name.cc
[818/2168] Compiling x_sig.cc
[819/2168] Compiling x_pubkey.cc
[820/2168] Compiling x_attrib.cc
[821/2168] Compiling x_all.cc
[822/2168] Compiling x_exten.cc
[823/2168] Compiling x509name.cc
[824/2168] Compiling x_algor.cc
[824/2168] Compiling x_crl.cc
[826/2168] Compiling x509rset.cc
[827/2168] Compiling x509spki.cc
[828/2168] Compiling x509cset.cc
[829/2168] Compiling x509_vpm.cc
[830/2168] Compiling x509_v3.cc
[831/2168] Compiling x509_trs.cc
[832/2168] Compiling x509_vfy.cc
[833/2168] Compiling x509_req.cc
[833/2168] Compiling x509_set.cc
[835/2168] Compiling x509_txt.cc
[836/2168] Compiling x509_ext.cc
[837/2168] Compiling x509_obj.cc
[838/2168] Compiling x509_lu.cc
[839/2168] Compiling x509_d2.cc
[840/2168] Compiling x509_def.cc
[841/2168] Compiling x509_att.cc
[842/2168] Compiling x509.cc
[843/2168] Compiling x509_cmp.cc
[844/2168] Compiling v3_skey.cc
[845/2168] Compiling v3_utl.cc
[846/2168] Compiling v3_pmaps.cc
[847/2168] Compiling v3_purp.cc
[848/2168] Compiling v3_pcons.cc
[849/2168] Compiling v3_prn.cc
[850/2168] Compiling v3_ocsp.cc
[851/2168] Compiling v3_ncons.cc
[852/2168] Compiling v3_int.cc
[853/2168] Compiling v3_lib.cc
[854/2168] Compiling v3_info.cc
[855/2168] Compiling v3_genn.cc
[856/2168] Compiling v3_ia5.cc
[857/2168] Compiling v3_extku.cc
[858/2168] Compiling v3_enum.cc
[859/2168] Compiling v3_crld.cc
[860/2168] Compiling v3_bitst.cc
[861/2168] Compiling v3_conf.cc
[862/2168] Compiling v3_cpols.cc
[863/2168] Compiling v3_bcons.cc
[864/2168] Compiling v3_alt.cc
[865/2168] Compiling v3_akeya.cc
[866/2168] Compiling v3_akey.cc
[866/2168] Compiling t_req.cc
[866/2168] Compiling t_crl.cc
[869/2168] Compiling t_x509.cc
[870/2168] Compiling rsa_pss.cc
[871/2168] Compiling t_x509a.cc
[872/2168] Compiling i2d_pr.cc
[873/2168] Compiling policy.cc
[874/2168] Compiling by_file.cc
[875/2168] Compiling name_print.cc
[876/2168] Compiling a_verify.cc
[877/2168] Compiling algorithm.cc
[878/2168] Compiling asn1_gen.cc
[879/2168] Compiling by_dir.cc
[880/2168] Compiling thread_none.cc
[881/2168] Compiling a_sign.cc
[881/2168] Compiling a_digest.cc
[883/2168] Compiling thread_pthread.cc
[884/2168] Compiling thread_win.cc
[885/2168] Compiling voprf.cc
[886/2168] Compiling trust_token.cc
[887/2168] Compiling thread.cc
[888/2168] Compiling pmbtoken.cc
[889/2168] Compiling siphash.cc
[890/2168] Compiling sha512.cc
[890/2168] Compiling stack.cc
[892/2168] Compiling rsa_print.cc
[893/2168] Compiling sha256.cc
[894/2168] Compiling slhdsa.cc
[895/2168] Compiling sha1.cc
[896/2168] Compiling spake2plus.cc
[897/2168] Compiling rsa_extra.cc
[898/2168] Compiling refcount.cc
[899/2168] Compiling urandom.cc
[900/2168] Compiling windows.cc
[901/2168] Compiling trusty.cc
[902/2168] Compiling rsa_crypt.cc
[903/2168] Compiling rand.cc
[904/2168] Compiling rc4.cc
[905/2168] Compiling rsa_asn1.cc
[906/2168] Compiling passive.cc
[907/2168] Compiling poly1305_arm_asm.S
[908/2168] Compiling getentropy.cc
[909/2168] Compiling ios.cc
[910/2168] Compiling deterministic.cc
[911/2168] Compiling fork_detect.cc
[912/2168] Compiling forkunsafe.cc
[913/2168] Compiling pool.cc
[914/2168] Compiling poly1305_vec.cc
[915/2168] Compiling poly1305.cc
[916/2168] Compiling poly1305_arm.cc
[917/2168] Compiling p5_pbev2.cc
[918/2168] Compiling pkcs7.cc
[919/2168] Compiling pem_xaux.cc
[920/2168] Compiling pem_x509.cc
[921/2168] Compiling pkcs8.cc
[922/2168] Compiling pkcs8_x509.cc
[923/2168] Compiling pkcs7_x509.cc
[924/2168] Compiling pem_pkey.cc
[925/2168] Compiling pem_pk8.cc
[926/2168] Compiling pem_lib.cc
[926/2168] Compiling pem_info.cc
[928/2168] Compiling obj_xref.cc
[929/2168] Compiling pem_all.cc
[930/2168] Compiling pem_oth.cc
[931/2168] Compiling mlkem.cc
[932/2168] Compiling obj.cc
[933/2168] Compiling mldsa.cc
[934/2168] Compiling md4.cc
[935/2168] Compiling lhash.cc
[935/2168] Compiling mem.cc
[937/2168] Compiling fips_shared_support.cc
[938/2168] Compiling md5.cc
[939/2168] Compiling poly_rq_mul.S
[940/2168] Compiling kyber.cc
[941/2168] Compiling hrss.cc
[942/2168] Compiling sign.cc
[943/2168] Compiling hpke.cc
[944/2168] Compiling ex_data.cc
[945/2168] Compiling print.cc
[946/2168] Compiling scrypt.cc
[947/2168] Compiling pbkdf.cc
[948/2168] Compiling p_x25519_asn1.cc
[949/2168] Compiling p_rsa_asn1.cc
[950/2168] Compiling p_x25519.cc
[951/2168] Compiling p_ed25519.cc
[952/2168] Compiling p_hkdf.cc
[953/2168] Compiling p_rsa.cc
[954/2168] Compiling p_ed25519_asn1.cc
[955/2168] Compiling p_ec_asn1.cc
[956/2168] Compiling p_ec.cc
[957/2168] Compiling evp_ctx.cc
[958/2168] Compiling p_dsa_asn1.cc
[959/2168] Compiling p_dh.cc
[960/2168] Compiling evp.cc
[961/2168] Compiling p_dh_asn1.cc
[962/2168] Compiling evp_asn1.cc
[963/2168] Compiling err.cc
[964/2168] Compiling ec_derive.cc
[965/2168] Compiling engine.cc
[966/2168] Compiling ecdh.cc
[967/2168] Compiling bcm.cc
[968/2168] Compiling hash_to_curve.cc
[969/2168] Compiling params.cc
[970/2168] Compiling ecdsa_asn1.cc
[970/2168] Compiling dsa.cc
[972/2168] Compiling dsa_asn1.cc
[973/2168] Compiling dh_asn1.cc
[974/2168] Compiling ec_asn1.cc
[975/2168] Compiling x25519-asm-arm.S
[976/2168] Compiling digest_extra.cc
[977/2168] Compiling curve25519_64_adx.cc
[978/2168] Compiling spake25519.cc
[979/2168] Compiling des.cc
[980/2168] Compiling crypto.cc
[981/2168] Compiling cpu_arm_freebsd.cc
[982/2168] Compiling curve25519.cc
[983/2168] Compiling cpu_intel.cc
[984/2168] Compiling cpu_arm_linux.cc
[985/2168] Compiling cpu_aarch64_openbsd.cc
[986/2168] Compiling cpu_aarch64_sysreg.cc
[987/2168] Compiling cpu_aarch64_win.cc
[988/2168] Compiling cpu_aarch64_fuchsia.cc
[989/2168] Compiling cpu_aarch64_linux.cc
[990/2168] Compiling conf.cc
[991/2168] Compiling cpu_aarch64_apple.cc
[992/2168] Compiling tls_cbc.cc
[993/2168] Compiling get_cipher.cc
[994/2168] Compiling e_tls.cc
[995/2168] Compiling e_rc2.cc
[996/2168] Compiling e_rc4.cc
[997/2168] Compiling e_aesctrhmac.cc
[998/2168] Compiling e_des.cc
[998/2168] Compiling e_aesgcmsiv.cc
[998/2168] Compiling e_chacha20poly1305.cc
[998/2168] Compiling e_null.cc
[1002/2168] Compiling chacha.cc
[1002/2168] Compiling derive_key.cc
[1004/2168] Compiling ber.cc
[1005/2168] Compiling buf.cc
[1006/2168] Compiling unicode.cc
[1007/2168] Compiling cbb.cc
[1008/2168] Compiling asn1_compat.cc
[1009/2168] Compiling blake2.cc
[1009/2168] Compiling convert.cc
[1011/2168] Compiling bn_asn1.cc
[1012/2168] Compiling cbs.cc
[1013/2168] Compiling socket.cc
[1014/2168] Compiling file.cc
[1014/2168] Compiling printf.cc
[1016/2168] Compiling socket_helper.cc
[1017/2168] Compiling fd.cc
[1018/2168] Compiling hexdump.cc
[1019/2168] Compiling pair.cc
[1020/2168] Compiling errno.cc
[1021/2168] Compiling connect.cc
[1022/2168] Compiling bio_mem.cc
[1023/2168] Compiling bio.cc
[1024/2168] Compiling tasn_fre.cc
[1025/2168] Compiling tasn_utl.cc
[1026/2168] Compiling tasn_typ.cc
[1026/2168] Compiling base64.cc
[1028/2168] Compiling tasn_new.cc
[1029/2168] Compiling posix_time.cc
[1030/2168] Compiling tasn_enc.cc
[1031/2168] Compiling asn1_par.cc
[1032/2168] Compiling f_int.cc
[1032/2168] Compiling f_string.cc
[1034/2168] Compiling tasn_dec.cc
[1035/2168] Compiling asn_pack.cc
[1036/2168] Compiling asn1_lib.cc
[1037/2168] Compiling a_utctm.cc
[1038/2168] Compiling a_type.cc
[1039/2168] Compiling a_octet.cc
[1040/2168] Compiling a_time.cc
[1041/2168] Compiling a_strex.cc
[1042/2168] Compiling a_strnid.cc
[1043/2168] Compiling a_i2d_fp.cc
[1044/2168] Compiling a_mbstr.cc
[1044/2168] Compiling a_object.cc
[1046/2168] Compiling a_gentm.cc
[1047/2168] Compiling a_int.cc
[1048/2168] Compiling CGoogleGaxCRC32C CGoogleGaxCRC32C.c
[1049/2168] Compiling a_d2i_fp.cc
[1050/2168] Compiling a_dup.cc
[1051/2168] Compiling a_bitstr.cc
[1052/2168] Compiling a_bool.cc
[1053/2168] Compiling CCryptoBoringSSLShims shims.c
[1054/2168] Compiling fiat_p256_adx_sqr.S
[1055/2168] Compiling fiat_p256_adx_mul.S
[1056/2168] Compiling fiat_curve25519_adx_square.S
[1057/2168] Compiling md5-x86_64-apple.S
[1058/2168] Compiling md5-x86_64-linux.S
[1058/2168] Compiling fiat_curve25519_adx_mul.S
[1060/2168] Compiling md5-586-linux.S
[1061/2168] Compiling md5-586-apple.S
[1062/2168] Compiling chacha20_poly1305_x86_64-linux.S
[1063/2168] Compiling err_data.cc
[1064/2168] Compiling chacha20_poly1305_armv8-win.S
[1065/2168] Compiling chacha20_poly1305_armv8-apple.S
[1066/2168] Compiling chacha20_poly1305_armv8-linux.S
[1067/2168] Compiling chacha20_poly1305_x86_64-apple.S
[1068/2168] Compiling chacha-x86_64-linux.S
[1069/2168] Compiling chacha-x86_64-apple.S
[1070/2168] Compiling c-nioatomics.c
[1071/2168] Compiling chacha-x86-linux.S
[1072/2168] Compiling chacha-armv8-win.S
[1073/2168] Compiling chacha-x86-apple.S
[1074/2168] Compiling chacha-armv4-linux.S
[1075/2168] Compiling chacha-armv8-linux.S
[1076/2168] Compiling chacha-armv8-apple.S
[1077/2168] Compiling aes128gcmsiv-x86_64-linux.S
[1078/2168] Compiling aes128gcmsiv-x86_64-apple.S
[1079/2168] Compiling x86_64-mont5-linux.S
[1080/2168] Compiling c-atomics.c
[1081/2168] Compiling x86_64-mont-linux.S
[1082/2168] Compiling x86_64-mont-apple.S
[1083/2168] Compiling x86_64-mont5-apple.S
[1084/2175] Compiling x86-mont-apple.S
[1085/2175] Compiling vpaes-x86_64-linux.S
[1086/2175] Compiling x86-mont-linux.S
[1087/2175] Compiling vpaes-x86_64-apple.S
[1088/2175] Compiling vpaes-x86-linux.S
[1090/2175] Compiling NIOConcurrencyHelpers NIOThreadPoolWorkAvailable.swift
[1090/2175] Compiling vpaes-x86-apple.S
[1091/2175] Compiling vpaes-armv8-win.S
[1092/2175] Compiling vpaes-armv8-apple.S
[1094/2175] Compiling NIOConcurrencyHelpers lock.swift
[1094/2175] Compiling vpaes-armv8-linux.S
[1095/2175] Compiling vpaes-armv7-linux.S
[1096/2175] Compiling sha512-x86_64-linux.S
[1098/2175] Compiling NIOConcurrencyHelpers NIOLockedValueBox.swift
[1099/2175] Emitting module NIOConcurrencyHelpers
[1100/2175] Compiling NIOConcurrencyHelpers NIOAtomic.swift
[1101/2175] Compiling NIOConcurrencyHelpers NIOLock.swift
[1102/2175] Compiling NIOConcurrencyHelpers atomics.swift
[1103/2176] Compiling sha512-armv8-apple.S
[1103/2176] Compiling sha512-x86_64-apple.S
[1105/2176] Compiling sha512-armv8-win.S
[1106/2176] Compiling sha512-586-linux.S
[1107/2176] Compiling sha512-armv8-linux.S
[1108/2176] Compiling sha512-armv4-linux.S
[1109/2176] Compiling sha512-586-apple.S
[1110/2176] Compiling sha256-x86_64-linux.S
[1111/2176] Compiling sha256-armv8-win.S
[1112/2176] Compiling sha256-x86_64-apple.S
[1112/2176] Compiling sha256-armv8-linux.S
[1114/2176] Wrapping AST for NIOConcurrencyHelpers for debugging
[1115/2176] Compiling sha256-armv8-apple.S
[1116/2176] Compiling sha256-armv4-linux.S
[1117/2176] Compiling sha256-586-apple.S
[1118/2176] Compiling sha256-586-linux.S
[1119/2176] Compiling sha1-x86_64-linux.S
[1120/2176] Compiling sha1-armv8-win.S
[1121/2176] Compiling sha1-x86_64-apple.S
[1122/2176] Compiling sha1-armv8-apple.S
[1123/2176] Compiling sha1-armv4-large-linux.S
[1123/2176] Compiling sha1-armv8-linux.S
[1125/2176] Compiling sha1-586-apple.S
[1126/2176] Compiling rsaz-avx2-linux.S
[1127/2176] Compiling sha1-586-linux.S
[1128/2176] Compiling rdrand-x86_64-linux.S
[1129/2176] Compiling p256_beeu-x86_64-asm-apple.S
[1129/2176] Compiling rsaz-avx2-apple.S
[1131/2176] Compiling p256_beeu-x86_64-asm-linux.S
[1132/2176] Compiling rdrand-x86_64-apple.S
[1133/2176] Compiling p256_beeu-armv8-asm-win.S
[1134/2176] Compiling p256_beeu-armv8-asm-linux.S
[1135/2176] Compiling p256_beeu-armv8-asm-apple.S
[1136/2176] Compiling p256-armv8-asm-win.S
[1137/2176] Compiling p256-armv8-asm-apple.S
[1138/2176] Compiling p256-armv8-asm-linux.S
[1139/2176] Compiling p256-x86_64-asm-apple.S
[1140/2176] Compiling p256-x86_64-asm-linux.S
[1141/2176] Compiling ghashv8-armv8-win.S
[1142/2176] Compiling ghashv8-armv8-linux.S
[1143/2176] Compiling ghashv8-armv8-apple.S
[1144/2176] Compiling ghashv8-armv7-linux.S
[1145/2176] Compiling ghash-x86_64-linux.S
[1146/2176] Compiling ghash-x86_64-apple.S
[1146/2176] Compiling ghash-x86-linux.S
[1148/2176] Compiling ghash-x86-apple.S
[1149/2176] Compiling ghash-ssse3-x86_64-linux.S
[1150/2176] Compiling ghash-ssse3-x86-linux.S
[1150/2176] Compiling ghash-ssse3-x86_64-apple.S
[1152/2176] Compiling ghash-ssse3-x86-apple.S
[1153/2176] Compiling ghash-neon-armv8-win.S
[1154/2176] Compiling ghash-neon-armv8-apple.S
[1155/2176] Compiling ghash-neon-armv8-linux.S
[1156/2176] Compiling ghash-armv4-linux.S
[1157/2176] Compiling co-586-linux.S
[1158/2176] Compiling bn-armv8-win.S
[1159/2176] Compiling bsaes-armv7-linux.S
[1160/2176] Compiling co-586-apple.S
[1161/2176] Compiling bn-586-apple.S
[1162/2176] Compiling bn-armv8-apple.S
[1162/2176] Compiling bn-586-linux.S
[1162/2176] Compiling armv8-mont-win.S
[1165/2176] Compiling bn-armv8-linux.S
[1166/2176] Compiling armv8-mont-linux.S
[1167/2176] Compiling armv8-mont-apple.S
[1168/2176] Compiling armv4-mont-linux.S
[1169/2176] Compiling aesv8-armv8-apple.S
[1169/2176] Compiling aesv8-gcm-armv8-win.S
[1171/2176] Compiling aesv8-gcm-armv8-linux.S
[1172/2176] Compiling aesv8-armv8-win.S
[1173/2176] Compiling aesv8-armv8-linux.S
[1174/2176] Compiling aesv8-gcm-armv8-apple.S
[1175/2176] Compiling aesv8-armv7-linux.S
[1176/2176] Compiling aesni-gcm-x86_64-linux.S
[1176/2176] Compiling aesni-gcm-x86_64-apple.S
[1176/2176] Compiling aesni-x86_64-apple.S
[1176/2176] Compiling aesni-x86-apple.S
[1176/2176] Compiling aesni-x86-linux.S
[1181/2176] Compiling aesni-x86_64-linux.S
[1182/2176] Compiling aes-gcm-avx512-x86_64-linux.S
[1183/2176] Compiling aes-gcm-avx2-x86_64-linux.S
[1184/2176] Compiling aes-gcm-avx512-x86_64-apple.S
[1185/2176] Compiling aes-gcm-avx2-x86_64-apple.S
[1186/2176] Compiling xwing.cc
[1187/2176] Compiling x_sig.cc
[1188/2176] Compiling x_spki.cc
[1189/2176] Compiling x_x509a.cc
[1190/2176] Compiling x_x509.cc
[1191/2176] Compiling x_req.cc
[1192/2176] Compiling x_pubkey.cc
[1193/2176] Compiling x_exten.cc
[1194/2176] Compiling x_name.cc
[1195/2176] Compiling x_crl.cc
[1196/2176] Compiling x_all.cc
[1197/2176] Compiling x_attrib.cc
[1198/2176] Compiling x_algor.cc
[1199/2176] Compiling x509spki.cc
[1200/2176] Compiling x509rset.cc
[1201/2176] Compiling x509cset.cc
[1202/2176] Compiling x509name.cc
[1203/2176] Compiling x509_vpm.cc
[1204/2176] Compiling x509_txt.cc
[1205/2176] Compiling x509_v3.cc
[1206/2176] Compiling x509_vfy.cc
[1207/2176] Compiling x509_set.cc
[1208/2176] Compiling x509_trs.cc
[1209/2176] Compiling x509_req.cc
[1210/2176] Compiling x509_obj.cc
[1211/2176] Compiling x509_ext.cc
[1212/2176] Compiling x509_lu.cc
[1213/2176] Compiling x509_def.cc
[1214/2176] Compiling x509.cc
[1215/2176] Compiling x509_d2.cc
[1216/2176] Compiling x509_att.cc
[1217/2176] Compiling x509_cmp.cc
[1218/2176] Compiling v3_utl.cc
[1219/2176] Compiling v3_prn.cc
[1220/2176] Compiling v3_pcons.cc
[1220/2176] Compiling v3_ncons.cc
[1220/2176] Compiling v3_pmaps.cc
[1221/2176] Compiling v3_purp.cc
[1224/2176] Compiling v3_ocsp.cc
[1225/2176] Compiling v3_skey.cc
[1226/2176] Compiling v3_lib.cc
[1227/2176] Compiling v3_crld.cc
[1228/2176] Compiling v3_int.cc
[1229/2176] Compiling v3_info.cc
[1230/2176] Compiling v3_ia5.cc
[1231/2176] Compiling v3_genn.cc
[1232/2176] Compiling v3_extku.cc
[1233/2176] Compiling v3_enum.cc
[1234/2176] Compiling v3_cpols.cc
[1235/2176] Compiling v3_conf.cc
[1236/2176] Compiling v3_bitst.cc
[1237/2176] Compiling v3_alt.cc
[1238/2176] Compiling v3_akey.cc
[1239/2176] Compiling v3_bcons.cc
[1240/2176] Compiling t_x509.cc
[1241/2176] Compiling t_x509a.cc
[1242/2176] Compiling i2d_pr.cc
[1243/2176] Compiling t_req.cc
[1244/2176] Compiling name_print.cc
[1245/2176] Compiling t_crl.cc
[1246/2176] Compiling rsa_pss.cc
[1247/2176] Compiling by_dir.cc
[1248/2176] Compiling policy.cc
[1249/2176] Compiling by_file.cc
[1250/2176] Compiling asn1_gen.cc
[1251/2176] Compiling algorithm.cc
[1252/2176] Compiling a_digest.cc
[1253/2176] Compiling a_sign.cc
[1253/2176] Compiling a_verify.cc
[1255/2176] Compiling trust_token.cc
[1256/2176] Compiling pmbtoken.cc
[1257/2176] Compiling voprf.cc
[1257/2176] Compiling thread_win.cc
[1259/2176] Compiling stack.cc
[1260/2176] Compiling thread_none.cc
[1261/2176] Compiling thread_pthread.cc
[1262/2176] Compiling thread.cc
[1263/2176] Compiling spake2plus.cc
[1264/2176] Compiling sha512.cc
[1264/2176] Compiling sha1.cc
[1266/2176] Compiling slhdsa.cc
[1267/2176] Compiling rsa_extra.cc
[1267/2176] Compiling rsa_print.cc
[1269/2176] Compiling siphash.cc
[1270/2176] Compiling sha256.cc
[1271/2176] Compiling refcount.cc
[1272/2176] Compiling rc4.cc
[1273/2176] Compiling urandom.cc
[1274/2176] Compiling rand.cc
[1275/2176] Compiling rsa_crypt.cc
[1276/2176] Compiling windows.cc
[1277/2176] Compiling trusty.cc
[1278/2176] Compiling rsa_asn1.cc
[1279/2176] Compiling getentropy.cc
[1280/2176] Compiling ios.cc
[1281/2176] Compiling deterministic.cc
[1282/2176] Compiling passive.cc
[1283/2176] Compiling forkunsafe.cc
[1284/2176] Compiling fork_detect.cc
[1285/2176] Compiling poly1305_arm_asm.S
[1286/2176] Compiling pool.cc
[1287/2176] Compiling poly1305_arm.cc
[1288/2176] Compiling poly1305.cc
[1289/2176] Compiling poly1305_vec.cc
[1290/2176] Compiling pkcs8_x509.cc
[1291/2176] Compiling pkcs8.cc
[1292/2176] Compiling pkcs7.cc
[1293/2176] Compiling pkcs7_x509.cc
[1294/2176] Compiling p5_pbev2.cc
[1295/2176] Compiling pem_xaux.cc
[1295/2176] Compiling pem_pkey.cc
[1297/2176] Compiling pem_x509.cc
[1298/2176] Compiling obj_xref.cc
[1299/2176] Compiling pem_info.cc
[1300/2176] Compiling pem_pk8.cc
[1300/2176] Compiling pem_oth.cc
[1302/2176] Compiling pem_lib.cc
[1303/2176] Compiling mlkem.cc
[1304/2176] Compiling mem.cc
[1305/2176] Compiling pem_all.cc
[1306/2176] Compiling md5.cc
[1307/2176] Compiling md4.cc
[1307/2176] Compiling lhash.cc
[1309/2176] Compiling obj.cc
[1310/2176] Compiling mldsa.cc
[1311/2176] Compiling fips_shared_support.cc
[1312/2176] Compiling kyber.cc
[1313/2176] Compiling poly_rq_mul.S
[1314/2176] Compiling fuzzer_mode.cc
[1315/2176] Compiling ex_data.cc
[1315/2176] Compiling scrypt.cc
[1317/2176] Compiling print.cc
[1318/2176] Compiling hrss.cc
[1319/2176] Compiling sign.cc
[1320/2176] Compiling hpke.cc
[1321/2176] Compiling pbkdf.cc
[1322/2176] Compiling p_x25519_asn1.cc
[1323/2176] Compiling p_x25519.cc
[1324/2176] Compiling p_ed25519_asn1.cc
[1325/2176] Compiling p_rsa.cc
[1326/2176] Compiling p_hkdf.cc
[1326/2176] Compiling p_rsa_asn1.cc
[1328/2176] Compiling p_dsa_asn1.cc
[1329/2176] Compiling p_ed25519.cc
[1330/2176] Compiling p_ec.cc
[1331/2176] Compiling p_dh.cc
[1332/2176] Compiling p_dh_asn1.cc
[1333/2176] Compiling evp_ctx.cc
[1334/2176] Compiling evp_asn1.cc
[1335/2176] Compiling ecdh.cc
[1336/2176] Compiling ecdsa_p1363.cc
[1336/2176] Compiling engine.cc
[1338/2176] Compiling err.cc
[1339/2176] Compiling evp.cc
[1340/2176] Compiling ecdsa_asn1.cc
[1341/2176] Compiling hash_to_curve.cc
[1342/2176] Compiling ec_derive.cc
[1343/2176] Compiling dsa.cc
[1344/2176] Compiling dsa_asn1.cc
[1345/2176] Compiling ec_asn1.cc
[1346/2176] Compiling curve25519_64_adx.cc
[1347/2176] Compiling des.cc
[1348/2176] Compiling digest_extra.cc
[1349/2176] Compiling params.cc
[1350/2176] Compiling dh_asn1.cc
[1351/2176] Compiling spake25519.cc
[1352/2176] Compiling x25519-asm-arm.S
[1353/2176] Compiling curve25519.cc
[1354/2176] Compiling cpu_intel.cc
[1355/2176] Compiling cpu_arm_freebsd.cc
[1356/2176] Compiling cpu_aarch64_openbsd.cc
[1357/2176] Compiling cpu_aarch64_sysreg.cc
[1357/2176] Compiling cpu_arm_linux.cc
[1359/2176] Compiling crypto.cc
[1360/2176] Compiling cpu_aarch64_win.cc
[1361/2176] Compiling get_cipher.cc
[1362/2176] Compiling cpu_aarch64_fuchsia.cc
[1363/2176] Compiling conf.cc
[1364/2176] Compiling tls_cbc.cc
[1365/2176] Compiling e_tls.cc
[1366/2176] Compiling cpu_aarch64_apple.cc
[1367/2176] Compiling e_rc4.cc
[1368/2176] Compiling cpu_aarch64_linux.cc
[1369/2176] Compiling cms.cc
[1370/2176] Compiling e_aeseax.cc
[1371/2176] Compiling e_aesgcmsiv.cc
[1372/2176] Compiling e_rc2.cc
[1373/2176] Compiling e_null.cc
[1374/2176] Compiling e_chacha20poly1305.cc
[1375/2176] Compiling derive_key.cc
[1376/2176] Compiling e_aesctrhmac.cc
[1377/2176] Compiling e_des.cc
[1378/2176] Compiling chacha.cc
[1379/2176] Compiling cbb.cc
[1380/2176] Compiling unicode.cc
[1381/2176] Compiling sqrt.cc
[1382/2176] Compiling asn1_compat.cc
[1383/2176] Compiling cbs.cc
[1384/2176] Compiling ber.cc
[1385/2176] Compiling div.cc
[1386/2176] Compiling exponentiation.cc
[1387/2176] Compiling blake2.cc
[1388/2176] Compiling hexdump.cc
[1389/2176] Compiling bcm.cc
[1390/2176] Compiling printf.cc
[1391/2176] Compiling pair.cc
[1392/2176] Compiling convert.cc
[1393/2176] Compiling bn_asn1.cc
[1394/2176] Compiling file.cc
[1395/2176] Compiling fd.cc
[1396/2176] Compiling errno.cc
[1397/2176] Compiling bio_mem.cc
[1398/2176] Compiling tasn_typ.cc
[1399/2176] Compiling base64.cc
[1400/2176] Compiling bio.cc
[1401/2176] Compiling tasn_enc.cc
[1402/2176] Compiling tasn_utl.cc
[1403/2176] Compiling tasn_new.cc
[1404/2176] Compiling tasn_dec.cc
[1404/2176] Compiling posix_time.cc
[1405/2176] Compiling f_int.cc
[1407/2176] Compiling tasn_fre.cc
[1408/2176] Compiling asn_pack.cc
[1409/2176] Compiling f_string.cc
[1410/2176] Compiling asn1_par.cc
[1411/2176] Compiling a_octet.cc
[1412/2176] Compiling a_strex.cc
[1413/2176] Compiling a_type.cc
[1413/2176] Compiling a_utctm.cc
[1415/2176] Compiling a_time.cc
[1416/2176] Compiling asn1_lib.cc
[1417/2176] Compiling a_strnid.cc
[1417/2176] Write sources
[1434/2194] Compiling a_i2d_fp.cc
[1435/2194] Compiling a_d2i_fp.cc
[1435/2194] Write sources
[1439/2195] Compiling a_bool.cc
[1440/2203] Compiling a_gentm.cc
[1440/2203] Compiling a_object.cc
[1442/2209] Compiling a_dup.cc
[1442/2210] Compiling a_int.cc
[1445/2227] Compiling Algorithms Partition.swift
[1446/2227] Compiling Algorithms Permutations.swift
[1447/2227] Compiling Algorithms Product.swift
[1448/2227] Compiling Algorithms Split.swift
[1449/2229] Compiling Algorithms Stride.swift
[1450/2229] Compiling Algorithms Suffix.swift
[1451/2229] Compiling CryptoBoringWrapper RandomBytes.swift
[1455/2232] Compiling Algorithms AdjacentPairs.swift
[1456/2232] Compiling Algorithms Chain.swift
[1457/2232] Compiling Algorithms Chunked.swift
[1458/2232] Compiling Atomics IntegerOperations.swift
[1459/2232] Compiling Atomics Unmanaged extensions.swift
[1460/2232] Compiling Algorithms RandomSample.swift
[1461/2232] Compiling Algorithms Reductions.swift
[1462/2232] Compiling Algorithms Rotate.swift
[1463/2232] Compiling CryptoBoringWrapper FiniteFieldArithmeticContext.swift
[1464/2232] Emitting module CryptoBoringWrapper
[1468/2232] Compiling Algorithms Compacted.swift
[1469/2232] Compiling Algorithms Cycle.swift
[1470/2232] Compiling Algorithms EitherSequence.swift
[1471/2232] Compiling Algorithms FirstNonNil.swift
[1472/2232] Compiling CryptoBoringWrapper EllipticCurve.swift
[1473/2232] Compiling CryptoBoringWrapper CryptoKitErrors_boring.swift
[1476/2232] Compiling Algorithms MinMax.swift
[1477/2232] Compiling CryptoBoringWrapper ArbitraryPrecisionInteger.swift
[1478/2232] Compiling CryptoBoringWrapper EllipticCurvePoint.swift
[1479/2232] Compiling CryptoBoringWrapper BoringSSLAEAD.swift
[1480/2233] Emitting module Atomics
[1481/2233] Compiling Algorithms Trim.swift
[1482/2233] Compiling Algorithms Unique.swift
[1483/2233] Compiling Algorithms Windows.swift
[1488/2233] Compiling Algorithms FlattenCollection.swift
[1489/2233] Compiling Algorithms Grouped.swift
[1490/2233] Compiling Algorithms Indexed.swift
[1491/2233] Compiling Algorithms Intersperse.swift
[1495/2233] Compiling Algorithms Combinations.swift
[1496/2233] Emitting module Algorithms
[1496/2234] Wrapping AST for CryptoBoringWrapper for debugging
[1499/2318] Compiling Crypto ECDSASignature.swift
[1500/2318] Compiling Crypto PEMDocument.swift
[1501/2318] Compiling Crypto ArraySliceBigint.swift
[1502/2318] Compiling Crypto GeneralizedTime.swift
[1503/2318] Compiling Crypto ObjectIdentifier.swift
[1504/2319] Wrapping AST for Algorithms for debugging
[1505/2319] Wrapping AST for Atomics for debugging
[1507/2320] Emitting module Crypto
[1508/2394] Compiling NIOCore NIOCoreSendableMetatype.swift
[1509/2394] Compiling NIOCore NIODecodedAsyncSequence.swift
[1510/2394] Compiling NIOCore NIOLoopBound.swift
[1511/2394] Compiling NIOCore NIOPooledRecvBufferAllocator.swift
[1512/2394] Compiling NIOCore NIOScheduledCallback.swift
[1513/2394] Compiling NIOCore NIOSendable.swift
[1514/2394] Compiling NIOCore NIOSplitLinesMessageDecoder.swift
[1515/2394] Compiling NIOCore NIOTransportAccessibleChannelCore.swift
[1516/2394] Compiling NIOCore RecvByteBufferAllocator.swift
[1517/2394] Compiling NIOCore AddressedEnvelope.swift
[1518/2394] Compiling NIOCore AsyncAwaitSupport.swift
[1519/2394] Compiling NIOCore AsyncChannel.swift
[1520/2394] Compiling NIOCore AsyncChannelHandler.swift
[1521/2394] Compiling NIOCore AsyncChannelInboundStream.swift
[1522/2394] Compiling NIOCore AsyncChannelOutboundWriter.swift
[1523/2394] Compiling NIOCore NIOAsyncSequenceProducer.swift
[1524/2394] Compiling NIOCore NIOAsyncSequenceProducerStrategies.swift
[1525/2394] Compiling NIOCore NIOAsyncWriter.swift
[1526/2394] Compiling NIOCore CircularBuffer.swift
[1527/2394] Compiling NIOCore Codec.swift
[1528/2394] Compiling NIOCore ConvenienceOptionSupport.swift
[1529/2402] Compiling NIOCore ByteBuffer-hex.swift
[1530/2402] Compiling NIOCore ByteBuffer-int.swift
[1531/2402] Compiling NIOCore ByteBuffer-lengthPrefix.swift
[1532/2402] Compiling NIOCore ByteBuffer-multi-int.swift
[1533/2402] Compiling NIOCore ByteBuffer-quicBinaryEncodingStrategy.swift
[1534/2402] Compiling NIOCore ByteBuffer-views.swift
[1535/2402] Compiling NIOCore Channel.swift
[1536/2402] Compiling NIOCore ChannelHandler.swift
[1537/2402] Compiling NIOCore ChannelHandlers.swift
[1538/2402] Compiling NIOCore ChannelInvoker.swift
[1539/2402] Compiling NIOCore ChannelOption.swift
[1540/2402] Compiling Crypto AES-GCM.swift
[1541/2402] Compiling Crypto AES-GCM_boring.swift
[1542/2402] Compiling Crypto ChaChaPoly_boring.swift
[1543/2402] Compiling Crypto ChaChaPoly.swift
[1544/2402] Compiling Crypto Cipher.swift
[1545/2402] Compiling Crypto Nonces.swift
[1546/2402] Compiling Crypto ASN1.swift
[1547/2402] Compiling Crypto ASN1Any.swift
[1548/2402] Compiling Crypto ASN1BitString.swift
[1549/2402] Compiling Crypto ASN1Boolean.swift
[1550/2402] Compiling Crypto ASN1Identifier.swift
[1551/2402] Compiling Crypto ASN1Integer.swift
[1556/2402] Compiling NIOCore SingleStepByteToMessageDecoder.swift
[1557/2402] Compiling NIOCore SocketAddresses.swift
[1558/2402] Compiling NIOCore SocketOptionProvider.swift
[1559/2402] Compiling NIOCore SystemCallHelpers.swift
[1560/2402] Compiling NIOCore TimeAmount+Duration.swift
[1561/2402] Compiling NIOCore TypeAssistedChannelHandler.swift
[1562/2402] Compiling NIOCore UniversalBootstrapSupport.swift
[1563/2402] Compiling NIOCore Utilities.swift
[1564/2402] Compiling NIOCore ChannelPipeline.swift
[1565/2402] Compiling NIOCore EventLoopFuture+Deprecated.swift
[1566/2402] Compiling NIOCore EventLoopFuture+WithEventLoop.swift
[1567/2402] Compiling NIOCore EventLoopFuture.swift
[1568/2402] Compiling NIOCore FileDescriptor.swift
[1569/2402] Compiling NIOCore FileHandle.swift
[1570/2402] Compiling NIOCore FileRegion.swift
[1571/2402] Compiling NIOCore GlobalSingletons.swift
[1572/2402] Compiling NIOCore IO.swift
[1573/2402] Compiling NIOCore IOData.swift
[1574/2402] Compiling NIOCore IPProtocol.swift
[1575/2402] Compiling NIOCore IntegerBitPacking.swift
[1576/2402] Compiling Crypto Signature.swift
[1577/2402] Compiling Crypto CryptoKitErrors_boring.swift
[1578/2402] Compiling Crypto Optional+withUnsafeBytes_boring.swift
[1579/2402] Compiling Crypto RNG_boring.swift
[1580/2402] Compiling Crypto SafeCompare_boring.swift
[1581/2402] Compiling Crypto Zeroization_boring.swift
[1582/2402] Compiling Crypto _CryptoModuleAnchor.swift
[1583/2402] Compiling Crypto PrettyBytes.swift
[1584/2402] Compiling Crypto SafeCompare.swift
[1585/2402] Compiling Crypto SecureBytes.swift
[1586/2402] Compiling Crypto Zeroization.swift
[1587/2402] Compiling NIOCore IntegerTypes.swift
[1588/2402] Compiling NIOCore Interfaces.swift
[1589/2402] Compiling NIOCore Linux.swift
[1590/2402] Compiling NIOCore MarkedCircularBuffer.swift
[1591/2402] Compiling NIOCore MulticastChannel.swift
[1592/2402] Compiling NIOCore NIOAny.swift
[1593/2402] Compiling NIOCore NIOCloseOnErrorHandler.swift
[1599/2402] Compiling NIOCore DeadChannel.swift
[1600/2402] Compiling NIOCore DispatchQueue+WithFuture.swift
[1601/2402] Compiling NIOCore EventLoop+Deprecated.swift
[1602/2402] Compiling NIOCore EventLoop+SerialExecutor.swift
[1603/2402] Compiling NIOCore EventLoop.swift
[1604/2402] Compiling NIOCore EventLoopFuture+AssumeIsolated.swift
[1605/2402] Compiling NIOCore NIOThrowingAsyncSequenceProducer.swift
[1606/2402] Compiling NIOCore BSDSocketAPI.swift
[1607/2402] Compiling NIOCore ByteBuffer-aux.swift
[1608/2402] Compiling NIOCore ByteBuffer-binaryEncodedLengthPrefix.swift
[1609/2402] Compiling NIOCore ByteBuffer-conversions.swift
[1610/2402] Compiling NIOCore ByteBuffer-core.swift
[1638/2403] Wrapping AST for Crypto for debugging
[1648/2465] Emitting module NIOCore
[1649/2465] Compiling CryptoExtras PKCS8DERRepresentation.swift
[1650/2465] Compiling CryptoExtras PKCS8PrivateKey.swift
[1651/2465] Compiling CryptoExtras RFC8410AlgorithmIdentifier.swift
[1652/2465] Compiling CryptoExtras ECToolbox_boring.swift
[1653/2465] Compiling CryptoExtras ECToolbox.swift
[1654/2465] Compiling CryptoExtras HashToField.swift
[1655/2465] Compiling CryptoExtras KDF.swift
[1656/2465] Compiling CryptoExtras PBKDF2_boring.swift
[1657/2465] Compiling CryptoExtras PBKDF2_commoncrypto.swift
[1658/2465] Compiling CryptoExtras PBKDF2.swift
[1659/2465] Compiling CryptoExtras Scrypt_boring.swift
[1660/2465] Compiling CryptoExtras Scrypt.swift
[1661/2465] Compiling CryptoExtras OPRF.swift
[1662/2465] Compiling CryptoExtras OPRFClient.swift
[1663/2465] Compiling CryptoExtras OPRFServer.swift
[1664/2465] Compiling CryptoExtras VOPRF+API.swift
[1665/2465] Compiling CryptoExtras VOPRFClient.swift
[1666/2465] Compiling CryptoExtras VOPRFServer.swift
[1667/2473] Compiling CryptoExtras CMAC.swift
[1668/2473] Compiling CryptoExtras ARC+API.swift
[1669/2473] Compiling CryptoExtras ARC.swift
[1670/2473] Compiling CryptoExtras ARCCredential.swift
[1671/2473] Compiling CryptoExtras ARCEncoding.swift
[1672/2473] Compiling CryptoExtras ARCPrecredential.swift
[1673/2473] Compiling CryptoExtras ARCPresentation.swift
[1674/2473] Compiling CryptoExtras ARCRequest.swift
[1675/2473] Compiling CryptoExtras ARCResponse.swift
[1676/2473] Compiling CryptoExtras Data+Extensions.swift
[1677/2473] Compiling CryptoExtras DigestType.swift
[1678/2473] Compiling CryptoExtras Error.swift
[1679/2473] Compiling CryptoExtras I2OSP.swift
[1680/2473] Compiling CryptoExtras IntegerEncoding.swift
[1681/2473] Compiling CryptoExtras PEMDocument.swift
[1682/2473] Compiling CryptoExtras PrettyBytes.swift
[1683/2473] Compiling CryptoExtras SubjectPublicKeyInfo.swift
[1684/2473] Compiling CryptoExtras BoringSSLPassphraseCallbackManager.swift
[1703/2474] Compiling CryptoExtras RSA+BlindSigning.swift
[1704/2474] Compiling CryptoExtras RSA.swift
[1705/2474] Compiling CryptoExtras RSA_boring.swift
[1706/2474] Compiling CryptoExtras Reexport.swift
[1707/2474] Compiling CryptoExtras Zeroization_boring.swift
[1708/2474] Compiling CryptoExtras BoringSSLHelpers.swift
[1709/2474] Compiling CryptoExtras CryptoKitErrors_boring.swift
[1710/2474] Compiling CryptoExtras AES_CBC.swift
[1711/2474] Compiling CryptoExtras AES_CFB.swift
[1712/2474] Compiling CryptoExtras AES_CTR.swift
[1713/2474] Compiling CryptoExtras AES_GCM_SIV.swift
[1714/2474] Compiling CryptoExtras Block Function.swift
[1715/2474] Compiling CryptoExtras AES_CBC_boring.swift
[1716/2474] Compiling CryptoExtras AES_CFB_boring.swift
[1717/2474] Compiling CryptoExtras AES_CTR_boring.swift
[1718/2474] Compiling CryptoExtras AES_GCM_SIV_boring.swift
[1720/2474] Compiling CryptoExtras ThreadOps.swift
[1721/2474] Compiling CryptoExtras ThreadPosix.swift
[1722/2474] Compiling CryptoExtras ThreadSpecific.swift
[1723/2474] Compiling CryptoExtras ThreadWindows.swift
[1724/2474] Compiling CryptoExtras DLEQ.swift
[1725/2474] Compiling CryptoExtras Prover.swift
[1726/2474] Compiling CryptoExtras Verifier.swift
[1727/2474] Compiling CryptoExtras ZKPToolbox.swift
[1727/2474] Wrapping AST for NIOCore for debugging
[1729/2474] Emitting module CryptoExtras
[1730/2474] Compiling CryptoExtras ARCServer.swift
[1731/2474] Compiling CryptoExtras ChaCha20CTR_boring.swift
[1732/2474] Compiling CryptoExtras ChaCha20CTR.swift
[1733/2474] Compiling CryptoExtras BoringSSLSHA512256Context.swift
[1734/2474] Compiling CryptoExtras BoringSSLSHA512256HashFunction.swift
[1735/2474] Compiling CryptoExtras SHA512256.swift
[1736/2474] Compiling CryptoExtras SHA512256Digest.swift
[1737/2474] Compiling CryptoExtras Curve25519+PEM.swift
[1738/2474] Compiling CryptoExtras ObjectIdentifier.swift
[1749/2532] Compiling NIOFoundationEssentialsCompat ByteBuffer-foundation.swift
[1750/2532] Compiling NIOFoundationEssentialsCompat Codable+ByteBuffer.swift
[1751/2532] Emitting module NIOFoundationEssentialsCompat
[1753/2533] Compiling NIOEmbedded AsyncTestingEventLoop.swift
[1754/2533] Compiling NIOEmbedded AsyncTestingChannel.swift
[1755/2533] Emitting module NIOEmbedded
[1756/2533] Compiling NIOEmbedded Embedded.swift
[1756/2535] Wrapping AST for CryptoExtras for debugging
[1759/2536] Emitting module _CryptoExtras
[1760/2536] Compiling _CryptoExtras Exports.swift
[1761/2537] Wrapping AST for NIOFoundationEssentialsCompat for debugging
[1762/2537] Wrapping AST for _CryptoExtras for debugging
[1763/2537] Wrapping AST for NIOEmbedded for debugging
[1765/2632] Emitting module NIOPosix
[1766/2639] Compiling X509 CertificatePrivateKey.swift
[1767/2639] Compiling X509 CertificatePublicKey.swift
[1768/2639] Compiling X509 CertificateSerialNumber.swift
[1769/2639] Compiling X509 CertificateVersion.swift
[1770/2639] Compiling X509 CMSAttribute.swift
[1771/2639] Compiling X509 CMSContentInfo.swift
[1772/2639] Compiling X509 CMSEncapsulatedContentInfo.swift
[1773/2639] Compiling X509 OCSPResponseStatus.swift
[1774/2639] Compiling X509 OCSPSignature.swift
[1775/2639] Compiling X509 OCSPSingleRequest.swift
[1776/2639] Compiling X509 OCSPSingleResponse.swift
[1777/2639] Compiling X509 OCSPTBSRequest.swift
[1778/2639] Compiling X509 OCSPVersion.swift
[1779/2639] Compiling X509 PKCS8PrivateKey.swift
[1780/2639] Compiling X509 PromiseAndFuture.swift
[1781/2639] Compiling X509 RDNAttribute.swift
[1782/2639] Compiling X509 RandomNumberGenerator+bytes.swift
[1783/2639] Compiling X509 RelativeDistinguishedName.swift
[1784/2639] Compiling X509 SEC1PrivateKey.swift
[1785/2639] Compiling X509 SecKeyWrapper.swift
[1786/2639] Compiling X509 Signature.swift
[1787/2639] Compiling X509 BasicConstraintsPolicy.swift
[1788/2639] Compiling X509 DNSNames.swift
[1789/2639] Compiling X509 ExpiryPolicy.swift
[1790/2639] Compiling X509 IPConstraints.swift
[1791/2639] Compiling X509 NameConstraintsPolicy.swift
[1792/2639] Compiling X509 RFC5280Policy.swift
[1793/2639] Compiling X509 URIConstraints.swift
[1794/2639] Compiling X509 OCSPExtensionID.swift
[1795/2639] Compiling X509 OCSPNonce.swift
[1796/2639] Compiling X509 OCSPPolicy.swift
[1797/2639] Compiling X509 OCSPRequest.swift
[1798/2639] Compiling X509 OCSPResponse.swift
[1799/2639] Compiling X509 OCSPResponseBytes.swift
[1800/2639] Compiling X509 OCSPResponseData.swift
[1801/2639] Compiling NIOPosix Thread.swift
[1802/2639] Compiling NIOPosix ThreadPosix.swift
[1803/2639] Compiling NIOPosix ThreadWindows.swift
[1804/2639] Compiling NIOPosix Utilities.swift
[1805/2639] Compiling NIOPosix VsockAddress.swift
[1806/2639] Compiling NIOPosix VsockChannelEvents.swift
[1807/2639] Compiling NIOPosix Windows.swift
[1808/2639] Compiling X509 CSRAttribute.swift
[1809/2639] Compiling X509 CSRAttributes.swift
[1810/2639] Compiling X509 CSRVersion.swift
[1811/2639] Compiling X509 CertificateSigningRequest.swift
[1812/2639] Compiling X509 CertificationRequestInfo.swift
[1813/2639] Compiling X509 ExtensionRequest.swift
[1814/2639] Compiling X509 Certificate.swift
[1815/2639] Compiling X509 SignatureAlgorithm.swift
[1816/2639] Compiling X509 AllOfPolicies.swift
[1817/2639] Compiling X509 AnyPolicy.swift
[1818/2639] Compiling X509 CertificateStore.swift
[1819/2639] Compiling X509 CustomCertificateStore.swift
[1820/2639] Compiling X509 OneOfPolicies.swift
[1821/2639] Compiling X509 PolicyBuilder.swift
[1822/2640] Wrapping AST for NIOPosix for debugging
[1824/2642] Compiling NIO Exports.swift
[1825/2642] Emitting module NIO
[1827/2643] Emitting module X509
[1828/2656] Compiling X509 DomainComponent.swift
[1829/2656] Compiling X509 EmailAddress.swift
[1830/2656] Compiling X509 LocalityName.swift
[1831/2656] Compiling X509 OrganizationName.swift
[1832/2656] Compiling X509 OrganizationalUnitName.swift
[1833/2656] Compiling X509 StateOrProvinceName.swift
[1834/2656] Compiling X509 StreetAddress.swift
[1835/2656] Compiling X509 Error.swift
[1836/2656] Compiling X509 AuthorityInformationAccess.swift
[1837/2656] Compiling X509 AuthorityKeyIdentifier.swift
[1838/2656] Compiling X509 BasicConstraints.swift
[1839/2656] Compiling X509 ExtendedKeyUsage.swift
[1840/2656] Compiling X509 ExtensionIdentifiers.swift
[1841/2656] Compiling X509 KeyUsage.swift
[1841/2677] Wrapping AST for NIO for debugging
[1843/2677] Compiling X509 CMSIssuerAndSerialNumber.swift
[1844/2677] Compiling X509 CMSOperations.swift
[1845/2677] Compiling X509 CMSSignature.swift
[1846/2677] Compiling X509 CMSSignedData.swift
[1847/2677] Compiling X509 CMSSignerIdentifier.swift
[1848/2677] Compiling X509 CMSSignerInfo.swift
[1849/2677] Compiling X509 CMSVersion.swift
[1850/2677] Compiling X509 Curve25519+DER.swift
[1851/2677] Compiling X509 CustomPrivateKey.swift
[1852/2677] Compiling X509 Digests.swift
[1853/2677] Compiling X509 DistinguishedName.swift
[1854/2677] Compiling X509 CommonName.swift
[1855/2677] Compiling X509 CountryName.swift
[1856/2677] Compiling X509 DNBuilder.swift
[1857/2695] Compiling NIOFoundationCompat Exports.swift
[1858/2695] Compiling NIOFoundationCompat JSONSerialization+ByteBuffer.swift
[1859/2695] Compiling NIOFoundationCompat WaitSpinningRunLoop.swift
[1860/2695] Compiling NIOSOCKS ClientStateMachine.swift
[1861/2696] Emitting module NIOFoundationCompat
[1862/2697] Compiling NIOSOCKS SelectedAuthenticationMethod.swift
[1864/2697] Compiling NIOSOCKS SOCKSResponse.swift
[1865/2697] Compiling NIOTLS NIOTypedApplicationProtocolNegotiationHandler.swift
[1866/2697] Emitting module NIOTLS
[1867/2697] Compiling NIOTLS TLSEvents.swift
[1868/2697] Compiling NIOSOCKS Messages.swift
[1869/2697] Compiling NIOSOCKS SOCKSRequest.swift
[1870/2697] Compiling NIOTLS ProtocolNegotiationHandlerStateMachine.swift
[1871/2697] Compiling NIOTLS ApplicationProtocolNegotiationHandler.swift
[1872/2697] Compiling NIOSOCKS AuthenticationMethod.swift
[1873/2697] Compiling NIOSOCKS ClientGreeting.swift
[1874/2697] Compiling NIOSOCKS Errors.swift
[1875/2697] Compiling NIOSOCKS Helpers.swift
[1876/2697] Compiling NIOSOCKS SOCKSClientHandler.swift
[1877/2697] Compiling NIOSOCKS SOCKSServerHandshakeHandler.swift
[1878/2697] Emitting module NIOSOCKS
[1879/2697] Emitting module NIOHTTP1
[1880/2699] Compiling NIOTLS SNIHandler.swift
[1880/2699] Wrapping AST for NIOFoundationCompat for debugging
[1882/2699] Compiling NIOSOCKS ServerStateMachine.swift
[1883/2701] Compiling NIOHTTP1 NIOTypedHTTPClientUpgradeHandler.swift
[1884/2701] Compiling NIOHTTP1 NIOTypedHTTPClientUpgraderStateMachine.swift
[1885/2701] Compiling NIOHTTP1 NIOHTTPClientUpgradeHandler.swift
[1886/2701] Compiling NIOHTTP1 NIOHTTPObjectAggregator.swift
[1892/2701] Compiling NIOHTTP1 HTTPServerPipelineHandler.swift
[1893/2701] Compiling NIOHTTP1 HTTPServerProtocolErrorHandler.swift
[1894/2701] Compiling NIOHTTP1 HTTPTypedPipelineSetup.swift
[1895/2701] Compiling NIOHTTP1 HTTPTypes.swift
[1897/2701] Wrapping AST for NIOSOCKS for debugging
[1899/2707] Compiling NIOSSL SSLCertificate.swift
[1900/2707] Compiling NIOSSL SSLCertificateExtensions.swift
[1901/2707] Compiling NIOSSL SSLCertificateName.swift
[1902/2707] Compiling NIOSSL SSLConnection.swift
[1903/2707] Compiling NIOSSL NIOSSLServerHandler.swift
[1925/2709] Wrapping AST for NIOTLS for debugging
[1927/2720] Compiling NIOSSL RNG.swift
[1928/2720] Compiling NIOSSL SafeCompare.swift
[1929/2720] Compiling NIOSSL AndroidCABundle.swift
[1930/2720] Compiling NIOSSL ByteBufferBIO.swift
[1956/2731] Compiling X509 Extension.swift
[1957/2731] Compiling X509 Extensions.swift
[1958/2731] Compiling X509 ExtensionsBuilder.swift
[1959/2731] Compiling X509 GeneralName.swift
[1960/2731] Compiling X509 Lock.swift
[1961/2731] Compiling X509 LockedValueBox.swift
[1962/2731] Compiling X509 BasicOCSPResponse.swift
[1963/2731] Compiling X509 DirectoryString.swift
[1964/2731] Compiling X509 OCSPCertID.swift
[1965/2731] Compiling X509 OCSPCertStatus.swift
[1971/2732] Wrapping AST for NIOHTTP1 for debugging
[1973/2749] Compiling NIOHPACK IntegerCoding.swift
[1974/2750] Emitting module NIOHTTPCompression
[1975/2750] Compiling NIOHPACK HuffmanTables.swift
[1976/2750] Compiling NIOHPACK IndexedHeaderTable.swift
[1977/2750] Compiling NIOHPACK HuffmanCoding.swift
[1978/2750] Compiling NIOHTTPCompression HTTPDecompressor.swift
[1979/2750] Compiling NIOHTTPCompression HTTPRequestCompressor.swift
[1980/2750] Compiling NIOHTTPCompression HTTPCompression.swift
[1981/2750] Emitting module NIOHPACK
[1982/2750] Compiling NIOHTTPCompression HTTPDecompression.swift
[1983/2750] Compiling NIOHPACK StaticHeaderTable.swift
[1984/2750] Compiling NIOHPACK HPACKEncoder.swift
[1985/2750] Compiling NIOHPACK HPACKErrors.swift
[1986/2750] Compiling NIOHTTPCompression HTTPResponseCompressor.swift
[1988/2751] Compiling NIOHPACK HPACKHeader.swift
[1989/2751] Compiling NIOHPACK HeaderTables.swift
[1990/2751] Compiling NIOHPACK DynamicHeaderTable.swift
[1991/2751] Compiling NIOHPACK HPACKDecoder.swift
[1993/2752] Compiling X509 ValidatedCertificateChain.swift
[1994/2752] Compiling X509 VerificationDiagnostic.swift
[1995/2752] Compiling X509 Verifier.swift
[1996/2752] Compiling X509 VerifierPolicy.swift
[1997/2752] Compiling X509 AlgorithmIdentifier.swift
[1998/2752] Compiling X509 ECDSASignature.swift
[1999/2752] Compiling X509 RSAPKCS1PublicKey.swift
[2000/2752] Compiling X509 SubjectPublicKeyInfo.swift
[2001/2752] Compiling X509 TBSCertificate.swift
[2002/2752] Compiling X509 Time.swift
[2003/2752] Compiling X509 TimeCalculations.swift
[2004/2752] Compiling X509 Validity.swift
[2005/2752] Compiling X509 X509SendableMetatype.swift
[2005/2752] Wrapping AST for NIOHTTPCompression for debugging
[2007/2753] Wrapping AST for NIOHPACK for debugging
[2015/2753] Compiling NIOSSL PosixPort.swift
[2016/2753] Compiling NIOSSL SSLCallbacks.swift
[2017/2753] Compiling NIOSSL LinuxCABundle.swift
[2018/2753] Compiling NIOSSL NIOSSLClientHandler.swift
[2019/2753] Compiling NIOSSL NIOSSLHandler+Configuration.swift
[2020/2753] Compiling NIOSSL NIOSSLHandler.swift
[2021/2753] Emitting module NIOSSL
[2022/2757] Compiling NIOSSL SubjectAlternativeName.swift
[2023/2757] Compiling NIOSSL NIOSSLSecureBytes.swift
[2026/2757] Compiling NIOSSL SSLPrivateKey.swift
[2027/2757] Compiling NIOSSL SSLPublicKey.swift
[2028/2757] Compiling NIOSSL SecurityFrameworkCertificateVerification.swift
[2029/2757] Compiling NIOSSL String+unsafeUninitializedCapacity.swift
[2032/2757] Compiling NIOSSL CustomPrivateKey.swift
[2033/2757] Compiling NIOSSL FreeBSDCABundle.swift
[2034/2757] Compiling NIOSSL IdentityVerification.swift
[2035/2757] Compiling NIOSSL SSLContext.swift
[2036/2757] Compiling NIOSSL SSLErrors.swift
[2037/2757] Compiling NIOSSL SSLInit.swift
[2038/2757] Compiling NIOSSL SSLPKCS12Bundle.swift
[2038/2820] Wrapping AST for X509 for debugging
[2040/2887] Compiling JWTKit MLDSAType.swift
[2041/2887] Compiling JWTKit JWTKeyCollection+UnsecuredNone.swift
[2042/2887] Compiling JWTKit UnsecuredNoneSigner.swift
[2043/2887] Compiling JWTKit JWTKeyCollection+RSA.swift
[2049/2888] Compiling JWTKit RSA.swift
[2050/2888] Compiling JWTKit RSAError.swift
[2051/2888] Compiling JWTKit RSASigner.swift
[2052/2888] Compiling JWTKit Base64URL.swift
[2053/2888] Compiling JWTKit CryptoSigner.swift
[2054/2888] Compiling JWTKit JWTSerializer.swift
[2055/2888] Compiling JWTKit JWTSigner.swift
[2056/2888] Compiling JWTKit JWTKeyCollection+MLDSA.swift
[2057/2888] Compiling JWTKit MLDSA.swift
[2058/2888] Compiling JWTKit MLDSA65+MLDSAKey.swift
[2059/2888] Compiling JWTKit MLDSA87+MLDSAKey.swift
[2060/2888] Compiling JWTKit MLDSAError.swift
[2061/2888] Compiling JWTKit MLDSAKey.swift
[2062/2888] Compiling JWTKit MLDSASigner.swift
[2062/2897] Wrapping AST for NIOSSL for debugging
[2064/2897] Compiling JWTKit AudienceClaim.swift
[2065/2897] Compiling JWTKit BoolClaim.swift
[2066/2897] Compiling JWTKit ExpirationClaim.swift
[2067/2897] Compiling JWTKit GoogleHostedDomainClaim.swift
[2068/2897] Compiling JWTKit IDClaim.swift
[2069/2897] Compiling JWTKit IssuedAtClaim.swift
[2070/2897] Compiling JWTKit IssuerClaim.swift
[2071/2897] Compiling JWTKit JWTClaim.swift
[2072/2897] Compiling JWTKit JWTMultiValueClaim.swift
[2076/2905] Compiling JWTKit ECDSASigningAlgorithm.swift
[2077/2905] Compiling JWTKit JWTKeyCollection+ECDSA.swift
[2078/2905] Compiling JWTKit P256+CurveType.swift
[2079/2905] Compiling JWTKit P384+CurveType.swift
[2080/2905] Compiling JWTKit P521+CurveType.swift
[2081/2905] Compiling JWTKit EdDSA.swift
[2082/2905] Compiling JWTKit HMAC.swift
[2083/2905] Compiling JWTKit HMACError.swift
[2084/2905] Compiling JWTKit HMACSigner.swift
[2085/2905] Compiling JWTKit JWTKeyCollection+HMAC.swift
[2086/2905] Compiling JWTKit Insecure.swift
[2087/2905] Compiling NIOHTTP2 NIOHTTP2ServerConnectionManagementHandler.swift
[2088/2905] Compiling NIOHTTP2 StreamChannelFlowController.swift
[2089/2905] Compiling NIOHTTP2 StreamChannelList.swift
[2090/2905] Compiling NIOHTTP2 StreamMap.swift
[2100/2905] Compiling JWTKit JWTUnixEpochClaim.swift
[2107/2905] Compiling JWTKit EdDSACurve.swift
[2108/2905] Compiling JWTKit EdDSAError.swift
[2109/2905] Compiling JWTKit EdDSASigner.swift
[2110/2905] Compiling JWTKit JWTKeyCollection+EdDSA.swift
[2111/2905] Compiling JWTKit LocaleClaim.swift
[2112/2905] Compiling JWTKit NotBeforeClaim.swift
[2113/2905] Compiling JWTKit SubjectClaim.swift
[2114/2905] Compiling JWTKit TenantIDClaim.swift
[2115/2905] Compiling JWTKit ECDSA.swift
[2116/2905] Compiling JWTKit ECDSACurve.swift
[2117/2905] Compiling JWTKit ECDSACurveType.swift
[2118/2905] Compiling JWTKit ECDSAError.swift
[2119/2905] Compiling JWTKit ECDSAKeyTypes.swift
[2120/2905] Compiling JWTKit ECDSASigner.swift
[2121/2905] Compiling JWTKit JWTAlgorithm.swift
[2122/2905] Compiling JWTKit JWTError.swift
[2123/2905] Compiling JWTKit JWTHeader+CommonFields.swift
[2124/2905] Compiling JWTKit JWTHeader.swift
[2125/2905] Compiling JWTKit JWTHeaderField.swift
[2126/2905] Compiling JWTKit JWTKeyCollection.swift
[2127/2905] Compiling JWTKit JWTParser+MandatoryVerificationFields.swift
[2128/2905] Compiling JWTKit JWTParser.swift
[2129/2905] Compiling JWTKit JWTPayload.swift
[2130/2905] Emitting module JWTKit
[2140/2905] Compiling NIOHTTP2 StreamStateMachine.swift
[2141/2905] Compiling NIOHTTP2 Timer.swift
[2142/2905] Compiling NIOHTTP2 UnsafeTransfer.swift
[2143/2905] Compiling NIOHTTP2 WatermarkedFlowController.swift
[2144/2905] Compiling JWTKit GoogleIdentityToken.swift
[2145/2905] Compiling JWTKit MicrosoftIdentityToken.swift
[2146/2905] Compiling JWTKit EmptyPolicy.swift
[2147/2905] Compiling JWTKit ValidationTimePayload.swift
[2148/2905] Compiling JWTKit X5CVerifier.swift
[2149/2906] Wrapping AST for JWTKit for debugging
[2194/2906] Emitting module NIOHTTP2
[2195/2907] Wrapping AST for NIOHTTP2 for debugging
[2197/2971] Emitting module AsyncHTTPClient
[2198/2979] Compiling AsyncHTTPClient LRUCache.swift
[2199/2979] Compiling AsyncHTTPClient NIOLoopBound+Execute.swift
[2200/2979] Compiling AsyncHTTPClient NWErrorHandler.swift
[2201/2979] Compiling AsyncHTTPClient NWWaitingHandler.swift
[2202/2979] Compiling AsyncHTTPClient TLSConfiguration.swift
[2203/2979] Compiling AsyncHTTPClient RedirectState.swift
[2204/2979] Compiling AsyncHTTPClient RequestBag+StateMachine.swift
[2205/2979] Compiling AsyncHTTPClient RequestBag+Tracing.swift
[2206/2979] Compiling AsyncHTTPClient RequestBag.swift
[2207/2979] Compiling AsyncHTTPClient RequestValidation.swift
[2208/2979] Compiling AsyncHTTPClient SSLContextCache.swift
[2209/2979] Compiling AsyncHTTPClient Scheme.swift
[2210/2979] Compiling AsyncHTTPClient Singleton.swift
[2211/2979] Compiling AsyncHTTPClient StringConvertibleInstances.swift
[2212/2979] Compiling AsyncHTTPClient StructuredConcurrencyHelpers.swift
[2213/2979] Compiling AsyncHTTPClient TracingSupport.swift
[2214/2979] Compiling AsyncHTTPClient Utils.swift
[2215/2979] Compiling AsyncHTTPClient HTTPConnectionEvent.swift
[2216/2979] Compiling AsyncHTTPClient HTTPConnectionPool+Factory.swift
[2217/2979] Compiling AsyncHTTPClient HTTPConnectionPool+Manager.swift
[2218/2979] Compiling AsyncHTTPClient HTTPConnectionPool.swift
[2219/2979] Compiling AsyncHTTPClient HTTPExecutableRequest.swift
[2220/2979] Compiling AsyncHTTPClient HTTPRequestStateMachine+Demand.swift
[2221/2979] Compiling AsyncHTTPClient HTTPRequestStateMachine.swift
[2222/2979] Compiling AsyncHTTPClient RequestBodyLength.swift
[2223/2979] Compiling AsyncHTTPClient RequestFramingMetadata.swift
[2224/2979] Compiling AsyncHTTPClient RequestOptions.swift
[2225/2979] Compiling AsyncHTTPClient HTTPConnectionPool+Backoff.swift
[2226/2979] Compiling AsyncHTTPClient HTTPConnectionPool+HTTP1Connections.swift
[2227/2979] Compiling AsyncHTTPClient HTTPConnectionPool+HTTP1StateMachine.swift
[2228/2979] Compiling AsyncHTTPClient HTTPConnectionPool+HTTP2Connections.swift
[2229/2979] Compiling AsyncHTTPClient HTTPConnectionPool+HTTP2StateMachine.swift
[2230/2979] Compiling AsyncHTTPClient HTTPConnectionPool+RequestQueue.swift
[2231/2979] Compiling AsyncHTTPClient HTTPConnectionPool+StateMachine.swift
[2232/2979] Compiling AsyncHTTPClient ConnectionTarget.swift
[2233/2979] Compiling AsyncHTTPClient HTTP1ProxyConnectHandler.swift
[2234/2979] Compiling AsyncHTTPClient SOCKSEventsHandler.swift
[2235/2979] Compiling AsyncHTTPClient TLSEventsHandler.swift
[2236/2979] Compiling AsyncHTTPClient HTTP1ClientChannelHandler.swift
[2237/2979] Compiling AsyncHTTPClient HTTP1Connection.swift
[2238/2979] Compiling AsyncHTTPClient HTTP1ConnectionStateMachine.swift
[2239/2979] Compiling AsyncHTTPClient HTTP2ClientRequestHandler.swift
[2240/2979] Compiling AsyncHTTPClient HTTP2Connection.swift
[2241/2979] Compiling AsyncHTTPClient HTTP2IdleHandler.swift
[2242/2979] Compiling AsyncHTTPClient HTTPClientResponse.swift
[2243/2979] Compiling AsyncHTTPClient SingleIteratorPrecondition.swift
[2244/2979] Compiling AsyncHTTPClient Transaction+StateMachine.swift
[2245/2979] Compiling AsyncHTTPClient Transaction.swift
[2246/2979] Compiling AsyncHTTPClient Base64.swift
[2247/2979] Compiling AsyncHTTPClient BasicAuth.swift
[2248/2979] Compiling AsyncHTTPClient BestEffortHashableTLSConfiguration.swift
[2249/2979] Compiling AsyncHTTPClient Configuration+BrowserLike.swift
[2250/2979] Compiling AsyncHTTPClient ConnectionPool.swift
[2251/2979] Compiling AsyncHTTPClient DeconstructedURL.swift
[2252/2979] Compiling AsyncHTTPClient FileDownloadDelegate.swift
[2253/2979] Compiling AsyncHTTPClient FoundationExtensions.swift
[2254/2979] Compiling AsyncHTTPClient HTTPClient+HTTPCookie.swift
[2255/2979] Compiling AsyncHTTPClient HTTPClient+Proxy.swift
[2256/2979] Compiling AsyncHTTPClient HTTPClient+StructuredConcurrency.swift
[2257/2979] Compiling AsyncHTTPClient HTTPClient.swift
[2258/2979] Compiling AsyncHTTPClient HTTPClientConfiguration+SwiftConfiguration.swift
[2259/2979] Compiling AsyncHTTPClient HTTPHandler.swift
[2260/2979] Compiling AsyncHTTPClient AnyAsyncSequence.swift
[2261/2979] Compiling AsyncHTTPClient AnyAsyncSequenceProucerDelete.swift
[2262/2979] Compiling AsyncHTTPClient AsyncLazySequence.swift
[2263/2979] Compiling AsyncHTTPClient HTTPClient+execute.swift
[2264/2979] Compiling AsyncHTTPClient HTTPClient+shutdown.swift
[2265/2979] Compiling AsyncHTTPClient HTTPClient+tracing.swift
[2266/2979] Compiling AsyncHTTPClient HTTPClientRequest+Prepared.swift
[2267/2979] Compiling AsyncHTTPClient HTTPClientRequest+auth.swift
[2268/2979] Compiling AsyncHTTPClient HTTPClientRequest.swift
[2269/2980] Wrapping AST for AsyncHTTPClient for debugging
[2271/3003] Emitting module GoogleAuth
[2272/3003] Compiling GoogleAuth ADC.swift
[2273/3003] Compiling GoogleAuth ADCPath.swift
[2274/3003] Compiling GoogleAuth ADCResolver.swift
[2275/3003] Compiling GoogleAuth AuthHeaders.swift
[2276/3006] Compiling GoogleAuth ServiceAccountCredentials.swift
[2277/3006] Compiling GoogleAuth ServiceAccountData.swift
[2278/3006] Compiling GoogleAuth ServiceAccountTokenProvider.swift
[2279/3006] Compiling GoogleAuth CredentialParserRegistry.swift
[2280/3006] Compiling GoogleAuth Credentials.swift
[2281/3006] Compiling GoogleAuth CredentialsError.swift
[2282/3006] Compiling GoogleAuth UserAccountData.swift
[2283/3006] Compiling GoogleAuth UserAccountTokenProvider.swift
[2284/3006] Compiling GoogleAuth UserCredentials.swift
[2285/3006] Compiling GoogleAuth AnonymousCredentials.swift
[2286/3006] Compiling GoogleAuth ApiKeyCredentials.swift
[2287/3006] Compiling GoogleAuth ExternalAccountCredentials.swift
[2288/3006] Compiling GoogleAuth SubjectTokenProvider.swift
[2289/3006] Compiling GoogleAuth MDSAccessTokenProvider.swift
[2290/3006] Compiling GoogleAuth MDSCredentials.swift
[2291/3006] Compiling GoogleAuth AuthHTTPClient.swift
[2292/3006] Compiling GoogleAuth AuthHTTPError.swift
[2293/3006] Compiling GoogleAuth RetryEngine.swift
[2294/3006] Compiling GoogleAuth STSHandler.swift
[2295/3006] Compiling GoogleAuth TokenCache.swift
[2296/3006] Compiling GoogleAuth PackageVersion.swift
[2297/3007] Wrapping AST for GoogleAuth for debugging
[2299/3065] Compiling GoogleGax Pagination.swift
/host/spi-builder-workspace/.build/checkouts/swift-google-gax/Sources/GoogleGax/Pagination.swift:44:22: error: cannot convert '@Sendable (String) async throws -> (response: ResponseType, items: [Item], nextToken: String)' to 'nonisolated(nonsending) @Sendable (String) async throws -> (response: ResponseType, items: [Item], nextToken: String)' because crossing of an isolation boundary requires parameter and result types to conform to 'Sendable' protocol
42 | ) where ResponseType: _PaginatedResponse<Item> {
43 | self.initialPageToken = initialPageToken ?? ""
44 | self.fetchPage = { token in
| |- error: cannot convert '@Sendable (String) async throws -> (response: ResponseType, items: [Item], nextToken: String)' to 'nonisolated(nonsending) @Sendable (String) async throws -> (response: ResponseType, items: [Item], nextToken: String)' because crossing of an isolation boundary requires parameter and result types to conform to 'Sendable' protocol
| `- note: type 'Item' does not conform to 'Sendable' protocol
45 | let response = try await listRpc(token)
46 | return (response, response._getPaginatedItems(), response._nextPageToken())
[2300/3065] Compiling GoogleGax PollingBackoffPolicy.swift
/host/spi-builder-workspace/.build/checkouts/swift-google-gax/Sources/GoogleGax/Pagination.swift:44:22: error: cannot convert '@Sendable (String) async throws -> (response: ResponseType, items: [Item], nextToken: String)' to 'nonisolated(nonsending) @Sendable (String) async throws -> (response: ResponseType, items: [Item], nextToken: String)' because crossing of an isolation boundary requires parameter and result types to conform to 'Sendable' protocol
42 | ) where ResponseType: _PaginatedResponse<Item> {
43 | self.initialPageToken = initialPageToken ?? ""
44 | self.fetchPage = { token in
| |- error: cannot convert '@Sendable (String) async throws -> (response: ResponseType, items: [Item], nextToken: String)' to 'nonisolated(nonsending) @Sendable (String) async throws -> (response: ResponseType, items: [Item], nextToken: String)' because crossing of an isolation boundary requires parameter and result types to conform to 'Sendable' protocol
| `- note: type 'Item' does not conform to 'Sendable' protocol
45 | let response = try await listRpc(token)
46 | return (response, response._getPaginatedItems(), response._nextPageToken())
[2301/3065] Compiling GoogleGax PollingErrorPolicy.swift
/host/spi-builder-workspace/.build/checkouts/swift-google-gax/Sources/GoogleGax/Pagination.swift:44:22: error: cannot convert '@Sendable (String) async throws -> (response: ResponseType, items: [Item], nextToken: String)' to 'nonisolated(nonsending) @Sendable (String) async throws -> (response: ResponseType, items: [Item], nextToken: String)' because crossing of an isolation boundary requires parameter and result types to conform to 'Sendable' protocol
42 | ) where ResponseType: _PaginatedResponse<Item> {
43 | self.initialPageToken = initialPageToken ?? ""
44 | self.fetchPage = { token in
| |- error: cannot convert '@Sendable (String) async throws -> (response: ResponseType, items: [Item], nextToken: String)' to 'nonisolated(nonsending) @Sendable (String) async throws -> (response: ResponseType, items: [Item], nextToken: String)' because crossing of an isolation boundary requires parameter and result types to conform to 'Sendable' protocol
| `- note: type 'Item' does not conform to 'Sendable' protocol
45 | let response = try await listRpc(token)
46 | return (response, response._getPaginatedItems(), response._nextPageToken())
[2302/3065] Compiling GoogleGax PollingResult.swift
/host/spi-builder-workspace/.build/checkouts/swift-google-gax/Sources/GoogleGax/Pagination.swift:44:22: error: cannot convert '@Sendable (String) async throws -> (response: ResponseType, items: [Item], nextToken: String)' to 'nonisolated(nonsending) @Sendable (String) async throws -> (response: ResponseType, items: [Item], nextToken: String)' because crossing of an isolation boundary requires parameter and result types to conform to 'Sendable' protocol
42 | ) where ResponseType: _PaginatedResponse<Item> {
43 | self.initialPageToken = initialPageToken ?? ""
44 | self.fetchPage = { token in
| |- error: cannot convert '@Sendable (String) async throws -> (response: ResponseType, items: [Item], nextToken: String)' to 'nonisolated(nonsending) @Sendable (String) async throws -> (response: ResponseType, items: [Item], nextToken: String)' because crossing of an isolation boundary requires parameter and result types to conform to 'Sendable' protocol
| `- note: type 'Item' does not conform to 'Sendable' protocol
45 | let response = try await listRpc(token)
46 | return (response, response._getPaginatedItems(), response._nextPageToken())
[2303/3065] Compiling GoogleGax PollingState.swift
/host/spi-builder-workspace/.build/checkouts/swift-google-gax/Sources/GoogleGax/Pagination.swift:44:22: error: cannot convert '@Sendable (String) async throws -> (response: ResponseType, items: [Item], nextToken: String)' to 'nonisolated(nonsending) @Sendable (String) async throws -> (response: ResponseType, items: [Item], nextToken: String)' because crossing of an isolation boundary requires parameter and result types to conform to 'Sendable' protocol
42 | ) where ResponseType: _PaginatedResponse<Item> {
43 | self.initialPageToken = initialPageToken ?? ""
44 | self.fetchPage = { token in
| |- error: cannot convert '@Sendable (String) async throws -> (response: ResponseType, items: [Item], nextToken: String)' to 'nonisolated(nonsending) @Sendable (String) async throws -> (response: ResponseType, items: [Item], nextToken: String)' because crossing of an isolation boundary requires parameter and result types to conform to 'Sendable' protocol
| `- note: type 'Item' does not conform to 'Sendable' protocol
45 | let response = try await listRpc(token)
46 | return (response, response._getPaginatedItems(), response._nextPageToken())
[2304/3065] Compiling GoogleGax ProtobufConversionError.swift
/host/spi-builder-workspace/.build/checkouts/swift-google-gax/Sources/GoogleGax/Pagination.swift:44:22: error: cannot convert '@Sendable (String) async throws -> (response: ResponseType, items: [Item], nextToken: String)' to 'nonisolated(nonsending) @Sendable (String) async throws -> (response: ResponseType, items: [Item], nextToken: String)' because crossing of an isolation boundary requires parameter and result types to conform to 'Sendable' protocol
42 | ) where ResponseType: _PaginatedResponse<Item> {
43 | self.initialPageToken = initialPageToken ?? ""
44 | self.fetchPage = { token in
| |- error: cannot convert '@Sendable (String) async throws -> (response: ResponseType, items: [Item], nextToken: String)' to 'nonisolated(nonsending) @Sendable (String) async throws -> (response: ResponseType, items: [Item], nextToken: String)' because crossing of an isolation boundary requires parameter and result types to conform to 'Sendable' protocol
| `- note: type 'Item' does not conform to 'Sendable' protocol
45 | let response = try await listRpc(token)
46 | return (response, response._getPaginatedItems(), response._nextPageToken())
[2305/3065] Compiling GoogleGax QueryParameter.swift
/host/spi-builder-workspace/.build/checkouts/swift-google-gax/Sources/GoogleGax/Pagination.swift:44:22: error: cannot convert '@Sendable (String) async throws -> (response: ResponseType, items: [Item], nextToken: String)' to 'nonisolated(nonsending) @Sendable (String) async throws -> (response: ResponseType, items: [Item], nextToken: String)' because crossing of an isolation boundary requires parameter and result types to conform to 'Sendable' protocol
42 | ) where ResponseType: _PaginatedResponse<Item> {
43 | self.initialPageToken = initialPageToken ?? ""
44 | self.fetchPage = { token in
| |- error: cannot convert '@Sendable (String) async throws -> (response: ResponseType, items: [Item], nextToken: String)' to 'nonisolated(nonsending) @Sendable (String) async throws -> (response: ResponseType, items: [Item], nextToken: String)' because crossing of an isolation boundary requires parameter and result types to conform to 'Sendable' protocol
| `- note: type 'Item' does not conform to 'Sendable' protocol
45 | let response = try await listRpc(token)
46 | return (response, response._getPaginatedItems(), response._nextPageToken())
[2306/3065] Compiling GoogleGax RequestError.swift
/host/spi-builder-workspace/.build/checkouts/swift-google-gax/Sources/GoogleGax/Pagination.swift:44:22: error: cannot convert '@Sendable (String) async throws -> (response: ResponseType, items: [Item], nextToken: String)' to 'nonisolated(nonsending) @Sendable (String) async throws -> (response: ResponseType, items: [Item], nextToken: String)' because crossing of an isolation boundary requires parameter and result types to conform to 'Sendable' protocol
42 | ) where ResponseType: _PaginatedResponse<Item> {
43 | self.initialPageToken = initialPageToken ?? ""
44 | self.fetchPage = { token in
| |- error: cannot convert '@Sendable (String) async throws -> (response: ResponseType, items: [Item], nextToken: String)' to 'nonisolated(nonsending) @Sendable (String) async throws -> (response: ResponseType, items: [Item], nextToken: String)' because crossing of an isolation boundary requires parameter and result types to conform to 'Sendable' protocol
| `- note: type 'Item' does not conform to 'Sendable' protocol
45 | let response = try await listRpc(token)
46 | return (response, response._getPaginatedItems(), response._nextPageToken())
[2307/3073] Compiling GoogleGax AIP194+PollingErrorPolicy.swift
[2308/3073] Compiling GoogleGax AIP194+RetryPolicy.swift
[2309/3073] Compiling GoogleGax AIP194.swift
[2310/3073] Compiling GoogleGax AdaptiveThrottler.swift
[2311/3073] Compiling GoogleGax AlwaysPoll.swift
[2312/3073] Compiling GoogleGax AlwaysRetry.swift
[2313/3073] Compiling GoogleGax ApiClientHeader.swift
[2314/3073] Compiling GoogleGax BackoffPolicy.swift
[2315/3073] Compiling GoogleGax BasePollingErrorPolicy.swift
[2316/3073] Compiling GoogleGax LimitedAttemptCount+PollingErrorPolicy.swift
[2317/3073] Compiling GoogleGax LimitedAttemptCount+RetryPolicy.swift
[2318/3073] Compiling GoogleGax LimitedAttemptCount.swift
[2319/3073] Compiling GoogleGax LimitedElapsedTime+PollingErrorPolicy.swift
[2320/3073] Compiling GoogleGax LimitedElapsedTime+RetryPolicy.swift
[2321/3073] Compiling GoogleGax LimitedElapsedTime.swift
[2322/3073] Compiling GoogleGax LongRunningOperations.swift
[2323/3073] Compiling GoogleGax NeverRetry.swift
[2324/3073] Compiling GoogleGax RequestOptions.swift
[2325/3073] Compiling GoogleGax RetryLoop.swift
[2326/3073] Compiling GoogleGax RetryPolicy.swift
[2327/3073] Compiling GoogleGax RetryResult.swift
[2328/3073] Compiling GoogleGax RetryState.swift
[2329/3073] Compiling GoogleGax RetryThrottler.swift
[2330/3073] Compiling GoogleGax RetryThrottlerError.swift
[2331/3073] Compiling GoogleGax RoutingMatcher.swift
[2332/3073] Compiling GoogleGax ContinueOnIO.swift
[2333/3073] Compiling GoogleGax CredentialsProtocol.swift
[2334/3073] Compiling GoogleGax ErrorWrapper.swift
[2335/3073] Compiling GoogleGax ExponentialBackoff+BackoffPolicy.swift
[2336/3073] Compiling GoogleGax ExponentialBackoff+PollingBackoffPolicy.swift
[2337/3073] Compiling GoogleGax ExponentialBackoff.swift
[2338/3073] Compiling GoogleGax HTTPClient.swift
[2339/3073] Compiling GoogleGax HTTPClientHolder.swift
[2340/3073] Compiling GoogleGax HTTPClientProtocol.swift
[2341/3073] Compiling GoogleGax HTTPClientRequest.swift
[2342/3073] Compiling GoogleGax HTTPClientResponse.swift
[2343/3073] Compiling GoogleGax HTTPHeaders.swift
[2344/3073] Compiling GoogleGax HTTPResponseBody.swift
[2345/3073] Compiling GoogleGax HeaderNames.swift
[2346/3073] Compiling GoogleGax Host.swift
[2347/3073] Compiling GoogleGax InProgressResult.swift
[2348/3073] Emitting module GoogleGax
[2349/3073] Compiling GoogleGax BaseRetryPolicy.swift
[2350/3073] Compiling GoogleGax BindingError.swift
[2351/3073] Compiling GoogleGax CRC32C.swift
[2352/3073] Compiling GoogleGax CircuitBreaker.swift
[2353/3073] Compiling GoogleGax ClientError.swift
[2354/3073] Compiling GoogleGax ClientOptions.swift
[2355/3073] Compiling GoogleGax ContinueOnIO+PollingErrorPolicy.swift
[2356/3073] Compiling GoogleGax ContinueOnIO+RetryPolicy.swift
[2357/3073] Compiling GoogleGax ServiceError.swift
[2358/3073] Compiling GoogleGax StatusDetail.swift
[2359/3073] Compiling GoogleGax StrictIdempotency.swift
[2360/3073] Compiling GoogleGax ThrottleResult.swift
[2361/3073] Compiling GoogleGax TooManyRequests+PollingErrorPolicy.swift
[2362/3073] Compiling GoogleGax TooManyRequests+RetryPolicy.swift
[2363/3073] Compiling GoogleGax TooManyRequests.swift
[2364/3073] Compiling GoogleGax PackageVersion.swift
BUILD FAILURE 6.2 android