Build Information
Failed to build UnifiedLogHandler, reference 1.0.0 (7b4bfa), with Swift 6.4 for macOS (Xcode) using Xcode 27.0 on 16 Sep 2026 06:30:02 UTC.
Build Command
env DEVELOPER_DIR=/Applications/Xcode-27.0.0-Release.Candidate.app xcrun xcodebuild -IDEClonedSourcePackagesDirPathOverride=$PWD/.dependencies -skipMacroValidation -skipPackagePluginValidation -derivedDataPath $PWD/.derivedData build -scheme UnifiedLogHandler -destination platform=macOS,arch=arm64Build Log
========================================
RunAll
========================================
Builder version: 5.1.0
Interrupt handler set up.
========================================
Checkout
========================================
Clone URL: https://github.com/gonzalezreal/UnifiedLogging.git
Reference: 1.0.0
Initialized empty Git repository in /Users/admin/builder/spi-builder-workspace/.git/
From https://github.com/gonzalezreal/UnifiedLogging
* tag 1.0.0 -> FETCH_HEAD
HEAD is now at 7b4bfa2 Add LICENSE
Cloned https://github.com/gonzalezreal/UnifiedLogging.git
Revision (git rev-parse @):
7b4bfa24ba7af8ff819d777cf7acc22450ca68b6
SUCCESS checkout https://github.com/gonzalezreal/UnifiedLogging.git at 1.0.0
========================================
Build
========================================
Selected platform: macosXcodebuild
Swift version: 6.4
Building package at path: $PWD
https://github.com/gonzalezreal/UnifiedLogging.git
Command line invocation:
/Applications/Xcode-27.0.0-Release.Candidate.app/Contents/Developer/usr/bin/xcodebuild -IDEClonedSourcePackagesDirPathOverride=/Users/admin/builder/spi-builder-workspace/.dependencies -resolvePackageDependencies
Resolve Package Graph
Fetching from https://github.com/apple/swift-log
Creating working copy of package ‘swift-log’
Checking out 1.15.1 of package ‘swift-log’
Resolve Package Graph
Resolved source packages:
swift-log: https://github.com/apple/swift-log @ 1.15.1
UnifiedLogHandler: /Users/admin/builder/spi-builder-workspace
resolved source packages: swift-log, UnifiedLogHandler
2026-09-16 02:29:06.859 xcodebuild[529:3029] [MT] IDERunDestination: Supported platforms for the buildables in the current scheme is empty.
{
"dependencies" : [
{
"identity" : "swift-log",
"requirement" : {
"range" : [
{
"lower_bound" : "1.2.0",
"upper_bound" : "2.0.0"
}
]
},
"type" : "sourceControl",
"url" : "https://github.com/apple/swift-log"
}
],
"manifest_display_name" : "UnifiedLogHandler",
"name" : "UnifiedLogHandler",
"path" : "/Users/admin/builder/spi-builder-workspace",
"platforms" : [
{
"name" : "macos",
"version" : "10.12"
},
{
"name" : "ios",
"version" : "10.0"
},
{
"name" : "tvos",
"version" : "10.0"
},
{
"name" : "watchos",
"version" : "3.0"
}
],
"products" : [
{
"name" : "UnifiedLogHandler",
"targets" : [
"UnifiedLogHandler"
],
"type" : {
"library" : [
"automatic"
]
}
}
],
"targets" : [
{
"c99name" : "UnifiedLogHandlerTests",
"module_type" : "SwiftTarget",
"name" : "UnifiedLogHandlerTests",
"path" : "Tests/UnifiedLogHandlerTests",
"sources" : [
"LogFormatterTest.swift",
"XCTestManifests.swift"
],
"target_dependencies" : [
"UnifiedLogHandler"
],
"type" : "test"
},
{
"c99name" : "UnifiedLogHandler",
"module_type" : "SwiftTarget",
"name" : "UnifiedLogHandler",
"path" : "Sources/UnifiedLogHandler",
"product_dependencies" : [
"Logging"
],
"product_memberships" : [
"UnifiedLogHandler"
],
"sources" : [
"LogFormatter.swift",
"UnifiedLogHandler.swift"
],
"type" : "library"
}
],
"tools_version" : "5.1"
}
{
"workspace" : {
"name" : "UnifiedLogHandler",
"schemes" : [
"UnifiedLogHandler"
]
}
}
2026-09-16 02:29:48.311 xcodebuild[685:4356] [MT] IDERunDestination: Supported platforms for the buildables in the current scheme is empty.
Running build ...
env DEVELOPER_DIR=/Applications/Xcode-27.0.0-Release.Candidate.app xcrun xcodebuild -IDEClonedSourcePackagesDirPathOverride=$PWD/.dependencies -skipMacroValidation -skipPackagePluginValidation -derivedDataPath $PWD/.derivedData build -scheme UnifiedLogHandler -destination platform=macOS,arch=arm64
Command line invocation:
/Applications/Xcode-27.0.0-Release.Candidate.app/Contents/Developer/usr/bin/xcodebuild -IDEClonedSourcePackagesDirPathOverride=/Users/admin/builder/spi-builder-workspace/.dependencies -skipMacroValidation -skipPackagePluginValidation -derivedDataPath /Users/admin/builder/spi-builder-workspace/.derivedData build -scheme UnifiedLogHandler -destination platform=macOS,arch=arm64
Resolve Package Graph
Resolve Package Graph
Resolved source packages:
UnifiedLogHandler: /Users/admin/builder/spi-builder-workspace
swift-log: https://github.com/apple/swift-log @ 1.15.1
ComputePackagePrebuildTargetDependencyGraph
Prepare packages
CreateBuildRequest
SendProjectDescription
CreateBuildOperation
ComputeTargetDependencyGraph
note: Building targets in dependency order
note: Target dependency graph (4 targets)
Target 'UnifiedLogHandler-product' in project 'UnifiedLogHandler'
➜ Explicit dependency on target 'UnifiedLogHandler' in project 'UnifiedLogHandler'
➜ Explicit dependency on target 'Logging-product' in project 'swift-log'
Target 'UnifiedLogHandler' in project 'UnifiedLogHandler'
➜ Explicit dependency on target 'Logging-product' in project 'swift-log'
Target 'Logging-product' in project 'swift-log'
➜ Explicit dependency on target 'Logging' in project 'swift-log'
Target 'Logging' in project 'swift-log' (no dependencies)
GatherProvisioningInputs
CreateBuildDescription
ExecuteExternalTool /Applications/Xcode-27.0.0-Release.Candidate.app/Contents/Developer/Toolchains/XcodeDefault.xctoolchain/usr/bin/clang -v -E -dM -isysroot /Applications/Xcode-27.0.0-Release.Candidate.app/Contents/Developer/Platforms/MacOSX.platform/Developer/SDKs/MacOSX27.0.sdk -x c -c /dev/null
ExecuteExternalTool /Applications/Xcode-27.0.0-Release.Candidate.app/Contents/Developer/Toolchains/XcodeDefault.xctoolchain/usr/bin/swiftc --version
ExecuteExternalTool /Applications/Xcode-27.0.0-Release.Candidate.app/Contents/Developer/Toolchains/XcodeDefault.xctoolchain/usr/bin/ld -version_details
ReadFileContents /Applications/Xcode-27.0.0-Release.Candidate.app/Contents/Developer/Toolchains/XcodeDefault.xctoolchain/usr/share/docc/features.json
Build description signature: 49cf6821fc4e2baaaba073f27ad7a9b4
Build description path: /Users/admin/builder/spi-builder-workspace/.derivedData/Build/Intermediates.noindex/XCBuildData/49cf6821fc4e2baaaba073f27ad7a9b4.xcbuilddata
CreateBuildDirectory /Users/admin/builder/spi-builder-workspace/.derivedData/SDKExplicitPrecompiledModules
cd /Users/admin/builder/spi-builder-workspace/.swiftpm/xcode
builtin-create-build-directory /Users/admin/builder/spi-builder-workspace/.derivedData/SDKExplicitPrecompiledModules
CreateBuildDirectory /Users/admin/builder/spi-builder-workspace/.derivedData/ModuleCache.noindex
cd /Users/admin/builder/spi-builder-workspace/.swiftpm/xcode
builtin-create-build-directory /Users/admin/builder/spi-builder-workspace/.derivedData/ModuleCache.noindex
CreateBuildDirectory /Users/admin/builder/spi-builder-workspace/.derivedData/CompilationCache.noindex
cd /Users/admin/builder/spi-builder-workspace/.swiftpm/xcode
builtin-create-build-directory /Users/admin/builder/spi-builder-workspace/.derivedData/CompilationCache.noindex
CreateBuildDirectory /Users/admin/builder/spi-builder-workspace/.derivedData/Build/Products
cd /Users/admin/builder/spi-builder-workspace/.swiftpm/xcode
builtin-create-build-directory /Users/admin/builder/spi-builder-workspace/.derivedData/Build/Products
CreateBuildDirectory /Users/admin/builder/spi-builder-workspace/.derivedData/Build/Intermediates.noindex
cd /Users/admin/builder/spi-builder-workspace/.swiftpm/xcode
builtin-create-build-directory /Users/admin/builder/spi-builder-workspace/.derivedData/Build/Intermediates.noindex
ClangStatCache /Applications/Xcode-27.0.0-Release.Candidate.app/Contents/Developer/Toolchains/XcodeDefault.xctoolchain/usr/bin/clang-stat-cache /Applications/Xcode-27.0.0-Release.Candidate.app/Contents/Developer/Platforms/MacOSX.platform/Developer/SDKs/MacOSX27.0.sdk /Users/admin/builder/spi-builder-workspace/.derivedData/SDKStatCaches.noindex/macosx27.0-26A425-e829b21a6f8c9b70876ba0858053c0446a22442a12e9d48fe1a705f55a1adfc4.sdkstatcache
cd /Users/admin/builder/spi-builder-workspace/.swiftpm/xcode
/Applications/Xcode-27.0.0-Release.Candidate.app/Contents/Developer/Toolchains/XcodeDefault.xctoolchain/usr/bin/clang-stat-cache /Applications/Xcode-27.0.0-Release.Candidate.app/Contents/Developer/Platforms/MacOSX.platform/Developer/SDKs/MacOSX27.0.sdk -o /Users/admin/builder/spi-builder-workspace/.derivedData/SDKStatCaches.noindex/macosx27.0-26A425-e829b21a6f8c9b70876ba0858053c0446a22442a12e9d48fe1a705f55a1adfc4.sdkstatcache
CreateBuildDirectory /Users/admin/builder/spi-builder-workspace/.derivedData/Build/Intermediates.noindex/SwiftExplicitPrecompiledModules
cd /Users/admin/builder/spi-builder-workspace/.swiftpm/xcode
builtin-create-build-directory /Users/admin/builder/spi-builder-workspace/.derivedData/Build/Intermediates.noindex/SwiftExplicitPrecompiledModules
CreateBuildDirectory /Users/admin/builder/spi-builder-workspace/.derivedData/Build/Intermediates.noindex/PrecompiledHeaders
cd /Users/admin/builder/spi-builder-workspace/.swiftpm/xcode
builtin-create-build-directory /Users/admin/builder/spi-builder-workspace/.derivedData/Build/Intermediates.noindex/PrecompiledHeaders
CreateBuildDirectory /Users/admin/builder/spi-builder-workspace/.derivedData/Build/Intermediates.noindex/ExplicitPrecompiledModules
cd /Users/admin/builder/spi-builder-workspace/.swiftpm/xcode
builtin-create-build-directory /Users/admin/builder/spi-builder-workspace/.derivedData/Build/Intermediates.noindex/ExplicitPrecompiledModules
CreateBuildDirectory /Users/admin/builder/spi-builder-workspace/.derivedData/Build/Intermediates.noindex/EagerLinkingTBDs/Debug
cd /Users/admin/builder/spi-builder-workspace/.swiftpm/xcode
builtin-create-build-directory /Users/admin/builder/spi-builder-workspace/.derivedData/Build/Intermediates.noindex/EagerLinkingTBDs/Debug
CreateBuildDirectory /Users/admin/builder/spi-builder-workspace/.derivedData/Build/Products/Debug
cd /Users/admin/builder/spi-builder-workspace/.swiftpm/xcode
builtin-create-build-directory /Users/admin/builder/spi-builder-workspace/.derivedData/Build/Products/Debug
CreateBuildDirectory /Users/admin/builder/spi-builder-workspace/.derivedData/Build/Products/Debug/PackageFrameworks
cd /Users/admin/builder/spi-builder-workspace/.swiftpm/xcode
builtin-create-build-directory /Users/admin/builder/spi-builder-workspace/.derivedData/Build/Products/Debug/PackageFrameworks
WriteAuxiliaryFile /Users/admin/builder/spi-builder-workspace/.derivedData/Build/Intermediates.noindex/UnifiedLogHandler.build/Debug/UnifiedLogHandler-t.build/UnifiedLogHandler.modulemap (in target 'UnifiedLogHandler' from project 'UnifiedLogHandler')
cd /Users/admin/builder/spi-builder-workspace
write-file /Users/admin/builder/spi-builder-workspace/.derivedData/Build/Intermediates.noindex/UnifiedLogHandler.build/Debug/UnifiedLogHandler-t.build/UnifiedLogHandler.modulemap
WriteAuxiliaryFile /Users/admin/builder/spi-builder-workspace/.derivedData/Build/Intermediates.noindex/UnifiedLogHandler.build/Debug/UnifiedLogHandler-t.build/UnifiedLogHandler.DependencyMetadataFileList (in target 'UnifiedLogHandler' from project 'UnifiedLogHandler')
cd /Users/admin/builder/spi-builder-workspace
write-file /Users/admin/builder/spi-builder-workspace/.derivedData/Build/Intermediates.noindex/UnifiedLogHandler.build/Debug/UnifiedLogHandler-t.build/UnifiedLogHandler.DependencyMetadataFileList
WriteAuxiliaryFile /Users/admin/builder/spi-builder-workspace/.derivedData/Build/Intermediates.noindex/UnifiedLogHandler.build/Debug/UnifiedLogHandler-t.build/UnifiedLogHandler.DependencyStaticMetadataFileList (in target 'UnifiedLogHandler' from project 'UnifiedLogHandler')
cd /Users/admin/builder/spi-builder-workspace
write-file /Users/admin/builder/spi-builder-workspace/.derivedData/Build/Intermediates.noindex/UnifiedLogHandler.build/Debug/UnifiedLogHandler-t.build/UnifiedLogHandler.DependencyStaticMetadataFileList
WriteAuxiliaryFile /Users/admin/builder/spi-builder-workspace/.derivedData/Build/Intermediates.noindex/UnifiedLogHandler.build/Debug/UnifiedLogHandler-t.build/Objects-normal/arm64/UnifiedLogHandler.SwiftFileList (in target 'UnifiedLogHandler' from project 'UnifiedLogHandler')
cd /Users/admin/builder/spi-builder-workspace
write-file /Users/admin/builder/spi-builder-workspace/.derivedData/Build/Intermediates.noindex/UnifiedLogHandler.build/Debug/UnifiedLogHandler-t.build/Objects-normal/arm64/UnifiedLogHandler.SwiftFileList
WriteAuxiliaryFile /Users/admin/builder/spi-builder-workspace/.derivedData/Build/Intermediates.noindex/UnifiedLogHandler.build/Debug/UnifiedLogHandler-t.build/Objects-normal/arm64/UnifiedLogHandler_const_extract_protocols.json (in target 'UnifiedLogHandler' from project 'UnifiedLogHandler')
cd /Users/admin/builder/spi-builder-workspace
write-file /Users/admin/builder/spi-builder-workspace/.derivedData/Build/Intermediates.noindex/UnifiedLogHandler.build/Debug/UnifiedLogHandler-t.build/Objects-normal/arm64/UnifiedLogHandler_const_extract_protocols.json
WriteAuxiliaryFile /Users/admin/builder/spi-builder-workspace/.derivedData/Build/Intermediates.noindex/UnifiedLogHandler.build/Debug/UnifiedLogHandler-t.build/Objects-normal/arm64/UnifiedLogHandler.SwiftConstValuesFileList (in target 'UnifiedLogHandler' from project 'UnifiedLogHandler')
cd /Users/admin/builder/spi-builder-workspace
write-file /Users/admin/builder/spi-builder-workspace/.derivedData/Build/Intermediates.noindex/UnifiedLogHandler.build/Debug/UnifiedLogHandler-t.build/Objects-normal/arm64/UnifiedLogHandler.SwiftConstValuesFileList
WriteAuxiliaryFile /Users/admin/builder/spi-builder-workspace/.derivedData/Build/Intermediates.noindex/swift-log.build/Debug/Logging-t.build/Objects-normal/arm64/Logging.SwiftFileList (in target 'Logging' from project 'swift-log')
cd /Users/admin/builder/spi-builder-workspace/.dependencies/checkouts/swift-log
write-file /Users/admin/builder/spi-builder-workspace/.derivedData/Build/Intermediates.noindex/swift-log.build/Debug/Logging-t.build/Objects-normal/arm64/Logging.SwiftFileList
WriteAuxiliaryFile /Users/admin/builder/spi-builder-workspace/.derivedData/Build/Intermediates.noindex/swift-log.build/Debug/Logging-t.build/Objects-normal/arm64/Logging_const_extract_protocols.json (in target 'Logging' from project 'swift-log')
cd /Users/admin/builder/spi-builder-workspace/.dependencies/checkouts/swift-log
write-file /Users/admin/builder/spi-builder-workspace/.derivedData/Build/Intermediates.noindex/swift-log.build/Debug/Logging-t.build/Objects-normal/arm64/Logging_const_extract_protocols.json
WriteAuxiliaryFile /Users/admin/builder/spi-builder-workspace/.derivedData/Build/Intermediates.noindex/UnifiedLogHandler.build/Debug/UnifiedLogHandler-t.build/Objects-normal/arm64/UnifiedLogHandler.LinkFileList (in target 'UnifiedLogHandler' from project 'UnifiedLogHandler')
cd /Users/admin/builder/spi-builder-workspace
write-file /Users/admin/builder/spi-builder-workspace/.derivedData/Build/Intermediates.noindex/UnifiedLogHandler.build/Debug/UnifiedLogHandler-t.build/Objects-normal/arm64/UnifiedLogHandler.LinkFileList
WriteAuxiliaryFile /Users/admin/builder/spi-builder-workspace/.derivedData/Build/Intermediates.noindex/UnifiedLogHandler.build/Debug/UnifiedLogHandler-t.build/Objects-normal/arm64/UnifiedLogHandler-OutputFileMap.json (in target 'UnifiedLogHandler' from project 'UnifiedLogHandler')
cd /Users/admin/builder/spi-builder-workspace
write-file /Users/admin/builder/spi-builder-workspace/.derivedData/Build/Intermediates.noindex/UnifiedLogHandler.build/Debug/UnifiedLogHandler-t.build/Objects-normal/arm64/UnifiedLogHandler-OutputFileMap.json
WriteAuxiliaryFile /Users/admin/builder/spi-builder-workspace/.derivedData/Build/Intermediates.noindex/swift-log.build/Debug/Logging-t.build/Objects-normal/arm64/Logging.SwiftConstValuesFileList (in target 'Logging' from project 'swift-log')
cd /Users/admin/builder/spi-builder-workspace/.dependencies/checkouts/swift-log
write-file /Users/admin/builder/spi-builder-workspace/.derivedData/Build/Intermediates.noindex/swift-log.build/Debug/Logging-t.build/Objects-normal/arm64/Logging.SwiftConstValuesFileList
WriteAuxiliaryFile /Users/admin/builder/spi-builder-workspace/.derivedData/Build/Intermediates.noindex/swift-log.build/Debug/Logging-t.build/Objects-normal/arm64/Logging.LinkFileList (in target 'Logging' from project 'swift-log')
cd /Users/admin/builder/spi-builder-workspace/.dependencies/checkouts/swift-log
write-file /Users/admin/builder/spi-builder-workspace/.derivedData/Build/Intermediates.noindex/swift-log.build/Debug/Logging-t.build/Objects-normal/arm64/Logging.LinkFileList
WriteAuxiliaryFile /Users/admin/builder/spi-builder-workspace/.derivedData/Build/Intermediates.noindex/swift-log.build/Debug/Logging-t.build/Objects-normal/arm64/Logging-OutputFileMap.json (in target 'Logging' from project 'swift-log')
cd /Users/admin/builder/spi-builder-workspace/.dependencies/checkouts/swift-log
write-file /Users/admin/builder/spi-builder-workspace/.derivedData/Build/Intermediates.noindex/swift-log.build/Debug/Logging-t.build/Objects-normal/arm64/Logging-OutputFileMap.json
Copy /Users/admin/builder/spi-builder-workspace/.derivedData/Build/Intermediates.noindex/GeneratedModuleMaps/UnifiedLogHandler.modulemap /Users/admin/builder/spi-builder-workspace/.derivedData/Build/Intermediates.noindex/UnifiedLogHandler.build/Debug/UnifiedLogHandler-t.build/UnifiedLogHandler.modulemap (in target 'UnifiedLogHandler' from project 'UnifiedLogHandler')
cd /Users/admin/builder/spi-builder-workspace
builtin-copy -exclude .DS_Store -exclude CVS -exclude .svn -exclude .git -exclude .hg -resolve-src-symlinks /Users/admin/builder/spi-builder-workspace/.derivedData/Build/Intermediates.noindex/UnifiedLogHandler.build/Debug/UnifiedLogHandler-t.build/UnifiedLogHandler.modulemap /Users/admin/builder/spi-builder-workspace/.derivedData/Build/Intermediates.noindex/GeneratedModuleMaps
WriteAuxiliaryFile /Users/admin/builder/spi-builder-workspace/.derivedData/Build/Intermediates.noindex/swift-log.build/Debug/Logging-t.build/Logging.DependencyStaticMetadataFileList (in target 'Logging' from project 'swift-log')
cd /Users/admin/builder/spi-builder-workspace/.dependencies/checkouts/swift-log
write-file /Users/admin/builder/spi-builder-workspace/.derivedData/Build/Intermediates.noindex/swift-log.build/Debug/Logging-t.build/Logging.DependencyStaticMetadataFileList
WriteAuxiliaryFile /Users/admin/builder/spi-builder-workspace/.derivedData/Build/Intermediates.noindex/swift-log.build/Debug/Logging-t.build/Logging.modulemap (in target 'Logging' from project 'swift-log')
cd /Users/admin/builder/spi-builder-workspace/.dependencies/checkouts/swift-log
write-file /Users/admin/builder/spi-builder-workspace/.derivedData/Build/Intermediates.noindex/swift-log.build/Debug/Logging-t.build/Logging.modulemap
WriteAuxiliaryFile /Users/admin/builder/spi-builder-workspace/.derivedData/Build/Intermediates.noindex/swift-log.build/Debug/Logging-t.build/Logging.DependencyMetadataFileList (in target 'Logging' from project 'swift-log')
cd /Users/admin/builder/spi-builder-workspace/.dependencies/checkouts/swift-log
write-file /Users/admin/builder/spi-builder-workspace/.derivedData/Build/Intermediates.noindex/swift-log.build/Debug/Logging-t.build/Logging.DependencyMetadataFileList
Copy /Users/admin/builder/spi-builder-workspace/.derivedData/Build/Intermediates.noindex/GeneratedModuleMaps/Logging.modulemap /Users/admin/builder/spi-builder-workspace/.derivedData/Build/Intermediates.noindex/swift-log.build/Debug/Logging-t.build/Logging.modulemap (in target 'Logging' from project 'swift-log')
cd /Users/admin/builder/spi-builder-workspace/.dependencies/checkouts/swift-log
builtin-copy -exclude .DS_Store -exclude CVS -exclude .svn -exclude .git -exclude .hg -resolve-src-symlinks /Users/admin/builder/spi-builder-workspace/.derivedData/Build/Intermediates.noindex/swift-log.build/Debug/Logging-t.build/Logging.modulemap /Users/admin/builder/spi-builder-workspace/.derivedData/Build/Intermediates.noindex/GeneratedModuleMaps
SwiftDriver Logging normal arm64 com.apple.xcode.tools.swift.compiler (in target 'Logging' from project 'swift-log')
cd /Users/admin/builder/spi-builder-workspace/.swiftpm/xcode
builtin-SwiftDriver -- /Applications/Xcode-27.0.0-Release.Candidate.app/Contents/Developer/Toolchains/XcodeDefault.xctoolchain/usr/bin/swiftc -parse-as-library -module-name Logging -Onone @/Users/admin/builder/spi-builder-workspace/.derivedData/Build/Intermediates.noindex/swift-log.build/Debug/Logging-t.build/Objects-normal/arm64/Logging.SwiftFileList -DSWIFT_PACKAGE -DDEBUG -DSWIFT_MODULE_RESOURCE_BUNDLE_UNAVAILABLE -DXcode -enable-upcoming-feature ExistentialAny -enable-upcoming-feature MemberImportVisibility -enable-upcoming-feature InternalImportsByDefault -enable-upcoming-feature NonisolatedNonsendingByDefault -Xfrontend -require-explicit-sendable -plugin-path /Applications/Xcode-27.0.0-Release.Candidate.app/Contents/Developer/Toolchains/XcodeDefault.xctoolchain/usr/lib/swift/host/plugins/testing -enable-experimental-feature DebugDescriptionMacro -sdk /Applications/Xcode-27.0.0-Release.Candidate.app/Contents/Developer/Platforms/MacOSX.platform/Developer/SDKs/MacOSX27.0.sdk -target arm64-apple-macos12.0 -g -module-cache-path /Users/admin/builder/spi-builder-workspace/.derivedData/ModuleCache.noindex -Xfrontend -serialize-debugging-options -profile-coverage-mapping -profile-generate -enable-testing -suppress-warnings -index-store-path /Users/admin/builder/spi-builder-workspace/.derivedData/Index.noindex/DataStore -Xcc -D_LIBCPP_HARDENING_MODE\=_LIBCPP_HARDENING_MODE_DEBUG -swift-version 6 -I /Users/admin/builder/spi-builder-workspace/.derivedData/Build/Products/Debug -Isystem /Applications/Xcode-27.0.0-Release.Candidate.app/Contents/Developer/Platforms/MacOSX.platform/Developer/usr/lib -F /Users/admin/builder/spi-builder-workspace/.derivedData/Build/Products/Debug -F /Applications/Xcode-27.0.0-Release.Candidate.app/Contents/Developer/Platforms/MacOSX.platform/Developer/Library/Frameworks -c -j10 -enable-batch-mode -incremental -Xcc -ivfsstatcache -Xcc /Users/admin/builder/spi-builder-workspace/.derivedData/SDKStatCaches.noindex/macosx27.0-26A425-e829b21a6f8c9b70876ba0858053c0446a22442a12e9d48fe1a705f55a1adfc4.sdkstatcache -output-file-map /Users/admin/builder/spi-builder-workspace/.derivedData/Build/Intermediates.noindex/swift-log.build/Debug/Logging-t.build/Objects-normal/arm64/Logging-OutputFileMap.json -save-temps -no-color-diagnostics -explicit-module-build -module-cache-path /Users/admin/builder/spi-builder-workspace/.derivedData/Build/Intermediates.noindex/SwiftExplicitPrecompiledModules -clang-scanner-module-cache-path /Users/admin/builder/spi-builder-workspace/.derivedData/ModuleCache.noindex -sdk-module-cache-path /Users/admin/builder/spi-builder-workspace/.derivedData/SDKExplicitPrecompiledModules -emit-dependencies -emit-module -emit-module-path /Users/admin/builder/spi-builder-workspace/.derivedData/Build/Intermediates.noindex/swift-log.build/Debug/Logging-t.build/Objects-normal/arm64/Logging.swiftmodule -serialize-diagnostics -dependency-scan-serialize-diagnostics-path /Users/admin/builder/spi-builder-workspace/.derivedData/Build/Intermediates.noindex/swift-log.build/Debug/Logging-t.build/Objects-normal/arm64/Logging-dependency-scan.dia -user-module-version 1.15.1 -validate-clang-modules-once -clang-build-session-file /Users/admin/builder/spi-builder-workspace/.derivedData/ModuleCache.noindex/Session.modulevalidation -Xcc -fmodules-prune-interval\=86400 -Xcc -fmodules-prune-after\=345600 -package-name swift_log -emit-const-values -const-gather-protocols-list /Users/admin/builder/spi-builder-workspace/.derivedData/Build/Intermediates.noindex/swift-log.build/Debug/Logging-t.build/Objects-normal/arm64/Logging_const_extract_protocols.json -Xcc -I/Users/admin/builder/spi-builder-workspace/.derivedData/Build/Products/Debug/include -Xcc -I/Users/admin/builder/spi-builder-workspace/.derivedData/Build/Intermediates.noindex/swift-log.build/Debug/Logging-t.build/DerivedSources-normal/arm64 -Xcc -I/Users/admin/builder/spi-builder-workspace/.derivedData/Build/Intermediates.noindex/swift-log.build/Debug/Logging-t.build/DerivedSources/arm64 -Xcc -I/Users/admin/builder/spi-builder-workspace/.derivedData/Build/Intermediates.noindex/swift-log.build/Debug/Logging-t.build/DerivedSources -Xcc -DSWIFT_PACKAGE -Xcc -DDEBUG\=1 -emit-objc-header -emit-objc-header-path /Users/admin/builder/spi-builder-workspace/.derivedData/Build/Intermediates.noindex/swift-log.build/Debug/Logging-t.build/Objects-normal/arm64/Logging-Swift.h -working-directory /Users/admin/builder/spi-builder-workspace/.swiftpm/xcode -experimental-emit-module-separately -disable-cmo
SwiftExplicitDependencyGeneratePcm arm64 /Users/admin/builder/spi-builder-workspace/.derivedData/SDKExplicitPrecompiledModules/SwiftShims-8117TUG7HSOLBQL517OWAROM7.pcm
SwiftExplicitDependencyGeneratePcm arm64 /Users/admin/builder/spi-builder-workspace/.derivedData/SDKExplicitPrecompiledModules/_AvailabilityInternal-5OQ8S18SKM02L42PKV6U5ZAWA.pcm
SwiftExplicitDependencyGeneratePcm arm64 /Users/admin/builder/spi-builder-workspace/.derivedData/SDKExplicitPrecompiledModules/_Builtin_stddef-BRQYWAPA5F9I3AGC7LZEIAIGS.pcm
SwiftExplicitDependencyGeneratePcm arm64 /Users/admin/builder/spi-builder-workspace/.derivedData/SDKExplicitPrecompiledModules/_Builtin_stdbool-8V6HC39D8H2ZKW3GSD1KJ09A9.pcm
SwiftExplicitDependencyGeneratePcm arm64 /Users/admin/builder/spi-builder-workspace/.derivedData/SDKExplicitPrecompiledModules/ptrcheck-7F7OST5MV9OHXZMCIL2H6FYAO.pcm
SwiftExplicitDependencyGeneratePcm arm64 /Users/admin/builder/spi-builder-workspace/.derivedData/SDKExplicitPrecompiledModules/_Builtin_stdarg-DVP6W0QP66W8E74TX0GQAIEFM.pcm
SwiftExplicitDependencyGeneratePcm arm64 /Users/admin/builder/spi-builder-workspace/.derivedData/SDKExplicitPrecompiledModules/_SwiftConcurrencyShims-11TYQJH3GW4GGN6M952RT44S2.pcm
SwiftExplicitDependencyGeneratePcm arm64 /Users/admin/builder/spi-builder-workspace/.derivedData/SDKExplicitPrecompiledModules/_Builtin_float-EXGUO4XEWWSRONNTP4II1R3BM.pcm
SwiftExplicitDependencyGeneratePcm arm64 /Users/admin/builder/spi-builder-workspace/.derivedData/SDKExplicitPrecompiledModules/_DarwinFoundation1-CEB668520FVMM3FPLUP3ZX3DP.pcm
SwiftExplicitDependencyGeneratePcm arm64 /Users/admin/builder/spi-builder-workspace/.derivedData/SDKExplicitPrecompiledModules/_DarwinFoundation2-8A4UVIA5QLD0UNZXBQYRW6KN7.pcm
SwiftExplicitDependencyGeneratePcm arm64 /Users/admin/builder/spi-builder-workspace/.derivedData/SDKExplicitPrecompiledModules/_Builtin_limits-HXF6WMF65IXTY4LB9YQRPDVS.pcm
SwiftExplicitDependencyGeneratePcm arm64 /Users/admin/builder/spi-builder-workspace/.derivedData/SDKExplicitPrecompiledModules/_Builtin_stdint-1OD4P9W70NM45YK5V1IH8JOXR.pcm
SwiftExplicitDependencyGeneratePcm arm64 /Users/admin/builder/spi-builder-workspace/.derivedData/SDKExplicitPrecompiledModules/sys_types-8B5WBGNKQGP8VGVHGXXFAVHM4.pcm
SwiftExplicitDependencyGeneratePcm arm64 /Users/admin/builder/spi-builder-workspace/.derivedData/SDKExplicitPrecompiledModules/_DarwinFoundation3-DNXKXFFQ8MRLRO9KQN10R21I0.pcm
SwiftExplicitDependencyGeneratePcm arm64 /Users/admin/builder/spi-builder-workspace/.derivedData/SDKExplicitPrecompiledModules/_Builtin_inttypes-489CMR9E9YGXYB1ZU4Y2FSN2V.pcm
SwiftExplicitDependencyGeneratePcm arm64 /Users/admin/builder/spi-builder-workspace/.derivedData/SDKExplicitPrecompiledModules/Darwin-4SSYTF9FPWUAJVNBQDXTH3HIS.pcm
SwiftEmitModule normal arm64 Emitting\ module\ for\ Logging (in target 'Logging' from project 'swift-log')
SwiftCompile normal arm64 (in target 'Logging' from project 'swift-log')
cd /Users/admin/builder/spi-builder-workspace/.swiftpm/xcode
SwiftCompile normal arm64 Compiling\ Logger+With.swift /Users/admin/builder/spi-builder-workspace/.dependencies/checkouts/swift-log/Sources/Logging/Logger+With.swift (in target 'Logging' from project 'swift-log')
SwiftCompile normal arm64 /Users/admin/builder/spi-builder-workspace/.dependencies/checkouts/swift-log/Sources/Logging/Logger+With.swift (in target 'Logging' from project 'swift-log')
cd /Users/admin/builder/spi-builder-workspace/.swiftpm/xcode
builtin-SwiftPerFileCompile Logger+With.swift
SwiftCompile normal arm64 Compiling\ MetadataProvider.swift /Users/admin/builder/spi-builder-workspace/.dependencies/checkouts/swift-log/Sources/Logging/MetadataProvider.swift (in target 'Logging' from project 'swift-log')
SwiftCompile normal arm64 /Users/admin/builder/spi-builder-workspace/.dependencies/checkouts/swift-log/Sources/Logging/MetadataProvider.swift (in target 'Logging' from project 'swift-log')
cd /Users/admin/builder/spi-builder-workspace/.swiftpm/xcode
builtin-SwiftPerFileCompile MetadataProvider.swift
SwiftCompile normal arm64 Compiling\ Locks.swift /Users/admin/builder/spi-builder-workspace/.dependencies/checkouts/swift-log/Sources/Logging/Locks.swift (in target 'Logging' from project 'swift-log')
SwiftCompile normal arm64 /Users/admin/builder/spi-builder-workspace/.dependencies/checkouts/swift-log/Sources/Logging/Locks.swift (in target 'Logging' from project 'swift-log')
cd /Users/admin/builder/spi-builder-workspace/.swiftpm/xcode
builtin-SwiftPerFileCompile Locks.swift
SwiftCompile normal arm64 Compiling\ Logger+Attributes.swift /Users/admin/builder/spi-builder-workspace/.dependencies/checkouts/swift-log/Sources/Logging/Logger+Attributes.swift (in target 'Logging' from project 'swift-log')
SwiftCompile normal arm64 /Users/admin/builder/spi-builder-workspace/.dependencies/checkouts/swift-log/Sources/Logging/Logger+Attributes.swift (in target 'Logging' from project 'swift-log')
cd /Users/admin/builder/spi-builder-workspace/.swiftpm/xcode
builtin-SwiftPerFileCompile Logger+Attributes.swift
SwiftCompile normal arm64 Compiling\ LogHandler.swift /Users/admin/builder/spi-builder-workspace/.dependencies/checkouts/swift-log/Sources/Logging/LogHandler.swift (in target 'Logging' from project 'swift-log')
SwiftCompile normal arm64 /Users/admin/builder/spi-builder-workspace/.dependencies/checkouts/swift-log/Sources/Logging/LogHandler.swift (in target 'Logging' from project 'swift-log')
cd /Users/admin/builder/spi-builder-workspace/.swiftpm/xcode
builtin-SwiftPerFileCompile LogHandler.swift
SwiftCompile normal arm64 Compiling\ LogEvent.swift /Users/admin/builder/spi-builder-workspace/.dependencies/checkouts/swift-log/Sources/Logging/LogEvent.swift (in target 'Logging' from project 'swift-log')
SwiftCompile normal arm64 /Users/admin/builder/spi-builder-workspace/.dependencies/checkouts/swift-log/Sources/Logging/LogEvent.swift (in target 'Logging' from project 'swift-log')
cd /Users/admin/builder/spi-builder-workspace/.swiftpm/xcode
builtin-SwiftPerFileCompile LogEvent.swift
SwiftCompile normal arm64 Compiling\ LoggingSystem.swift /Users/admin/builder/spi-builder-workspace/.dependencies/checkouts/swift-log/Sources/Logging/LoggingSystem.swift (in target 'Logging' from project 'swift-log')
SwiftCompile normal arm64 /Users/admin/builder/spi-builder-workspace/.dependencies/checkouts/swift-log/Sources/Logging/LoggingSystem.swift (in target 'Logging' from project 'swift-log')
cd /Users/admin/builder/spi-builder-workspace/.swiftpm/xcode
builtin-SwiftPerFileCompile LoggingSystem.swift
SwiftCompile normal arm64 Compiling\ SwiftLogNoOpLogHandler.swift /Users/admin/builder/spi-builder-workspace/.dependencies/checkouts/swift-log/Sources/Logging/Handlers/SwiftLogNoOpLogHandler.swift (in target 'Logging' from project 'swift-log')
SwiftCompile normal arm64 /Users/admin/builder/spi-builder-workspace/.dependencies/checkouts/swift-log/Sources/Logging/Handlers/SwiftLogNoOpLogHandler.swift (in target 'Logging' from project 'swift-log')
cd /Users/admin/builder/spi-builder-workspace/.swiftpm/xcode
builtin-SwiftPerFileCompile SwiftLogNoOpLogHandler.swift
SwiftCompile normal arm64 Compiling\ MultiplexLogHandler.swift,\ StreamLogHandler.swift /Users/admin/builder/spi-builder-workspace/.dependencies/checkouts/swift-log/Sources/Logging/Handlers/MultiplexLogHandler.swift /Users/admin/builder/spi-builder-workspace/.dependencies/checkouts/swift-log/Sources/Logging/Handlers/StreamLogHandler.swift (in target 'Logging' from project 'swift-log')
SwiftCompile normal arm64 /Users/admin/builder/spi-builder-workspace/.dependencies/checkouts/swift-log/Sources/Logging/Handlers/MultiplexLogHandler.swift (in target 'Logging' from project 'swift-log')
cd /Users/admin/builder/spi-builder-workspace/.swiftpm/xcode
builtin-SwiftPerFileCompile MultiplexLogHandler.swift
SwiftCompile normal arm64 /Users/admin/builder/spi-builder-workspace/.dependencies/checkouts/swift-log/Sources/Logging/Handlers/StreamLogHandler.swift (in target 'Logging' from project 'swift-log')
cd /Users/admin/builder/spi-builder-workspace/.swiftpm/xcode
builtin-SwiftPerFileCompile StreamLogHandler.swift
SwiftCompile normal arm64 Compiling\ Logger.swift /Users/admin/builder/spi-builder-workspace/.dependencies/checkouts/swift-log/Sources/Logging/Logger.swift (in target 'Logging' from project 'swift-log')
SwiftCompile normal arm64 /Users/admin/builder/spi-builder-workspace/.dependencies/checkouts/swift-log/Sources/Logging/Logger.swift (in target 'Logging' from project 'swift-log')
cd /Users/admin/builder/spi-builder-workspace/.swiftpm/xcode
builtin-SwiftPerFileCompile Logger.swift
SwiftDriverJobDiscovery normal arm64 Emitting module for Logging (in target 'Logging' from project 'swift-log')
SwiftDriver\ Compilation\ Requirements Logging normal arm64 com.apple.xcode.tools.swift.compiler (in target 'Logging' from project 'swift-log')
cd /Users/admin/builder/spi-builder-workspace/.swiftpm/xcode
builtin-Swift-Compilation-Requirements -- /Applications/Xcode-27.0.0-Release.Candidate.app/Contents/Developer/Toolchains/XcodeDefault.xctoolchain/usr/bin/swiftc -parse-as-library -module-name Logging -Onone @/Users/admin/builder/spi-builder-workspace/.derivedData/Build/Intermediates.noindex/swift-log.build/Debug/Logging-t.build/Objects-normal/arm64/Logging.SwiftFileList -DSWIFT_PACKAGE -DDEBUG -DSWIFT_MODULE_RESOURCE_BUNDLE_UNAVAILABLE -DXcode -enable-upcoming-feature ExistentialAny -enable-upcoming-feature MemberImportVisibility -enable-upcoming-feature InternalImportsByDefault -enable-upcoming-feature NonisolatedNonsendingByDefault -Xfrontend -require-explicit-sendable -plugin-path /Applications/Xcode-27.0.0-Release.Candidate.app/Contents/Developer/Toolchains/XcodeDefault.xctoolchain/usr/lib/swift/host/plugins/testing -enable-experimental-feature DebugDescriptionMacro -sdk /Applications/Xcode-27.0.0-Release.Candidate.app/Contents/Developer/Platforms/MacOSX.platform/Developer/SDKs/MacOSX27.0.sdk -target arm64-apple-macos12.0 -g -module-cache-path /Users/admin/builder/spi-builder-workspace/.derivedData/ModuleCache.noindex -Xfrontend -serialize-debugging-options -profile-coverage-mapping -profile-generate -enable-testing -suppress-warnings -index-store-path /Users/admin/builder/spi-builder-workspace/.derivedData/Index.noindex/DataStore -Xcc -D_LIBCPP_HARDENING_MODE\=_LIBCPP_HARDENING_MODE_DEBUG -swift-version 6 -I /Users/admin/builder/spi-builder-workspace/.derivedData/Build/Products/Debug -Isystem /Applications/Xcode-27.0.0-Release.Candidate.app/Contents/Developer/Platforms/MacOSX.platform/Developer/usr/lib -F /Users/admin/builder/spi-builder-workspace/.derivedData/Build/Products/Debug -F /Applications/Xcode-27.0.0-Release.Candidate.app/Contents/Developer/Platforms/MacOSX.platform/Developer/Library/Frameworks -c -j10 -enable-batch-mode -incremental -Xcc -ivfsstatcache -Xcc /Users/admin/builder/spi-builder-workspace/.derivedData/SDKStatCaches.noindex/macosx27.0-26A425-e829b21a6f8c9b70876ba0858053c0446a22442a12e9d48fe1a705f55a1adfc4.sdkstatcache -output-file-map /Users/admin/builder/spi-builder-workspace/.derivedData/Build/Intermediates.noindex/swift-log.build/Debug/Logging-t.build/Objects-normal/arm64/Logging-OutputFileMap.json -save-temps -no-color-diagnostics -explicit-module-build -module-cache-path /Users/admin/builder/spi-builder-workspace/.derivedData/Build/Intermediates.noindex/SwiftExplicitPrecompiledModules -clang-scanner-module-cache-path /Users/admin/builder/spi-builder-workspace/.derivedData/ModuleCache.noindex -sdk-module-cache-path /Users/admin/builder/spi-builder-workspace/.derivedData/SDKExplicitPrecompiledModules -emit-dependencies -emit-module -emit-module-path /Users/admin/builder/spi-builder-workspace/.derivedData/Build/Intermediates.noindex/swift-log.build/Debug/Logging-t.build/Objects-normal/arm64/Logging.swiftmodule -serialize-diagnostics -dependency-scan-serialize-diagnostics-path /Users/admin/builder/spi-builder-workspace/.derivedData/Build/Intermediates.noindex/swift-log.build/Debug/Logging-t.build/Objects-normal/arm64/Logging-dependency-scan.dia -user-module-version 1.15.1 -validate-clang-modules-once -clang-build-session-file /Users/admin/builder/spi-builder-workspace/.derivedData/ModuleCache.noindex/Session.modulevalidation -Xcc -fmodules-prune-interval\=86400 -Xcc -fmodules-prune-after\=345600 -package-name swift_log -emit-const-values -const-gather-protocols-list /Users/admin/builder/spi-builder-workspace/.derivedData/Build/Intermediates.noindex/swift-log.build/Debug/Logging-t.build/Objects-normal/arm64/Logging_const_extract_protocols.json -Xcc -I/Users/admin/builder/spi-builder-workspace/.derivedData/Build/Products/Debug/include -Xcc -I/Users/admin/builder/spi-builder-workspace/.derivedData/Build/Intermediates.noindex/swift-log.build/Debug/Logging-t.build/DerivedSources-normal/arm64 -Xcc -I/Users/admin/builder/spi-builder-workspace/.derivedData/Build/Intermediates.noindex/swift-log.build/Debug/Logging-t.build/DerivedSources/arm64 -Xcc -I/Users/admin/builder/spi-builder-workspace/.derivedData/Build/Intermediates.noindex/swift-log.build/Debug/Logging-t.build/DerivedSources -Xcc -DSWIFT_PACKAGE -Xcc -DDEBUG\=1 -emit-objc-header -emit-objc-header-path /Users/admin/builder/spi-builder-workspace/.derivedData/Build/Intermediates.noindex/swift-log.build/Debug/Logging-t.build/Objects-normal/arm64/Logging-Swift.h -working-directory /Users/admin/builder/spi-builder-workspace/.swiftpm/xcode -experimental-emit-module-separately -disable-cmo
SwiftDriverJobDiscovery normal arm64 Compiling LogHandler.swift (in target 'Logging' from project 'swift-log')
SwiftMergeGeneratedHeaders /Users/admin/builder/spi-builder-workspace/.derivedData/Build/Intermediates.noindex/GeneratedModuleMaps/Logging-Swift.h /Users/admin/builder/spi-builder-workspace/.derivedData/Build/Intermediates.noindex/swift-log.build/Debug/Logging-t.build/Objects-normal/arm64/Logging-Swift.h (in target 'Logging' from project 'swift-log')
cd /Users/admin/builder/spi-builder-workspace/.dependencies/checkouts/swift-log
builtin-swiftHeaderTool -arch arm64 /Users/admin/builder/spi-builder-workspace/.derivedData/Build/Intermediates.noindex/swift-log.build/Debug/Logging-t.build/Objects-normal/arm64/Logging-Swift.h -o /Users/admin/builder/spi-builder-workspace/.derivedData/Build/Intermediates.noindex/GeneratedModuleMaps/Logging-Swift.h
Copy /Users/admin/builder/spi-builder-workspace/.derivedData/Build/Products/Debug/Logging.swiftmodule/arm64-apple-macos.swiftmodule /Users/admin/builder/spi-builder-workspace/.derivedData/Build/Intermediates.noindex/swift-log.build/Debug/Logging-t.build/Objects-normal/arm64/Logging.swiftmodule (in target 'Logging' from project 'swift-log')
cd /Users/admin/builder/spi-builder-workspace/.dependencies/checkouts/swift-log
builtin-copy -exclude .DS_Store -exclude CVS -exclude .svn -exclude .git -exclude .hg -resolve-src-symlinks -rename /Users/admin/builder/spi-builder-workspace/.derivedData/Build/Intermediates.noindex/swift-log.build/Debug/Logging-t.build/Objects-normal/arm64/Logging.swiftmodule /Users/admin/builder/spi-builder-workspace/.derivedData/Build/Products/Debug/Logging.swiftmodule/arm64-apple-macos.swiftmodule
Copy /Users/admin/builder/spi-builder-workspace/.derivedData/Build/Products/Debug/Logging.swiftmodule/arm64-apple-macos.swiftdoc /Users/admin/builder/spi-builder-workspace/.derivedData/Build/Intermediates.noindex/swift-log.build/Debug/Logging-t.build/Objects-normal/arm64/Logging.swiftdoc (in target 'Logging' from project 'swift-log')
cd /Users/admin/builder/spi-builder-workspace/.dependencies/checkouts/swift-log
builtin-copy -exclude .DS_Store -exclude CVS -exclude .svn -exclude .git -exclude .hg -resolve-src-symlinks -rename /Users/admin/builder/spi-builder-workspace/.derivedData/Build/Intermediates.noindex/swift-log.build/Debug/Logging-t.build/Objects-normal/arm64/Logging.swiftdoc /Users/admin/builder/spi-builder-workspace/.derivedData/Build/Products/Debug/Logging.swiftmodule/arm64-apple-macos.swiftdoc
Copy /Users/admin/builder/spi-builder-workspace/.derivedData/Build/Products/Debug/Logging.swiftmodule/arm64-apple-macos.abi.json /Users/admin/builder/spi-builder-workspace/.derivedData/Build/Intermediates.noindex/swift-log.build/Debug/Logging-t.build/Objects-normal/arm64/Logging.abi.json (in target 'Logging' from project 'swift-log')
cd /Users/admin/builder/spi-builder-workspace/.dependencies/checkouts/swift-log
builtin-copy -exclude .DS_Store -exclude CVS -exclude .svn -exclude .git -exclude .hg -resolve-src-symlinks -rename /Users/admin/builder/spi-builder-workspace/.derivedData/Build/Intermediates.noindex/swift-log.build/Debug/Logging-t.build/Objects-normal/arm64/Logging.abi.json /Users/admin/builder/spi-builder-workspace/.derivedData/Build/Products/Debug/Logging.swiftmodule/arm64-apple-macos.abi.json
SwiftDriverJobDiscovery normal arm64 Compiling SwiftLogNoOpLogHandler.swift (in target 'Logging' from project 'swift-log')
Copy /Users/admin/builder/spi-builder-workspace/.derivedData/Build/Products/Debug/Logging.swiftmodule/Project/arm64-apple-macos.swiftsourceinfo /Users/admin/builder/spi-builder-workspace/.derivedData/Build/Intermediates.noindex/swift-log.build/Debug/Logging-t.build/Objects-normal/arm64/Logging.swiftsourceinfo (in target 'Logging' from project 'swift-log')
cd /Users/admin/builder/spi-builder-workspace/.dependencies/checkouts/swift-log
builtin-copy -exclude .DS_Store -exclude CVS -exclude .svn -exclude .git -exclude .hg -resolve-src-symlinks -rename /Users/admin/builder/spi-builder-workspace/.derivedData/Build/Intermediates.noindex/swift-log.build/Debug/Logging-t.build/Objects-normal/arm64/Logging.swiftsourceinfo /Users/admin/builder/spi-builder-workspace/.derivedData/Build/Products/Debug/Logging.swiftmodule/Project/arm64-apple-macos.swiftsourceinfo
SwiftDriverJobDiscovery normal arm64 Compiling LogEvent.swift (in target 'Logging' from project 'swift-log')
SwiftDriver UnifiedLogHandler normal arm64 com.apple.xcode.tools.swift.compiler (in target 'UnifiedLogHandler' from project 'UnifiedLogHandler')
cd /Users/admin/builder/spi-builder-workspace/.swiftpm/xcode
builtin-SwiftDriver -- /Applications/Xcode-27.0.0-Release.Candidate.app/Contents/Developer/Toolchains/XcodeDefault.xctoolchain/usr/bin/swiftc -parse-as-library -module-name UnifiedLogHandler -Onone @/Users/admin/builder/spi-builder-workspace/.derivedData/Build/Intermediates.noindex/UnifiedLogHandler.build/Debug/UnifiedLogHandler-t.build/Objects-normal/arm64/UnifiedLogHandler.SwiftFileList -DSWIFT_PACKAGE -DDEBUG -DSWIFT_MODULE_RESOURCE_BUNDLE_UNAVAILABLE -DXcode -plugin-path /Applications/Xcode-27.0.0-Release.Candidate.app/Contents/Developer/Toolchains/XcodeDefault.xctoolchain/usr/lib/swift/host/plugins/testing -enable-experimental-feature DebugDescriptionMacro -sdk /Applications/Xcode-27.0.0-Release.Candidate.app/Contents/Developer/Platforms/MacOSX.platform/Developer/SDKs/MacOSX27.0.sdk -target arm64-apple-macos12.0 -g -module-cache-path /Users/admin/builder/spi-builder-workspace/.derivedData/ModuleCache.noindex -Xfrontend -serialize-debugging-options -profile-coverage-mapping -profile-generate -enable-testing -index-store-path /Users/admin/builder/spi-builder-workspace/.derivedData/Index.noindex/DataStore -Xcc -D_LIBCPP_HARDENING_MODE\=_LIBCPP_HARDENING_MODE_DEBUG -swift-version 5 -I /Users/admin/builder/spi-builder-workspace/.derivedData/Build/Products/Debug -Isystem /Applications/Xcode-27.0.0-Release.Candidate.app/Contents/Developer/Platforms/MacOSX.platform/Developer/usr/lib -F /Users/admin/builder/spi-builder-workspace/.derivedData/Build/Products/Debug/PackageFrameworks -F /Users/admin/builder/spi-builder-workspace/.derivedData/Build/Products/Debug -F /Applications/Xcode-27.0.0-Release.Candidate.app/Contents/Developer/Platforms/MacOSX.platform/Developer/Library/Frameworks -c -j10 -enable-batch-mode -incremental -Xcc -ivfsstatcache -Xcc /Users/admin/builder/spi-builder-workspace/.derivedData/SDKStatCaches.noindex/macosx27.0-26A425-e829b21a6f8c9b70876ba0858053c0446a22442a12e9d48fe1a705f55a1adfc4.sdkstatcache -output-file-map /Users/admin/builder/spi-builder-workspace/.derivedData/Build/Intermediates.noindex/UnifiedLogHandler.build/Debug/UnifiedLogHandler-t.build/Objects-normal/arm64/UnifiedLogHandler-OutputFileMap.json -save-temps -no-color-diagnostics -explicit-module-build -module-cache-path /Users/admin/builder/spi-builder-workspace/.derivedData/Build/Intermediates.noindex/SwiftExplicitPrecompiledModules -clang-scanner-module-cache-path /Users/admin/builder/spi-builder-workspace/.derivedData/ModuleCache.noindex -sdk-module-cache-path /Users/admin/builder/spi-builder-workspace/.derivedData/SDKExplicitPrecompiledModules -emit-dependencies -emit-module -emit-module-path /Users/admin/builder/spi-builder-workspace/.derivedData/Build/Intermediates.noindex/UnifiedLogHandler.build/Debug/UnifiedLogHandler-t.build/Objects-normal/arm64/UnifiedLogHandler.swiftmodule -serialize-diagnostics -dependency-scan-serialize-diagnostics-path /Users/admin/builder/spi-builder-workspace/.derivedData/Build/Intermediates.noindex/UnifiedLogHandler.build/Debug/UnifiedLogHandler-t.build/Objects-normal/arm64/UnifiedLogHandler-dependency-scan.dia -validate-clang-modules-once -clang-build-session-file /Users/admin/builder/spi-builder-workspace/.derivedData/ModuleCache.noindex/Session.modulevalidation -Xcc -fmodules-prune-interval\=86400 -Xcc -fmodules-prune-after\=345600 -emit-const-values -const-gather-protocols-list /Users/admin/builder/spi-builder-workspace/.derivedData/Build/Intermediates.noindex/UnifiedLogHandler.build/Debug/UnifiedLogHandler-t.build/Objects-normal/arm64/UnifiedLogHandler_const_extract_protocols.json -Xcc -I/Users/admin/builder/spi-builder-workspace/.derivedData/Build/Products/Debug/include -Xcc -I/Users/admin/builder/spi-builder-workspace/.derivedData/Build/Intermediates.noindex/UnifiedLogHandler.build/Debug/UnifiedLogHandler-t.build/DerivedSources-normal/arm64 -Xcc -I/Users/admin/builder/spi-builder-workspace/.derivedData/Build/Intermediates.noindex/UnifiedLogHandler.build/Debug/UnifiedLogHandler-t.build/DerivedSources/arm64 -Xcc -I/Users/admin/builder/spi-builder-workspace/.derivedData/Build/Intermediates.noindex/UnifiedLogHandler.build/Debug/UnifiedLogHandler-t.build/DerivedSources -Xcc -DSWIFT_PACKAGE -Xcc -DDEBUG\=1 -emit-objc-header -emit-objc-header-path /Users/admin/builder/spi-builder-workspace/.derivedData/Build/Intermediates.noindex/UnifiedLogHandler.build/Debug/UnifiedLogHandler-t.build/Objects-normal/arm64/UnifiedLogHandler-Swift.h -working-directory /Users/admin/builder/spi-builder-workspace/.swiftpm/xcode -experimental-emit-module-separately -disable-cmo
SwiftDriverJobDiscovery normal arm64 Compiling LoggingSystem.swift (in target 'Logging' from project 'swift-log')
SwiftDriverJobDiscovery normal arm64 Compiling Logger+With.swift (in target 'Logging' from project 'swift-log')
SwiftDriverJobDiscovery normal arm64 Compiling Logger+Attributes.swift (in target 'Logging' from project 'swift-log')
SwiftDriverJobDiscovery normal arm64 Compiling Logger.swift (in target 'Logging' from project 'swift-log')
SwiftDriverJobDiscovery normal arm64 Compiling MultiplexLogHandler.swift, StreamLogHandler.swift (in target 'Logging' from project 'swift-log')
SwiftDriverJobDiscovery normal arm64 Compiling MetadataProvider.swift (in target 'Logging' from project 'swift-log')
SwiftDriverJobDiscovery normal arm64 Compiling Locks.swift (in target 'Logging' from project 'swift-log')
SwiftDriver\ Compilation Logging normal arm64 com.apple.xcode.tools.swift.compiler (in target 'Logging' from project 'swift-log')
cd /Users/admin/builder/spi-builder-workspace/.swiftpm/xcode
builtin-Swift-Compilation -- /Applications/Xcode-27.0.0-Release.Candidate.app/Contents/Developer/Toolchains/XcodeDefault.xctoolchain/usr/bin/swiftc -parse-as-library -module-name Logging -Onone @/Users/admin/builder/spi-builder-workspace/.derivedData/Build/Intermediates.noindex/swift-log.build/Debug/Logging-t.build/Objects-normal/arm64/Logging.SwiftFileList -DSWIFT_PACKAGE -DDEBUG -DSWIFT_MODULE_RESOURCE_BUNDLE_UNAVAILABLE -DXcode -enable-upcoming-feature ExistentialAny -enable-upcoming-feature MemberImportVisibility -enable-upcoming-feature InternalImportsByDefault -enable-upcoming-feature NonisolatedNonsendingByDefault -Xfrontend -require-explicit-sendable -plugin-path /Applications/Xcode-27.0.0-Release.Candidate.app/Contents/Developer/Toolchains/XcodeDefault.xctoolchain/usr/lib/swift/host/plugins/testing -enable-experimental-feature DebugDescriptionMacro -sdk /Applications/Xcode-27.0.0-Release.Candidate.app/Contents/Developer/Platforms/MacOSX.platform/Developer/SDKs/MacOSX27.0.sdk -target arm64-apple-macos12.0 -g -module-cache-path /Users/admin/builder/spi-builder-workspace/.derivedData/ModuleCache.noindex -Xfrontend -serialize-debugging-options -profile-coverage-mapping -profile-generate -enable-testing -suppress-warnings -index-store-path /Users/admin/builder/spi-builder-workspace/.derivedData/Index.noindex/DataStore -Xcc -D_LIBCPP_HARDENING_MODE\=_LIBCPP_HARDENING_MODE_DEBUG -swift-version 6 -I /Users/admin/builder/spi-builder-workspace/.derivedData/Build/Products/Debug -Isystem /Applications/Xcode-27.0.0-Release.Candidate.app/Contents/Developer/Platforms/MacOSX.platform/Developer/usr/lib -F /Users/admin/builder/spi-builder-workspace/.derivedData/Build/Products/Debug -F /Applications/Xcode-27.0.0-Release.Candidate.app/Contents/Developer/Platforms/MacOSX.platform/Developer/Library/Frameworks -c -j10 -enable-batch-mode -incremental -Xcc -ivfsstatcache -Xcc /Users/admin/builder/spi-builder-workspace/.derivedData/SDKStatCaches.noindex/macosx27.0-26A425-e829b21a6f8c9b70876ba0858053c0446a22442a12e9d48fe1a705f55a1adfc4.sdkstatcache -output-file-map /Users/admin/builder/spi-builder-workspace/.derivedData/Build/Intermediates.noindex/swift-log.build/Debug/Logging-t.build/Objects-normal/arm64/Logging-OutputFileMap.json -save-temps -no-color-diagnostics -explicit-module-build -module-cache-path /Users/admin/builder/spi-builder-workspace/.derivedData/Build/Intermediates.noindex/SwiftExplicitPrecompiledModules -clang-scanner-module-cache-path /Users/admin/builder/spi-builder-workspace/.derivedData/ModuleCache.noindex -sdk-module-cache-path /Users/admin/builder/spi-builder-workspace/.derivedData/SDKExplicitPrecompiledModules -emit-dependencies -emit-module -emit-module-path /Users/admin/builder/spi-builder-workspace/.derivedData/Build/Intermediates.noindex/swift-log.build/Debug/Logging-t.build/Objects-normal/arm64/Logging.swiftmodule -serialize-diagnostics -dependency-scan-serialize-diagnostics-path /Users/admin/builder/spi-builder-workspace/.derivedData/Build/Intermediates.noindex/swift-log.build/Debug/Logging-t.build/Objects-normal/arm64/Logging-dependency-scan.dia -user-module-version 1.15.1 -validate-clang-modules-once -clang-build-session-file /Users/admin/builder/spi-builder-workspace/.derivedData/ModuleCache.noindex/Session.modulevalidation -Xcc -fmodules-prune-interval\=86400 -Xcc -fmodules-prune-after\=345600 -package-name swift_log -emit-const-values -const-gather-protocols-list /Users/admin/builder/spi-builder-workspace/.derivedData/Build/Intermediates.noindex/swift-log.build/Debug/Logging-t.build/Objects-normal/arm64/Logging_const_extract_protocols.json -Xcc -I/Users/admin/builder/spi-builder-workspace/.derivedData/Build/Products/Debug/include -Xcc -I/Users/admin/builder/spi-builder-workspace/.derivedData/Build/Intermediates.noindex/swift-log.build/Debug/Logging-t.build/DerivedSources-normal/arm64 -Xcc -I/Users/admin/builder/spi-builder-workspace/.derivedData/Build/Intermediates.noindex/swift-log.build/Debug/Logging-t.build/DerivedSources/arm64 -Xcc -I/Users/admin/builder/spi-builder-workspace/.derivedData/Build/Intermediates.noindex/swift-log.build/Debug/Logging-t.build/DerivedSources -Xcc -DSWIFT_PACKAGE -Xcc -DDEBUG\=1 -emit-objc-header -emit-objc-header-path /Users/admin/builder/spi-builder-workspace/.derivedData/Build/Intermediates.noindex/swift-log.build/Debug/Logging-t.build/Objects-normal/arm64/Logging-Swift.h -working-directory /Users/admin/builder/spi-builder-workspace/.swiftpm/xcode -experimental-emit-module-separately -disable-cmo
Ld /Users/admin/builder/spi-builder-workspace/.derivedData/Build/Products/Debug/Logging.o normal (in target 'Logging' from project 'swift-log')
cd /Users/admin/builder/spi-builder-workspace/.dependencies/checkouts/swift-log
/Applications/Xcode-27.0.0-Release.Candidate.app/Contents/Developer/Toolchains/XcodeDefault.xctoolchain/usr/bin/clang -Xlinker -reproducible -target arm64-apple-macos12.0 -r -isysroot /Applications/Xcode-27.0.0-Release.Candidate.app/Contents/Developer/Platforms/MacOSX.platform/Developer/SDKs/MacOSX27.0.sdk -O0 -w -Xlinker -no_warn_duplicate_libraries -F/Users/admin/builder/spi-builder-workspace/.derivedData/Build/Intermediates.noindex/EagerLinkingTBDs/Debug -F/Users/admin/builder/spi-builder-workspace/.derivedData/Build/Products/Debug -iframework /Applications/Xcode-27.0.0-Release.Candidate.app/Contents/Developer/Platforms/MacOSX.platform/Developer/Library/Frameworks -filelist /Users/admin/builder/spi-builder-workspace/.derivedData/Build/Intermediates.noindex/swift-log.build/Debug/Logging-t.build/Objects-normal/arm64/Logging.LinkFileList -nostdlib -Xlinker -object_path_lto -Xlinker /Users/admin/builder/spi-builder-workspace/.derivedData/Build/Intermediates.noindex/swift-log.build/Debug/Logging-t.build/Objects-normal/arm64/Logging_lto.o -Xlinker -no_deduplicate -Xlinker -debug_variant -Xlinker -dependency_info -Xlinker /Users/admin/builder/spi-builder-workspace/.derivedData/Build/Intermediates.noindex/swift-log.build/Debug/Logging-t.build/Objects-normal/arm64/Logging_dependency_info.dat -fobjc-link-runtime -L/Applications/Xcode-27.0.0-Release.Candidate.app/Contents/Developer/Toolchains/XcodeDefault.xctoolchain/usr/lib/swift/macosx -L/usr/lib/swift -Xlinker -add_ast_path -Xlinker /Users/admin/builder/spi-builder-workspace/.derivedData/Build/Intermediates.noindex/swift-log.build/Debug/Logging-t.build/Objects-normal/arm64/Logging.swiftmodule -o /Users/admin/builder/spi-builder-workspace/.derivedData/Build/Products/Debug/Logging.o
SwiftExplicitDependencyGeneratePcm arm64 /Users/admin/builder/spi-builder-workspace/.derivedData/SDKExplicitPrecompiledModules/ptrcheck-DHLCBWKPNUZOYTPJ1J3QVTCXK.pcm
SwiftExplicitDependencyGeneratePcm arm64 /Users/admin/builder/spi-builder-workspace/.derivedData/SDKExplicitPrecompiledModules/_Builtin_float-105CRCDRP90FQCQO5ZX1LHV7H.pcm
SwiftExplicitDependencyGeneratePcm arm64 /Users/admin/builder/spi-builder-workspace/.derivedData/SDKExplicitPrecompiledModules/SwiftShims-C4V0DQ62WSTCYBYGILXXGQNO3.pcm
SwiftExplicitDependencyGeneratePcm arm64 /Users/admin/builder/spi-builder-workspace/.derivedData/SDKExplicitPrecompiledModules/_Builtin_stdarg-7CFWA9OSW5N24E7PG4ZOCF1VH.pcm
SwiftExplicitDependencyGeneratePcm arm64 /Users/admin/builder/spi-builder-workspace/.derivedData/SDKExplicitPrecompiledModules/_Builtin_stdbool-KYV2HKP8IKLKMKQS9DGA2GUQ.pcm
SwiftExplicitDependencyGeneratePcm arm64 /Users/admin/builder/spi-builder-workspace/.derivedData/SDKExplicitPrecompiledModules/ptrauth-2W92ZJRLNJU99RJUQGGJG3OC3.pcm
SwiftExplicitDependencyGeneratePcm arm64 /Users/admin/builder/spi-builder-workspace/.derivedData/SDKExplicitPrecompiledModules/_Builtin_stddef-3GI9GOKXSW3QCTFOI1USFLDZO.pcm
SwiftExplicitDependencyGeneratePcm arm64 /Users/admin/builder/spi-builder-workspace/.derivedData/SDKExplicitPrecompiledModules/_AvailabilityInternal-CJTV5E7EL3MWRA437DUFPBVN2.pcm
SwiftExplicitDependencyGeneratePcm arm64 /Users/admin/builder/spi-builder-workspace/.derivedData/SDKExplicitPrecompiledModules/_SwiftConcurrencyShims-BLUUWKI6AGMD7TJ4RGYS7DP6T.pcm
ExtractAppIntentsMetadata (in target 'Logging' from project 'swift-log')
cd /Users/admin/builder/spi-builder-workspace/.dependencies/checkouts/swift-log
/Applications/Xcode-27.0.0-Release.Candidate.app/Contents/Developer/Toolchains/XcodeDefault.xctoolchain/usr/bin/appintentsmetadataprocessor --toolchain-dir /var/run/com.apple.security.cryptexd/mnt/com.apple.MobileAsset.MetalToolchain-v27.1.266.1.wT5y0P/Metal.xctoolchain --module-name Logging --sdk-root /Applications/Xcode-27.0.0-Release.Candidate.app/Contents/Developer/Platforms/MacOSX.platform/Developer/SDKs/MacOSX27.0.sdk --xcode-version 27A266a --platform-family macOS --deployment-target 12.0 --bundle-identifier swift-log.Logging --output /Users/admin/builder/spi-builder-workspace/.derivedData/Build/Products/Debug/Logging.appintents --target-triple arm64-apple-macos12.0 --binary-file /Users/admin/builder/spi-builder-workspace/.derivedData/Build/Products/Debug/Logging.o --dependency-file /Users/admin/builder/spi-builder-workspace/.derivedData/Build/Intermediates.noindex/swift-log.build/Debug/Logging-t.build/Objects-normal/arm64/Logging_dependency_info.dat --stringsdata-file /Users/admin/builder/spi-builder-workspace/.derivedData/Build/Intermediates.noindex/swift-log.build/Debug/Logging-t.build/Objects-normal/arm64/ExtractedAppShortcutsMetadata.stringsdata --source-file-list /Users/admin/builder/spi-builder-workspace/.derivedData/Build/Intermediates.noindex/swift-log.build/Debug/Logging-t.build/Objects-normal/arm64/Logging.SwiftFileList --metadata-file-list /Users/admin/builder/spi-builder-workspace/.derivedData/Build/Intermediates.noindex/swift-log.build/Debug/Logging-t.build/Logging.DependencyMetadataFileList --static-metadata-file-list /Users/admin/builder/spi-builder-workspace/.derivedData/Build/Intermediates.noindex/swift-log.build/Debug/Logging-t.build/Logging.DependencyStaticMetadataFileList --swift-const-vals-list /Users/admin/builder/spi-builder-workspace/.derivedData/Build/Intermediates.noindex/swift-log.build/Debug/Logging-t.build/Objects-normal/arm64/Logging.SwiftConstValuesFileList --force --compile-time-extraction --deployment-aware-processing --no-app-shortcuts-localization
2026-09-16 02:29:56.042 appintentsmetadataprocessor[742:4721] Starting appintentsmetadataprocessor export
2026-09-16 02:29:56.154 appintentsmetadataprocessor[742:4721] Extracted no relevant App Intents symbols, skipping writing output
SwiftExplicitDependencyGeneratePcm arm64 /Users/admin/builder/spi-builder-workspace/.derivedData/SDKExplicitPrecompiledModules/_DarwinFoundation1-7PRJIG163YE9KSKYA3BS35ZZP.pcm
SwiftExplicitDependencyGeneratePcm arm64 /Users/admin/builder/spi-builder-workspace/.derivedData/SDKExplicitPrecompiledModules/_DarwinFoundation2-94WUUGE4H5R03OWXE0QFZX1DN.pcm
SwiftExplicitDependencyGeneratePcm arm64 /Users/admin/builder/spi-builder-workspace/.derivedData/SDKExplicitPrecompiledModules/_Builtin_limits-AXGUGXBFPC0I7QDLJFB0K341Y.pcm
SwiftExplicitDependencyGeneratePcm arm64 /Users/admin/builder/spi-builder-workspace/.derivedData/SDKExplicitPrecompiledModules/string_h-10WPXBF3YFYMX5HUAW06LSABR.pcm
SwiftExplicitDependencyGeneratePcm arm64 /Users/admin/builder/spi-builder-workspace/.derivedData/SDKExplicitPrecompiledModules/_Builtin_stdint-22CBBOK8BNSF0UELDCAXSHGB.pcm
SwiftExplicitDependencyGeneratePcm arm64 /Users/admin/builder/spi-builder-workspace/.derivedData/SDKExplicitPrecompiledModules/sys_types-F4RNCN6UR5R5OWTLTOUM7TN3E.pcm
SwiftExplicitDependencyGeneratePcm arm64 /Users/admin/builder/spi-builder-workspace/.derivedData/SDKExplicitPrecompiledModules/libDER-5RCYOD0PCUUY2UGMBNE9LI8N9.pcm
SwiftExplicitDependencyGeneratePcm arm64 /Users/admin/builder/spi-builder-workspace/.derivedData/SDKExplicitPrecompiledModules/_Builtin_stdatomic-8LN7S35C6I48KJOCW7VPXX04X.pcm
SwiftExplicitDependencyGeneratePcm arm64 /Users/admin/builder/spi-builder-workspace/.derivedData/SDKExplicitPrecompiledModules/_DarwinFoundation3-32PO5Q4RCB6WXH5VFO3HA3AVS.pcm
SwiftExplicitDependencyGeneratePcm arm64 /Users/admin/builder/spi-builder-workspace/.derivedData/SDKExplicitPrecompiledModules/_Builtin_inttypes-1U6AP9A8AJ4G9WD98E9RHLGTJ.pcm
SwiftExplicitDependencyGeneratePcm arm64 /Users/admin/builder/spi-builder-workspace/.derivedData/SDKExplicitPrecompiledModules/Darwin-1RAAWNGKQM8YGHV0YJNNN5YDY.pcm
SwiftExplicitDependencyGeneratePcm arm64 /Users/admin/builder/spi-builder-workspace/.derivedData/SDKExplicitPrecompiledModules/libkern-22MDXN9G35RPO3OLKX9B2PN16.pcm
SwiftExplicitDependencyGeneratePcm arm64 /Users/admin/builder/spi-builder-workspace/.derivedData/SDKExplicitPrecompiledModules/MachO-AWTJ65TFR7TMST2NUE6ZCC1SL.pcm
SwiftExplicitDependencyGeneratePcm arm64 /Users/admin/builder/spi-builder-workspace/.derivedData/SDKExplicitPrecompiledModules/launch-2XAORMJNLLVS0OVKC1M0752GY.pcm
SwiftExplicitDependencyGeneratePcm arm64 /Users/admin/builder/spi-builder-workspace/.derivedData/SDKExplicitPrecompiledModules/ObjectiveC-B89IQP2TC4CFSWOUMTUZRI1VZ.pcm
SwiftExplicitDependencyGeneratePcm arm64 /Users/admin/builder/spi-builder-workspace/.derivedData/SDKExplicitPrecompiledModules/os_object-3KLCCI03OX6OQTLJ92KQH2KIO.pcm
SwiftExplicitDependencyGeneratePcm arm64 /Users/admin/builder/spi-builder-workspace/.derivedData/SDKExplicitPrecompiledModules/os_workgroup-10SJ5M8R2OB4BG1TPFL9SZMKV.pcm
SwiftExplicitDependencyGeneratePcm arm64 /Users/admin/builder/spi-builder-workspace/.derivedData/SDKExplicitPrecompiledModules/Dispatch-NAMWF9KN29KC7Z5OS3TTTAE8.pcm
SwiftExplicitDependencyGeneratePcm arm64 /Users/admin/builder/spi-builder-workspace/.derivedData/SDKExplicitPrecompiledModules/CoreFoundation-4ZIITQ30SOGUQE8KJAB99ZV0Q.pcm
SwiftExplicitDependencyGeneratePcm arm64 /Users/admin/builder/spi-builder-workspace/.derivedData/SDKExplicitPrecompiledModules/XPC-E1MSAZG4ZNL24S2WK6K6Y7GWW.pcm
SwiftExplicitDependencyGeneratePcm arm64 /Users/admin/builder/spi-builder-workspace/.derivedData/SDKExplicitPrecompiledModules/os-BYOEVK2GEMB4Q8WWHGZGREA00.pcm
SwiftExplicitDependencyGeneratePcm arm64 /Users/admin/builder/spi-builder-workspace/.derivedData/SDKExplicitPrecompiledModules/IOKit-6H3X691EDBH124EYTC2PEOP5T.pcm
SwiftExplicitDependencyGeneratePcm arm64 /Users/admin/builder/spi-builder-workspace/.derivedData/SDKExplicitPrecompiledModules/CFNetwork-CVHS5CT20191MFYXQIEDWSRGJ.pcm
SwiftExplicitDependencyGeneratePcm arm64 /Users/admin/builder/spi-builder-workspace/.derivedData/SDKExplicitPrecompiledModules/Security-ESPJ7FP0YAY1EL3VXBGY9MCZ8.pcm
SwiftExplicitDependencyGeneratePcm arm64 /Users/admin/builder/spi-builder-workspace/.derivedData/SDKExplicitPrecompiledModules/DiskArbitration-ZNZZU7T0SYELB0DAR56WQF0R.pcm
SwiftExplicitDependencyGeneratePcm arm64 /Users/admin/builder/spi-builder-workspace/.derivedData/SDKExplicitPrecompiledModules/CoreServices-CGCGY0FOMEQGSNMO3HQSC09XU.pcm
SwiftExplicitDependencyGeneratePcm arm64 /Users/admin/builder/spi-builder-workspace/.derivedData/SDKExplicitPrecompiledModules/Foundation-44WR0NU86C67CV5BW8W1MGKNG.pcm
SwiftCompile normal arm64 Compiling\ UnifiedLogHandler.swift /Users/admin/builder/spi-builder-workspace/Sources/UnifiedLogHandler/UnifiedLogHandler.swift (in target 'UnifiedLogHandler' from project 'UnifiedLogHandler')
SwiftCompile normal arm64 /Users/admin/builder/spi-builder-workspace/Sources/UnifiedLogHandler/UnifiedLogHandler.swift (in target 'UnifiedLogHandler' from project 'UnifiedLogHandler')
cd /Users/admin/builder/spi-builder-workspace/.swiftpm/xcode
builtin-SwiftPerFileCompile UnifiedLogHandler.swift
/Users/admin/builder/spi-builder-workspace/Sources/UnifiedLogHandler/UnifiedLogHandler.swift:6:26: error: 'Logger' is ambiguous for type lookup in this context
4 |
5 | public struct UnifiedLogHandler: LogHandler {
6 | public var metadata: Logger.Metadata {
| `- error: 'Logger' is ambiguous for type lookup in this context
7 | get { formatter.metadata }
8 | set { formatter.metadata = newValue }
Logging.Logger:1:15: note: found this candidate
1 | public struct Logger {
| `- note: found this candidate
2 | public var label: String { get }
3 | @inlinable public var handler: any Logging.LogHandler { get set }
os.Logger:2:15: note: found this candidate
1 | @available(macOS 11.0, iOS 14.0, watchOS 7.0, tvOS 14.0, *)
2 | public struct Logger : @unchecked Sendable {
| `- note: found this candidate
3 | public static var disabled: Logger { get }
4 | public init(subsystem: String, category: String)
/Users/admin/builder/spi-builder-workspace/Sources/UnifiedLogHandler/UnifiedLogHandler.swift:11:26: error: 'Logger' is ambiguous for type lookup in this context
9 | }
10 |
11 | public var logLevel: Logger.Level = .info
| `- error: 'Logger' is ambiguous for type lookup in this context
12 |
13 | private let log: OSLog
Logging.Logger:1:15: note: found this candidate
1 | public struct Logger {
| `- note: found this candidate
2 | public var label: String { get }
3 | @inlinable public var handler: any Logging.LogHandler { get set }
os.Logger:2:15: note: found this candidate
1 | @available(macOS 11.0, iOS 14.0, watchOS 7.0, tvOS 14.0, *)
2 | public struct Logger : @unchecked Sendable {
| `- note: found this candidate
3 | public static var disabled: Logger { get }
4 | public init(subsystem: String, category: String)
/Users/admin/builder/spi-builder-workspace/Sources/UnifiedLogHandler/UnifiedLogHandler.swift:20:50: error: 'Logger' is ambiguous for type lookup in this context
18 | }
19 |
20 | public subscript(metadataKey key: String) -> Logger.Metadata.Value? {
| `- error: 'Logger' is ambiguous for type lookup in this context
21 | get { formatter.metadata[key] }
22 | set { formatter.metadata[key] = newValue }
Logging.Logger:1:15: note: found this candidate
1 | public struct Logger {
| `- note: found this candidate
2 | public var label: String { get }
3 | @inlinable public var handler: any Logging.LogHandler { get set }
os.Logger:2:15: note: found this candidate
1 | @available(macOS 11.0, iOS 14.0, watchOS 7.0, tvOS 14.0, *)
2 | public struct Logger : @unchecked Sendable {
| `- note: found this candidate
3 | public static var disabled: Logger { get }
4 | public init(subsystem: String, category: String)
/Users/admin/builder/spi-builder-workspace/Sources/UnifiedLogHandler/UnifiedLogHandler.swift:25:28: error: 'Logger' is ambiguous for type lookup in this context
23 | }
24 |
25 | public func log(level: Logger.Level, message: Logger.Message, metadata: Logger.Metadata?, file _: String, function _: String, line _: UInt) {
| `- error: 'Logger' is ambiguous for type lookup in this context
26 | os_log("%{PUBLIC}@", log: log, type: OSLogType(logLevel: level), formatter.format(message: message, metadata: metadata))
27 | }
Logging.Logger:1:15: note: found this candidate
1 | public struct Logger {
| `- note: found this candidate
2 | public var label: String { get }
3 | @inlinable public var handler: any Logging.LogHandler { get set }
os.Logger:2:15: note: found this candidate
1 | @available(macOS 11.0, iOS 14.0, watchOS 7.0, tvOS 14.0, *)
2 | public struct Logger : @unchecked Sendable {
| `- note: found this candidate
3 | public static var disabled: Logger { get }
4 | public init(subsystem: String, category: String)
/Users/admin/builder/spi-builder-workspace/Sources/UnifiedLogHandler/UnifiedLogHandler.swift:25:51: error: 'Logger' is ambiguous for type lookup in this context
23 | }
24 |
25 | public func log(level: Logger.Level, message: Logger.Message, metadata: Logger.Metadata?, file _: String, function _: String, line _: UInt) {
| `- error: 'Logger' is ambiguous for type lookup in this context
26 | os_log("%{PUBLIC}@", log: log, type: OSLogType(logLevel: level), formatter.format(message: message, metadata: metadata))
27 | }
Logging.Logger:1:15: note: found this candidate
1 | public struct Logger {
| `- note: found this candidate
2 | public var label: String { get }
3 | @inlinable public var handler: any Logging.LogHandler { get set }
os.Logger:2:15: note: found this candidate
1 | @available(macOS 11.0, iOS 14.0, watchOS 7.0, tvOS 14.0, *)
2 | public struct Logger : @unchecked Sendable {
| `- note: found this candidate
3 | public static var disabled: Logger { get }
4 | public init(subsystem: String, category: String)
/Users/admin/builder/spi-builder-workspace/Sources/UnifiedLogHandler/UnifiedLogHandler.swift:25:77: error: 'Logger' is ambiguous for type lookup in this context
23 | }
24 |
25 | public func log(level: Logger.Level, message: Logger.Message, metadata: Logger.Metadata?, file _: String, function _: String, line _: UInt) {
| `- error: 'Logger' is ambiguous for type lookup in this context
26 | os_log("%{PUBLIC}@", log: log, type: OSLogType(logLevel: level), formatter.format(message: message, metadata: metadata))
27 | }
Logging.Logger:1:15: note: found this candidate
1 | public struct Logger {
| `- note: found this candidate
2 | public var label: String { get }
3 | @inlinable public var handler: any Logging.LogHandler { get set }
os.Logger:2:15: note: found this candidate
1 | @available(macOS 11.0, iOS 14.0, watchOS 7.0, tvOS 14.0, *)
2 | public struct Logger : @unchecked Sendable {
| `- note: found this candidate
3 | public static var disabled: Logger { get }
4 | public init(subsystem: String, category: String)
/Users/admin/builder/spi-builder-workspace/Sources/UnifiedLogHandler/UnifiedLogHandler.swift:5:15: warning: deprecated default implementation is used to satisfy instance method 'log(event:)' required by protocol 'LogHandler': You should implement this method instead of using the default implementation [#DeprecatedDeclaration]
3 | import os.log
4 |
5 | public struct UnifiedLogHandler: LogHandler {
| `- warning: deprecated default implementation is used to satisfy instance method 'log(event:)' required by protocol 'LogHandler': You should implement this method instead of using the default implementation [#DeprecatedDeclaration]
6 | public var metadata: Logger.Metadata {
7 | get { formatter.metadata }
Logging.LogHandler.log:3:15: note: 'log(event:)' declared here
1 | protocol LogHandler {
2 | @available(*, deprecated, message: "You should implement this method instead of using the default implementation")
3 | public func log(event: Logging.LogEvent)}
| `- note: 'log(event:)' declared here
4 |
Logging.LogHandler.log:2:6: note: requirement 'log(event:)' declared here
1 | protocol LogHandler {
2 | func log(event: Logging.LogEvent)}
| `- note: requirement 'log(event:)' declared here
3 |
SwiftCompile normal arm64 Compiling\ LogFormatter.swift /Users/admin/builder/spi-builder-workspace/Sources/UnifiedLogHandler/LogFormatter.swift (in target 'UnifiedLogHandler' from project 'UnifiedLogHandler')
SwiftCompile normal arm64 /Users/admin/builder/spi-builder-workspace/Sources/UnifiedLogHandler/LogFormatter.swift (in target 'UnifiedLogHandler' from project 'UnifiedLogHandler')
cd /Users/admin/builder/spi-builder-workspace/.swiftpm/xcode
builtin-SwiftPerFileCompile LogFormatter.swift
SwiftEmitModule normal arm64 Emitting\ module\ for\ UnifiedLogHandler (in target 'UnifiedLogHandler' from project 'UnifiedLogHandler')
/Users/admin/builder/spi-builder-workspace/Sources/UnifiedLogHandler/UnifiedLogHandler.swift:6:26: error: 'Logger' is ambiguous for type lookup in this context
4 |
5 | public struct UnifiedLogHandler: LogHandler {
6 | public var metadata: Logger.Metadata {
| `- error: 'Logger' is ambiguous for type lookup in this context
7 | get { formatter.metadata }
8 | set { formatter.metadata = newValue }
Logging.Logger:1:15: note: found this candidate
1 | public struct Logger {
| `- note: found this candidate
2 | public var label: String { get }
3 | @inlinable public var handler: any Logging.LogHandler { get set }
os.Logger:2:15: note: found this candidate
1 | @available(macOS 11.0, iOS 14.0, watchOS 7.0, tvOS 14.0, *)
2 | public struct Logger : @unchecked Sendable {
| `- note: found this candidate
3 | public static var disabled: Logger { get }
4 | public init(subsystem: String, category: String)
/Users/admin/builder/spi-builder-workspace/Sources/UnifiedLogHandler/UnifiedLogHandler.swift:11:26: error: 'Logger' is ambiguous for type lookup in this context
9 | }
10 |
11 | public var logLevel: Logger.Level = .info
| `- error: 'Logger' is ambiguous for type lookup in this context
12 |
13 | private let log: OSLog
Logging.Logger:1:15: note: found this candidate
1 | public struct Logger {
| `- note: found this candidate
2 | public var label: String { get }
3 | @inlinable public var handler: any Logging.LogHandler { get set }
os.Logger:2:15: note: found this candidate
1 | @available(macOS 11.0, iOS 14.0, watchOS 7.0, tvOS 14.0, *)
2 | public struct Logger : @unchecked Sendable {
| `- note: found this candidate
3 | public static var disabled: Logger { get }
4 | public init(subsystem: String, category: String)
/Users/admin/builder/spi-builder-workspace/Sources/UnifiedLogHandler/UnifiedLogHandler.swift:20:50: error: 'Logger' is ambiguous for type lookup in this context
18 | }
19 |
20 | public subscript(metadataKey key: String) -> Logger.Metadata.Value? {
| `- error: 'Logger' is ambiguous for type lookup in this context
21 | get { formatter.metadata[key] }
22 | set { formatter.metadata[key] = newValue }
Logging.Logger:1:15: note: found this candidate
1 | public struct Logger {
| `- note: found this candidate
2 | public var label: String { get }
3 | @inlinable public var handler: any Logging.LogHandler { get set }
os.Logger:2:15: note: found this candidate
1 | @available(macOS 11.0, iOS 14.0, watchOS 7.0, tvOS 14.0, *)
2 | public struct Logger : @unchecked Sendable {
| `- note: found this candidate
3 | public static var disabled: Logger { get }
4 | public init(subsystem: String, category: String)
/Users/admin/builder/spi-builder-workspace/Sources/UnifiedLogHandler/UnifiedLogHandler.swift:25:28: error: 'Logger' is ambiguous for type lookup in this context
23 | }
24 |
25 | public func log(level: Logger.Level, message: Logger.Message, metadata: Logger.Metadata?, file _: String, function _: String, line _: UInt) {
| `- error: 'Logger' is ambiguous for type lookup in this context
26 | os_log("%{PUBLIC}@", log: log, type: OSLogType(logLevel: level), formatter.format(message: message, metadata: metadata))
27 | }
Logging.Logger:1:15: note: found this candidate
1 | public struct Logger {
| `- note: found this candidate
2 | public var label: String { get }
3 | @inlinable public var handler: any Logging.LogHandler { get set }
os.Logger:2:15: note: found this candidate
1 | @available(macOS 11.0, iOS 14.0, watchOS 7.0, tvOS 14.0, *)
2 | public struct Logger : @unchecked Sendable {
| `- note: found this candidate
3 | public static var disabled: Logger { get }
4 | public init(subsystem: String, category: String)
/Users/admin/builder/spi-builder-workspace/Sources/UnifiedLogHandler/UnifiedLogHandler.swift:25:51: error: 'Logger' is ambiguous for type lookup in this context
23 | }
24 |
25 | public func log(level: Logger.Level, message: Logger.Message, metadata: Logger.Metadata?, file _: String, function _: String, line _: UInt) {
| `- error: 'Logger' is ambiguous for type lookup in this context
26 | os_log("%{PUBLIC}@", log: log, type: OSLogType(logLevel: level), formatter.format(message: message, metadata: metadata))
27 | }
Logging.Logger:1:15: note: found this candidate
1 | public struct Logger {
| `- note: found this candidate
2 | public var label: String { get }
3 | @inlinable public var handler: any Logging.LogHandler { get set }
os.Logger:2:15: note: found this candidate
1 | @available(macOS 11.0, iOS 14.0, watchOS 7.0, tvOS 14.0, *)
2 | public struct Logger : @unchecked Sendable {
| `- note: found this candidate
3 | public static var disabled: Logger { get }
4 | public init(subsystem: String, category: String)
/Users/admin/builder/spi-builder-workspace/Sources/UnifiedLogHandler/UnifiedLogHandler.swift:25:77: error: 'Logger' is ambiguous for type lookup in this context
23 | }
24 |
25 | public func log(level: Logger.Level, message: Logger.Message, metadata: Logger.Metadata?, file _: String, function _: String, line _: UInt) {
| `- error: 'Logger' is ambiguous for type lookup in this context
26 | os_log("%{PUBLIC}@", log: log, type: OSLogType(logLevel: level), formatter.format(message: message, metadata: metadata))
27 | }
Logging.Logger:1:15: note: found this candidate
1 | public struct Logger {
| `- note: found this candidate
2 | public var label: String { get }
3 | @inlinable public var handler: any Logging.LogHandler { get set }
os.Logger:2:15: note: found this candidate
1 | @available(macOS 11.0, iOS 14.0, watchOS 7.0, tvOS 14.0, *)
2 | public struct Logger : @unchecked Sendable {
| `- note: found this candidate
3 | public static var disabled: Logger { get }
4 | public init(subsystem: String, category: String)
/Users/admin/builder/spi-builder-workspace/Sources/UnifiedLogHandler/UnifiedLogHandler.swift:5:15: warning: deprecated default implementation is used to satisfy instance method 'log(event:)' required by protocol 'LogHandler': You should implement this method instead of using the default implementation [#DeprecatedDeclaration]
3 | import os.log
4 |
5 | public struct UnifiedLogHandler: LogHandler {
| `- warning: deprecated default implementation is used to satisfy instance method 'log(event:)' required by protocol 'LogHandler': You should implement this method instead of using the default implementation [#DeprecatedDeclaration]
6 | public var metadata: Logger.Metadata {
7 | get { formatter.metadata }
Logging.LogHandler.log:3:15: note: 'log(event:)' declared here
1 | protocol LogHandler {
2 | @available(*, deprecated, message: "You should implement this method instead of using the default implementation")
3 | public func log(event: Logging.LogEvent)}
| `- note: 'log(event:)' declared here
4 |
Logging.LogHandler.log:2:6: note: requirement 'log(event:)' declared here
1 | protocol LogHandler {
2 | func log(event: Logging.LogEvent)}
| `- note: requirement 'log(event:)' declared here
3 |
/Users/admin/builder/spi-builder-workspace/Sources/UnifiedLogHandler/UnifiedLogHandler.swift:31:20: error: 'Logger' is ambiguous for type lookup in this context
29 |
30 | private extension OSLogType {
31 | init(logLevel: Logger.Level) {
| `- error: 'Logger' is ambiguous for type lookup in this context
32 | switch logLevel {
33 | case .trace, .debug:
Logging.Logger:1:15: note: found this candidate
1 | public struct Logger {
| `- note: found this candidate
2 | public var label: String { get }
3 | @inlinable public var handler: any Logging.LogHandler { get set }
os.Logger:2:15: note: found this candidate
1 | @available(macOS 11.0, iOS 14.0, watchOS 7.0, tvOS 14.0, *)
2 | public struct Logger : @unchecked Sendable {
| `- note: found this candidate
3 | public static var disabled: Logger { get }
4 | public init(subsystem: String, category: String)
[#DeprecatedDeclaration]: <https://docs.swift.org/compiler/documentation/diagnostics/deprecated-declaration>
Failed frontend command:
/Applications/Xcode-27.0.0-Release.Candidate.app/Contents/Developer/Toolchains/XcodeDefault.xctoolchain/usr/bin/swift-frontend -frontend -emit-module -experimental-skip-non-inlinable-function-bodies-without-types /Users/admin/builder/spi-builder-workspace/Sources/UnifiedLogHandler/LogFormatter.swift /Users/admin/builder/spi-builder-workspace/Sources/UnifiedLogHandler/UnifiedLogHandler.swift -target arm64-apple-macos12.0 -disable-cross-import-overlay-search -load-resolved-plugin /Applications/Xcode-27.0.0-Release.Candidate.app/Contents/Developer/Platforms/MacOSX.platform/Developer/usr/lib/swift/host/plugins/libFoundationMacros.dylib\#/Applications/Xcode-27.0.0-Release.Candidate.app/Contents/Developer/Platforms/MacOSX.platform/Developer/usr/bin/swift-plugin-server\#FoundationMacros -load-resolved-plugin /Applications/Xcode-27.0.0-Release.Candidate.app/Contents/Developer/Platforms/MacOSX.platform/Developer/usr/lib/swift/host/plugins/libObservationMacros.dylib\#/Applications/Xcode-27.0.0-Release.Candidate.app/Contents/Developer/Platforms/MacOSX.platform/Developer/usr/bin/swift-plugin-server\#ObservationMacros -load-resolved-plugin /Applications/Xcode-27.0.0-Release.Candidate.app/Contents/Developer/Platforms/MacOSX.platform/Developer/usr/lib/swift/host/plugins/libSwiftMacros.dylib\#/Applications/Xcode-27.0.0-Release.Candidate.app/Contents/Developer/Platforms/MacOSX.platform/Developer/usr/bin/swift-plugin-server\#SwiftMacros -disable-implicit-swift-modules -Xcc -fno-implicit-modules -Xcc -fno-implicit-module-maps -explicit-swift-module-map-file /Users/admin/builder/spi-builder-workspace/.derivedData/Build/Intermediates.noindex/UnifiedLogHandler.build/Debug/UnifiedLogHandler-t.build/Objects-normal/arm64/UnifiedLogHandler-dependencies-1.json -Xllvm -aarch64-use-tbi -enable-objc-interop -stack-check -sdk /Applications/Xcode-27.0.0-Release.Candidate.app/Contents/Developer/Platforms/MacOSX.platform/Developer/SDKs/MacOSX27.0.sdk -I /Users/admin/builder/spi-builder-workspace/.derivedData/Build/Products/Debug -Isystem /Applications/Xcode-27.0.0-Release.Candidate.app/Contents/Developer/Platforms/MacOSX.platform/Developer/usr/lib -F /Users/admin/builder/spi-builder-workspace/.derivedData/Build/Products/Debug/PackageFrameworks -F /Users/admin/builder/spi-builder-workspace/.derivedData/Build/Products/Debug -F /Applications/Xcode-27.0.0-Release.Candidate.app/Contents/Developer/Platforms/MacOSX.platform/Developer/Library/Frameworks -module-cache-path /Users/admin/builder/spi-builder-workspace/.derivedData/Build/Intermediates.noindex/SwiftExplicitPrecompiledModules -no-color-diagnostics -Xcc -fno-color-diagnostics -enable-testing -g -debug-info-format\=dwarf -dwarf-version\=4 -profile-generate -profile-coverage-mapping -swift-version 5 -Onone -D SWIFT_PACKAGE -D DEBUG -D SWIFT_MODULE_RESOURCE_BUNDLE_UNAVAILABLE -D Xcode -serialize-debugging-options -enable-experimental-feature DebugDescriptionMacro -empty-abi-descriptor -validate-clang-modules-once -clang-build-session-file /Users/admin/builder/spi-builder-workspace/.derivedData/ModuleCache.noindex/Session.modulevalidation -Xcc -working-directory -Xcc /Users/admin/builder/spi-builder-workspace/.swiftpm/xcode -enable-anonymous-context-mangled-names -file-compilation-dir /Users/admin/builder/spi-builder-workspace/.swiftpm/xcode -Xcc -D_LIBCPP_HARDENING_MODE\=_LIBCPP_HARDENING_MODE_DEBUG -Xcc -ivfsstatcache -Xcc /Users/admin/builder/spi-builder-workspace/.derivedData/SDKStatCaches.noindex/macosx27.0-26A425-e829b21a6f8c9b70876ba0858053c0446a22442a12e9d48fe1a705f55a1adfc4.sdkstatcache -Xcc -fmodules-prune-interval\=86400 -Xcc -fmodules-prune-after\=345600 -Xcc -I/Users/admin/builder/spi-builder-workspace/.derivedData/Build/Products/Debug/include -Xcc -I/Users/admin/builder/spi-builder-workspace/.derivedData/Build/Intermediates.noindex/UnifiedLogHandler.build/Debug/UnifiedLogHandler-t.build/DerivedSources-normal/arm64 -Xcc -I/Users/admin/builder/spi-builder-workspace/.derivedData/Build/Intermediates.noindex/UnifiedLogHandler.build/Debug/UnifiedLogHandler-t.build/DerivedSources/arm64 -Xcc -I/Users/admin/builder/spi-builder-workspace/.derivedData/Build/Intermediates.noindex/UnifiedLogHandler.build/Debug/UnifiedLogHandler-t.build/DerivedSources -Xcc -DSWIFT_PACKAGE -Xcc -DDEBUG\=1 -no-auto-bridging-header-chaining -module-name UnifiedLogHandler -const-gather-protocols-file /Users/admin/builder/spi-builder-workspace/.derivedData/Build/Intermediates.noindex/UnifiedLogHandler.build/Debug/UnifiedLogHandler-t.build/Objects-normal/arm64/UnifiedLogHandler_const_extract_protocols.json -disable-clang-spi -clang-target arm64-apple-macos27.0 -target-sdk-version 27.0 -target-sdk-name macosx27.0 -in-process-plugin-server-path /Applications/Xcode-27.0.0-Release.Candidate.app/Contents/Developer/Toolchains/XcodeDefault.xctoolchain/usr/lib/swift/host/libSwiftInProcPluginServer.dylib -emit-module-doc-path /Users/admin/builder/spi-builder-workspace/.derivedData/Build/Intermediates.noindex/UnifiedLogHandler.build/Debug/UnifiedLogHandler-t.build/Objects-normal/arm64/UnifiedLogHandler.swiftdoc -emit-module-source-info-path /Users/admin/builder/spi-builder-workspace/.derivedData/Build/Intermediates.noindex/UnifiedLogHandler.build/Debug/UnifiedLogHandler-t.build/Objects-normal/arm64/UnifiedLogHandler.swiftsourceinfo -emit-objc-header-path /Users/admin/builder/spi-builder-workspace/.derivedData/Build/Intermediates.noindex/UnifiedLogHandler.build/Debug/UnifiedLogHandler-t.build/Objects-normal/arm64/UnifiedLogHandler-Swift.h -serialize-diagnostics-path /Users/admin/builder/spi-builder-workspace/.derivedData/Build/Intermediates.noindex/UnifiedLogHandler.build/Debug/UnifiedLogHandler-t.build/Objects-normal/arm64/UnifiedLogHandler-primary-emit-module.dia -emit-dependencies-path /Users/admin/builder/spi-builder-workspace/.derivedData/Build/Intermediates.noindex/UnifiedLogHandler.build/Debug/UnifiedLogHandler-t.build/Objects-normal/arm64/UnifiedLogHandler-primary-emit-module.d -parse-as-library -o /Users/admin/builder/spi-builder-workspace/.derivedData/Build/Intermediates.noindex/UnifiedLogHandler.build/Debug/UnifiedLogHandler-t.build/Objects-normal/arm64/UnifiedLogHandler.swiftmodule -emit-abi-descriptor-path /Users/admin/builder/spi-builder-workspace/.derivedData/Build/Intermediates.noindex/UnifiedLogHandler.build/Debug/UnifiedLogHandler-t.build/Objects-normal/arm64/UnifiedLogHandler.abi.json
SwiftCompile normal arm64 (in target 'UnifiedLogHandler' from project 'UnifiedLogHandler')
cd /Users/admin/builder/spi-builder-workspace/.swiftpm/xcode
PruneExplicitPrecompiledModules /Users/admin/builder/spi-builder-workspace/.derivedData/Build/Intermediates.noindex/ExplicitPrecompiledModules
PruneExplicitPrecompiledModules /Users/admin/builder/spi-builder-workspace/.derivedData/Build/Intermediates.noindex/SwiftExplicitPrecompiledModules
PruneExplicitPrecompiledModules /Users/admin/builder/spi-builder-workspace/.derivedData/SDKExplicitPrecompiledModules
2026-09-16 02:29:50.469 xcodebuild[686:4404] [MT] IDERunDestination: Supported platforms for the buildables in the current scheme is empty.
--- xcodebuild: WARNING: Using the first of multiple matching destinations:
{ platform:macOS, arch:arm64, id:2e6c3cf8def5e56fb3cb7517675795019784b5f9, name:My Mac }
{ platform:macOS, arch:arm64, variant:Mac Catalyst, id:2e6c3cf8def5e56fb3cb7517675795019784b5f9, name:My Mac }
{ platform:macOS, arch:arm64, variant:DriverKit, id:2e6c3cf8def5e56fb3cb7517675795019784b5f9, name:My Mac }
{ platform:macOS, arch:arm64, variant:Designed for [iPad,iPhone], id:2e6c3cf8def5e56fb3cb7517675795019784b5f9, name:My Mac }
** BUILD FAILED **
The following build commands failed:
SwiftEmitModule normal arm64 Emitting\ module\ for\ UnifiedLogHandler (in target 'UnifiedLogHandler' from project 'UnifiedLogHandler')
SwiftCompile normal arm64 (in target 'UnifiedLogHandler' from project 'UnifiedLogHandler')
Building workspace UnifiedLogHandler with scheme UnifiedLogHandler
(3 failures)
Command line invocation:
/Applications/Xcode-27.0.0-Release.Candidate.app/Contents/Developer/usr/bin/xcodebuild -IDEClonedSourcePackagesDirPathOverride=/Users/admin/builder/spi-builder-workspace/.dependencies -resolvePackageDependencies
Resolve Package Graph
Resolved source packages:
UnifiedLogHandler: /Users/admin/builder/spi-builder-workspace
swift-log: https://github.com/apple/swift-log @ 1.15.1
resolved source packages: UnifiedLogHandler, swift-log
2026-09-16 02:29:59.341 xcodebuild[778:4819] [MT] IDERunDestination: Supported platforms for the buildables in the current scheme is empty.
{
"dependencies" : [
{
"identity" : "swift-log",
"requirement" : {
"range" : [
{
"lower_bound" : "1.2.0",
"upper_bound" : "2.0.0"
}
]
},
"type" : "sourceControl",
"url" : "https://github.com/apple/swift-log"
}
],
"manifest_display_name" : "UnifiedLogHandler",
"name" : "UnifiedLogHandler",
"path" : "/Users/admin/builder/spi-builder-workspace",
"platforms" : [
{
"name" : "macos",
"version" : "10.12"
},
{
"name" : "ios",
"version" : "10.0"
},
{
"name" : "tvos",
"version" : "10.0"
},
{
"name" : "watchos",
"version" : "3.0"
}
],
"products" : [
{
"name" : "UnifiedLogHandler",
"targets" : [
"UnifiedLogHandler"
],
"type" : {
"library" : [
"automatic"
]
}
}
],
"targets" : [
{
"c99name" : "UnifiedLogHandlerTests",
"module_type" : "SwiftTarget",
"name" : "UnifiedLogHandlerTests",
"path" : "Tests/UnifiedLogHandlerTests",
"sources" : [
"LogFormatterTest.swift",
"XCTestManifests.swift"
],
"target_dependencies" : [
"UnifiedLogHandler"
],
"type" : "test"
},
{
"c99name" : "UnifiedLogHandler",
"module_type" : "SwiftTarget",
"name" : "UnifiedLogHandler",
"path" : "Sources/UnifiedLogHandler",
"product_dependencies" : [
"Logging"
],
"product_memberships" : [
"UnifiedLogHandler"
],
"sources" : [
"LogFormatter.swift",
"UnifiedLogHandler.swift"
],
"type" : "library"
}
],
"tools_version" : "5.1"
}
{
"workspace" : {
"name" : "UnifiedLogHandler",
"schemes" : [
"UnifiedLogHandler"
]
}
}
2026-09-16 02:30:00.738 xcodebuild[786:4887] [MT] IDERunDestination: Supported platforms for the buildables in the current scheme is empty.
Running build ...
env DEVELOPER_DIR=/Applications/Xcode-27.0.0-Release.Candidate.app xcrun xcodebuild -IDEClonedSourcePackagesDirPathOverride=$PWD/.dependencies -skipMacroValidation -skipPackagePluginValidation -derivedDataPath $PWD/.derivedData build -scheme UnifiedLogHandler -destination platform=macOS,arch=arm64
Command line invocation:
/Applications/Xcode-27.0.0-Release.Candidate.app/Contents/Developer/usr/bin/xcodebuild -IDEClonedSourcePackagesDirPathOverride=/Users/admin/builder/spi-builder-workspace/.dependencies -skipMacroValidation -skipPackagePluginValidation -derivedDataPath /Users/admin/builder/spi-builder-workspace/.derivedData build -scheme UnifiedLogHandler -destination platform=macOS,arch=arm64
Resolve Package Graph
Resolved source packages:
UnifiedLogHandler: /Users/admin/builder/spi-builder-workspace
swift-log: https://github.com/apple/swift-log @ 1.15.1
ComputePackagePrebuildTargetDependencyGraph
Prepare packages
CreateBuildRequest
SendProjectDescription
CreateBuildOperation
ComputeTargetDependencyGraph
note: Building targets in dependency order
note: Target dependency graph (4 targets)
Target 'UnifiedLogHandler-product' in project 'UnifiedLogHandler'
➜ Explicit dependency on target 'UnifiedLogHandler' in project 'UnifiedLogHandler'
➜ Explicit dependency on target 'Logging-product' in project 'swift-log'
Target 'UnifiedLogHandler' in project 'UnifiedLogHandler'
➜ Explicit dependency on target 'Logging-product' in project 'swift-log'
Target 'Logging-product' in project 'swift-log'
➜ Explicit dependency on target 'Logging' in project 'swift-log'
Target 'Logging' in project 'swift-log' (no dependencies)
GatherProvisioningInputs
CreateBuildDescription
ClangStatCache /Applications/Xcode-27.0.0-Release.Candidate.app/Contents/Developer/Toolchains/XcodeDefault.xctoolchain/usr/bin/clang-stat-cache /Applications/Xcode-27.0.0-Release.Candidate.app/Contents/Developer/Platforms/MacOSX.platform/Developer/SDKs/MacOSX27.0.sdk /Users/admin/builder/spi-builder-workspace/.derivedData/SDKStatCaches.noindex/macosx27.0-26A425-e829b21a6f8c9b70876ba0858053c0446a22442a12e9d48fe1a705f55a1adfc4.sdkstatcache
cd /Users/admin/builder/spi-builder-workspace/.swiftpm/xcode
/Applications/Xcode-27.0.0-Release.Candidate.app/Contents/Developer/Toolchains/XcodeDefault.xctoolchain/usr/bin/clang-stat-cache /Applications/Xcode-27.0.0-Release.Candidate.app/Contents/Developer/Platforms/MacOSX.platform/Developer/SDKs/MacOSX27.0.sdk -o /Users/admin/builder/spi-builder-workspace/.derivedData/SDKStatCaches.noindex/macosx27.0-26A425-e829b21a6f8c9b70876ba0858053c0446a22442a12e9d48fe1a705f55a1adfc4.sdkstatcache
SwiftDriver UnifiedLogHandler normal arm64 com.apple.xcode.tools.swift.compiler (in target 'UnifiedLogHandler' from project 'UnifiedLogHandler')
cd /Users/admin/builder/spi-builder-workspace/.swiftpm/xcode
builtin-SwiftDriver -- /Applications/Xcode-27.0.0-Release.Candidate.app/Contents/Developer/Toolchains/XcodeDefault.xctoolchain/usr/bin/swiftc -parse-as-library -module-name UnifiedLogHandler -Onone @/Users/admin/builder/spi-builder-workspace/.derivedData/Build/Intermediates.noindex/UnifiedLogHandler.build/Debug/UnifiedLogHandler-t.build/Objects-normal/arm64/UnifiedLogHandler.SwiftFileList -DSWIFT_PACKAGE -DDEBUG -DSWIFT_MODULE_RESOURCE_BUNDLE_UNAVAILABLE -DXcode -plugin-path /Applications/Xcode-27.0.0-Release.Candidate.app/Contents/Developer/Toolchains/XcodeDefault.xctoolchain/usr/lib/swift/host/plugins/testing -enable-experimental-feature DebugDescriptionMacro -sdk /Applications/Xcode-27.0.0-Release.Candidate.app/Contents/Developer/Platforms/MacOSX.platform/Developer/SDKs/MacOSX27.0.sdk -target arm64-apple-macos12.0 -g -module-cache-path /Users/admin/builder/spi-builder-workspace/.derivedData/ModuleCache.noindex -Xfrontend -serialize-debugging-options -profile-coverage-mapping -profile-generate -enable-testing -index-store-path /Users/admin/builder/spi-builder-workspace/.derivedData/Index.noindex/DataStore -Xcc -D_LIBCPP_HARDENING_MODE\=_LIBCPP_HARDENING_MODE_DEBUG -swift-version 5 -I /Users/admin/builder/spi-builder-workspace/.derivedData/Build/Products/Debug -Isystem /Applications/Xcode-27.0.0-Release.Candidate.app/Contents/Developer/Platforms/MacOSX.platform/Developer/usr/lib -F /Users/admin/builder/spi-builder-workspace/.derivedData/Build/Products/Debug/PackageFrameworks -F /Users/admin/builder/spi-builder-workspace/.derivedData/Build/Products/Debug -F /Applications/Xcode-27.0.0-Release.Candidate.app/Contents/Developer/Platforms/MacOSX.platform/Developer/Library/Frameworks -c -j10 -enable-batch-mode -incremental -Xcc -ivfsstatcache -Xcc /Users/admin/builder/spi-builder-workspace/.derivedData/SDKStatCaches.noindex/macosx27.0-26A425-e829b21a6f8c9b70876ba0858053c0446a22442a12e9d48fe1a705f55a1adfc4.sdkstatcache -output-file-map /Users/admin/builder/spi-builder-workspace/.derivedData/Build/Intermediates.noindex/UnifiedLogHandler.build/Debug/UnifiedLogHandler-t.build/Objects-normal/arm64/UnifiedLogHandler-OutputFileMap.json -save-temps -no-color-diagnostics -explicit-module-build -module-cache-path /Users/admin/builder/spi-builder-workspace/.derivedData/Build/Intermediates.noindex/SwiftExplicitPrecompiledModules -clang-scanner-module-cache-path /Users/admin/builder/spi-builder-workspace/.derivedData/ModuleCache.noindex -sdk-module-cache-path /Users/admin/builder/spi-builder-workspace/.derivedData/SDKExplicitPrecompiledModules -emit-dependencies -emit-module -emit-module-path /Users/admin/builder/spi-builder-workspace/.derivedData/Build/Intermediates.noindex/UnifiedLogHandler.build/Debug/UnifiedLogHandler-t.build/Objects-normal/arm64/UnifiedLogHandler.swiftmodule -serialize-diagnostics -dependency-scan-serialize-diagnostics-path /Users/admin/builder/spi-builder-workspace/.derivedData/Build/Intermediates.noindex/UnifiedLogHandler.build/Debug/UnifiedLogHandler-t.build/Objects-normal/arm64/UnifiedLogHandler-dependency-scan.dia -validate-clang-modules-once -clang-build-session-file /Users/admin/builder/spi-builder-workspace/.derivedData/ModuleCache.noindex/Session.modulevalidation -Xcc -fmodules-prune-interval\=86400 -Xcc -fmodules-prune-after\=345600 -emit-const-values -const-gather-protocols-list /Users/admin/builder/spi-builder-workspace/.derivedData/Build/Intermediates.noindex/UnifiedLogHandler.build/Debug/UnifiedLogHandler-t.build/Objects-normal/arm64/UnifiedLogHandler_const_extract_protocols.json -Xcc -I/Users/admin/builder/spi-builder-workspace/.derivedData/Build/Products/Debug/include -Xcc -I/Users/admin/builder/spi-builder-workspace/.derivedData/Build/Intermediates.noindex/UnifiedLogHandler.build/Debug/UnifiedLogHandler-t.build/DerivedSources-normal/arm64 -Xcc -I/Users/admin/builder/spi-builder-workspace/.derivedData/Build/Intermediates.noindex/UnifiedLogHandler.build/Debug/UnifiedLogHandler-t.build/DerivedSources/arm64 -Xcc -I/Users/admin/builder/spi-builder-workspace/.derivedData/Build/Intermediates.noindex/UnifiedLogHandler.build/Debug/UnifiedLogHandler-t.build/DerivedSources -Xcc -DSWIFT_PACKAGE -Xcc -DDEBUG\=1 -emit-objc-header -emit-objc-header-path /Users/admin/builder/spi-builder-workspace/.derivedData/Build/Intermediates.noindex/UnifiedLogHandler.build/Debug/UnifiedLogHandler-t.build/Objects-normal/arm64/UnifiedLogHandler-Swift.h -working-directory /Users/admin/builder/spi-builder-workspace/.swiftpm/xcode -experimental-emit-module-separately -disable-cmo
SwiftCompile normal arm64 Compiling\ LogFormatter.swift /Users/admin/builder/spi-builder-workspace/Sources/UnifiedLogHandler/LogFormatter.swift (in target 'UnifiedLogHandler' from project 'UnifiedLogHandler')
SwiftCompile normal arm64 /Users/admin/builder/spi-builder-workspace/Sources/UnifiedLogHandler/LogFormatter.swift (in target 'UnifiedLogHandler' from project 'UnifiedLogHandler')
cd /Users/admin/builder/spi-builder-workspace/.swiftpm/xcode
builtin-SwiftPerFileCompile LogFormatter.swift
SwiftEmitModule normal arm64 Emitting\ module\ for\ UnifiedLogHandler (in target 'UnifiedLogHandler' from project 'UnifiedLogHandler')
/Users/admin/builder/spi-builder-workspace/Sources/UnifiedLogHandler/UnifiedLogHandler.swift:6:26: error: 'Logger' is ambiguous for type lookup in this context
4 |
5 | public struct UnifiedLogHandler: LogHandler {
6 | public var metadata: Logger.Metadata {
| `- error: 'Logger' is ambiguous for type lookup in this context
7 | get { formatter.metadata }
8 | set { formatter.metadata = newValue }
Logging.Logger:1:15: note: found this candidate
1 | public struct Logger {
| `- note: found this candidate
2 | public var label: String { get }
3 | @inlinable public var handler: any Logging.LogHandler { get set }
os.Logger:2:15: note: found this candidate
1 | @available(macOS 11.0, iOS 14.0, watchOS 7.0, tvOS 14.0, *)
2 | public struct Logger : @unchecked Sendable {
| `- note: found this candidate
3 | public static var disabled: Logger { get }
4 | public init(subsystem: String, category: String)
/Users/admin/builder/spi-builder-workspace/Sources/UnifiedLogHandler/UnifiedLogHandler.swift:11:26: error: 'Logger' is ambiguous for type lookup in this context
9 | }
10 |
11 | public var logLevel: Logger.Level = .info
| `- error: 'Logger' is ambiguous for type lookup in this context
12 |
13 | private let log: OSLog
Logging.Logger:1:15: note: found this candidate
1 | public struct Logger {
| `- note: found this candidate
2 | public var label: String { get }
3 | @inlinable public var handler: any Logging.LogHandler { get set }
os.Logger:2:15: note: found this candidate
1 | @available(macOS 11.0, iOS 14.0, watchOS 7.0, tvOS 14.0, *)
2 | public struct Logger : @unchecked Sendable {
| `- note: found this candidate
3 | public static var disabled: Logger { get }
4 | public init(subsystem: String, category: String)
/Users/admin/builder/spi-builder-workspace/Sources/UnifiedLogHandler/UnifiedLogHandler.swift:20:50: error: 'Logger' is ambiguous for type lookup in this context
18 | }
19 |
20 | public subscript(metadataKey key: String) -> Logger.Metadata.Value? {
| `- error: 'Logger' is ambiguous for type lookup in this context
21 | get { formatter.metadata[key] }
22 | set { formatter.metadata[key] = newValue }
Logging.Logger:1:15: note: found this candidate
1 | public struct Logger {
| `- note: found this candidate
2 | public var label: String { get }
3 | @inlinable public var handler: any Logging.LogHandler { get set }
os.Logger:2:15: note: found this candidate
1 | @available(macOS 11.0, iOS 14.0, watchOS 7.0, tvOS 14.0, *)
2 | public struct Logger : @unchecked Sendable {
| `- note: found this candidate
3 | public static var disabled: Logger { get }
4 | public init(subsystem: String, category: String)
/Users/admin/builder/spi-builder-workspace/Sources/UnifiedLogHandler/UnifiedLogHandler.swift:25:28: error: 'Logger' is ambiguous for type lookup in this context
23 | }
24 |
25 | public func log(level: Logger.Level, message: Logger.Message, metadata: Logger.Metadata?, file _: String, function _: String, line _: UInt) {
| `- error: 'Logger' is ambiguous for type lookup in this context
26 | os_log("%{PUBLIC}@", log: log, type: OSLogType(logLevel: level), formatter.format(message: message, metadata: metadata))
27 | }
Logging.Logger:1:15: note: found this candidate
1 | public struct Logger {
| `- note: found this candidate
2 | public var label: String { get }
3 | @inlinable public var handler: any Logging.LogHandler { get set }
os.Logger:2:15: note: found this candidate
1 | @available(macOS 11.0, iOS 14.0, watchOS 7.0, tvOS 14.0, *)
2 | public struct Logger : @unchecked Sendable {
| `- note: found this candidate
3 | public static var disabled: Logger { get }
4 | public init(subsystem: String, category: String)
/Users/admin/builder/spi-builder-workspace/Sources/UnifiedLogHandler/UnifiedLogHandler.swift:25:51: error: 'Logger' is ambiguous for type lookup in this context
23 | }
24 |
25 | public func log(level: Logger.Level, message: Logger.Message, metadata: Logger.Metadata?, file _: String, function _: String, line _: UInt) {
| `- error: 'Logger' is ambiguous for type lookup in this context
26 | os_log("%{PUBLIC}@", log: log, type: OSLogType(logLevel: level), formatter.format(message: message, metadata: metadata))
27 | }
Logging.Logger:1:15: note: found this candidate
1 | public struct Logger {
| `- note: found this candidate
2 | public var label: String { get }
3 | @inlinable public var handler: any Logging.LogHandler { get set }
os.Logger:2:15: note: found this candidate
1 | @available(macOS 11.0, iOS 14.0, watchOS 7.0, tvOS 14.0, *)
2 | public struct Logger : @unchecked Sendable {
| `- note: found this candidate
3 | public static var disabled: Logger { get }
4 | public init(subsystem: String, category: String)
/Users/admin/builder/spi-builder-workspace/Sources/UnifiedLogHandler/UnifiedLogHandler.swift:25:77: error: 'Logger' is ambiguous for type lookup in this context
23 | }
24 |
25 | public func log(level: Logger.Level, message: Logger.Message, metadata: Logger.Metadata?, file _: String, function _: String, line _: UInt) {
| `- error: 'Logger' is ambiguous for type lookup in this context
26 | os_log("%{PUBLIC}@", log: log, type: OSLogType(logLevel: level), formatter.format(message: message, metadata: metadata))
27 | }
Logging.Logger:1:15: note: found this candidate
1 | public struct Logger {
| `- note: found this candidate
2 | public var label: String { get }
3 | @inlinable public var handler: any Logging.LogHandler { get set }
os.Logger:2:15: note: found this candidate
1 | @available(macOS 11.0, iOS 14.0, watchOS 7.0, tvOS 14.0, *)
2 | public struct Logger : @unchecked Sendable {
| `- note: found this candidate
3 | public static var disabled: Logger { get }
4 | public init(subsystem: String, category: String)
/Users/admin/builder/spi-builder-workspace/Sources/UnifiedLogHandler/UnifiedLogHandler.swift:5:15: warning: deprecated default implementation is used to satisfy instance method 'log(event:)' required by protocol 'LogHandler': You should implement this method instead of using the default implementation [#DeprecatedDeclaration]
3 | import os.log
4 |
5 | public struct UnifiedLogHandler: LogHandler {
| `- warning: deprecated default implementation is used to satisfy instance method 'log(event:)' required by protocol 'LogHandler': You should implement this method instead of using the default implementation [#DeprecatedDeclaration]
6 | public var metadata: Logger.Metadata {
7 | get { formatter.metadata }
Logging.LogHandler.log:3:15: note: 'log(event:)' declared here
1 | protocol LogHandler {
2 | @available(*, deprecated, message: "You should implement this method instead of using the default implementation")
3 | public func log(event: Logging.LogEvent)}
| `- note: 'log(event:)' declared here
4 |
Logging.LogHandler.log:2:6: note: requirement 'log(event:)' declared here
1 | protocol LogHandler {
2 | func log(event: Logging.LogEvent)}
| `- note: requirement 'log(event:)' declared here
3 |
/Users/admin/builder/spi-builder-workspace/Sources/UnifiedLogHandler/UnifiedLogHandler.swift:31:20: error: 'Logger' is ambiguous for type lookup in this context
29 |
30 | private extension OSLogType {
31 | init(logLevel: Logger.Level) {
| `- error: 'Logger' is ambiguous for type lookup in this context
32 | switch logLevel {
33 | case .trace, .debug:
Logging.Logger:1:15: note: found this candidate
1 | public struct Logger {
| `- note: found this candidate
2 | public var label: String { get }
3 | @inlinable public var handler: any Logging.LogHandler { get set }
os.Logger:2:15: note: found this candidate
1 | @available(macOS 11.0, iOS 14.0, watchOS 7.0, tvOS 14.0, *)
2 | public struct Logger : @unchecked Sendable {
| `- note: found this candidate
3 | public static var disabled: Logger { get }
4 | public init(subsystem: String, category: String)
[#DeprecatedDeclaration]: <https://docs.swift.org/compiler/documentation/diagnostics/deprecated-declaration>
Failed frontend command:
/Applications/Xcode-27.0.0-Release.Candidate.app/Contents/Developer/Toolchains/XcodeDefault.xctoolchain/usr/bin/swift-frontend -frontend -emit-module -experimental-skip-non-inlinable-function-bodies-without-types /Users/admin/builder/spi-builder-workspace/Sources/UnifiedLogHandler/LogFormatter.swift /Users/admin/builder/spi-builder-workspace/Sources/UnifiedLogHandler/UnifiedLogHandler.swift -target arm64-apple-macos12.0 -disable-cross-import-overlay-search -load-resolved-plugin /Applications/Xcode-27.0.0-Release.Candidate.app/Contents/Developer/Platforms/MacOSX.platform/Developer/usr/lib/swift/host/plugins/libFoundationMacros.dylib\#/Applications/Xcode-27.0.0-Release.Candidate.app/Contents/Developer/Platforms/MacOSX.platform/Developer/usr/bin/swift-plugin-server\#FoundationMacros -load-resolved-plugin /Applications/Xcode-27.0.0-Release.Candidate.app/Contents/Developer/Platforms/MacOSX.platform/Developer/usr/lib/swift/host/plugins/libObservationMacros.dylib\#/Applications/Xcode-27.0.0-Release.Candidate.app/Contents/Developer/Platforms/MacOSX.platform/Developer/usr/bin/swift-plugin-server\#ObservationMacros -load-resolved-plugin /Applications/Xcode-27.0.0-Release.Candidate.app/Contents/Developer/Platforms/MacOSX.platform/Developer/usr/lib/swift/host/plugins/libSwiftMacros.dylib\#/Applications/Xcode-27.0.0-Release.Candidate.app/Contents/Developer/Platforms/MacOSX.platform/Developer/usr/bin/swift-plugin-server\#SwiftMacros -disable-implicit-swift-modules -Xcc -fno-implicit-modules -Xcc -fno-implicit-module-maps -explicit-swift-module-map-file /Users/admin/builder/spi-builder-workspace/.derivedData/Build/Intermediates.noindex/UnifiedLogHandler.build/Debug/UnifiedLogHandler-t.build/Objects-normal/arm64/UnifiedLogHandler-dependencies-1.json -Xllvm -aarch64-use-tbi -enable-objc-interop -stack-check -sdk /Applications/Xcode-27.0.0-Release.Candidate.app/Contents/Developer/Platforms/MacOSX.platform/Developer/SDKs/MacOSX27.0.sdk -I /Users/admin/builder/spi-builder-workspace/.derivedData/Build/Products/Debug -Isystem /Applications/Xcode-27.0.0-Release.Candidate.app/Contents/Developer/Platforms/MacOSX.platform/Developer/usr/lib -F /Users/admin/builder/spi-builder-workspace/.derivedData/Build/Products/Debug/PackageFrameworks -F /Users/admin/builder/spi-builder-workspace/.derivedData/Build/Products/Debug -F /Applications/Xcode-27.0.0-Release.Candidate.app/Contents/Developer/Platforms/MacOSX.platform/Developer/Library/Frameworks -module-cache-path /Users/admin/builder/spi-builder-workspace/.derivedData/Build/Intermediates.noindex/SwiftExplicitPrecompiledModules -no-color-diagnostics -Xcc -fno-color-diagnostics -enable-testing -g -debug-info-format\=dwarf -dwarf-version\=4 -profile-generate -profile-coverage-mapping -swift-version 5 -Onone -D SWIFT_PACKAGE -D DEBUG -D SWIFT_MODULE_RESOURCE_BUNDLE_UNAVAILABLE -D Xcode -serialize-debugging-options -enable-experimental-feature DebugDescriptionMacro -empty-abi-descriptor -validate-clang-modules-once -clang-build-session-file /Users/admin/builder/spi-builder-workspace/.derivedData/ModuleCache.noindex/Session.modulevalidation -Xcc -working-directory -Xcc /Users/admin/builder/spi-builder-workspace/.swiftpm/xcode -enable-anonymous-context-mangled-names -file-compilation-dir /Users/admin/builder/spi-builder-workspace/.swiftpm/xcode -Xcc -D_LIBCPP_HARDENING_MODE\=_LIBCPP_HARDENING_MODE_DEBUG -Xcc -ivfsstatcache -Xcc /Users/admin/builder/spi-builder-workspace/.derivedData/SDKStatCaches.noindex/macosx27.0-26A425-e829b21a6f8c9b70876ba0858053c0446a22442a12e9d48fe1a705f55a1adfc4.sdkstatcache -Xcc -fmodules-prune-interval\=86400 -Xcc -fmodules-prune-after\=345600 -Xcc -I/Users/admin/builder/spi-builder-workspace/.derivedData/Build/Products/Debug/include -Xcc -I/Users/admin/builder/spi-builder-workspace/.derivedData/Build/Intermediates.noindex/UnifiedLogHandler.build/Debug/UnifiedLogHandler-t.build/DerivedSources-normal/arm64 -Xcc -I/Users/admin/builder/spi-builder-workspace/.derivedData/Build/Intermediates.noindex/UnifiedLogHandler.build/Debug/UnifiedLogHandler-t.build/DerivedSources/arm64 -Xcc -I/Users/admin/builder/spi-builder-workspace/.derivedData/Build/Intermediates.noindex/UnifiedLogHandler.build/Debug/UnifiedLogHandler-t.build/DerivedSources -Xcc -DSWIFT_PACKAGE -Xcc -DDEBUG\=1 -no-auto-bridging-header-chaining -module-name UnifiedLogHandler -const-gather-protocols-file /Users/admin/builder/spi-builder-workspace/.derivedData/Build/Intermediates.noindex/UnifiedLogHandler.build/Debug/UnifiedLogHandler-t.build/Objects-normal/arm64/UnifiedLogHandler_const_extract_protocols.json -disable-clang-spi -clang-target arm64-apple-macos27.0 -target-sdk-version 27.0 -target-sdk-name macosx27.0 -in-process-plugin-server-path /Applications/Xcode-27.0.0-Release.Candidate.app/Contents/Developer/Toolchains/XcodeDefault.xctoolchain/usr/lib/swift/host/libSwiftInProcPluginServer.dylib -emit-module-doc-path /Users/admin/builder/spi-builder-workspace/.derivedData/Build/Intermediates.noindex/UnifiedLogHandler.build/Debug/UnifiedLogHandler-t.build/Objects-normal/arm64/UnifiedLogHandler.swiftdoc -emit-module-source-info-path /Users/admin/builder/spi-builder-workspace/.derivedData/Build/Intermediates.noindex/UnifiedLogHandler.build/Debug/UnifiedLogHandler-t.build/Objects-normal/arm64/UnifiedLogHandler.swiftsourceinfo -emit-objc-header-path /Users/admin/builder/spi-builder-workspace/.derivedData/Build/Intermediates.noindex/UnifiedLogHandler.build/Debug/UnifiedLogHandler-t.build/Objects-normal/arm64/UnifiedLogHandler-Swift.h -serialize-diagnostics-path /Users/admin/builder/spi-builder-workspace/.derivedData/Build/Intermediates.noindex/UnifiedLogHandler.build/Debug/UnifiedLogHandler-t.build/Objects-normal/arm64/UnifiedLogHandler-primary-emit-module.dia -emit-dependencies-path /Users/admin/builder/spi-builder-workspace/.derivedData/Build/Intermediates.noindex/UnifiedLogHandler.build/Debug/UnifiedLogHandler-t.build/Objects-normal/arm64/UnifiedLogHandler-primary-emit-module.d -parse-as-library -o /Users/admin/builder/spi-builder-workspace/.derivedData/Build/Intermediates.noindex/UnifiedLogHandler.build/Debug/UnifiedLogHandler-t.build/Objects-normal/arm64/UnifiedLogHandler.swiftmodule -emit-abi-descriptor-path /Users/admin/builder/spi-builder-workspace/.derivedData/Build/Intermediates.noindex/UnifiedLogHandler.build/Debug/UnifiedLogHandler-t.build/Objects-normal/arm64/UnifiedLogHandler.abi.json
SwiftCompile normal arm64 (in target 'UnifiedLogHandler' from project 'UnifiedLogHandler')
cd /Users/admin/builder/spi-builder-workspace/.swiftpm/xcode
SwiftCompile normal arm64 Compiling\ UnifiedLogHandler.swift /Users/admin/builder/spi-builder-workspace/Sources/UnifiedLogHandler/UnifiedLogHandler.swift (in target 'UnifiedLogHandler' from project 'UnifiedLogHandler')
SwiftCompile normal arm64 /Users/admin/builder/spi-builder-workspace/Sources/UnifiedLogHandler/UnifiedLogHandler.swift (in target 'UnifiedLogHandler' from project 'UnifiedLogHandler')
cd /Users/admin/builder/spi-builder-workspace/.swiftpm/xcode
builtin-SwiftPerFileCompile UnifiedLogHandler.swift
/Users/admin/builder/spi-builder-workspace/Sources/UnifiedLogHandler/UnifiedLogHandler.swift:6:26: error: 'Logger' is ambiguous for type lookup in this context
4 |
5 | public struct UnifiedLogHandler: LogHandler {
6 | public var metadata: Logger.Metadata {
| `- error: 'Logger' is ambiguous for type lookup in this context
7 | get { formatter.metadata }
8 | set { formatter.metadata = newValue }
Logging.Logger:1:15: note: found this candidate
1 | public struct Logger {
| `- note: found this candidate
2 | public var label: String { get }
3 | @inlinable public var handler: any Logging.LogHandler { get set }
os.Logger:2:15: note: found this candidate
1 | @available(macOS 11.0, iOS 14.0, watchOS 7.0, tvOS 14.0, *)
2 | public struct Logger : @unchecked Sendable {
| `- note: found this candidate
3 | public static var disabled: Logger { get }
4 | public init(subsystem: String, category: String)
/Users/admin/builder/spi-builder-workspace/Sources/UnifiedLogHandler/UnifiedLogHandler.swift:11:26: error: 'Logger' is ambiguous for type lookup in this context
9 | }
10 |
11 | public var logLevel: Logger.Level = .info
| `- error: 'Logger' is ambiguous for type lookup in this context
12 |
13 | private let log: OSLog
Logging.Logger:1:15: note: found this candidate
1 | public struct Logger {
| `- note: found this candidate
2 | public var label: String { get }
3 | @inlinable public var handler: any Logging.LogHandler { get set }
os.Logger:2:15: note: found this candidate
1 | @available(macOS 11.0, iOS 14.0, watchOS 7.0, tvOS 14.0, *)
2 | public struct Logger : @unchecked Sendable {
| `- note: found this candidate
3 | public static var disabled: Logger { get }
4 | public init(subsystem: String, category: String)
/Users/admin/builder/spi-builder-workspace/Sources/UnifiedLogHandler/UnifiedLogHandler.swift:20:50: error: 'Logger' is ambiguous for type lookup in this context
18 | }
19 |
20 | public subscript(metadataKey key: String) -> Logger.Metadata.Value? {
| `- error: 'Logger' is ambiguous for type lookup in this context
21 | get { formatter.metadata[key] }
22 | set { formatter.metadata[key] = newValue }
Logging.Logger:1:15: note: found this candidate
1 | public struct Logger {
| `- note: found this candidate
2 | public var label: String { get }
3 | @inlinable public var handler: any Logging.LogHandler { get set }
os.Logger:2:15: note: found this candidate
1 | @available(macOS 11.0, iOS 14.0, watchOS 7.0, tvOS 14.0, *)
2 | public struct Logger : @unchecked Sendable {
| `- note: found this candidate
3 | public static var disabled: Logger { get }
4 | public init(subsystem: String, category: String)
/Users/admin/builder/spi-builder-workspace/Sources/UnifiedLogHandler/UnifiedLogHandler.swift:25:28: error: 'Logger' is ambiguous for type lookup in this context
23 | }
24 |
25 | public func log(level: Logger.Level, message: Logger.Message, metadata: Logger.Metadata?, file _: String, function _: String, line _: UInt) {
| `- error: 'Logger' is ambiguous for type lookup in this context
26 | os_log("%{PUBLIC}@", log: log, type: OSLogType(logLevel: level), formatter.format(message: message, metadata: metadata))
27 | }
Logging.Logger:1:15: note: found this candidate
1 | public struct Logger {
| `- note: found this candidate
2 | public var label: String { get }
3 | @inlinable public var handler: any Logging.LogHandler { get set }
os.Logger:2:15: note: found this candidate
1 | @available(macOS 11.0, iOS 14.0, watchOS 7.0, tvOS 14.0, *)
2 | public struct Logger : @unchecked Sendable {
| `- note: found this candidate
3 | public static var disabled: Logger { get }
4 | public init(subsystem: String, category: String)
/Users/admin/builder/spi-builder-workspace/Sources/UnifiedLogHandler/UnifiedLogHandler.swift:25:51: error: 'Logger' is ambiguous for type lookup in this context
23 | }
24 |
25 | public func log(level: Logger.Level, message: Logger.Message, metadata: Logger.Metadata?, file _: String, function _: String, line _: UInt) {
| `- error: 'Logger' is ambiguous for type lookup in this context
26 | os_log("%{PUBLIC}@", log: log, type: OSLogType(logLevel: level), formatter.format(message: message, metadata: metadata))
27 | }
Logging.Logger:1:15: note: found this candidate
1 | public struct Logger {
| `- note: found this candidate
2 | public var label: String { get }
3 | @inlinable public var handler: any Logging.LogHandler { get set }
os.Logger:2:15: note: found this candidate
1 | @available(macOS 11.0, iOS 14.0, watchOS 7.0, tvOS 14.0, *)
2 | public struct Logger : @unchecked Sendable {
| `- note: found this candidate
3 | public static var disabled: Logger { get }
4 | public init(subsystem: String, category: String)
/Users/admin/builder/spi-builder-workspace/Sources/UnifiedLogHandler/UnifiedLogHandler.swift:25:77: error: 'Logger' is ambiguous for type lookup in this context
23 | }
24 |
25 | public func log(level: Logger.Level, message: Logger.Message, metadata: Logger.Metadata?, file _: String, function _: String, line _: UInt) {
| `- error: 'Logger' is ambiguous for type lookup in this context
26 | os_log("%{PUBLIC}@", log: log, type: OSLogType(logLevel: level), formatter.format(message: message, metadata: metadata))
27 | }
Logging.Logger:1:15: note: found this candidate
1 | public struct Logger {
| `- note: found this candidate
2 | public var label: String { get }
3 | @inlinable public var handler: any Logging.LogHandler { get set }
os.Logger:2:15: note: found this candidate
1 | @available(macOS 11.0, iOS 14.0, watchOS 7.0, tvOS 14.0, *)
2 | public struct Logger : @unchecked Sendable {
| `- note: found this candidate
3 | public static var disabled: Logger { get }
4 | public init(subsystem: String, category: String)
/Users/admin/builder/spi-builder-workspace/Sources/UnifiedLogHandler/UnifiedLogHandler.swift:5:15: warning: deprecated default implementation is used to satisfy instance method 'log(event:)' required by protocol 'LogHandler': You should implement this method instead of using the default implementation [#DeprecatedDeclaration]
3 | import os.log
4 |
5 | public struct UnifiedLogHandler: LogHandler {
| `- warning: deprecated default implementation is used to satisfy instance method 'log(event:)' required by protocol 'LogHandler': You should implement this method instead of using the default implementation [#DeprecatedDeclaration]
6 | public var metadata: Logger.Metadata {
7 | get { formatter.metadata }
Logging.LogHandler.log:3:15: note: 'log(event:)' declared here
1 | protocol LogHandler {
2 | @available(*, deprecated, message: "You should implement this method instead of using the default implementation")
3 | public func log(event: Logging.LogEvent)}
| `- note: 'log(event:)' declared here
4 |
Logging.LogHandler.log:2:6: note: requirement 'log(event:)' declared here
1 | protocol LogHandler {
2 | func log(event: Logging.LogEvent)}
| `- note: requirement 'log(event:)' declared here
3 |
PruneExplicitPrecompiledModules /Users/admin/builder/spi-builder-workspace/.derivedData/Build/Intermediates.noindex/ExplicitPrecompiledModules
PruneExplicitPrecompiledModules /Users/admin/builder/spi-builder-workspace/.derivedData/Build/Intermediates.noindex/SwiftExplicitPrecompiledModules
PruneExplicitPrecompiledModules /Users/admin/builder/spi-builder-workspace/.derivedData/SDKExplicitPrecompiledModules
2026-09-16 02:30:01.816 xcodebuild[787:4919] [MT] IDERunDestination: Supported platforms for the buildables in the current scheme is empty.
--- xcodebuild: WARNING: Using the first of multiple matching destinations:
{ platform:macOS, arch:arm64, id:2e6c3cf8def5e56fb3cb7517675795019784b5f9, name:My Mac }
{ platform:macOS, arch:arm64, variant:Mac Catalyst, id:2e6c3cf8def5e56fb3cb7517675795019784b5f9, name:My Mac }
{ platform:macOS, arch:arm64, variant:DriverKit, id:2e6c3cf8def5e56fb3cb7517675795019784b5f9, name:My Mac }
{ platform:macOS, arch:arm64, variant:Designed for [iPad,iPhone], id:2e6c3cf8def5e56fb3cb7517675795019784b5f9, name:My Mac }
** BUILD FAILED **
The following build commands failed:
SwiftEmitModule normal arm64 Emitting\ module\ for\ UnifiedLogHandler (in target 'UnifiedLogHandler' from project 'UnifiedLogHandler')
SwiftCompile normal arm64 (in target 'UnifiedLogHandler' from project 'UnifiedLogHandler')
Building workspace UnifiedLogHandler with scheme UnifiedLogHandler
(3 failures)
BUILD FAILURE 6.4 macosXcodebuild