Build Information
Failed to build SwiftPCAP, reference 1.3.1 (7fc1f4), with Swift 6.4 for macOS (SPM) on 20 Sep 2026 00:50:37 UTC.
Build Command
env DEVELOPER_DIR=/Applications/Xcode-27.0.0-Release.Candidate.app xcrun swift build --arch arm64Build Log
========================================
RunAll
========================================
Builder version: 5.1.0
Interrupt handler set up.
========================================
Checkout
========================================
Clone URL: https://github.com/OperatorFoundation/SwiftPCAP.git
Reference: 1.3.1
Initialized empty Git repository in /Users/admin/builder/spi-builder-workspace/.git/
From https://github.com/OperatorFoundation/SwiftPCAP
* tag 1.3.1 -> FETCH_HEAD
HEAD is now at 7fc1f40 Swift 5.3
Cloned https://github.com/OperatorFoundation/SwiftPCAP.git
Revision (git rev-parse @):
7fc1f40ca4638629c9d95e750bb80d782023ad4a
SUCCESS checkout https://github.com/OperatorFoundation/SwiftPCAP.git at 1.3.1
========================================
Build
========================================
Selected platform: macosSpm
Swift version: 6.4
Building package at path: $PWD
https://github.com/OperatorFoundation/SwiftPCAP.git
Running build ...
env DEVELOPER_DIR=/Applications/Xcode-27.0.0-Release.Candidate.app xcrun swift build --arch arm64
Building for debugging...
[Planning deferred tasks]
[19 / 28]
Fetching https://github.com/OperatorFoundation/SwiftHexTools
[1/96] Fetching swifthextools
Fetched https://github.com/OperatorFoundation/SwiftHexTools (0.78s)
Computing version for https://github.com/OperatorFoundation/SwiftHexTools
Computed https://github.com/OperatorFoundation/SwiftHexTools at 1.2.6 (1.45s)
Creating working copy for https://github.com/OperatorFoundation/SwiftHexTools
Working copy of https://github.com/OperatorFoundation/SwiftHexTools resolved at 1.2.6
error: clang dependency scanning failure: /Users/admin/builder/spi-builder-workspace/Sources/Clibpcap/module.modulemap:4:12: error: header '/usr/local/opt/libpcap/include/pcap.h' not found
module-include.input:1:1: fatal error: could not build module 'ClibpcapMacOS'
error: /Users/admin/builder/spi-builder-workspace/Sources/SwiftPCAP/SwiftPCAP.swift:5:12 unable to resolve module dependency: 'ClibpcapMacOS'
error: clang dependency scanning failure: /Users/admin/builder/spi-builder-workspace/Sources/Clibpcap/module.modulemap:4:12: error: header '/usr/local/opt/libpcap/include/pcap.h' not found
module-include.input:1:1: fatal error: could not build module 'ClibpcapMacOS'
error: SwiftDriver SwiftPCAP normal arm64 com.apple.xcode.tools.swift.compiler failed with a nonzero exit code. Command line: cd /Users/admin/builder
builtin-SwiftDriver -- /Applications/Xcode-27.0.0-Release.Candidate.app/Contents/Developer/Toolchains/XcodeDefault.xctoolchain/usr/bin/swiftc -parse-as-library -module-name SwiftPCAP -Onone @/Users/admin/builder/spi-builder-workspace/.build/out/Intermediates.noindex/SwiftPCAP.build/Debug/SwiftPCAP-t.build/Objects-normal/arm64/SwiftPCAP.SwiftFileList -DSWIFT_PACKAGE -DDEBUG -DSWIFT_MODULE_RESOURCE_BUNDLE_UNAVAILABLE -Xcc -fmodule-map-file\=/Users/admin/builder/spi-builder-workspace/Sources/Clibpcap/module.modulemap -DXcode -plugin-path /Applications/Xcode-27.0.0-Release.Candidate.app/Contents/Developer/Toolchains/XcodeDefault.xctoolchain/usr/lib/swift/host/plugins/testing -enable-experimental-feature DebugDescriptionMacro -sdk /Applications/Xcode-27.0.0-Release.Candidate.app/Contents/Developer/Platforms/MacOSX.platform/Developer/SDKs/MacOSX27.0.sdk -target arm64-apple-macos12.0 -g -module-cache-path /Users/admin/builder/spi-builder-workspace/.build/out/ModuleCache.noindex -Xfrontend -serialize-debugging-options -enable-testing -index-store-path /Users/admin/builder/spi-builder-workspace/.build/out -Xcc -D_LIBCPP_HARDENING_MODE\=_LIBCPP_HARDENING_MODE_DEBUG -swift-version 5 -I /Users/admin/builder/spi-builder-workspace/.build/out/Products/Debug -Isystem /Applications/Xcode-27.0.0-Release.Candidate.app/Contents/Developer/Platforms/MacOSX.platform/Developer/usr/lib -F /Users/admin/builder/spi-builder-workspace/.build/out/Products/Debug -F /Applications/Xcode-27.0.0-Release.Candidate.app/Contents/Developer/Platforms/MacOSX.platform/Developer/Library/Frameworks -c -j10 -enable-batch-mode -incremental -Xcc -ivfsstatcache -Xcc /Users/admin/builder/spi-builder-workspace/.build/out/SDKStatCaches.noindex/macosx27.0-26A425-80c5bbf1d171475443272936d42f90a36a22442a12e9d48fe1a705f55a1adfc4.sdkstatcache -output-file-map /Users/admin/builder/spi-builder-workspace/.build/out/Intermediates.noindex/SwiftPCAP.build/Debug/SwiftPCAP-t.build/Objects-normal/arm64/SwiftPCAP-OutputFileMap.json -save-temps -color-diagnostics -explicit-module-build -module-cache-path /Users/admin/builder/spi-builder-workspace/.build/out/Intermediates.noindex/SwiftExplicitPrecompiledModules -clang-scanner-module-cache-path /Users/admin/builder/spi-builder-workspace/.build/out/ModuleCache.noindex -sdk-module-cache-path /Users/admin/builder/spi-builder-workspace/.build/out/SDKExplicitPrecompiledModules -emit-dependencies -emit-module -emit-module-path /Users/admin/builder/spi-builder-workspace/.build/out/Intermediates.noindex/SwiftPCAP.build/Debug/SwiftPCAP-t.build/Objects-normal/arm64/SwiftPCAP.swiftmodule -serialize-diagnostics -dependency-scan-serialize-diagnostics-path /Users/admin/builder/spi-builder-workspace/.build/out/Intermediates.noindex/SwiftPCAP.build/Debug/SwiftPCAP-t.build/Objects-normal/arm64/SwiftPCAP-dependency-scan.dia -validate-clang-modules-once -clang-build-session-file /Users/admin/builder/spi-builder-workspace/.build/out/ModuleCache.noindex/Session.modulevalidation -Xcc -fmodules-prune-interval\=86400 -Xcc -fmodules-prune-after\=345600 -emit-const-values -const-gather-protocols-list /Users/admin/builder/spi-builder-workspace/.build/out/Intermediates.noindex/SwiftPCAP.build/Debug/SwiftPCAP-t.build/Objects-normal/arm64/SwiftPCAP_const_extract_protocols.json -Xcc -I/Users/admin/builder/spi-builder-workspace/.build/out/Products/Debug/include -Xcc -I/Users/admin/builder/spi-builder-workspace/.build/out/Intermediates.noindex/SwiftPCAP.build/Debug/SwiftPCAP-t.build/DerivedSources-normal/arm64 -Xcc -I/Users/admin/builder/spi-builder-workspace/.build/out/Intermediates.noindex/SwiftPCAP.build/Debug/SwiftPCAP-t.build/DerivedSources/arm64 -Xcc -I/Users/admin/builder/spi-builder-workspace/.build/out/Intermediates.noindex/SwiftPCAP.build/Debug/SwiftPCAP-t.build/DerivedSources -Xcc -DSWIFT_PACKAGE -Xcc -DDEBUG\=1 -emit-objc-header -emit-objc-header-path /Users/admin/builder/spi-builder-workspace/.build/out/Intermediates.noindex/SwiftPCAP.build/Debug/SwiftPCAP-t.build/Objects-normal/arm64/SwiftPCAP-Swift.h -working-directory /Users/admin/builder -experimental-emit-module-separately -disable-cmo
error: Build failed
BUILD FAILURE 6.4 macosSpm