The Swift Package Index logo.Swift Package Index

Build Information

Failed to build DisplayLink, reference main (b8aa09), with Swift 6.4 for watchOS using Xcode 27.0 on 4 Oct 2026 09:17:55 UTC.

Build Command

env DEVELOPER_DIR=/Applications/Xcode-27.0.0-Release.Candidate.app xcrun xcodebuild -IDEClonedSourcePackagesDirPathOverride=$PWD/.dependencies -skipMacroValidation -skipPackagePluginValidation -derivedDataPath $PWD/.derivedData build -scheme DisplayLink -destination generic/platform=watchOS

Build Log

========================================
RunAll
========================================
Builder version: 5.1.1
Interrupt handler set up.
========================================
Checkout
========================================
Clone URL: https://github.com/Lakr233/DisplayLink.git
Reference: main
Initialized empty Git repository in /Users/admin/builder/spi-builder-workspace/.git/
From https://github.com/Lakr233/DisplayLink
 * branch            main       -> FETCH_HEAD
 * [new branch]      main       -> origin/main
HEAD is now at b8aa092 docs: say how an iPhone app gets past 60 Hz
Cloned https://github.com/Lakr233/DisplayLink.git
Revision (git rev-parse @):
b8aa09201cb9bc10e23f00de0bcd729c0349d29e
SUCCESS checkout https://github.com/Lakr233/DisplayLink.git at main
========================================
Build
========================================
Selected platform:         watchOS
Swift version:             6.4
Building package at path:  $PWD
https://github.com/Lakr233/DisplayLink.git
Command line invocation:
    /Applications/Xcode-27.0.0-Release.Candidate.app/Contents/Developer/usr/bin/xcodebuild -IDEClonedSourcePackagesDirPathOverride=/Users/admin/builder/spi-builder-workspace/.dependencies -resolvePackageDependencies
Resolve Package Graph
Resolve Package Graph
Resolved source packages:
  DisplayLink: /Users/admin/builder/spi-builder-workspace
resolved source packages: DisplayLink
2026-10-04 05:17:10.857 xcodebuild[528:3028] [MT] IDERunDestination: Supported platforms for the buildables in the current scheme is empty.
{
  "dependencies" : [
  ],
  "manifest_display_name" : "DisplayLink",
  "name" : "DisplayLink",
  "path" : "/Users/admin/builder/spi-builder-workspace",
  "platforms" : [
    {
      "name" : "ios",
      "version" : "15.0"
    },
    {
      "name" : "macos",
      "version" : "12.0"
    },
    {
      "name" : "maccatalyst",
      "version" : "15.0"
    },
    {
      "name" : "tvos",
      "version" : "15.0"
    },
    {
      "name" : "visionos",
      "version" : "1.0"
    }
  ],
  "products" : [
    {
      "name" : "DisplayLink",
      "targets" : [
        "DisplayLink"
      ],
      "type" : {
        "library" : [
          "automatic"
        ]
      }
    }
  ],
  "targets" : [
    {
      "c99name" : "DisplayLinkTests",
      "module_type" : "SwiftTarget",
      "name" : "DisplayLinkTests",
      "path" : "Tests/DisplayLinkTests",
      "sources" : [
        "DisplayLinkContextTests.swift",
        "DisplayLinkLifecycleTests.swift",
        "DisplayLinkStressTests.swift",
        "DisplayLinkSwiftUITests.swift",
        "FrameRateRangeTests.swift",
        "TestSupport.swift"
      ],
      "target_dependencies" : [
        "DisplayLink"
      ],
      "type" : "test"
    },
    {
      "c99name" : "DisplayLink",
      "module_type" : "SwiftTarget",
      "name" : "DisplayLink",
      "path" : "Sources/DisplayLink",
      "product_memberships" : [
        "DisplayLink"
      ],
      "sources" : [
        "DisplayLink+SwiftUI.swift",
        "DisplayLink.swift",
        "DisplayLinkContext.swift",
        "DisplayLinkFrame.swift",
        "DisplayLinkFrameRateRange.swift",
        "PlatformLink+AppKit.swift",
        "PlatformLink+UIKit.swift",
        "SharedDisplayLink.swift",
        "WindowAnchor.swift"
      ],
      "type" : "library"
    }
  ],
  "tools_version" : "6.2"
}
{
  "workspace" : {
    "name" : "DisplayLink",
    "schemes" : [
      "DisplayLink"
    ]
  }
}
2026-10-04 05:17:43.928 xcodebuild[625:3833] [MT] IDERunDestination: Supported platforms for the buildables in the current scheme is empty.
Running build ...
env DEVELOPER_DIR=/Applications/Xcode-27.0.0-Release.Candidate.app xcrun xcodebuild -IDEClonedSourcePackagesDirPathOverride=$PWD/.dependencies -skipMacroValidation -skipPackagePluginValidation -derivedDataPath $PWD/.derivedData build -scheme DisplayLink -destination generic/platform=watchOS
Command line invocation:
    /Applications/Xcode-27.0.0-Release.Candidate.app/Contents/Developer/usr/bin/xcodebuild -IDEClonedSourcePackagesDirPathOverride=/Users/admin/builder/spi-builder-workspace/.dependencies -skipMacroValidation -skipPackagePluginValidation -derivedDataPath /Users/admin/builder/spi-builder-workspace/.derivedData build -scheme DisplayLink -destination generic/platform=watchOS
Resolve Package Graph
Resolved source packages:
  DisplayLink: /Users/admin/builder/spi-builder-workspace
ComputePackagePrebuildTargetDependencyGraph
Prepare packages
CreateBuildRequest
SendProjectDescription
CreateBuildOperation
ComputeTargetDependencyGraph
note: Building targets in dependency order
note: Target dependency graph (2 targets)
    Target 'DisplayLink-product' in project 'DisplayLink'
        ➜ Explicit dependency on target 'DisplayLink' in project 'DisplayLink'
    Target 'DisplayLink' in project 'DisplayLink' (no dependencies)
GatherProvisioningInputs
CreateBuildDescription
ExecuteExternalTool /Applications/Xcode-27.0.0-Release.Candidate.app/Contents/Developer/Toolchains/XcodeDefault.xctoolchain/usr/bin/clang -v -E -dM -isysroot /Applications/Xcode-27.0.0-Release.Candidate.app/Contents/Developer/Platforms/WatchOS.platform/Developer/SDKs/WatchOS27.0.sdk -x c -c /dev/null
ExecuteExternalTool /Applications/Xcode-27.0.0-Release.Candidate.app/Contents/Developer/Toolchains/XcodeDefault.xctoolchain/usr/bin/swiftc --version
ExecuteExternalTool /Applications/Xcode-27.0.0-Release.Candidate.app/Contents/Developer/Toolchains/XcodeDefault.xctoolchain/usr/bin/ld -version_details
Build description signature: 2a03f654bdf1e730573a26a47ea21a70
Build description path: /Users/admin/builder/spi-builder-workspace/.derivedData/Build/Intermediates.noindex/XCBuildData/2a03f654bdf1e730573a26a47ea21a70.xcbuilddata
CreateBuildDirectory /Users/admin/builder/spi-builder-workspace/.derivedData/SDKExplicitPrecompiledModules
    cd /Users/admin/builder/spi-builder-workspace/.swiftpm/xcode
    builtin-create-build-directory /Users/admin/builder/spi-builder-workspace/.derivedData/SDKExplicitPrecompiledModules
CreateBuildDirectory /Users/admin/builder/spi-builder-workspace/.derivedData/CompilationCache.noindex
    cd /Users/admin/builder/spi-builder-workspace/.swiftpm/xcode
    builtin-create-build-directory /Users/admin/builder/spi-builder-workspace/.derivedData/CompilationCache.noindex
CreateBuildDirectory /Users/admin/builder/spi-builder-workspace/.derivedData/ModuleCache.noindex
    cd /Users/admin/builder/spi-builder-workspace/.swiftpm/xcode
    builtin-create-build-directory /Users/admin/builder/spi-builder-workspace/.derivedData/ModuleCache.noindex
ClangStatCache /Applications/Xcode-27.0.0-Release.Candidate.app/Contents/Developer/Toolchains/XcodeDefault.xctoolchain/usr/bin/clang-stat-cache /Applications/Xcode-27.0.0-Release.Candidate.app/Contents/Developer/Platforms/WatchOS.platform/Developer/SDKs/WatchOS27.0.sdk /Users/admin/builder/spi-builder-workspace/.derivedData/SDKStatCaches.noindex/watchos27.0-24R360-e829b21a6f8c9b70876ba0858053c04477534ef55a1706bf4c1112bbb242f0a2.sdkstatcache
    cd /Users/admin/builder/spi-builder-workspace/.swiftpm/xcode
    /Applications/Xcode-27.0.0-Release.Candidate.app/Contents/Developer/Toolchains/XcodeDefault.xctoolchain/usr/bin/clang-stat-cache /Applications/Xcode-27.0.0-Release.Candidate.app/Contents/Developer/Platforms/WatchOS.platform/Developer/SDKs/WatchOS27.0.sdk -o /Users/admin/builder/spi-builder-workspace/.derivedData/SDKStatCaches.noindex/watchos27.0-24R360-e829b21a6f8c9b70876ba0858053c04477534ef55a1706bf4c1112bbb242f0a2.sdkstatcache
CreateBuildDirectory /Users/admin/builder/spi-builder-workspace/.derivedData/Build/Products
    cd /Users/admin/builder/spi-builder-workspace/.swiftpm/xcode
    builtin-create-build-directory /Users/admin/builder/spi-builder-workspace/.derivedData/Build/Products
CreateBuildDirectory /Users/admin/builder/spi-builder-workspace/.derivedData/Build/Intermediates.noindex
    cd /Users/admin/builder/spi-builder-workspace/.swiftpm/xcode
    builtin-create-build-directory /Users/admin/builder/spi-builder-workspace/.derivedData/Build/Intermediates.noindex
CreateBuildDirectory /Users/admin/builder/spi-builder-workspace/.derivedData/Build/Intermediates.noindex/SwiftExplicitPrecompiledModules
    cd /Users/admin/builder/spi-builder-workspace/.swiftpm/xcode
    builtin-create-build-directory /Users/admin/builder/spi-builder-workspace/.derivedData/Build/Intermediates.noindex/SwiftExplicitPrecompiledModules
CreateBuildDirectory /Users/admin/builder/spi-builder-workspace/.derivedData/Build/Intermediates.noindex/PrecompiledHeaders
    cd /Users/admin/builder/spi-builder-workspace/.swiftpm/xcode
    builtin-create-build-directory /Users/admin/builder/spi-builder-workspace/.derivedData/Build/Intermediates.noindex/PrecompiledHeaders
CreateBuildDirectory /Users/admin/builder/spi-builder-workspace/.derivedData/Build/Intermediates.noindex/ExplicitPrecompiledModules
    cd /Users/admin/builder/spi-builder-workspace/.swiftpm/xcode
    builtin-create-build-directory /Users/admin/builder/spi-builder-workspace/.derivedData/Build/Intermediates.noindex/ExplicitPrecompiledModules
CreateBuildDirectory /Users/admin/builder/spi-builder-workspace/.derivedData/Build/Products/Debug-watchos
    cd /Users/admin/builder/spi-builder-workspace/.swiftpm/xcode
    builtin-create-build-directory /Users/admin/builder/spi-builder-workspace/.derivedData/Build/Products/Debug-watchos
CreateBuildDirectory /Users/admin/builder/spi-builder-workspace/.derivedData/Build/Intermediates.noindex/EagerLinkingTBDs/Debug-watchos
    cd /Users/admin/builder/spi-builder-workspace/.swiftpm/xcode
    builtin-create-build-directory /Users/admin/builder/spi-builder-workspace/.derivedData/Build/Intermediates.noindex/EagerLinkingTBDs/Debug-watchos
CreateBuildDirectory /Users/admin/builder/spi-builder-workspace/.derivedData/Build/Products/Debug-watchos/PackageFrameworks
    cd /Users/admin/builder/spi-builder-workspace/.swiftpm/xcode
    builtin-create-build-directory /Users/admin/builder/spi-builder-workspace/.derivedData/Build/Products/Debug-watchos/PackageFrameworks
WriteAuxiliaryFile /Users/admin/builder/spi-builder-workspace/.derivedData/Build/Intermediates.noindex/DisplayLink.build/Debug-watchos/DisplayLink-t.build/DisplayLink.modulemap (in target 'DisplayLink' from project 'DisplayLink')
    cd /Users/admin/builder/spi-builder-workspace
    write-file /Users/admin/builder/spi-builder-workspace/.derivedData/Build/Intermediates.noindex/DisplayLink.build/Debug-watchos/DisplayLink-t.build/DisplayLink.modulemap
WriteAuxiliaryFile /Users/admin/builder/spi-builder-workspace/.derivedData/Build/Intermediates.noindex/DisplayLink.build/Debug-watchos/DisplayLink-t.build/Objects-normal/arm64_32/DisplayLink-OutputFileMap.json (in target 'DisplayLink' from project 'DisplayLink')
    cd /Users/admin/builder/spi-builder-workspace
    write-file /Users/admin/builder/spi-builder-workspace/.derivedData/Build/Intermediates.noindex/DisplayLink.build/Debug-watchos/DisplayLink-t.build/Objects-normal/arm64_32/DisplayLink-OutputFileMap.json
WriteAuxiliaryFile /Users/admin/builder/spi-builder-workspace/.derivedData/Build/Intermediates.noindex/DisplayLink.build/Debug-watchos/DisplayLink-t.build/Objects-normal/arm64_32/DisplayLink_const_extract_protocols.json (in target 'DisplayLink' from project 'DisplayLink')
    cd /Users/admin/builder/spi-builder-workspace
    write-file /Users/admin/builder/spi-builder-workspace/.derivedData/Build/Intermediates.noindex/DisplayLink.build/Debug-watchos/DisplayLink-t.build/Objects-normal/arm64_32/DisplayLink_const_extract_protocols.json
WriteAuxiliaryFile /Users/admin/builder/spi-builder-workspace/.derivedData/Build/Intermediates.noindex/DisplayLink.build/Debug-watchos/DisplayLink-t.build/Objects-normal/arm64_32/DisplayLink.SwiftFileList (in target 'DisplayLink' from project 'DisplayLink')
    cd /Users/admin/builder/spi-builder-workspace
    write-file /Users/admin/builder/spi-builder-workspace/.derivedData/Build/Intermediates.noindex/DisplayLink.build/Debug-watchos/DisplayLink-t.build/Objects-normal/arm64_32/DisplayLink.SwiftFileList
WriteAuxiliaryFile /Users/admin/builder/spi-builder-workspace/.derivedData/Build/Intermediates.noindex/DisplayLink.build/Debug-watchos/DisplayLink-t.build/Objects-normal/arm64_32/DisplayLink.LinkFileList (in target 'DisplayLink' from project 'DisplayLink')
    cd /Users/admin/builder/spi-builder-workspace
    write-file /Users/admin/builder/spi-builder-workspace/.derivedData/Build/Intermediates.noindex/DisplayLink.build/Debug-watchos/DisplayLink-t.build/Objects-normal/arm64_32/DisplayLink.LinkFileList
WriteAuxiliaryFile /Users/admin/builder/spi-builder-workspace/.derivedData/Build/Intermediates.noindex/DisplayLink.build/Debug-watchos/DisplayLink-t.build/Objects-normal/arm64/DisplayLink-OutputFileMap.json (in target 'DisplayLink' from project 'DisplayLink')
    cd /Users/admin/builder/spi-builder-workspace
    write-file /Users/admin/builder/spi-builder-workspace/.derivedData/Build/Intermediates.noindex/DisplayLink.build/Debug-watchos/DisplayLink-t.build/Objects-normal/arm64/DisplayLink-OutputFileMap.json
WriteAuxiliaryFile /Users/admin/builder/spi-builder-workspace/.derivedData/Build/Intermediates.noindex/DisplayLink.build/Debug-watchos/DisplayLink-t.build/Objects-normal/arm64/DisplayLink_const_extract_protocols.json (in target 'DisplayLink' from project 'DisplayLink')
    cd /Users/admin/builder/spi-builder-workspace
    write-file /Users/admin/builder/spi-builder-workspace/.derivedData/Build/Intermediates.noindex/DisplayLink.build/Debug-watchos/DisplayLink-t.build/Objects-normal/arm64/DisplayLink_const_extract_protocols.json
WriteAuxiliaryFile /Users/admin/builder/spi-builder-workspace/.derivedData/Build/Intermediates.noindex/DisplayLink.build/Debug-watchos/DisplayLink-t.build/Objects-normal/arm64/DisplayLink.LinkFileList (in target 'DisplayLink' from project 'DisplayLink')
    cd /Users/admin/builder/spi-builder-workspace
    write-file /Users/admin/builder/spi-builder-workspace/.derivedData/Build/Intermediates.noindex/DisplayLink.build/Debug-watchos/DisplayLink-t.build/Objects-normal/arm64/DisplayLink.LinkFileList
WriteAuxiliaryFile /Users/admin/builder/spi-builder-workspace/.derivedData/Build/Intermediates.noindex/DisplayLink.build/Debug-watchos/DisplayLink-t.build/Objects-normal/arm64_32/DisplayLink.SwiftConstValuesFileList (in target 'DisplayLink' from project 'DisplayLink')
    cd /Users/admin/builder/spi-builder-workspace
    write-file /Users/admin/builder/spi-builder-workspace/.derivedData/Build/Intermediates.noindex/DisplayLink.build/Debug-watchos/DisplayLink-t.build/Objects-normal/arm64_32/DisplayLink.SwiftConstValuesFileList
WriteAuxiliaryFile /Users/admin/builder/spi-builder-workspace/.derivedData/Build/Intermediates.noindex/DisplayLink.build/Debug-watchos/DisplayLink-t.build/Objects-normal/arm64/DisplayLink.SwiftFileList (in target 'DisplayLink' from project 'DisplayLink')
    cd /Users/admin/builder/spi-builder-workspace
    write-file /Users/admin/builder/spi-builder-workspace/.derivedData/Build/Intermediates.noindex/DisplayLink.build/Debug-watchos/DisplayLink-t.build/Objects-normal/arm64/DisplayLink.SwiftFileList
WriteAuxiliaryFile /Users/admin/builder/spi-builder-workspace/.derivedData/Build/Intermediates.noindex/DisplayLink.build/Debug-watchos/DisplayLink-t.build/Objects-normal/arm64/DisplayLink.SwiftConstValuesFileList (in target 'DisplayLink' from project 'DisplayLink')
    cd /Users/admin/builder/spi-builder-workspace
    write-file /Users/admin/builder/spi-builder-workspace/.derivedData/Build/Intermediates.noindex/DisplayLink.build/Debug-watchos/DisplayLink-t.build/Objects-normal/arm64/DisplayLink.SwiftConstValuesFileList
WriteAuxiliaryFile /Users/admin/builder/spi-builder-workspace/.derivedData/Build/Intermediates.noindex/DisplayLink.build/Debug-watchos/DisplayLink-t.build/DisplayLink.DependencyStaticMetadataFileList (in target 'DisplayLink' from project 'DisplayLink')
    cd /Users/admin/builder/spi-builder-workspace
    write-file /Users/admin/builder/spi-builder-workspace/.derivedData/Build/Intermediates.noindex/DisplayLink.build/Debug-watchos/DisplayLink-t.build/DisplayLink.DependencyStaticMetadataFileList
WriteAuxiliaryFile /Users/admin/builder/spi-builder-workspace/.derivedData/Build/Intermediates.noindex/DisplayLink.build/Debug-watchos/DisplayLink-t.build/DisplayLink.DependencyMetadataFileList (in target 'DisplayLink' from project 'DisplayLink')
    cd /Users/admin/builder/spi-builder-workspace
    write-file /Users/admin/builder/spi-builder-workspace/.derivedData/Build/Intermediates.noindex/DisplayLink.build/Debug-watchos/DisplayLink-t.build/DisplayLink.DependencyMetadataFileList
Copy /Users/admin/builder/spi-builder-workspace/.derivedData/Build/Intermediates.noindex/GeneratedModuleMaps-watchos/DisplayLink.modulemap /Users/admin/builder/spi-builder-workspace/.derivedData/Build/Intermediates.noindex/DisplayLink.build/Debug-watchos/DisplayLink-t.build/DisplayLink.modulemap (in target 'DisplayLink' from project 'DisplayLink')
    cd /Users/admin/builder/spi-builder-workspace
    builtin-copy -exclude .DS_Store -exclude CVS -exclude .svn -exclude .git -exclude .hg -resolve-src-symlinks /Users/admin/builder/spi-builder-workspace/.derivedData/Build/Intermediates.noindex/DisplayLink.build/Debug-watchos/DisplayLink-t.build/DisplayLink.modulemap /Users/admin/builder/spi-builder-workspace/.derivedData/Build/Intermediates.noindex/GeneratedModuleMaps-watchos
SwiftDriver DisplayLink normal arm64 com.apple.xcode.tools.swift.compiler (in target 'DisplayLink' from project 'DisplayLink')
    cd /Users/admin/builder/spi-builder-workspace/.swiftpm/xcode
    builtin-SwiftDriver -- /Applications/Xcode-27.0.0-Release.Candidate.app/Contents/Developer/Toolchains/XcodeDefault.xctoolchain/usr/bin/swiftc -parse-as-library -module-name DisplayLink -Onone @/Users/admin/builder/spi-builder-workspace/.derivedData/Build/Intermediates.noindex/DisplayLink.build/Debug-watchos/DisplayLink-t.build/Objects-normal/arm64/DisplayLink.SwiftFileList -DSWIFT_PACKAGE -DDEBUG -DSWIFT_MODULE_RESOURCE_BUNDLE_UNAVAILABLE -DXcode -plugin-path /Applications/Xcode-27.0.0-Release.Candidate.app/Contents/Developer/Toolchains/XcodeDefault.xctoolchain/usr/lib/swift/host/plugins/testing -enable-experimental-feature DebugDescriptionMacro -sdk /Applications/Xcode-27.0.0-Release.Candidate.app/Contents/Developer/Platforms/WatchOS.platform/Developer/SDKs/WatchOS27.0.sdk -target arm64-apple-watchos9.0 -g -module-cache-path /Users/admin/builder/spi-builder-workspace/.derivedData/ModuleCache.noindex -Xfrontend -serialize-debugging-options -profile-coverage-mapping -profile-generate -enable-testing -index-store-path /Users/admin/builder/spi-builder-workspace/.derivedData/Index.noindex/DataStore -Xcc -D_LIBCPP_HARDENING_MODE\=_LIBCPP_HARDENING_MODE_DEBUG -swift-version 6 -I /Users/admin/builder/spi-builder-workspace/.derivedData/Build/Products/Debug-watchos -Isystem /Applications/Xcode-27.0.0-Release.Candidate.app/Contents/Developer/Platforms/WatchOS.platform/Developer/usr/lib -F /Users/admin/builder/spi-builder-workspace/.derivedData/Build/Products/Debug-watchos -F /Applications/Xcode-27.0.0-Release.Candidate.app/Contents/Developer/Platforms/WatchOS.platform/Developer/Library/Frameworks -F /Applications/Xcode-27.0.0-Release.Candidate.app/Contents/Developer/Platforms/WatchOS.platform/Developer/SDKs/WatchOS27.0.sdk/Developer/Library/Frameworks -c -j10 -enable-batch-mode -incremental -Xcc -ivfsstatcache -Xcc /Users/admin/builder/spi-builder-workspace/.derivedData/SDKStatCaches.noindex/watchos27.0-24R360-e829b21a6f8c9b70876ba0858053c04477534ef55a1706bf4c1112bbb242f0a2.sdkstatcache -output-file-map /Users/admin/builder/spi-builder-workspace/.derivedData/Build/Intermediates.noindex/DisplayLink.build/Debug-watchos/DisplayLink-t.build/Objects-normal/arm64/DisplayLink-OutputFileMap.json -save-temps -no-color-diagnostics -explicit-module-build -module-cache-path /Users/admin/builder/spi-builder-workspace/.derivedData/Build/Intermediates.noindex/SwiftExplicitPrecompiledModules -clang-scanner-module-cache-path /Users/admin/builder/spi-builder-workspace/.derivedData/ModuleCache.noindex -sdk-module-cache-path /Users/admin/builder/spi-builder-workspace/.derivedData/SDKExplicitPrecompiledModules -emit-dependencies -emit-module -emit-module-path /Users/admin/builder/spi-builder-workspace/.derivedData/Build/Intermediates.noindex/DisplayLink.build/Debug-watchos/DisplayLink-t.build/Objects-normal/arm64/DisplayLink.swiftmodule -serialize-diagnostics -dependency-scan-serialize-diagnostics-path /Users/admin/builder/spi-builder-workspace/.derivedData/Build/Intermediates.noindex/DisplayLink.build/Debug-watchos/DisplayLink-t.build/Objects-normal/arm64/DisplayLink-dependency-scan.dia -validate-clang-modules-once -clang-build-session-file /Users/admin/builder/spi-builder-workspace/.derivedData/ModuleCache.noindex/Session.modulevalidation -Xcc -fmodules-prune-interval\=86400 -Xcc -fmodules-prune-after\=345600 -package-name spi_builder_workspace -emit-const-values -const-gather-protocols-list /Users/admin/builder/spi-builder-workspace/.derivedData/Build/Intermediates.noindex/DisplayLink.build/Debug-watchos/DisplayLink-t.build/Objects-normal/arm64/DisplayLink_const_extract_protocols.json -Xcc -I/Users/admin/builder/spi-builder-workspace/.derivedData/Build/Products/Debug-watchos/include -Xcc -I/Users/admin/builder/spi-builder-workspace/.derivedData/Build/Intermediates.noindex/DisplayLink.build/Debug-watchos/DisplayLink-t.build/DerivedSources-normal/arm64 -Xcc -I/Users/admin/builder/spi-builder-workspace/.derivedData/Build/Intermediates.noindex/DisplayLink.build/Debug-watchos/DisplayLink-t.build/DerivedSources/arm64 -Xcc -I/Users/admin/builder/spi-builder-workspace/.derivedData/Build/Intermediates.noindex/DisplayLink.build/Debug-watchos/DisplayLink-t.build/DerivedSources -Xcc -DSWIFT_PACKAGE -Xcc -DDEBUG\=1 -emit-objc-header -emit-objc-header-path /Users/admin/builder/spi-builder-workspace/.derivedData/Build/Intermediates.noindex/DisplayLink.build/Debug-watchos/DisplayLink-t.build/Objects-normal/arm64/DisplayLink-Swift.h -working-directory /Users/admin/builder/spi-builder-workspace/.swiftpm/xcode -experimental-emit-module-separately -disable-cmo
SwiftDriver DisplayLink normal arm64_32 com.apple.xcode.tools.swift.compiler (in target 'DisplayLink' from project 'DisplayLink')
    cd /Users/admin/builder/spi-builder-workspace/.swiftpm/xcode
    builtin-SwiftDriver -- /Applications/Xcode-27.0.0-Release.Candidate.app/Contents/Developer/Toolchains/XcodeDefault.xctoolchain/usr/bin/swiftc -parse-as-library -module-name DisplayLink -Onone @/Users/admin/builder/spi-builder-workspace/.derivedData/Build/Intermediates.noindex/DisplayLink.build/Debug-watchos/DisplayLink-t.build/Objects-normal/arm64_32/DisplayLink.SwiftFileList -DSWIFT_PACKAGE -DDEBUG -DSWIFT_MODULE_RESOURCE_BUNDLE_UNAVAILABLE -DXcode -plugin-path /Applications/Xcode-27.0.0-Release.Candidate.app/Contents/Developer/Toolchains/XcodeDefault.xctoolchain/usr/lib/swift/host/plugins/testing -enable-experimental-feature DebugDescriptionMacro -sdk /Applications/Xcode-27.0.0-Release.Candidate.app/Contents/Developer/Platforms/WatchOS.platform/Developer/SDKs/WatchOS27.0.sdk -target arm64_32-apple-watchos9.0 -g -module-cache-path /Users/admin/builder/spi-builder-workspace/.derivedData/ModuleCache.noindex -Xfrontend -serialize-debugging-options -profile-coverage-mapping -profile-generate -enable-testing -index-store-path /Users/admin/builder/spi-builder-workspace/.derivedData/Index.noindex/DataStore -Xcc -D_LIBCPP_HARDENING_MODE\=_LIBCPP_HARDENING_MODE_DEBUG -swift-version 6 -I /Users/admin/builder/spi-builder-workspace/.derivedData/Build/Products/Debug-watchos -Isystem /Applications/Xcode-27.0.0-Release.Candidate.app/Contents/Developer/Platforms/WatchOS.platform/Developer/usr/lib -F /Users/admin/builder/spi-builder-workspace/.derivedData/Build/Products/Debug-watchos -F /Applications/Xcode-27.0.0-Release.Candidate.app/Contents/Developer/Platforms/WatchOS.platform/Developer/Library/Frameworks -F /Applications/Xcode-27.0.0-Release.Candidate.app/Contents/Developer/Platforms/WatchOS.platform/Developer/SDKs/WatchOS27.0.sdk/Developer/Library/Frameworks -c -j10 -enable-batch-mode -incremental -Xcc -ivfsstatcache -Xcc /Users/admin/builder/spi-builder-workspace/.derivedData/SDKStatCaches.noindex/watchos27.0-24R360-e829b21a6f8c9b70876ba0858053c04477534ef55a1706bf4c1112bbb242f0a2.sdkstatcache -output-file-map /Users/admin/builder/spi-builder-workspace/.derivedData/Build/Intermediates.noindex/DisplayLink.build/Debug-watchos/DisplayLink-t.build/Objects-normal/arm64_32/DisplayLink-OutputFileMap.json -save-temps -no-color-diagnostics -explicit-module-build -module-cache-path /Users/admin/builder/spi-builder-workspace/.derivedData/Build/Intermediates.noindex/SwiftExplicitPrecompiledModules -clang-scanner-module-cache-path /Users/admin/builder/spi-builder-workspace/.derivedData/ModuleCache.noindex -sdk-module-cache-path /Users/admin/builder/spi-builder-workspace/.derivedData/SDKExplicitPrecompiledModules -emit-dependencies -emit-module -emit-module-path /Users/admin/builder/spi-builder-workspace/.derivedData/Build/Intermediates.noindex/DisplayLink.build/Debug-watchos/DisplayLink-t.build/Objects-normal/arm64_32/DisplayLink.swiftmodule -serialize-diagnostics -dependency-scan-serialize-diagnostics-path /Users/admin/builder/spi-builder-workspace/.derivedData/Build/Intermediates.noindex/DisplayLink.build/Debug-watchos/DisplayLink-t.build/Objects-normal/arm64_32/DisplayLink-dependency-scan.dia -validate-clang-modules-once -clang-build-session-file /Users/admin/builder/spi-builder-workspace/.derivedData/ModuleCache.noindex/Session.modulevalidation -Xcc -fmodules-prune-interval\=86400 -Xcc -fmodules-prune-after\=345600 -package-name spi_builder_workspace -emit-const-values -const-gather-protocols-list /Users/admin/builder/spi-builder-workspace/.derivedData/Build/Intermediates.noindex/DisplayLink.build/Debug-watchos/DisplayLink-t.build/Objects-normal/arm64_32/DisplayLink_const_extract_protocols.json -Xcc -I/Users/admin/builder/spi-builder-workspace/.derivedData/Build/Products/Debug-watchos/include -Xcc -I/Users/admin/builder/spi-builder-workspace/.derivedData/Build/Intermediates.noindex/DisplayLink.build/Debug-watchos/DisplayLink-t.build/DerivedSources-normal/arm64_32 -Xcc -I/Users/admin/builder/spi-builder-workspace/.derivedData/Build/Intermediates.noindex/DisplayLink.build/Debug-watchos/DisplayLink-t.build/DerivedSources/arm64_32 -Xcc -I/Users/admin/builder/spi-builder-workspace/.derivedData/Build/Intermediates.noindex/DisplayLink.build/Debug-watchos/DisplayLink-t.build/DerivedSources -Xcc -DSWIFT_PACKAGE -Xcc -DDEBUG\=1 -emit-objc-header -emit-objc-header-path /Users/admin/builder/spi-builder-workspace/.derivedData/Build/Intermediates.noindex/DisplayLink.build/Debug-watchos/DisplayLink-t.build/Objects-normal/arm64_32/DisplayLink-Swift.h -working-directory /Users/admin/builder/spi-builder-workspace/.swiftpm/xcode -experimental-emit-module-separately -disable-cmo
SwiftExplicitDependencyGeneratePcm arm64 /Users/admin/builder/spi-builder-workspace/.derivedData/SDKExplicitPrecompiledModules/ptrcheck-8K07997SIHO7YGY7UQ3LOQ3TJ.pcm
SwiftExplicitDependencyGeneratePcm arm64_32 /Users/admin/builder/spi-builder-workspace/.derivedData/SDKExplicitPrecompiledModules/_Builtin_float-372PLGDQ1U3B6Z5EA5DJMDORJ.pcm
SwiftExplicitDependencyGeneratePcm arm64 /Users/admin/builder/spi-builder-workspace/.derivedData/SDKExplicitPrecompiledModules/SwiftShims-AJ4AZYHQNC33R5RLN7AGEIOMP.pcm
SwiftExplicitDependencyGeneratePcm arm64 /Users/admin/builder/spi-builder-workspace/.derivedData/SDKExplicitPrecompiledModules/_Builtin_stdarg-3X4KLXUYEI0UGBILP4X7D0CYW.pcm
SwiftExplicitDependencyGeneratePcm arm64_32 /Users/admin/builder/spi-builder-workspace/.derivedData/SDKExplicitPrecompiledModules/_Builtin_stdarg-EYJP6DFYQL9GJLH1TJ84A8MHV.pcm
SwiftExplicitDependencyGeneratePcm arm64_32 /Users/admin/builder/spi-builder-workspace/.derivedData/SDKExplicitPrecompiledModules/_AvailabilityInternal-22ZP1ILSQW16KHXZS5GBZHOCS.pcm
SwiftExplicitDependencyGeneratePcm arm64 /Users/admin/builder/spi-builder-workspace/.derivedData/SDKExplicitPrecompiledModules/_Builtin_float-E4M4A8689VXF1T7P7BV56IKBT.pcm
SwiftExplicitDependencyGeneratePcm arm64 /Users/admin/builder/spi-builder-workspace/.derivedData/SDKExplicitPrecompiledModules/_SwiftConcurrencyShims-CTPSFSTDCBVSSQFHL6I305U72.pcm
SwiftExplicitDependencyGeneratePcm arm64_32 /Users/admin/builder/spi-builder-workspace/.derivedData/SDKExplicitPrecompiledModules/_SwiftConcurrencyShims-58G4ISYSYDV3AT1DDGEE0QCUF.pcm
SwiftExplicitDependencyGeneratePcm arm64 /Users/admin/builder/spi-builder-workspace/.derivedData/SDKExplicitPrecompiledModules/_AvailabilityInternal-42EVAC8Q6P1ZT6G3A168N97G4.pcm
SwiftExplicitDependencyGeneratePcm arm64 /Users/admin/builder/spi-builder-workspace/.derivedData/SDKExplicitPrecompiledModules/ptrauth-C7VQASAJ967Q4Q6SRD4I3CFWZ.pcm
SwiftExplicitDependencyGeneratePcm arm64_32 /Users/admin/builder/spi-builder-workspace/.derivedData/SDKExplicitPrecompiledModules/_Builtin_stddef-2F9BFIPBQ5EWNSK5G7G7V4EKL.pcm
SwiftExplicitDependencyGeneratePcm arm64_32 /Users/admin/builder/spi-builder-workspace/.derivedData/SDKExplicitPrecompiledModules/ptrcheck-EAZ3I917ZFA9H6ZCL6PGLG4TR.pcm
SwiftExplicitDependencyGeneratePcm arm64_32 /Users/admin/builder/spi-builder-workspace/.derivedData/SDKExplicitPrecompiledModules/ptrauth-EW7YZZ7LEZE1QZF2T8148IPSA.pcm
SwiftExplicitDependencyGeneratePcm arm64 /Users/admin/builder/spi-builder-workspace/.derivedData/SDKExplicitPrecompiledModules/_Builtin_stddef-5OH846KKUPSJJT7GCX9XU1TKG.pcm
SwiftExplicitDependencyGeneratePcm arm64_32 /Users/admin/builder/spi-builder-workspace/.derivedData/SDKExplicitPrecompiledModules/SwiftShims-D9VBB138U50XYYGW2C2V21N3L.pcm
SwiftExplicitDependencyGeneratePcm arm64_32 /Users/admin/builder/spi-builder-workspace/.derivedData/SDKExplicitPrecompiledModules/_Builtin_stdbool-84ZA1VDW90AGWZ2LF5KOCM8DZ.pcm
SwiftExplicitDependencyGeneratePcm arm64_32 /Users/admin/builder/spi-builder-workspace/.derivedData/SDKExplicitPrecompiledModules/DeveloperToolsSupport-3FQKKPF3BW0SWE1YUZ86OZWIB.pcm
SwiftExplicitDependencyGeneratePcm arm64 /Users/admin/builder/spi-builder-workspace/.derivedData/SDKExplicitPrecompiledModules/DeveloperToolsSupport-CL5QT3CW0ZM498PFTWG64QMLA.pcm
SwiftExplicitDependencyGeneratePcm arm64 /Users/admin/builder/spi-builder-workspace/.derivedData/SDKExplicitPrecompiledModules/_Builtin_stdbool-B692L2PMR118794VVYBG37897.pcm
SwiftExplicitDependencyGeneratePcm arm64 /Users/admin/builder/spi-builder-workspace/.derivedData/SDKExplicitPrecompiledModules/_DarwinFoundation1-7YQ9TVI7XTOGQU9OADRXP33D1.pcm
SwiftExplicitDependencyGeneratePcm arm64_32 /Users/admin/builder/spi-builder-workspace/.derivedData/SDKExplicitPrecompiledModules/_DarwinFoundation1-5SNIO0SFHX9KJZTLQGIPAPXUZ.pcm
SwiftExplicitDependencyGeneratePcm arm64 /Users/admin/builder/spi-builder-workspace/.derivedData/SDKExplicitPrecompiledModules/_DarwinFoundation2-CUPL4FH2SA95GMALQP4M6O8UA.pcm
SwiftExplicitDependencyGeneratePcm arm64 /Users/admin/builder/spi-builder-workspace/.derivedData/SDKExplicitPrecompiledModules/_Builtin_limits-75TRA1C7IHYOFCG3KJXQVTHJ4.pcm
SwiftExplicitDependencyGeneratePcm arm64_32 /Users/admin/builder/spi-builder-workspace/.derivedData/SDKExplicitPrecompiledModules/_DarwinFoundation2-FP2Q8F1Q2HR151SBYKTU6Q8B.pcm
SwiftExplicitDependencyGeneratePcm arm64_32 /Users/admin/builder/spi-builder-workspace/.derivedData/SDKExplicitPrecompiledModules/_Builtin_limits-AQMEC9CLG0FZQN6TLGDQ6WF78.pcm
SwiftExplicitDependencyGeneratePcm arm64_32 /Users/admin/builder/spi-builder-workspace/.derivedData/SDKExplicitPrecompiledModules/sys_types-65NN51P1G7GN2GUAUPC53JJ7N.pcm
SwiftExplicitDependencyGeneratePcm arm64_32 /Users/admin/builder/spi-builder-workspace/.derivedData/SDKExplicitPrecompiledModules/_Builtin_stdint-6IWJLTRH2WB6RCG4THPA65RDS.pcm
SwiftExplicitDependencyGeneratePcm arm64_32 /Users/admin/builder/spi-builder-workspace/.derivedData/SDKExplicitPrecompiledModules/string_h-8QY7P4ZQXQAF14WVDITTM4R70.pcm
SwiftExplicitDependencyGeneratePcm arm64_32 /Users/admin/builder/spi-builder-workspace/.derivedData/SDKExplicitPrecompiledModules/_Builtin_tgmath-414CVW1GW3IL0HRLCNNCS6Q0U.pcm
SwiftExplicitDependencyGeneratePcm arm64 /Users/admin/builder/spi-builder-workspace/.derivedData/SDKExplicitPrecompiledModules/_Builtin_stdint-6TUACK4YPMARFT56PLIO388SJ.pcm
SwiftExplicitDependencyGeneratePcm arm64 /Users/admin/builder/spi-builder-workspace/.derivedData/SDKExplicitPrecompiledModules/string_h-4N9Z22C0HUO8GV7GFPCLZRZA2.pcm
SwiftExplicitDependencyGeneratePcm arm64 /Users/admin/builder/spi-builder-workspace/.derivedData/SDKExplicitPrecompiledModules/sys_types-9KPVYINL86WUSHF45TU8PWZZ1.pcm
SwiftExplicitDependencyGeneratePcm arm64 /Users/admin/builder/spi-builder-workspace/.derivedData/SDKExplicitPrecompiledModules/_Builtin_tgmath-7JP2AE1NQHA1DV5JYP2OHQ3BF.pcm
SwiftExplicitDependencyGeneratePcm arm64_32 /Users/admin/builder/spi-builder-workspace/.derivedData/SDKExplicitPrecompiledModules/_Builtin_stdatomic-D2FE5M7JS5NQA5JDADVERWJM4.pcm
SwiftExplicitDependencyGeneratePcm arm64_32 /Users/admin/builder/spi-builder-workspace/.derivedData/SDKExplicitPrecompiledModules/_Builtin_intrinsics-2K07JIG9ZANIKHSNPO3O6L1K6.pcm
SwiftExplicitDependencyGeneratePcm arm64_32 /Users/admin/builder/spi-builder-workspace/.derivedData/SDKExplicitPrecompiledModules/_DarwinFoundation3-3YOBOPIW2MF1LRNQH7JBUBY4G.pcm
SwiftExplicitDependencyGeneratePcm arm64 /Users/admin/builder/spi-builder-workspace/.derivedData/SDKExplicitPrecompiledModules/_DarwinFoundation3-EJXZKD8LN9EYM9OWP9VLJ49PK.pcm
SwiftExplicitDependencyGeneratePcm arm64 /Users/admin/builder/spi-builder-workspace/.derivedData/SDKExplicitPrecompiledModules/_Builtin_stdatomic-25T9UW3XDYID74302F31PX0RP.pcm
SwiftExplicitDependencyGeneratePcm arm64 /Users/admin/builder/spi-builder-workspace/.derivedData/SDKExplicitPrecompiledModules/_Builtin_intrinsics-SQV576LJA0QE7RW5HF7CQ1BX.pcm
SwiftExplicitDependencyGeneratePcm arm64_32 /Users/admin/builder/spi-builder-workspace/.derivedData/SDKExplicitPrecompiledModules/_Builtin_inttypes-BPZJ68HW1IMYWSHROAZ0IMUJP.pcm
SwiftExplicitDependencyGeneratePcm arm64 /Users/admin/builder/spi-builder-workspace/.derivedData/SDKExplicitPrecompiledModules/_Builtin_inttypes-86YTNV5YADPJXFMJ82N3R4GWQ.pcm
SwiftExplicitDependencyGeneratePcm arm64_32 /Users/admin/builder/spi-builder-workspace/.derivedData/SDKExplicitPrecompiledModules/Darwin-10D35ZJWCWG7LJAF579U7I5V7.pcm
SwiftExplicitDependencyGeneratePcm arm64 /Users/admin/builder/spi-builder-workspace/.derivedData/SDKExplicitPrecompiledModules/Darwin-CSB8C43KELVSFIQVR0803IZPN.pcm
SwiftExplicitDependencyGeneratePcm arm64_32 /Users/admin/builder/spi-builder-workspace/.derivedData/SDKExplicitPrecompiledModules/simd-1W6O8NR1QUSWJGAN44DNNWVHX.pcm
SwiftExplicitDependencyGeneratePcm arm64 /Users/admin/builder/spi-builder-workspace/.derivedData/SDKExplicitPrecompiledModules/simd-2C11HKTI5TJB05T724EWNFZXD.pcm
SwiftExplicitDependencyGeneratePcm arm64_32 /Users/admin/builder/spi-builder-workspace/.derivedData/SDKExplicitPrecompiledModules/MachO-F47JQRYVH1SLPOQSJD8RK9MSX.pcm
SwiftExplicitDependencyGeneratePcm arm64_32 /Users/admin/builder/spi-builder-workspace/.derivedData/SDKExplicitPrecompiledModules/ObjectiveC-71AGZNHLBMR2QK817EJNUN54E.pcm
SwiftExplicitDependencyGeneratePcm arm64 /Users/admin/builder/spi-builder-workspace/.derivedData/SDKExplicitPrecompiledModules/MachO-4RYXFVY68ZDEUZYFMVL57WEKU.pcm
SwiftExplicitDependencyGeneratePcm arm64 /Users/admin/builder/spi-builder-workspace/.derivedData/SDKExplicitPrecompiledModules/ObjectiveC-22CZPC4WYQC9G8T393WT2KKLW.pcm
SwiftExplicitDependencyGeneratePcm arm64_32 /Users/admin/builder/spi-builder-workspace/.derivedData/SDKExplicitPrecompiledModules/os_object-CTXVQBCWDOH6JHUXIFDUOWFRL.pcm
SwiftExplicitDependencyGeneratePcm arm64 /Users/admin/builder/spi-builder-workspace/.derivedData/SDKExplicitPrecompiledModules/os_object-6KYGGZ4DPVZ3BBAZ6QICZN8LI.pcm
SwiftExplicitDependencyGeneratePcm arm64 /Users/admin/builder/spi-builder-workspace/.derivedData/SDKExplicitPrecompiledModules/os_workgroup-AHE7ULDQBKER38CYPIKDTZF4M.pcm
SwiftExplicitDependencyGeneratePcm arm64_32 /Users/admin/builder/spi-builder-workspace/.derivedData/SDKExplicitPrecompiledModules/os_workgroup-9L9R05BT5LTFRZ2NM68BZTVV2.pcm
SwiftExplicitDependencyGeneratePcm arm64_32 /Users/admin/builder/spi-builder-workspace/.derivedData/SDKExplicitPrecompiledModules/Spatial-4XS0QRL16224ZE9KE9TMKASKT.pcm
SwiftExplicitDependencyGeneratePcm arm64 /Users/admin/builder/spi-builder-workspace/.derivedData/SDKExplicitPrecompiledModules/Spatial-EZKKX4XFW72RZCTOIG80Z93AP.pcm
SwiftExplicitDependencyGeneratePcm arm64_32 /Users/admin/builder/spi-builder-workspace/.derivedData/SDKExplicitPrecompiledModules/Dispatch-CGIMI9KQKHNRQHR2IECIPRG14.pcm
SwiftExplicitDependencyGeneratePcm arm64 /Users/admin/builder/spi-builder-workspace/.derivedData/SDKExplicitPrecompiledModules/Dispatch-39VR0G01IUJ09PQKMFGOHXZ4L.pcm
SwiftExplicitDependencyGeneratePcm arm64_32 /Users/admin/builder/spi-builder-workspace/.derivedData/SDKExplicitPrecompiledModules/CoreFoundation-76B9WJP9MDYT33HZQVSNNZQZD.pcm
SwiftExplicitDependencyGeneratePcm arm64_32 /Users/admin/builder/spi-builder-workspace/.derivedData/SDKExplicitPrecompiledModules/XPC-7SLKI45KYLKXH9QET2WYS3UZ4.pcm
SwiftExplicitDependencyGeneratePcm arm64 /Users/admin/builder/spi-builder-workspace/.derivedData/SDKExplicitPrecompiledModules/CoreFoundation-59XKO8YNRGGYNC5U5LK8B4EM.pcm
SwiftExplicitDependencyGeneratePcm arm64 /Users/admin/builder/spi-builder-workspace/.derivedData/SDKExplicitPrecompiledModules/XPC-650JAZBTM6I0OMHYO6CKM0CWJ.pcm
SwiftExplicitDependencyGeneratePcm arm64 /Users/admin/builder/spi-builder-workspace/.derivedData/SDKExplicitPrecompiledModules/os-6BCTB8I5DCBBKFJ0Y0G4WQDDJ.pcm
SwiftExplicitDependencyGeneratePcm arm64_32 /Users/admin/builder/spi-builder-workspace/.derivedData/SDKExplicitPrecompiledModules/os-D9NWGT7PQGY2OD43XMA2KGLJK.pcm
SwiftExplicitDependencyGeneratePcm arm64_32 /Users/admin/builder/spi-builder-workspace/.derivedData/SDKExplicitPrecompiledModules/CoreGraphics-A4WOQTM8SYZAQP223LI6RRPEK.pcm
SwiftExplicitDependencyGeneratePcm arm64_32 /Users/admin/builder/spi-builder-workspace/.derivedData/SDKExplicitPrecompiledModules/CoreAudioTypes-AY6JAXDJMW2FLVG4UD79375PW.pcm
SwiftExplicitDependencyGeneratePcm arm64_32 /Users/admin/builder/spi-builder-workspace/.derivedData/SDKExplicitPrecompiledModules/Security-1W411BS4UH2UNMNII2341429S.pcm
SwiftExplicitDependencyGeneratePcm arm64 /Users/admin/builder/spi-builder-workspace/.derivedData/SDKExplicitPrecompiledModules/CoreAudioTypes-51SR7UBHOMSGMEPVFS6PLSR4M.pcm
SwiftExplicitDependencyGeneratePcm arm64 /Users/admin/builder/spi-builder-workspace/.derivedData/SDKExplicitPrecompiledModules/CoreGraphics-5488DA9QVJJ7QOFXPYOYIYFUX.pcm
SwiftExplicitDependencyGeneratePcm arm64 /Users/admin/builder/spi-builder-workspace/.derivedData/SDKExplicitPrecompiledModules/Security-69WNGEAVQP55EDBQHP3BLE8QU.pcm
SwiftExplicitDependencyGeneratePcm arm64 /Users/admin/builder/spi-builder-workspace/.derivedData/SDKExplicitPrecompiledModules/CoreAudio-368NRGVYQ33J8K75Y2DSNU06Y.pcm
SwiftExplicitDependencyGeneratePcm arm64_32 /Users/admin/builder/spi-builder-workspace/.derivedData/SDKExplicitPrecompiledModules/CoreAudio-1FTJGW5ZM9ZN5IKPBE4A9LGNF.pcm
SwiftExplicitDependencyGeneratePcm arm64 /Users/admin/builder/spi-builder-workspace/.derivedData/SDKExplicitPrecompiledModules/Foundation-B3IXODHI7VO4VRX2RWRXLVJZT.pcm
SwiftExplicitDependencyGeneratePcm arm64_32 /Users/admin/builder/spi-builder-workspace/.derivedData/SDKExplicitPrecompiledModules/Foundation-AIQ30TCDC2B0LBUU6FPQZ0HWI.pcm
SwiftExplicitDependencyGeneratePcm arm64 /Users/admin/builder/spi-builder-workspace/.derivedData/SDKExplicitPrecompiledModules/CoreText-BEC0M2J7FJN53VXNFDZDKL9U2.pcm
SwiftExplicitDependencyGeneratePcm arm64 /Users/admin/builder/spi-builder-workspace/.derivedData/SDKExplicitPrecompiledModules/CoreVideo-2YRZ292TS6QDW2V2V92NZMPWM.pcm
SwiftExplicitDependencyGeneratePcm arm64_32 /Users/admin/builder/spi-builder-workspace/.derivedData/SDKExplicitPrecompiledModules/CoreText-34U50N378SZT64826L0B62MN6.pcm
SwiftExplicitDependencyGeneratePcm arm64_32 /Users/admin/builder/spi-builder-workspace/.derivedData/SDKExplicitPrecompiledModules/CoreVideo-BX0NALWCB2F1YOTF0NZGV9FWU.pcm
SwiftExplicitDependencyGeneratePcm arm64 /Users/admin/builder/spi-builder-workspace/.derivedData/SDKExplicitPrecompiledModules/CoreMedia-EO02G285WTXB0RPNG3DP9O9VN.pcm
SwiftExplicitDependencyGeneratePcm arm64_32 /Users/admin/builder/spi-builder-workspace/.derivedData/SDKExplicitPrecompiledModules/CoreMedia-CU8J9TNJY5EX43FQOPTAAHU29.pcm
SwiftExplicitDependencyGeneratePcm arm64 /Users/admin/builder/spi-builder-workspace/.derivedData/SDKExplicitPrecompiledModules/UIUtilities-AR3EDJH6PMDGNUXQGV2JND65S.pcm
SwiftExplicitDependencyGeneratePcm arm64 /Users/admin/builder/spi-builder-workspace/.derivedData/SDKExplicitPrecompiledModules/UniformTypeIdentifiers-47SS6PHE8KOUZX5UOQUNKH397.pcm
SwiftExplicitDependencyGeneratePcm arm64 /Users/admin/builder/spi-builder-workspace/.derivedData/SDKExplicitPrecompiledModules/_LocationEssentials-C3HYVW8P89QAUDLD9VRHUF48Q.pcm
SwiftExplicitDependencyGeneratePcm arm64 /Users/admin/builder/spi-builder-workspace/.derivedData/SDKExplicitPrecompiledModules/QuartzCore-BRDP6VIMJ6A6HG4W4NYXZ8BI3.pcm
SwiftExplicitDependencyGeneratePcm arm64 /Users/admin/builder/spi-builder-workspace/.derivedData/SDKExplicitPrecompiledModules/OSLog-ESJZZ70KT229YQNKF5CWYQVLA.pcm
SwiftExplicitDependencyGeneratePcm arm64 /Users/admin/builder/spi-builder-workspace/.derivedData/SDKExplicitPrecompiledModules/UserNotifications-7VIERZPAA371031RT8VBKFYKJ.pcm
SwiftExplicitDependencyGeneratePcm arm64 /Users/admin/builder/spi-builder-workspace/.derivedData/SDKExplicitPrecompiledModules/DataDetection-8RQ09UCIV0XSYRF8TQQD54MWN.pcm
SwiftExplicitDependencyGeneratePcm arm64 /Users/admin/builder/spi-builder-workspace/.derivedData/SDKExplicitPrecompiledModules/Symbols-B8SNL2YULCKW9SYIL0T5QLMV.pcm
SwiftExplicitDependencyGeneratePcm arm64 /Users/admin/builder/spi-builder-workspace/.derivedData/SDKExplicitPrecompiledModules/SceneKit-4VPDXW2J8W40JMX88G7X30C4G.pcm
SwiftExplicitDependencyGeneratePcm arm64 /Users/admin/builder/spi-builder-workspace/.derivedData/SDKExplicitPrecompiledModules/Accessibility-DB0V1GY4JDAXG2CZ5MW826DDE.pcm
SwiftExplicitDependencyGeneratePcm arm64_32 /Users/admin/builder/spi-builder-workspace/.derivedData/SDKExplicitPrecompiledModules/CoreTransferable-DSXZOKFM7XQLZ0FRNNKFDWZT0.pcm
SwiftExplicitDependencyGeneratePcm arm64_32 /Users/admin/builder/spi-builder-workspace/.derivedData/SDKExplicitPrecompiledModules/_LocationEssentials-1XWTF8V96VX3IAHKJO7PJZDU0.pcm
SwiftExplicitDependencyGeneratePcm arm64_32 /Users/admin/builder/spi-builder-workspace/.derivedData/SDKExplicitPrecompiledModules/DataDetection-8EDL8T61430CB5CU94L1E3L0C.pcm
SwiftExplicitDependencyGeneratePcm arm64_32 /Users/admin/builder/spi-builder-workspace/.derivedData/SDKExplicitPrecompiledModules/OSLog-DXCLJ0K1EEBRV5MFYJOV1HIUX.pcm
SwiftExplicitDependencyGeneratePcm arm64_32 /Users/admin/builder/spi-builder-workspace/.derivedData/SDKExplicitPrecompiledModules/Symbols-DP67QJL9W7VSYP70ZVEBE3KRT.pcm
SwiftExplicitDependencyGeneratePcm arm64_32 /Users/admin/builder/spi-builder-workspace/.derivedData/SDKExplicitPrecompiledModules/UIUtilities-ABH83C7CSGMIJAARTF384TV0L.pcm
SwiftExplicitDependencyGeneratePcm arm64_32 /Users/admin/builder/spi-builder-workspace/.derivedData/SDKExplicitPrecompiledModules/UserNotifications-F5AOMF9V2Y10QV8U00QNX8B7Q.pcm
SwiftExplicitDependencyGeneratePcm arm64_32 /Users/admin/builder/spi-builder-workspace/.derivedData/SDKExplicitPrecompiledModules/Accessibility-BBXP8Z81UOB3UBBTO3GG9FEEO.pcm
SwiftExplicitDependencyGeneratePcm arm64_32 /Users/admin/builder/spi-builder-workspace/.derivedData/SDKExplicitPrecompiledModules/QuartzCore-72UYR37X0O2APTD1XMSJ20X5X.pcm
SwiftExplicitDependencyGeneratePcm arm64 /Users/admin/builder/spi-builder-workspace/.derivedData/SDKExplicitPrecompiledModules/SwiftUICore-D4BOUT6VJWDXKNATG8P2F95W3.pcm
SwiftExplicitDependencyGeneratePcm arm64_32 /Users/admin/builder/spi-builder-workspace/.derivedData/SDKExplicitPrecompiledModules/SceneKit-CLOM4E4D45A8A94N3QNHOVW3H.pcm
SwiftExplicitDependencyGeneratePcm arm64_32 /Users/admin/builder/spi-builder-workspace/.derivedData/SDKExplicitPrecompiledModules/CoreLocation-4AZRAZ8X3W0CS36SZ1GS4LT05.pcm
SwiftExplicitDependencyGeneratePcm arm64 /Users/admin/builder/spi-builder-workspace/.derivedData/SDKExplicitPrecompiledModules/CoreLocation-B0A9Z3B1UDU8OLBQROLWD03N3.pcm
SwiftExplicitDependencyGeneratePcm arm64 /Users/admin/builder/spi-builder-workspace/.derivedData/SDKExplicitPrecompiledModules/CoreData-DAEI6Z48P97TYC3SMMGLERAJ5.pcm
SwiftExplicitDependencyGeneratePcm arm64_32 /Users/admin/builder/spi-builder-workspace/.derivedData/SDKExplicitPrecompiledModules/UniformTypeIdentifiers-EH256724QTCKT0XATY095QHVP.pcm
SwiftExplicitDependencyGeneratePcm arm64_32 /Users/admin/builder/spi-builder-workspace/.derivedData/SDKExplicitPrecompiledModules/CoreData-6STZ9DXY0E1K8LHUUEU1F4SE.pcm
SwiftExplicitDependencyGeneratePcm arm64 /Users/admin/builder/spi-builder-workspace/.derivedData/SDKExplicitPrecompiledModules/CoreTransferable-EULYJN53RZTIP2D6F171CT1YZ.pcm
SwiftExplicitDependencyGeneratePcm arm64_32 /Users/admin/builder/spi-builder-workspace/.derivedData/SDKExplicitPrecompiledModules/SwiftUICore-TURER010MQ2QH6SN4BGDJJKP.pcm
SwiftExplicitDependencyGeneratePcm arm64_32 /Users/admin/builder/spi-builder-workspace/.derivedData/SDKExplicitPrecompiledModules/CoreMotion-E9C6K7MOTJF3RC93DULCZ130U.pcm
SwiftExplicitDependencyGeneratePcm arm64 /Users/admin/builder/spi-builder-workspace/.derivedData/SDKExplicitPrecompiledModules/CoreMotion-70RNUQRT1QM2F8WR42WPP4KQV.pcm
SwiftExplicitDependencyGeneratePcm arm64_32 /Users/admin/builder/spi-builder-workspace/.derivedData/SDKExplicitPrecompiledModules/UIKit-BGAQE5HOOTG6M9C46O1HHPCDR.pcm
SwiftExplicitDependencyGeneratePcm arm64 /Users/admin/builder/spi-builder-workspace/.derivedData/SDKExplicitPrecompiledModules/UIKit-2XWL6VFNA7WRWSTXI42YLU909.pcm
SwiftExplicitDependencyGeneratePcm arm64_32 /Users/admin/builder/spi-builder-workspace/.derivedData/SDKExplicitPrecompiledModules/MapKit-3RCPMYWFYVKLOR1JJH1M1L7O6.pcm
SwiftExplicitDependencyGeneratePcm arm64_32 /Users/admin/builder/spi-builder-workspace/.derivedData/SDKExplicitPrecompiledModules/HomeKit-DXH34ZWEY4P4FEELCOH3LXVCR.pcm
SwiftExplicitDependencyGeneratePcm arm64 /Users/admin/builder/spi-builder-workspace/.derivedData/SDKExplicitPrecompiledModules/MapKit-5U4CPBNVICOGB0BBK9BC7P4E9.pcm
SwiftExplicitDependencyGeneratePcm arm64 /Users/admin/builder/spi-builder-workspace/.derivedData/SDKExplicitPrecompiledModules/HomeKit-2JD3RMVTK0MFX7K570KHTLBBH.pcm
SwiftExplicitDependencyGeneratePcm arm64_32 /Users/admin/builder/spi-builder-workspace/.derivedData/SDKExplicitPrecompiledModules/WatchKit-7IATJTA58S6OFDEYHG9JSLLDQ.pcm
SwiftExplicitDependencyGeneratePcm arm64 /Users/admin/builder/spi-builder-workspace/.derivedData/SDKExplicitPrecompiledModules/WatchKit-22L6Z003SE8XPQ9JS14K57C9N.pcm
SwiftExplicitDependencyGeneratePcm arm64_32 /Users/admin/builder/spi-builder-workspace/.derivedData/SDKExplicitPrecompiledModules/SwiftUI-6DR5UJH94SD7QMITGWNAX9FBI.pcm
SwiftExplicitDependencyGeneratePcm arm64 /Users/admin/builder/spi-builder-workspace/.derivedData/SDKExplicitPrecompiledModules/SwiftUI-E6XJI4PF1Q2HPTXKL91GWARU6.pcm
SwiftCompile normal arm64_32 Compiling\ PlatformLink+UIKit.swift /Users/admin/builder/spi-builder-workspace/Sources/DisplayLink/PlatformLink+UIKit.swift (in target 'DisplayLink' from project 'DisplayLink')
/Users/admin/builder/spi-builder-workspace/Sources/DisplayLink/PlatformLink+UIKit.swift:9:30: error: 'UIView' is unavailable in watchOS
  7 |     import UIKit
  8 |
  9 |     typealias PlatformView = UIView
    |                              `- error: 'UIView' is unavailable in watchOS
 10 |
 11 |     #if os(visionOS)
/Applications/Xcode-27.0.0-Release.Candidate.app/Contents/Developer/Platforms/WatchOS.platform/Developer/SDKs/WatchOS27.0.sdk/System/Library/Frameworks/UIKit.framework/Headers/UIView.h:152:12: note: 'UIView' has been explicitly marked unavailable here
150 |
151 | UIKIT_EXTERN API_AVAILABLE(ios(2.0)) API_UNAVAILABLE(watchos) NS_SWIFT_UI_ACTOR
152 | @interface UIView : UIResponder <NSCoding, UIAppearance, UIAppearanceContainer, UIDynamicItem, UITraitEnvironment, UICoordinateSpace, UIFocusItem, UIFocusItemContainer, CALayerDelegate>
    |            `- note: 'UIView' has been explicitly marked unavailable here
153 |
154 | @property(class, nonatomic, readonly) Class layerClass;                        // default is [CALayer class]. Used when creating the underlying layer for the view.
/Users/admin/builder/spi-builder-workspace/Sources/DisplayLink/PlatformLink+UIKit.swift:26:29: error: 'UIScreen' is unavailable in watchOS
 24 |         }
 25 |     #else
 26 |         typealias Display = UIScreen
    |                             `- error: 'UIScreen' is unavailable in watchOS
 27 |
 28 |         extension UIScreen {
/Applications/Xcode-27.0.0-Release.Candidate.app/Contents/Developer/Platforms/WatchOS.platform/Developer/SDKs/WatchOS27.0.sdk/System/Library/Frameworks/UIKit.framework/Headers/UIScreen.h:54:12: note: 'UIScreen' has been explicitly marked unavailable here
 52 |
 53 | UIKIT_EXTERN API_AVAILABLE(ios(2.0)) API_UNAVAILABLE(visionos, watchos) NS_SWIFT_UI_ACTOR
 54 | @interface UIScreen : NSObject <UITraitEnvironment>
    |            `- note: 'UIScreen' has been explicitly marked unavailable here
 55 |
 56 | @property(class, nonatomic, readonly) NSArray<UIScreen *> *screens API_DEPRECATED("Use UIApplication.shared.openSessions to find open sessions with scenes from other screens", ios(3.2, 16.0), visionos(1.0, 1.0)) API_UNAVAILABLE(watchos); // all screens currently attached to the device
/Users/admin/builder/spi-builder-workspace/Sources/DisplayLink/PlatformLink+UIKit.swift:29:33: error: 'UIScreen' is unavailable in watchOS
 27 |
 28 |         extension UIScreen {
 29 |             static var primary: UIScreen {
    |                                 `- error: 'UIScreen' is unavailable in watchOS
 30 |                 .main
 31 |             }
/Applications/Xcode-27.0.0-Release.Candidate.app/Contents/Developer/Platforms/WatchOS.platform/Developer/SDKs/WatchOS27.0.sdk/System/Library/Frameworks/UIKit.framework/Headers/UIScreen.h:54:12: note: 'UIScreen' has been explicitly marked unavailable here
 52 |
 53 | UIKIT_EXTERN API_AVAILABLE(ios(2.0)) API_UNAVAILABLE(visionos, watchos) NS_SWIFT_UI_ACTOR
 54 | @interface UIScreen : NSObject <UITraitEnvironment>
    |            `- note: 'UIScreen' has been explicitly marked unavailable here
 55 |
 56 | @property(class, nonatomic, readonly) NSArray<UIScreen *> *screens API_DEPRECATED("Use UIApplication.shared.openSessions to find open sessions with scenes from other screens", ios(3.2, 16.0), visionos(1.0, 1.0)) API_UNAVAILABLE(watchos); // all screens currently attached to the device
/Users/admin/builder/spi-builder-workspace/Sources/DisplayLink/PlatformLink+UIKit.swift:37:41: error: 'UIView' is unavailable in watchOS
 35 |             }
 36 |
 37 |             static func showing(_ view: UIView) -> UIScreen? {
    |                                         `- error: 'UIView' is unavailable in watchOS
 38 |                 (view as? UIWindow ?? view.window)?.screen
 39 |             }
/Applications/Xcode-27.0.0-Release.Candidate.app/Contents/Developer/Platforms/WatchOS.platform/Developer/SDKs/WatchOS27.0.sdk/System/Library/Frameworks/UIKit.framework/Headers/UIView.h:152:12: note: 'UIView' has been explicitly marked unavailable here
150 |
151 | UIKIT_EXTERN API_AVAILABLE(ios(2.0)) API_UNAVAILABLE(watchos) NS_SWIFT_UI_ACTOR
152 | @interface UIView : UIResponder <NSCoding, UIAppearance, UIAppearanceContainer, UIDynamicItem, UITraitEnvironment, UICoordinateSpace, UIFocusItem, UIFocusItemContainer, CALayerDelegate>
    |            `- note: 'UIView' has been explicitly marked unavailable here
153 |
154 | @property(class, nonatomic, readonly) Class layerClass;                        // default is [CALayer class]. Used when creating the underlying layer for the view.
/Users/admin/builder/spi-builder-workspace/Sources/DisplayLink/PlatformLink+UIKit.swift:37:52: error: 'UIScreen' is unavailable in watchOS
 35 |             }
 36 |
 37 |             static func showing(_ view: UIView) -> UIScreen? {
    |                                                    `- error: 'UIScreen' is unavailable in watchOS
 38 |                 (view as? UIWindow ?? view.window)?.screen
 39 |             }
/Applications/Xcode-27.0.0-Release.Candidate.app/Contents/Developer/Platforms/WatchOS.platform/Developer/SDKs/WatchOS27.0.sdk/System/Library/Frameworks/UIKit.framework/Headers/UIScreen.h:54:12: note: 'UIScreen' has been explicitly marked unavailable here
 52 |
 53 | UIKIT_EXTERN API_AVAILABLE(ios(2.0)) API_UNAVAILABLE(visionos, watchos) NS_SWIFT_UI_ACTOR
 54 | @interface UIScreen : NSObject <UITraitEnvironment>
    |            `- note: 'UIScreen' has been explicitly marked unavailable here
 55 |
 56 | @property(class, nonatomic, readonly) NSArray<UIScreen *> *screens API_DEPRECATED("Use UIApplication.shared.openSessions to find open sessions with scenes from other screens", ios(3.2, 16.0), visionos(1.0, 1.0)) API_UNAVAILABLE(watchos); // all screens currently attached to the device
/Users/admin/builder/spi-builder-workspace/Sources/DisplayLink/PlatformLink+UIKit.swift:28:19: error: 'UIScreen' is unavailable in watchOS
 26 |         typealias Display = UIScreen
 27 |
 28 |         extension UIScreen {
    |                   `- error: 'UIScreen' is unavailable in watchOS
 29 |             static var primary: UIScreen {
 30 |                 .main
/Applications/Xcode-27.0.0-Release.Candidate.app/Contents/Developer/Platforms/WatchOS.platform/Developer/SDKs/WatchOS27.0.sdk/System/Library/Frameworks/UIKit.framework/Headers/UIScreen.h:54:12: note: 'UIScreen' has been explicitly marked unavailable here
 52 |
 53 | UIKIT_EXTERN API_AVAILABLE(ios(2.0)) API_UNAVAILABLE(visionos, watchos) NS_SWIFT_UI_ACTOR
 54 | @interface UIScreen : NSObject <UITraitEnvironment>
    |            `- note: 'UIScreen' has been explicitly marked unavailable here
 55 |
 56 | @property(class, nonatomic, readonly) NSArray<UIScreen *> *screens API_DEPRECATED("Use UIApplication.shared.openSessions to find open sessions with scenes from other screens", ios(3.2, 16.0), visionos(1.0, 1.0)) API_UNAVAILABLE(watchos); // all screens currently attached to the device
/Users/admin/builder/spi-builder-workspace/Sources/DisplayLink/PlatformLink+UIKit.swift:47:27: error: 'CADisplayLink' is unavailable in watchOS
 45 |     @MainActor
 46 |     final class PlatformLink {
 47 |         private let link: CADisplayLink
    |                           `- error: 'CADisplayLink' is unavailable in watchOS
 48 |
 49 |         init?(display: Display, frameRateRange: DisplayLinkFrameRateRange, onFrame: @escaping @MainActor (DisplayLinkFrame) -> Void) {
/Applications/Xcode-27.0.0-Release.Candidate.app/Contents/Developer/Platforms/WatchOS.platform/Developer/SDKs/WatchOS27.0.sdk/System/Library/Frameworks/QuartzCore.framework/Headers/CADisplayLink.h:21:12: note: 'CADisplayLink' has been explicitly marked unavailable here
 19 | API_AVAILABLE(macos(14.0))
 20 |
 21 | @interface CADisplayLink : NSObject
    |            `- note: 'CADisplayLink' has been explicitly marked unavailable here
 22 | {
 23 | @private
/Users/admin/builder/spi-builder-workspace/Sources/DisplayLink/PlatformLink+UIKit.swift:80:33: error: 'CADisplayLink' is unavailable in watchOS
 78 |         }
 79 |
 80 |         @objc func tick(_ link: CADisplayLink) {
    |                                 `- error: 'CADisplayLink' is unavailable in watchOS
 81 |             onFrame(DisplayLinkFrame(timestamp: link.timestamp, targetTimestamp: link.targetTimestamp))
 82 |         }
/Applications/Xcode-27.0.0-Release.Candidate.app/Contents/Developer/Platforms/WatchOS.platform/Developer/SDKs/WatchOS27.0.sdk/System/Library/Frameworks/QuartzCore.framework/Headers/CADisplayLink.h:21:12: note: 'CADisplayLink' has been explicitly marked unavailable here
 19 | API_AVAILABLE(macos(14.0))
 20 |
 21 | @interface CADisplayLink : NSObject
    |            `- note: 'CADisplayLink' has been explicitly marked unavailable here
 22 | {
 23 | @private
/Users/admin/builder/spi-builder-workspace/Sources/DisplayLink/PlatformLink+UIKit.swift:30:18: error: 'main' is unavailable in watchOS
 28 |         extension UIScreen {
 29 |             static var primary: UIScreen {
 30 |                 .main
    |                  `- error: 'main' is unavailable in watchOS
 31 |             }
 32 |
/Applications/Xcode-27.0.0-Release.Candidate.app/Contents/Developer/Platforms/WatchOS.platform/Developer/SDKs/WatchOS27.0.sdk/System/Library/Frameworks/UIKit.framework/Headers/UIScreen.h:57:49: note: 'main' has been explicitly marked unavailable here
 55 |
 56 | @property(class, nonatomic, readonly) NSArray<UIScreen *> *screens API_DEPRECATED("Use UIApplication.shared.openSessions to find open sessions with scenes from other screens", ios(3.2, 16.0), visionos(1.0, 1.0)) API_UNAVAILABLE(watchos); // all screens currently attached to the device
 57 | @property(class, nonatomic, readonly) UIScreen *mainScreen API_DEPRECATED("Use a UIScreen instance found through context instead (i.e, view.window.windowScene.screen), or for properties like UIScreen.scale with trait equivalents, use a traitCollection found through context.", ios(2.0, 26.0), tvos(9.0, 26.0), visionos(1.0, 26.0)) API_UNAVAILABLE(watchos);
    |                                                 `- note: 'main' has been explicitly marked unavailable here
 58 |
 59 | @property(nonatomic,readonly) CGRect  bounds;                // Bounds of entire screen in points
/Users/admin/builder/spi-builder-workspace/Sources/DisplayLink/PlatformLink+UIKit.swift:34:17: error: 'UIScreen' is unavailable in watchOS
 32 |
 33 |             var isConnected: Bool {
 34 |                 UIScreen.screens.contains(self)
    |                 `- error: 'UIScreen' is unavailable in watchOS
 35 |             }
 36 |
/Applications/Xcode-27.0.0-Release.Candidate.app/Contents/Developer/Platforms/WatchOS.platform/Developer/SDKs/WatchOS27.0.sdk/System/Library/Frameworks/UIKit.framework/Headers/UIScreen.h:54:12: note: 'UIScreen' has been explicitly marked unavailable here
 52 |
 53 | UIKIT_EXTERN API_AVAILABLE(ios(2.0)) API_UNAVAILABLE(visionos, watchos) NS_SWIFT_UI_ACTOR
 54 | @interface UIScreen : NSObject <UITraitEnvironment>
    |            `- note: 'UIScreen' has been explicitly marked unavailable here
 55 |
 56 | @property(class, nonatomic, readonly) NSArray<UIScreen *> *screens API_DEPRECATED("Use UIApplication.shared.openSessions to find open sessions with scenes from other screens", ios(3.2, 16.0), visionos(1.0, 1.0)) API_UNAVAILABLE(watchos); // all screens currently attached to the device
/Users/admin/builder/spi-builder-workspace/Sources/DisplayLink/PlatformLink+UIKit.swift:34:26: error: 'screens' is unavailable in watchOS
 32 |
 33 |             var isConnected: Bool {
 34 |                 UIScreen.screens.contains(self)
    |                          `- error: 'screens' is unavailable in watchOS
 35 |             }
 36 |
/Applications/Xcode-27.0.0-Release.Candidate.app/Contents/Developer/Platforms/WatchOS.platform/Developer/SDKs/WatchOS27.0.sdk/System/Library/Frameworks/UIKit.framework/Headers/UIScreen.h:56:60: note: 'screens' has been explicitly marked unavailable here
 54 | @interface UIScreen : NSObject <UITraitEnvironment>
 55 |
 56 | @property(class, nonatomic, readonly) NSArray<UIScreen *> *screens API_DEPRECATED("Use UIApplication.shared.openSessions to find open sessions with scenes from other screens", ios(3.2, 16.0), visionos(1.0, 1.0)) API_UNAVAILABLE(watchos); // all screens currently attached to the device
    |                                                            `- note: 'screens' has been explicitly marked unavailable here
 57 | @property(class, nonatomic, readonly) UIScreen *mainScreen API_DEPRECATED("Use a UIScreen instance found through context instead (i.e, view.window.windowScene.screen), or for properties like UIScreen.scale with trait equivalents, use a traitCollection found through context.", ios(2.0, 26.0), tvos(9.0, 26.0), visionos(1.0, 26.0)) API_UNAVAILABLE(watchos);
 58 |
/Users/admin/builder/spi-builder-workspace/Sources/DisplayLink/PlatformLink+UIKit.swift:38:27: error: 'UIWindow' is unavailable in watchOS
 36 |
 37 |             static func showing(_ view: UIView) -> UIScreen? {
 38 |                 (view as? UIWindow ?? view.window)?.screen
    |                           `- error: 'UIWindow' is unavailable in watchOS
 39 |             }
 40 |         }
/Applications/Xcode-27.0.0-Release.Candidate.app/Contents/Developer/Platforms/WatchOS.platform/Developer/SDKs/WatchOS27.0.sdk/System/Library/Frameworks/UIKit.framework/Headers/UIWindow.h:22:12: note: 'UIWindow' has been explicitly marked unavailable here
 20 |
 21 | UIKIT_EXTERN API_AVAILABLE(ios(2.0)) API_UNAVAILABLE(watchos) NS_SWIFT_UI_ACTOR
 22 | @interface UIWindow : UIView
    |            `- note: 'UIWindow' has been explicitly marked unavailable here
 23 |
 24 | // instantiate a UIWindow already associated with a given UIWindowScene instance, with matching frame & interface orientations.
/Users/admin/builder/spi-builder-workspace/Sources/DisplayLink/PlatformLink+UIKit.swift:56:42: error: 'displayLink(withTarget:selector:)' is unavailable in watchOS
 54 |                 link = CADisplayLink(target: target, selector: selector)
 55 |             #else
 56 |                 guard let link = display.displayLink(withTarget: target, selector: selector) else { return nil }
    |                                          `- error: 'displayLink(withTarget:selector:)' is unavailable in watchOS
 57 |                 self.link = link
 58 |             #endif
/Applications/Xcode-27.0.0-Release.Candidate.app/Contents/Developer/Platforms/WatchOS.platform/Developer/SDKs/WatchOS27.0.sdk/System/Library/Frameworks/UIKit.framework/Headers/UIScreen.h:85:1: note: 'displayLink(withTarget:selector:)' has been explicitly marked unavailable here
 83 | @property(nonatomic,readonly) CGFloat nativeScale  API_AVAILABLE(ios(8.0));  // Native scale factor of the physical screen
 84 |
 85 | - (nullable CADisplayLink *)displayLinkWithTarget:(id)target selector:(SEL)sel API_DEPRECATED("Use the equivalent display link API on UIWindowScene", ios(4.0, 27.0), tvos(9.0, 27.0), visionos(1.0, 27.0)) API_UNAVAILABLE(watchos);
    | `- note: 'displayLink(withTarget:selector:)' has been explicitly marked unavailable here
 86 |
 87 | @property (readonly) NSInteger maximumFramesPerSecond  API_AVAILABLE(ios(10.3)) API_UNAVAILABLE(watchos); // The maximumFramesPerSecond this screen is capable of
/Users/admin/builder/spi-builder-workspace/Sources/DisplayLink/PlatformLink+UIKit.swift:59:18: error: 'preferredFrameRateRange' is unavailable in watchOS
 57 |                 self.link = link
 58 |             #endif
 59 |             link.preferredFrameRateRange = CAFrameRateRange(
    |                  `- error: 'preferredFrameRateRange' is unavailable in watchOS
 60 |                 minimum: frameRateRange.minimum,
 61 |                 maximum: frameRateRange.maximum,
/Applications/Xcode-27.0.0-Release.Candidate.app/Contents/Developer/Platforms/WatchOS.platform/Developer/SDKs/WatchOS27.0.sdk/System/Library/Frameworks/QuartzCore.framework/Headers/CADisplayLink.h:100:39: note: 'preferredFrameRateRange' has been explicitly marked unavailable here
 98 |    animation sources. */
 99 |
100 | @property(nonatomic) CAFrameRateRange preferredFrameRateRange
    |                                       `- note: 'preferredFrameRateRange' has been explicitly marked unavailable here
101 |     API_AVAILABLE(ios(15.0), tvos(15.0)) API_UNAVAILABLE(watchos);
102 |
/Users/admin/builder/spi-builder-workspace/Sources/DisplayLink/PlatformLink+UIKit.swift:59:44: error: 'CAFrameRateRange' is unavailable in watchOS
 57 |                 self.link = link
 58 |             #endif
 59 |             link.preferredFrameRateRange = CAFrameRateRange(
    |                                            `- error: 'CAFrameRateRange' is unavailable in watchOS
 60 |                 minimum: frameRateRange.minimum,
 61 |                 maximum: frameRateRange.maximum,
/Applications/Xcode-27.0.0-Release.Candidate.app/Contents/Developer/Platforms/WatchOS.platform/Developer/SDKs/WatchOS27.0.sdk/System/Library/Frameworks/QuartzCore.framework/Headers/CAFrameRateRange.h:12:8: note: 'CAFrameRateRange' has been explicitly marked unavailable here
10 | #include <stdbool.h>
11 |
12 | struct CAFrameRateRange {
   |        `- note: 'CAFrameRateRange' has been explicitly marked unavailable here
13 |   float minimum;
14 |   float maximum;
/Users/admin/builder/spi-builder-workspace/Sources/DisplayLink/PlatformLink+UIKit.swift:59:44: error: 'init(minimum:maximum:preferred:)' is unavailable in watchOS
 57 |                 self.link = link
 58 |             #endif
 59 |             link.preferredFrameRateRange = CAFrameRateRange(
    |                                            `- error: 'init(minimum:maximum:preferred:)' is unavailable in watchOS
 60 |                 minimum: frameRateRange.minimum,
 61 |                 maximum: frameRateRange.maximum,
QuartzCore.CAFrameRateRange.init:2:8: note: 'init(minimum:maximum:preferred:)' has been explicitly marked unavailable here
1 | struct CAFrameRateRange {
2 | public init(minimum: Float, maximum: Float, preferred: Float? = nil)}
  |        `- note: 'init(minimum:maximum:preferred:)' has been explicitly marked unavailable here
3 |
SwiftCompile normal arm64_32 /Users/admin/builder/spi-builder-workspace/Sources/DisplayLink/PlatformLink+UIKit.swift (in target 'DisplayLink' from project 'DisplayLink')
    cd /Users/admin/builder/spi-builder-workspace/.swiftpm/xcode
    builtin-SwiftPerFileCompile PlatformLink+UIKit.swift
/Users/admin/builder/spi-builder-workspace/Sources/DisplayLink/PlatformLink+UIKit.swift:81:87: error: 'targetTimestamp' is unavailable in watchOS
 79 |
 80 |         @objc func tick(_ link: CADisplayLink) {
 81 |             onFrame(DisplayLinkFrame(timestamp: link.timestamp, targetTimestamp: link.targetTimestamp))
    |                                                                                       `- error: 'targetTimestamp' is unavailable in watchOS
 82 |         }
 83 |     }
/Applications/Xcode-27.0.0-Release.Candidate.app/Contents/Developer/Platforms/WatchOS.platform/Developer/SDKs/WatchOS27.0.sdk/System/Library/Frameworks/QuartzCore.framework/Headers/CADisplayLink.h:64:47: note: 'targetTimestamp' has been explicitly marked unavailable here
 62 | /* The next timestamp that the client should target their render for. */
 63 |
 64 | @property(readonly, nonatomic) CFTimeInterval targetTimestamp
    |                                               `- note: 'targetTimestamp' has been explicitly marked unavailable here
 65 |     API_AVAILABLE(ios(10.0), tvos(10.0)) API_UNAVAILABLE(watchos);
 66 |
SwiftCompile normal arm64_32 Compiling\ WindowAnchor.swift /Users/admin/builder/spi-builder-workspace/Sources/DisplayLink/WindowAnchor.swift (in target 'DisplayLink' from project 'DisplayLink')
SwiftCompile normal arm64_32 /Users/admin/builder/spi-builder-workspace/Sources/DisplayLink/WindowAnchor.swift (in target 'DisplayLink' from project 'DisplayLink')
    cd /Users/admin/builder/spi-builder-workspace/.swiftpm/xcode
    builtin-SwiftPerFileCompile WindowAnchor.swift
SwiftCompile normal arm64_32 Compiling\ SharedDisplayLink.swift /Users/admin/builder/spi-builder-workspace/Sources/DisplayLink/SharedDisplayLink.swift (in target 'DisplayLink' from project 'DisplayLink')
SwiftCompile normal arm64_32 /Users/admin/builder/spi-builder-workspace/Sources/DisplayLink/SharedDisplayLink.swift (in target 'DisplayLink' from project 'DisplayLink')
    cd /Users/admin/builder/spi-builder-workspace/.swiftpm/xcode
    builtin-SwiftPerFileCompile SharedDisplayLink.swift
SwiftCompile normal arm64_32 Compiling\ DisplayLinkContext.swift /Users/admin/builder/spi-builder-workspace/Sources/DisplayLink/DisplayLinkContext.swift (in target 'DisplayLink' from project 'DisplayLink')
SwiftCompile normal arm64_32 /Users/admin/builder/spi-builder-workspace/Sources/DisplayLink/DisplayLinkContext.swift (in target 'DisplayLink' from project 'DisplayLink')
    cd /Users/admin/builder/spi-builder-workspace/.swiftpm/xcode
    builtin-SwiftPerFileCompile DisplayLinkContext.swift
/Users/admin/builder/spi-builder-workspace/Sources/DisplayLink/DisplayLinkContext.swift:42:41: error: 'UIView' is unavailable in watchOS
40 |         /// Removing it stops the link from following the view until
41 |         /// `context` is set again.
42 |         public static func view(_ view: UIView) -> DisplayLinkContext {
   |                                         `- error: 'UIView' is unavailable in watchOS
43 |             .init(source: .view(WeakView(view: view)))
44 |         }
/Applications/Xcode-27.0.0-Release.Candidate.app/Contents/Developer/Platforms/WatchOS.platform/Developer/SDKs/WatchOS27.0.sdk/System/Library/Frameworks/UIKit.framework/Headers/UIView.h:152:12: note: 'UIView' has been explicitly marked unavailable here
150 |
151 | UIKIT_EXTERN API_AVAILABLE(ios(2.0)) API_UNAVAILABLE(watchos) NS_SWIFT_UI_ACTOR
152 | @interface UIView : UIResponder <NSCoding, UIAppearance, UIAppearanceContainer, UIDynamicItem, UITraitEnvironment, UICoordinateSpace, UIFocusItem, UIFocusItemContainer, CALayerDelegate>
    |            `- note: 'UIView' has been explicitly marked unavailable here
153 |
154 | @property(class, nonatomic, readonly) Class layerClass;                        // default is [CALayer class]. Used when creating the underlying layer for the view.
SwiftCompile normal arm64_32 Compiling\ PlatformLink+AppKit.swift /Users/admin/builder/spi-builder-workspace/Sources/DisplayLink/PlatformLink+AppKit.swift (in target 'DisplayLink' from project 'DisplayLink')
SwiftCompile normal arm64_32 /Users/admin/builder/spi-builder-workspace/Sources/DisplayLink/PlatformLink+AppKit.swift (in target 'DisplayLink' from project 'DisplayLink')
    cd /Users/admin/builder/spi-builder-workspace/.swiftpm/xcode
    builtin-SwiftPerFileCompile PlatformLink+AppKit.swift
SwiftCompile normal arm64_32 Compiling\ DisplayLinkFrameRateRange.swift /Users/admin/builder/spi-builder-workspace/Sources/DisplayLink/DisplayLinkFrameRateRange.swift (in target 'DisplayLink' from project 'DisplayLink')
SwiftCompile normal arm64_32 /Users/admin/builder/spi-builder-workspace/Sources/DisplayLink/DisplayLinkFrameRateRange.swift (in target 'DisplayLink' from project 'DisplayLink')
    cd /Users/admin/builder/spi-builder-workspace/.swiftpm/xcode
    builtin-SwiftPerFileCompile DisplayLinkFrameRateRange.swift
SwiftCompile normal arm64_32 Compiling\ DisplayLink.swift /Users/admin/builder/spi-builder-workspace/Sources/DisplayLink/DisplayLink.swift (in target 'DisplayLink' from project 'DisplayLink')
SwiftCompile normal arm64_32 /Users/admin/builder/spi-builder-workspace/Sources/DisplayLink/DisplayLink.swift (in target 'DisplayLink' from project 'DisplayLink')
    cd /Users/admin/builder/spi-builder-workspace/.swiftpm/xcode
    builtin-SwiftPerFileCompile DisplayLink.swift
SwiftCompile normal arm64_32 Compiling\ DisplayLink+SwiftUI.swift /Users/admin/builder/spi-builder-workspace/Sources/DisplayLink/DisplayLink+SwiftUI.swift (in target 'DisplayLink' from project 'DisplayLink')
/Users/admin/builder/spi-builder-workspace/Sources/DisplayLink/DisplayLink+SwiftUI.swift:61:32: error: cannot find type 'UIViewRepresentable' in scope
59 |
60 | #if canImport(UIKit)
61 |     extension DisplayLinkHost: UIViewRepresentable {
   |                                `- error: cannot find type 'UIViewRepresentable' in scope
62 |         func makeUIView(context: Context) -> UIView {
63 |             makeView(coordinator: context.coordinator)
/Users/admin/builder/spi-builder-workspace/Sources/DisplayLink/DisplayLink+SwiftUI.swift:62:34: error: cannot find type 'Context' in scope
60 | #if canImport(UIKit)
61 |     extension DisplayLinkHost: UIViewRepresentable {
62 |         func makeUIView(context: Context) -> UIView {
   |                                  `- error: cannot find type 'Context' in scope
63 |             makeView(coordinator: context.coordinator)
64 |         }
/Users/admin/builder/spi-builder-workspace/Sources/DisplayLink/DisplayLink+SwiftUI.swift:62:46: error: 'UIView' is unavailable in watchOS
60 | #if canImport(UIKit)
61 |     extension DisplayLinkHost: UIViewRepresentable {
62 |         func makeUIView(context: Context) -> UIView {
   |                                              `- error: 'UIView' is unavailable in watchOS
63 |             makeView(coordinator: context.coordinator)
64 |         }
/Applications/Xcode-27.0.0-Release.Candidate.app/Contents/Developer/Platforms/WatchOS.platform/Developer/SDKs/WatchOS27.0.sdk/System/Library/Frameworks/UIKit.framework/Headers/UIView.h:152:12: note: 'UIView' has been explicitly marked unavailable here
150 |
151 | UIKIT_EXTERN API_AVAILABLE(ios(2.0)) API_UNAVAILABLE(watchos) NS_SWIFT_UI_ACTOR
152 | @interface UIView : UIResponder <NSCoding, UIAppearance, UIAppearanceContainer, UIDynamicItem, UITraitEnvironment, UICoordinateSpace, UIFocusItem, UIFocusItemContainer, CALayerDelegate>
    |            `- note: 'UIView' has been explicitly marked unavailable here
153 |
154 | @property(class, nonatomic, readonly) Class layerClass;                        // default is [CALayer class]. Used when creating the underlying layer for the view.
/Users/admin/builder/spi-builder-workspace/Sources/DisplayLink/DisplayLink+SwiftUI.swift:66:47: error: cannot find type 'Context' in scope
64 |         }
65 |
66 |         func updateUIView(_: UIView, context: Context) {
   |                                               `- error: cannot find type 'Context' in scope
67 |             update(coordinator: context.coordinator)
68 |         }
/Users/admin/builder/spi-builder-workspace/Sources/DisplayLink/DisplayLink+SwiftUI.swift:66:30: error: 'UIView' is unavailable in watchOS
64 |         }
65 |
66 |         func updateUIView(_: UIView, context: Context) {
   |                              `- error: 'UIView' is unavailable in watchOS
67 |             update(coordinator: context.coordinator)
68 |         }
/Applications/Xcode-27.0.0-Release.Candidate.app/Contents/Developer/Platforms/WatchOS.platform/Developer/SDKs/WatchOS27.0.sdk/System/Library/Frameworks/UIKit.framework/Headers/UIView.h:152:12: note: 'UIView' has been explicitly marked unavailable here
150 |
151 | UIKIT_EXTERN API_AVAILABLE(ios(2.0)) API_UNAVAILABLE(watchos) NS_SWIFT_UI_ACTOR
152 | @interface UIView : UIResponder <NSCoding, UIAppearance, UIAppearanceContainer, UIDynamicItem, UITraitEnvironment, UICoordinateSpace, UIFocusItem, UIFocusItemContainer, CALayerDelegate>
    |            `- note: 'UIView' has been explicitly marked unavailable here
153 |
154 | @property(class, nonatomic, readonly) Class layerClass;                        // default is [CALayer class]. Used when creating the underlying layer for the view.
/Users/admin/builder/spi-builder-workspace/Sources/DisplayLink/DisplayLink+SwiftUI.swift:18:9: error: instance method 'background(_:ignoresSafeAreaEdges:)' requires that 'DisplayLinkHost' conform to 'ShapeStyle'
16 |         perform action: @escaping @MainActor (DisplayLinkFrame) -> Void,
17 |     ) -> some View {
18 |         background(DisplayLinkHost(preferredFrameRateRange: preferredFrameRateRange, isPaused: isPaused, action: action))
   |         `- error: instance method 'background(_:ignoresSafeAreaEdges:)' requires that 'DisplayLinkHost' conform to 'ShapeStyle'
19 |     }
20 | }
SwiftUI.View.background:2:36: note: where 'S' = 'DisplayLinkHost'
1 | protocol View {
2 | @inlinable nonisolated public func background<S>(_ style: S, ignoresSafeAreaEdges edges: Edge.Set = .all) -> some View where S : ShapeStyle
  |                                    `- note: where 'S' = 'DisplayLinkHost'
3 |   }
4 |
SwiftCompile normal arm64_32 /Users/admin/builder/spi-builder-workspace/Sources/DisplayLink/DisplayLink+SwiftUI.swift (in target 'DisplayLink' from project 'DisplayLink')
    cd /Users/admin/builder/spi-builder-workspace/.swiftpm/xcode
    builtin-SwiftPerFileCompile DisplayLink+SwiftUI.swift
SwiftEmitModule normal arm64_32 Emitting\ module\ for\ DisplayLink (in target 'DisplayLink' from project 'DisplayLink')
/Users/admin/builder/spi-builder-workspace/Sources/DisplayLink/DisplayLink+SwiftUI.swift:61:32: error: cannot find type 'UIViewRepresentable' in scope
59 |
60 | #if canImport(UIKit)
61 |     extension DisplayLinkHost: UIViewRepresentable {
   |                                `- error: cannot find type 'UIViewRepresentable' in scope
62 |         func makeUIView(context: Context) -> UIView {
63 |             makeView(coordinator: context.coordinator)
/Users/admin/builder/spi-builder-workspace/Sources/DisplayLink/DisplayLink+SwiftUI.swift:62:34: error: cannot find type 'Context' in scope
60 | #if canImport(UIKit)
61 |     extension DisplayLinkHost: UIViewRepresentable {
62 |         func makeUIView(context: Context) -> UIView {
   |                                  `- error: cannot find type 'Context' in scope
63 |             makeView(coordinator: context.coordinator)
64 |         }
/Users/admin/builder/spi-builder-workspace/Sources/DisplayLink/DisplayLink+SwiftUI.swift:62:46: error: 'UIView' is unavailable in watchOS
60 | #if canImport(UIKit)
61 |     extension DisplayLinkHost: UIViewRepresentable {
62 |         func makeUIView(context: Context) -> UIView {
   |                                              `- error: 'UIView' is unavailable in watchOS
63 |             makeView(coordinator: context.coordinator)
64 |         }
/Applications/Xcode-27.0.0-Release.Candidate.app/Contents/Developer/Platforms/WatchOS.platform/Developer/SDKs/WatchOS27.0.sdk/System/Library/Frameworks/UIKit.framework/Headers/UIView.h:152:12: note: 'UIView' has been explicitly marked unavailable here
150 |
151 | UIKIT_EXTERN API_AVAILABLE(ios(2.0)) API_UNAVAILABLE(watchos) NS_SWIFT_UI_ACTOR
152 | @interface UIView : UIResponder <NSCoding, UIAppearance, UIAppearanceContainer, UIDynamicItem, UITraitEnvironment, UICoordinateSpace, UIFocusItem, UIFocusItemContainer, CALayerDelegate>
    |            `- note: 'UIView' has been explicitly marked unavailable here
153 |
154 | @property(class, nonatomic, readonly) Class layerClass;                        // default is [CALayer class]. Used when creating the underlying layer for the view.
/Users/admin/builder/spi-builder-workspace/Sources/DisplayLink/DisplayLink+SwiftUI.swift:66:47: error: cannot find type 'Context' in scope
64 |         }
65 |
66 |         func updateUIView(_: UIView, context: Context) {
   |                                               `- error: cannot find type 'Context' in scope
67 |             update(coordinator: context.coordinator)
68 |         }
/Users/admin/builder/spi-builder-workspace/Sources/DisplayLink/DisplayLink+SwiftUI.swift:66:30: error: 'UIView' is unavailable in watchOS
64 |         }
65 |
66 |         func updateUIView(_: UIView, context: Context) {
   |                              `- error: 'UIView' is unavailable in watchOS
67 |             update(coordinator: context.coordinator)
68 |         }
/Applications/Xcode-27.0.0-Release.Candidate.app/Contents/Developer/Platforms/WatchOS.platform/Developer/SDKs/WatchOS27.0.sdk/System/Library/Frameworks/UIKit.framework/Headers/UIView.h:152:12: note: 'UIView' has been explicitly marked unavailable here
150 |
151 | UIKIT_EXTERN API_AVAILABLE(ios(2.0)) API_UNAVAILABLE(watchos) NS_SWIFT_UI_ACTOR
152 | @interface UIView : UIResponder <NSCoding, UIAppearance, UIAppearanceContainer, UIDynamicItem, UITraitEnvironment, UICoordinateSpace, UIFocusItem, UIFocusItemContainer, CALayerDelegate>
    |            `- note: 'UIView' has been explicitly marked unavailable here
153 |
154 | @property(class, nonatomic, readonly) Class layerClass;                        // default is [CALayer class]. Used when creating the underlying layer for the view.
/Users/admin/builder/spi-builder-workspace/Sources/DisplayLink/DisplayLinkContext.swift:42:41: error: 'UIView' is unavailable in watchOS
40 |         /// Removing it stops the link from following the view until
41 |         /// `context` is set again.
42 |         public static func view(_ view: UIView) -> DisplayLinkContext {
   |                                         `- error: 'UIView' is unavailable in watchOS
43 |             .init(source: .view(WeakView(view: view)))
44 |         }
/Applications/Xcode-27.0.0-Release.Candidate.app/Contents/Developer/Platforms/WatchOS.platform/Developer/SDKs/WatchOS27.0.sdk/System/Library/Frameworks/UIKit.framework/Headers/UIView.h:152:12: note: 'UIView' has been explicitly marked unavailable here
150 |
151 | UIKIT_EXTERN API_AVAILABLE(ios(2.0)) API_UNAVAILABLE(watchos) NS_SWIFT_UI_ACTOR
152 | @interface UIView : UIResponder <NSCoding, UIAppearance, UIAppearanceContainer, UIDynamicItem, UITraitEnvironment, UICoordinateSpace, UIFocusItem, UIFocusItemContainer, CALayerDelegate>
    |            `- note: 'UIView' has been explicitly marked unavailable here
153 |
154 | @property(class, nonatomic, readonly) Class layerClass;                        // default is [CALayer class]. Used when creating the underlying layer for the view.
/Users/admin/builder/spi-builder-workspace/Sources/DisplayLink/DisplayLinkContext.swift:48:49: error: 'UIScreen' is unavailable in watchOS
46 |         #if !os(visionOS)
47 |             /// A specific screen.
48 |             public static func screen(_ screen: UIScreen) -> DisplayLinkContext {
   |                                                 `- error: 'UIScreen' is unavailable in watchOS
49 |                 .init(source: .screen(screen))
50 |             }
/Applications/Xcode-27.0.0-Release.Candidate.app/Contents/Developer/Platforms/WatchOS.platform/Developer/SDKs/WatchOS27.0.sdk/System/Library/Frameworks/UIKit.framework/Headers/UIScreen.h:54:12: note: 'UIScreen' has been explicitly marked unavailable here
 52 |
 53 | UIKIT_EXTERN API_AVAILABLE(ios(2.0)) API_UNAVAILABLE(visionos, watchos) NS_SWIFT_UI_ACTOR
 54 | @interface UIScreen : NSObject <UITraitEnvironment>
    |            `- note: 'UIScreen' has been explicitly marked unavailable here
 55 |
 56 | @property(class, nonatomic, readonly) NSArray<UIScreen *> *screens API_DEPRECATED("Use UIApplication.shared.openSessions to find open sessions with scenes from other screens", ios(3.2, 16.0), visionos(1.0, 1.0)) API_UNAVAILABLE(watchos); // all screens currently attached to the device
/Users/admin/builder/spi-builder-workspace/Sources/DisplayLink/PlatformLink+UIKit.swift:9:30: error: 'UIView' is unavailable in watchOS
  7 |     import UIKit
  8 |
  9 |     typealias PlatformView = UIView
    |                              `- error: 'UIView' is unavailable in watchOS
 10 |
 11 |     #if os(visionOS)
/Applications/Xcode-27.0.0-Release.Candidate.app/Contents/Developer/Platforms/WatchOS.platform/Developer/SDKs/WatchOS27.0.sdk/System/Library/Frameworks/UIKit.framework/Headers/UIView.h:152:12: note: 'UIView' has been explicitly marked unavailable here
150 |
151 | UIKIT_EXTERN API_AVAILABLE(ios(2.0)) API_UNAVAILABLE(watchos) NS_SWIFT_UI_ACTOR
152 | @interface UIView : UIResponder <NSCoding, UIAppearance, UIAppearanceContainer, UIDynamicItem, UITraitEnvironment, UICoordinateSpace, UIFocusItem, UIFocusItemContainer, CALayerDelegate>
    |            `- note: 'UIView' has been explicitly marked unavailable here
153 |
154 | @property(class, nonatomic, readonly) Class layerClass;                        // default is [CALayer class]. Used when creating the underlying layer for the view.
/Users/admin/builder/spi-builder-workspace/Sources/DisplayLink/PlatformLink+UIKit.swift:26:29: error: 'UIScreen' is unavailable in watchOS
 24 |         }
 25 |     #else
 26 |         typealias Display = UIScreen
    |                             `- error: 'UIScreen' is unavailable in watchOS
 27 |
 28 |         extension UIScreen {
/Applications/Xcode-27.0.0-Release.Candidate.app/Contents/Developer/Platforms/WatchOS.platform/Developer/SDKs/WatchOS27.0.sdk/System/Library/Frameworks/UIKit.framework/Headers/UIScreen.h:54:12: note: 'UIScreen' has been explicitly marked unavailable here
 52 |
 53 | UIKIT_EXTERN API_AVAILABLE(ios(2.0)) API_UNAVAILABLE(visionos, watchos) NS_SWIFT_UI_ACTOR
 54 | @interface UIScreen : NSObject <UITraitEnvironment>
    |            `- note: 'UIScreen' has been explicitly marked unavailable here
 55 |
 56 | @property(class, nonatomic, readonly) NSArray<UIScreen *> *screens API_DEPRECATED("Use UIApplication.shared.openSessions to find open sessions with scenes from other screens", ios(3.2, 16.0), visionos(1.0, 1.0)) API_UNAVAILABLE(watchos); // all screens currently attached to the device
/Users/admin/builder/spi-builder-workspace/Sources/DisplayLink/PlatformLink+UIKit.swift:29:33: error: 'UIScreen' is unavailable in watchOS
 27 |
 28 |         extension UIScreen {
 29 |             static var primary: UIScreen {
    |                                 `- error: 'UIScreen' is unavailable in watchOS
 30 |                 .main
 31 |             }
/Applications/Xcode-27.0.0-Release.Candidate.app/Contents/Developer/Platforms/WatchOS.platform/Developer/SDKs/WatchOS27.0.sdk/System/Library/Frameworks/UIKit.framework/Headers/UIScreen.h:54:12: note: 'UIScreen' has been explicitly marked unavailable here
 52 |
 53 | UIKIT_EXTERN API_AVAILABLE(ios(2.0)) API_UNAVAILABLE(visionos, watchos) NS_SWIFT_UI_ACTOR
 54 | @interface UIScreen : NSObject <UITraitEnvironment>
    |            `- note: 'UIScreen' has been explicitly marked unavailable here
 55 |
 56 | @property(class, nonatomic, readonly) NSArray<UIScreen *> *screens API_DEPRECATED("Use UIApplication.shared.openSessions to find open sessions with scenes from other screens", ios(3.2, 16.0), visionos(1.0, 1.0)) API_UNAVAILABLE(watchos); // all screens currently attached to the device
/Users/admin/builder/spi-builder-workspace/Sources/DisplayLink/PlatformLink+UIKit.swift:37:41: error: 'UIView' is unavailable in watchOS
 35 |             }
 36 |
 37 |             static func showing(_ view: UIView) -> UIScreen? {
    |                                         `- error: 'UIView' is unavailable in watchOS
 38 |                 (view as? UIWindow ?? view.window)?.screen
 39 |             }
/Applications/Xcode-27.0.0-Release.Candidate.app/Contents/Developer/Platforms/WatchOS.platform/Developer/SDKs/WatchOS27.0.sdk/System/Library/Frameworks/UIKit.framework/Headers/UIView.h:152:12: note: 'UIView' has been explicitly marked unavailable here
150 |
151 | UIKIT_EXTERN API_AVAILABLE(ios(2.0)) API_UNAVAILABLE(watchos) NS_SWIFT_UI_ACTOR
152 | @interface UIView : UIResponder <NSCoding, UIAppearance, UIAppearanceContainer, UIDynamicItem, UITraitEnvironment, UICoordinateSpace, UIFocusItem, UIFocusItemContainer, CALayerDelegate>
    |            `- note: 'UIView' has been explicitly marked unavailable here
153 |
154 | @property(class, nonatomic, readonly) Class layerClass;                        // default is [CALayer class]. Used when creating the underlying layer for the view.
/Users/admin/builder/spi-builder-workspace/Sources/DisplayLink/PlatformLink+UIKit.swift:37:52: error: 'UIScreen' is unavailable in watchOS
 35 |             }
 36 |
 37 |             static func showing(_ view: UIView) -> UIScreen? {
    |                                                    `- error: 'UIScreen' is unavailable in watchOS
 38 |                 (view as? UIWindow ?? view.window)?.screen
 39 |             }
/Applications/Xcode-27.0.0-Release.Candidate.app/Contents/Developer/Platforms/WatchOS.platform/Developer/SDKs/WatchOS27.0.sdk/System/Library/Frameworks/UIKit.framework/Headers/UIScreen.h:54:12: note: 'UIScreen' has been explicitly marked unavailable here
 52 |
 53 | UIKIT_EXTERN API_AVAILABLE(ios(2.0)) API_UNAVAILABLE(visionos, watchos) NS_SWIFT_UI_ACTOR
 54 | @interface UIScreen : NSObject <UITraitEnvironment>
    |            `- note: 'UIScreen' has been explicitly marked unavailable here
 55 |
 56 | @property(class, nonatomic, readonly) NSArray<UIScreen *> *screens API_DEPRECATED("Use UIApplication.shared.openSessions to find open sessions with scenes from other screens", ios(3.2, 16.0), visionos(1.0, 1.0)) API_UNAVAILABLE(watchos); // all screens currently attached to the device
/Users/admin/builder/spi-builder-workspace/Sources/DisplayLink/PlatformLink+UIKit.swift:28:19: error: 'UIScreen' is unavailable in watchOS
 26 |         typealias Display = UIScreen
 27 |
 28 |         extension UIScreen {
    |                   `- error: 'UIScreen' is unavailable in watchOS
 29 |             static var primary: UIScreen {
 30 |                 .main
/Applications/Xcode-27.0.0-Release.Candidate.app/Contents/Developer/Platforms/WatchOS.platform/Developer/SDKs/WatchOS27.0.sdk/System/Library/Frameworks/UIKit.framework/Headers/UIScreen.h:54:12: note: 'UIScreen' has been explicitly marked unavailable here
 52 |
 53 | UIKIT_EXTERN API_AVAILABLE(ios(2.0)) API_UNAVAILABLE(visionos, watchos) NS_SWIFT_UI_ACTOR
 54 | @interface UIScreen : NSObject <UITraitEnvironment>
    |            `- note: 'UIScreen' has been explicitly marked unavailable here
 55 |
 56 | @property(class, nonatomic, readonly) NSArray<UIScreen *> *screens API_DEPRECATED("Use UIApplication.shared.openSessions to find open sessions with scenes from other screens", ios(3.2, 16.0), visionos(1.0, 1.0)) API_UNAVAILABLE(watchos); // all screens currently attached to the device
/Users/admin/builder/spi-builder-workspace/Sources/DisplayLink/PlatformLink+UIKit.swift:47:27: error: 'CADisplayLink' is unavailable in watchOS
 45 |     @MainActor
 46 |     final class PlatformLink {
 47 |         private let link: CADisplayLink
    |                           `- error: 'CADisplayLink' is unavailable in watchOS
 48 |
 49 |         init?(display: Display, frameRateRange: DisplayLinkFrameRateRange, onFrame: @escaping @MainActor (DisplayLinkFrame) -> Void) {
/Applications/Xcode-27.0.0-Release.Candidate.app/Contents/Developer/Platforms/WatchOS.platform/Developer/SDKs/WatchOS27.0.sdk/System/Library/Frameworks/QuartzCore.framework/Headers/CADisplayLink.h:21:12: note: 'CADisplayLink' has been explicitly marked unavailable here
 19 | API_AVAILABLE(macos(14.0))
 20 |
 21 | @interface CADisplayLink : NSObject
    |            `- note: 'CADisplayLink' has been explicitly marked unavailable here
 22 | {
 23 | @private
/Users/admin/builder/spi-builder-workspace/Sources/DisplayLink/PlatformLink+UIKit.swift:80:33: error: 'CADisplayLink' is unavailable in watchOS
 78 |         }
 79 |
 80 |         @objc func tick(_ link: CADisplayLink) {
    |                                 `- error: 'CADisplayLink' is unavailable in watchOS
 81 |             onFrame(DisplayLinkFrame(timestamp: link.timestamp, targetTimestamp: link.targetTimestamp))
 82 |         }
/Applications/Xcode-27.0.0-Release.Candidate.app/Contents/Developer/Platforms/WatchOS.platform/Developer/SDKs/WatchOS27.0.sdk/System/Library/Frameworks/QuartzCore.framework/Headers/CADisplayLink.h:21:12: note: 'CADisplayLink' has been explicitly marked unavailable here
 19 | API_AVAILABLE(macos(14.0))
 20 |
 21 | @interface CADisplayLink : NSObject
    |            `- note: 'CADisplayLink' has been explicitly marked unavailable here
 22 | {
 23 | @private
Failed frontend command:
/Applications/Xcode-27.0.0-Release.Candidate.app/Contents/Developer/Toolchains/XcodeDefault.xctoolchain/usr/bin/swift-frontend -frontend -emit-module -experimental-skip-non-inlinable-function-bodies-without-types /Users/admin/builder/spi-builder-workspace/Sources/DisplayLink/DisplayLink+SwiftUI.swift /Users/admin/builder/spi-builder-workspace/Sources/DisplayLink/DisplayLink.swift /Users/admin/builder/spi-builder-workspace/Sources/DisplayLink/DisplayLinkContext.swift /Users/admin/builder/spi-builder-workspace/Sources/DisplayLink/DisplayLinkFrame.swift /Users/admin/builder/spi-builder-workspace/Sources/DisplayLink/DisplayLinkFrameRateRange.swift /Users/admin/builder/spi-builder-workspace/Sources/DisplayLink/PlatformLink+AppKit.swift /Users/admin/builder/spi-builder-workspace/Sources/DisplayLink/PlatformLink+UIKit.swift /Users/admin/builder/spi-builder-workspace/Sources/DisplayLink/SharedDisplayLink.swift /Users/admin/builder/spi-builder-workspace/Sources/DisplayLink/WindowAnchor.swift -target arm64_32-apple-watchos9.0 -module-can-import-version UIKit 9127.0.84.1 9127.0.84 -disable-cross-import-overlay-search -load-resolved-plugin /Applications/Xcode-27.0.0-Release.Candidate.app/Contents/Developer/Platforms/WatchOS.platform/Developer/usr/lib/swift/host/plugins/libFoundationMacros.dylib\#/Applications/Xcode-27.0.0-Release.Candidate.app/Contents/Developer/Platforms/WatchOS.platform/Developer/usr/bin/swift-plugin-server\#FoundationMacros -load-resolved-plugin /Applications/Xcode-27.0.0-Release.Candidate.app/Contents/Developer/Platforms/WatchOS.platform/Developer/usr/lib/swift/host/plugins/libObservationMacros.dylib\#/Applications/Xcode-27.0.0-Release.Candidate.app/Contents/Developer/Platforms/WatchOS.platform/Developer/usr/bin/swift-plugin-server\#ObservationMacros -load-resolved-plugin /Applications/Xcode-27.0.0-Release.Candidate.app/Contents/Developer/Platforms/WatchOS.platform/Developer/usr/lib/swift/host/plugins/libPreviewsMacros.dylib\#/Applications/Xcode-27.0.0-Release.Candidate.app/Contents/Developer/Platforms/WatchOS.platform/Developer/usr/bin/swift-plugin-server\#PreviewsMacros -load-resolved-plugin /Applications/Xcode-27.0.0-Release.Candidate.app/Contents/Developer/Platforms/WatchOS.platform/Developer/usr/lib/swift/host/plugins/libSwiftMacros.dylib\#/Applications/Xcode-27.0.0-Release.Candidate.app/Contents/Developer/Platforms/WatchOS.platform/Developer/usr/bin/swift-plugin-server\#SwiftMacros -load-resolved-plugin /Applications/Xcode-27.0.0-Release.Candidate.app/Contents/Developer/Platforms/WatchOS.platform/Developer/usr/lib/swift/host/plugins/libSwiftUIMacros.dylib\#/Applications/Xcode-27.0.0-Release.Candidate.app/Contents/Developer/Platforms/WatchOS.platform/Developer/usr/bin/swift-plugin-server\#SwiftUIMacros -disable-implicit-swift-modules -Xcc -fno-implicit-modules -Xcc -fno-implicit-module-maps -explicit-swift-module-map-file /Users/admin/builder/spi-builder-workspace/.derivedData/Build/Intermediates.noindex/DisplayLink.build/Debug-watchos/DisplayLink-t.build/Objects-normal/arm64_32/DisplayLink-dependencies-2.json -enable-objc-interop -sdk /Applications/Xcode-27.0.0-Release.Candidate.app/Contents/Developer/Platforms/WatchOS.platform/Developer/SDKs/WatchOS27.0.sdk -I /Users/admin/builder/spi-builder-workspace/.derivedData/Build/Products/Debug-watchos -Isystem /Applications/Xcode-27.0.0-Release.Candidate.app/Contents/Developer/Platforms/WatchOS.platform/Developer/usr/lib -F /Users/admin/builder/spi-builder-workspace/.derivedData/Build/Products/Debug-watchos -F /Applications/Xcode-27.0.0-Release.Candidate.app/Contents/Developer/Platforms/WatchOS.platform/Developer/Library/Frameworks -F /Applications/Xcode-27.0.0-Release.Candidate.app/Contents/Developer/Platforms/WatchOS.platform/Developer/SDKs/WatchOS27.0.sdk/Developer/Library/Frameworks -module-cache-path /Users/admin/builder/spi-builder-workspace/.derivedData/Build/Intermediates.noindex/SwiftExplicitPrecompiledModules -no-color-diagnostics -Xcc -fno-color-diagnostics -enable-testing -g -debug-info-format\=dwarf -dwarf-version\=4 -profile-generate -profile-coverage-mapping -swift-version 6 -Onone -D SWIFT_PACKAGE -D DEBUG -D SWIFT_MODULE_RESOURCE_BUNDLE_UNAVAILABLE -D Xcode -serialize-debugging-options -enable-experimental-feature DebugDescriptionMacro -empty-abi-descriptor -validate-clang-modules-once -clang-build-session-file /Users/admin/builder/spi-builder-workspace/.derivedData/ModuleCache.noindex/Session.modulevalidation -Xcc -working-directory -Xcc /Users/admin/builder/spi-builder-workspace/.swiftpm/xcode -enable-anonymous-context-mangled-names -file-compilation-dir /Users/admin/builder/spi-builder-workspace/.swiftpm/xcode -Xcc -D_LIBCPP_HARDENING_MODE\=_LIBCPP_HARDENING_MODE_DEBUG -Xcc -ivfsstatcache -Xcc /Users/admin/builder/spi-builder-workspace/.derivedData/SDKStatCaches.noindex/watchos27.0-24R360-e829b21a6f8c9b70876ba0858053c04477534ef55a1706bf4c1112bbb242f0a2.sdkstatcache -Xcc -fmodules-prune-interval\=86400 -Xcc -fmodules-prune-after\=345600 -Xcc -I/Users/admin/builder/spi-builder-workspace/.derivedData/Build/Products/Debug-watchos/include -Xcc -I/Users/admin/builder/spi-builder-workspace/.derivedData/Build/Intermediates.noindex/DisplayLink.build/Debug-watchos/DisplayLink-t.build/DerivedSources-normal/arm64_32 -Xcc -I/Users/admin/builder/spi-builder-workspace/.derivedData/Build/Intermediates.noindex/DisplayLink.build/Debug-watchos/DisplayLink-t.build/DerivedSources/arm64_32 -Xcc -I/Users/admin/builder/spi-builder-workspace/.derivedData/Build/Intermediates.noindex/DisplayLink.build/Debug-watchos/DisplayLink-t.build/DerivedSources -Xcc -DSWIFT_PACKAGE -Xcc -DDEBUG\=1 -no-auto-bridging-header-chaining -module-name DisplayLink -package-name spi_builder_workspace -const-gather-protocols-file /Users/admin/builder/spi-builder-workspace/.derivedData/Build/Intermediates.noindex/DisplayLink.build/Debug-watchos/DisplayLink-t.build/Objects-normal/arm64_32/DisplayLink_const_extract_protocols.json -disable-clang-spi -clang-target arm64_32-apple-watchos27.0 -target-sdk-version 27.0 -target-sdk-name watchos27.0 -in-process-plugin-server-path /Applications/Xcode-27.0.0-Release.Candidate.app/Contents/Developer/Toolchains/XcodeDefault.xctoolchain/usr/lib/swift/host/libSwiftInProcPluginServer.dylib -emit-module-doc-path /Users/admin/builder/spi-builder-workspace/.derivedData/Build/Intermediates.noindex/DisplayLink.build/Debug-watchos/DisplayLink-t.build/Objects-normal/arm64_32/DisplayLink.swiftdoc -emit-module-source-info-path /Users/admin/builder/spi-builder-workspace/.derivedData/Build/Intermediates.noindex/DisplayLink.build/Debug-watchos/DisplayLink-t.build/Objects-normal/arm64_32/DisplayLink.swiftsourceinfo -emit-objc-header-path /Users/admin/builder/spi-builder-workspace/.derivedData/Build/Intermediates.noindex/DisplayLink.build/Debug-watchos/DisplayLink-t.build/Objects-normal/arm64_32/DisplayLink-Swift.h -serialize-diagnostics-path /Users/admin/builder/spi-builder-workspace/.derivedData/Build/Intermediates.noindex/DisplayLink.build/Debug-watchos/DisplayLink-t.build/Objects-normal/arm64_32/DisplayLink-primary-emit-module.dia -emit-dependencies-path /Users/admin/builder/spi-builder-workspace/.derivedData/Build/Intermediates.noindex/DisplayLink.build/Debug-watchos/DisplayLink-t.build/Objects-normal/arm64_32/DisplayLink-primary-emit-module.d -parse-as-library -o /Users/admin/builder/spi-builder-workspace/.derivedData/Build/Intermediates.noindex/DisplayLink.build/Debug-watchos/DisplayLink-t.build/Objects-normal/arm64_32/DisplayLink.swiftmodule -emit-abi-descriptor-path /Users/admin/builder/spi-builder-workspace/.derivedData/Build/Intermediates.noindex/DisplayLink.build/Debug-watchos/DisplayLink-t.build/Objects-normal/arm64_32/DisplayLink.abi.json
SwiftCompile normal arm64_32 (in target 'DisplayLink' from project 'DisplayLink')
    cd /Users/admin/builder/spi-builder-workspace/.swiftpm/xcode

SwiftCompile normal arm64_32 Compiling\ DisplayLinkFrame.swift /Users/admin/builder/spi-builder-workspace/Sources/DisplayLink/DisplayLinkFrame.swift (in target 'DisplayLink' from project 'DisplayLink')
SwiftCompile normal arm64_32 /Users/admin/builder/spi-builder-workspace/Sources/DisplayLink/DisplayLinkFrame.swift (in target 'DisplayLink' from project 'DisplayLink')
    cd /Users/admin/builder/spi-builder-workspace/.swiftpm/xcode
    builtin-SwiftPerFileCompile DisplayLinkFrame.swift
SwiftEmitModule normal arm64 Emitting\ module\ for\ DisplayLink (in target 'DisplayLink' from project 'DisplayLink')
SwiftCompile normal arm64 (in target 'DisplayLink' from project 'DisplayLink')
    cd /Users/admin/builder/spi-builder-workspace/.swiftpm/xcode

PruneExplicitPrecompiledModules /Users/admin/builder/spi-builder-workspace/.derivedData/Build/Intermediates.noindex/ExplicitPrecompiledModules
PruneExplicitPrecompiledModules /Users/admin/builder/spi-builder-workspace/.derivedData/Build/Intermediates.noindex/SwiftExplicitPrecompiledModules
PruneExplicitPrecompiledModules /Users/admin/builder/spi-builder-workspace/.derivedData/SDKExplicitPrecompiledModules
2026-10-04 05:17:45.537 xcodebuild[626:3876] [MT] IDERunDestination: Supported platforms for the buildables in the current scheme is empty.
** BUILD FAILED **
The following build commands failed:
	SwiftEmitModule normal arm64_32 Emitting\ module\ for\ DisplayLink (in target 'DisplayLink' from project 'DisplayLink')
	SwiftCompile normal arm64_32 (in target 'DisplayLink' from project 'DisplayLink')
	Building workspace DisplayLink with scheme DisplayLink
(3 failures)
Command line invocation:
    /Applications/Xcode-27.0.0-Release.Candidate.app/Contents/Developer/usr/bin/xcodebuild -IDEClonedSourcePackagesDirPathOverride=/Users/admin/builder/spi-builder-workspace/.dependencies -resolvePackageDependencies
Resolve Package Graph
Resolved source packages:
  DisplayLink: /Users/admin/builder/spi-builder-workspace
resolved source packages: DisplayLink
2026-10-04 05:17:52.289 xcodebuild[799:4630] [MT] IDERunDestination: Supported platforms for the buildables in the current scheme is empty.
{
  "dependencies" : [
  ],
  "manifest_display_name" : "DisplayLink",
  "name" : "DisplayLink",
  "path" : "/Users/admin/builder/spi-builder-workspace",
  "platforms" : [
    {
      "name" : "ios",
      "version" : "15.0"
    },
    {
      "name" : "macos",
      "version" : "12.0"
    },
    {
      "name" : "maccatalyst",
      "version" : "15.0"
    },
    {
      "name" : "tvos",
      "version" : "15.0"
    },
    {
      "name" : "visionos",
      "version" : "1.0"
    }
  ],
  "products" : [
    {
      "name" : "DisplayLink",
      "targets" : [
        "DisplayLink"
      ],
      "type" : {
        "library" : [
          "automatic"
        ]
      }
    }
  ],
  "targets" : [
    {
      "c99name" : "DisplayLinkTests",
      "module_type" : "SwiftTarget",
      "name" : "DisplayLinkTests",
      "path" : "Tests/DisplayLinkTests",
      "sources" : [
        "DisplayLinkContextTests.swift",
        "DisplayLinkLifecycleTests.swift",
        "DisplayLinkStressTests.swift",
        "DisplayLinkSwiftUITests.swift",
        "FrameRateRangeTests.swift",
        "TestSupport.swift"
      ],
      "target_dependencies" : [
        "DisplayLink"
      ],
      "type" : "test"
    },
    {
      "c99name" : "DisplayLink",
      "module_type" : "SwiftTarget",
      "name" : "DisplayLink",
      "path" : "Sources/DisplayLink",
      "product_memberships" : [
        "DisplayLink"
      ],
      "sources" : [
        "DisplayLink+SwiftUI.swift",
        "DisplayLink.swift",
        "DisplayLinkContext.swift",
        "DisplayLinkFrame.swift",
        "DisplayLinkFrameRateRange.swift",
        "PlatformLink+AppKit.swift",
        "PlatformLink+UIKit.swift",
        "SharedDisplayLink.swift",
        "WindowAnchor.swift"
      ],
      "type" : "library"
    }
  ],
  "tools_version" : "6.2"
}
{
  "workspace" : {
    "name" : "DisplayLink",
    "schemes" : [
      "DisplayLink"
    ]
  }
}
2026-10-04 05:17:53.526 xcodebuild[807:4695] [MT] IDERunDestination: Supported platforms for the buildables in the current scheme is empty.
Running build ...
env DEVELOPER_DIR=/Applications/Xcode-27.0.0-Release.Candidate.app xcrun xcodebuild -IDEClonedSourcePackagesDirPathOverride=$PWD/.dependencies -skipMacroValidation -skipPackagePluginValidation -derivedDataPath $PWD/.derivedData build -scheme DisplayLink -destination generic/platform=watchOS
Command line invocation:
    /Applications/Xcode-27.0.0-Release.Candidate.app/Contents/Developer/usr/bin/xcodebuild -IDEClonedSourcePackagesDirPathOverride=/Users/admin/builder/spi-builder-workspace/.dependencies -skipMacroValidation -skipPackagePluginValidation -derivedDataPath /Users/admin/builder/spi-builder-workspace/.derivedData build -scheme DisplayLink -destination generic/platform=watchOS
Resolve Package Graph
Resolved source packages:
  DisplayLink: /Users/admin/builder/spi-builder-workspace
ComputePackagePrebuildTargetDependencyGraph
Prepare packages
CreateBuildRequest
SendProjectDescription
CreateBuildOperation
ComputeTargetDependencyGraph
note: Building targets in dependency order
note: Target dependency graph (2 targets)
    Target 'DisplayLink-product' in project 'DisplayLink'
        ➜ Explicit dependency on target 'DisplayLink' in project 'DisplayLink'
    Target 'DisplayLink' in project 'DisplayLink' (no dependencies)
GatherProvisioningInputs
CreateBuildDescription
ClangStatCache /Applications/Xcode-27.0.0-Release.Candidate.app/Contents/Developer/Toolchains/XcodeDefault.xctoolchain/usr/bin/clang-stat-cache /Applications/Xcode-27.0.0-Release.Candidate.app/Contents/Developer/Platforms/WatchOS.platform/Developer/SDKs/WatchOS27.0.sdk /Users/admin/builder/spi-builder-workspace/.derivedData/SDKStatCaches.noindex/watchos27.0-24R360-e829b21a6f8c9b70876ba0858053c04477534ef55a1706bf4c1112bbb242f0a2.sdkstatcache
    cd /Users/admin/builder/spi-builder-workspace/.swiftpm/xcode
    /Applications/Xcode-27.0.0-Release.Candidate.app/Contents/Developer/Toolchains/XcodeDefault.xctoolchain/usr/bin/clang-stat-cache /Applications/Xcode-27.0.0-Release.Candidate.app/Contents/Developer/Platforms/WatchOS.platform/Developer/SDKs/WatchOS27.0.sdk -o /Users/admin/builder/spi-builder-workspace/.derivedData/SDKStatCaches.noindex/watchos27.0-24R360-e829b21a6f8c9b70876ba0858053c04477534ef55a1706bf4c1112bbb242f0a2.sdkstatcache
SwiftDriver DisplayLink normal arm64_32 com.apple.xcode.tools.swift.compiler (in target 'DisplayLink' from project 'DisplayLink')
    cd /Users/admin/builder/spi-builder-workspace/.swiftpm/xcode
    builtin-SwiftDriver -- /Applications/Xcode-27.0.0-Release.Candidate.app/Contents/Developer/Toolchains/XcodeDefault.xctoolchain/usr/bin/swiftc -parse-as-library -module-name DisplayLink -Onone @/Users/admin/builder/spi-builder-workspace/.derivedData/Build/Intermediates.noindex/DisplayLink.build/Debug-watchos/DisplayLink-t.build/Objects-normal/arm64_32/DisplayLink.SwiftFileList -DSWIFT_PACKAGE -DDEBUG -DSWIFT_MODULE_RESOURCE_BUNDLE_UNAVAILABLE -DXcode -plugin-path /Applications/Xcode-27.0.0-Release.Candidate.app/Contents/Developer/Toolchains/XcodeDefault.xctoolchain/usr/lib/swift/host/plugins/testing -enable-experimental-feature DebugDescriptionMacro -sdk /Applications/Xcode-27.0.0-Release.Candidate.app/Contents/Developer/Platforms/WatchOS.platform/Developer/SDKs/WatchOS27.0.sdk -target arm64_32-apple-watchos9.0 -g -module-cache-path /Users/admin/builder/spi-builder-workspace/.derivedData/ModuleCache.noindex -Xfrontend -serialize-debugging-options -profile-coverage-mapping -profile-generate -enable-testing -index-store-path /Users/admin/builder/spi-builder-workspace/.derivedData/Index.noindex/DataStore -Xcc -D_LIBCPP_HARDENING_MODE\=_LIBCPP_HARDENING_MODE_DEBUG -swift-version 6 -I /Users/admin/builder/spi-builder-workspace/.derivedData/Build/Products/Debug-watchos -Isystem /Applications/Xcode-27.0.0-Release.Candidate.app/Contents/Developer/Platforms/WatchOS.platform/Developer/usr/lib -F /Users/admin/builder/spi-builder-workspace/.derivedData/Build/Products/Debug-watchos -F /Applications/Xcode-27.0.0-Release.Candidate.app/Contents/Developer/Platforms/WatchOS.platform/Developer/Library/Frameworks -F /Applications/Xcode-27.0.0-Release.Candidate.app/Contents/Developer/Platforms/WatchOS.platform/Developer/SDKs/WatchOS27.0.sdk/Developer/Library/Frameworks -c -j10 -enable-batch-mode -incremental -Xcc -ivfsstatcache -Xcc /Users/admin/builder/spi-builder-workspace/.derivedData/SDKStatCaches.noindex/watchos27.0-24R360-e829b21a6f8c9b70876ba0858053c04477534ef55a1706bf4c1112bbb242f0a2.sdkstatcache -output-file-map /Users/admin/builder/spi-builder-workspace/.derivedData/Build/Intermediates.noindex/DisplayLink.build/Debug-watchos/DisplayLink-t.build/Objects-normal/arm64_32/DisplayLink-OutputFileMap.json -save-temps -no-color-diagnostics -explicit-module-build -module-cache-path /Users/admin/builder/spi-builder-workspace/.derivedData/Build/Intermediates.noindex/SwiftExplicitPrecompiledModules -clang-scanner-module-cache-path /Users/admin/builder/spi-builder-workspace/.derivedData/ModuleCache.noindex -sdk-module-cache-path /Users/admin/builder/spi-builder-workspace/.derivedData/SDKExplicitPrecompiledModules -emit-dependencies -emit-module -emit-module-path /Users/admin/builder/spi-builder-workspace/.derivedData/Build/Intermediates.noindex/DisplayLink.build/Debug-watchos/DisplayLink-t.build/Objects-normal/arm64_32/DisplayLink.swiftmodule -serialize-diagnostics -dependency-scan-serialize-diagnostics-path /Users/admin/builder/spi-builder-workspace/.derivedData/Build/Intermediates.noindex/DisplayLink.build/Debug-watchos/DisplayLink-t.build/Objects-normal/arm64_32/DisplayLink-dependency-scan.dia -validate-clang-modules-once -clang-build-session-file /Users/admin/builder/spi-builder-workspace/.derivedData/ModuleCache.noindex/Session.modulevalidation -Xcc -fmodules-prune-interval\=86400 -Xcc -fmodules-prune-after\=345600 -package-name spi_builder_workspace -emit-const-values -const-gather-protocols-list /Users/admin/builder/spi-builder-workspace/.derivedData/Build/Intermediates.noindex/DisplayLink.build/Debug-watchos/DisplayLink-t.build/Objects-normal/arm64_32/DisplayLink_const_extract_protocols.json -Xcc -I/Users/admin/builder/spi-builder-workspace/.derivedData/Build/Products/Debug-watchos/include -Xcc -I/Users/admin/builder/spi-builder-workspace/.derivedData/Build/Intermediates.noindex/DisplayLink.build/Debug-watchos/DisplayLink-t.build/DerivedSources-normal/arm64_32 -Xcc -I/Users/admin/builder/spi-builder-workspace/.derivedData/Build/Intermediates.noindex/DisplayLink.build/Debug-watchos/DisplayLink-t.build/DerivedSources/arm64_32 -Xcc -I/Users/admin/builder/spi-builder-workspace/.derivedData/Build/Intermediates.noindex/DisplayLink.build/Debug-watchos/DisplayLink-t.build/DerivedSources -Xcc -DSWIFT_PACKAGE -Xcc -DDEBUG\=1 -emit-objc-header -emit-objc-header-path /Users/admin/builder/spi-builder-workspace/.derivedData/Build/Intermediates.noindex/DisplayLink.build/Debug-watchos/DisplayLink-t.build/Objects-normal/arm64_32/DisplayLink-Swift.h -working-directory /Users/admin/builder/spi-builder-workspace/.swiftpm/xcode -experimental-emit-module-separately -disable-cmo
SwiftDriver DisplayLink normal arm64 com.apple.xcode.tools.swift.compiler (in target 'DisplayLink' from project 'DisplayLink')
    cd /Users/admin/builder/spi-builder-workspace/.swiftpm/xcode
    builtin-SwiftDriver -- /Applications/Xcode-27.0.0-Release.Candidate.app/Contents/Developer/Toolchains/XcodeDefault.xctoolchain/usr/bin/swiftc -parse-as-library -module-name DisplayLink -Onone @/Users/admin/builder/spi-builder-workspace/.derivedData/Build/Intermediates.noindex/DisplayLink.build/Debug-watchos/DisplayLink-t.build/Objects-normal/arm64/DisplayLink.SwiftFileList -DSWIFT_PACKAGE -DDEBUG -DSWIFT_MODULE_RESOURCE_BUNDLE_UNAVAILABLE -DXcode -plugin-path /Applications/Xcode-27.0.0-Release.Candidate.app/Contents/Developer/Toolchains/XcodeDefault.xctoolchain/usr/lib/swift/host/plugins/testing -enable-experimental-feature DebugDescriptionMacro -sdk /Applications/Xcode-27.0.0-Release.Candidate.app/Contents/Developer/Platforms/WatchOS.platform/Developer/SDKs/WatchOS27.0.sdk -target arm64-apple-watchos9.0 -g -module-cache-path /Users/admin/builder/spi-builder-workspace/.derivedData/ModuleCache.noindex -Xfrontend -serialize-debugging-options -profile-coverage-mapping -profile-generate -enable-testing -index-store-path /Users/admin/builder/spi-builder-workspace/.derivedData/Index.noindex/DataStore -Xcc -D_LIBCPP_HARDENING_MODE\=_LIBCPP_HARDENING_MODE_DEBUG -swift-version 6 -I /Users/admin/builder/spi-builder-workspace/.derivedData/Build/Products/Debug-watchos -Isystem /Applications/Xcode-27.0.0-Release.Candidate.app/Contents/Developer/Platforms/WatchOS.platform/Developer/usr/lib -F /Users/admin/builder/spi-builder-workspace/.derivedData/Build/Products/Debug-watchos -F /Applications/Xcode-27.0.0-Release.Candidate.app/Contents/Developer/Platforms/WatchOS.platform/Developer/Library/Frameworks -F /Applications/Xcode-27.0.0-Release.Candidate.app/Contents/Developer/Platforms/WatchOS.platform/Developer/SDKs/WatchOS27.0.sdk/Developer/Library/Frameworks -c -j10 -enable-batch-mode -incremental -Xcc -ivfsstatcache -Xcc /Users/admin/builder/spi-builder-workspace/.derivedData/SDKStatCaches.noindex/watchos27.0-24R360-e829b21a6f8c9b70876ba0858053c04477534ef55a1706bf4c1112bbb242f0a2.sdkstatcache -output-file-map /Users/admin/builder/spi-builder-workspace/.derivedData/Build/Intermediates.noindex/DisplayLink.build/Debug-watchos/DisplayLink-t.build/Objects-normal/arm64/DisplayLink-OutputFileMap.json -save-temps -no-color-diagnostics -explicit-module-build -module-cache-path /Users/admin/builder/spi-builder-workspace/.derivedData/Build/Intermediates.noindex/SwiftExplicitPrecompiledModules -clang-scanner-module-cache-path /Users/admin/builder/spi-builder-workspace/.derivedData/ModuleCache.noindex -sdk-module-cache-path /Users/admin/builder/spi-builder-workspace/.derivedData/SDKExplicitPrecompiledModules -emit-dependencies -emit-module -emit-module-path /Users/admin/builder/spi-builder-workspace/.derivedData/Build/Intermediates.noindex/DisplayLink.build/Debug-watchos/DisplayLink-t.build/Objects-normal/arm64/DisplayLink.swiftmodule -serialize-diagnostics -dependency-scan-serialize-diagnostics-path /Users/admin/builder/spi-builder-workspace/.derivedData/Build/Intermediates.noindex/DisplayLink.build/Debug-watchos/DisplayLink-t.build/Objects-normal/arm64/DisplayLink-dependency-scan.dia -validate-clang-modules-once -clang-build-session-file /Users/admin/builder/spi-builder-workspace/.derivedData/ModuleCache.noindex/Session.modulevalidation -Xcc -fmodules-prune-interval\=86400 -Xcc -fmodules-prune-after\=345600 -package-name spi_builder_workspace -emit-const-values -const-gather-protocols-list /Users/admin/builder/spi-builder-workspace/.derivedData/Build/Intermediates.noindex/DisplayLink.build/Debug-watchos/DisplayLink-t.build/Objects-normal/arm64/DisplayLink_const_extract_protocols.json -Xcc -I/Users/admin/builder/spi-builder-workspace/.derivedData/Build/Products/Debug-watchos/include -Xcc -I/Users/admin/builder/spi-builder-workspace/.derivedData/Build/Intermediates.noindex/DisplayLink.build/Debug-watchos/DisplayLink-t.build/DerivedSources-normal/arm64 -Xcc -I/Users/admin/builder/spi-builder-workspace/.derivedData/Build/Intermediates.noindex/DisplayLink.build/Debug-watchos/DisplayLink-t.build/DerivedSources/arm64 -Xcc -I/Users/admin/builder/spi-builder-workspace/.derivedData/Build/Intermediates.noindex/DisplayLink.build/Debug-watchos/DisplayLink-t.build/DerivedSources -Xcc -DSWIFT_PACKAGE -Xcc -DDEBUG\=1 -emit-objc-header -emit-objc-header-path /Users/admin/builder/spi-builder-workspace/.derivedData/Build/Intermediates.noindex/DisplayLink.build/Debug-watchos/DisplayLink-t.build/Objects-normal/arm64/DisplayLink-Swift.h -working-directory /Users/admin/builder/spi-builder-workspace/.swiftpm/xcode -experimental-emit-module-separately -disable-cmo
SwiftEmitModule normal arm64_32 Emitting\ module\ for\ DisplayLink (in target 'DisplayLink' from project 'DisplayLink')
/Users/admin/builder/spi-builder-workspace/Sources/DisplayLink/DisplayLink+SwiftUI.swift:61:32: error: cannot find type 'UIViewRepresentable' in scope
59 |
60 | #if canImport(UIKit)
61 |     extension DisplayLinkHost: UIViewRepresentable {
   |                                `- error: cannot find type 'UIViewRepresentable' in scope
62 |         func makeUIView(context: Context) -> UIView {
63 |             makeView(coordinator: context.coordinator)
/Users/admin/builder/spi-builder-workspace/Sources/DisplayLink/DisplayLink+SwiftUI.swift:62:34: error: cannot find type 'Context' in scope
60 | #if canImport(UIKit)
61 |     extension DisplayLinkHost: UIViewRepresentable {
62 |         func makeUIView(context: Context) -> UIView {
   |                                  `- error: cannot find type 'Context' in scope
63 |             makeView(coordinator: context.coordinator)
64 |         }
/Users/admin/builder/spi-builder-workspace/Sources/DisplayLink/DisplayLink+SwiftUI.swift:62:46: error: 'UIView' is unavailable in watchOS
60 | #if canImport(UIKit)
61 |     extension DisplayLinkHost: UIViewRepresentable {
62 |         func makeUIView(context: Context) -> UIView {
   |                                              `- error: 'UIView' is unavailable in watchOS
63 |             makeView(coordinator: context.coordinator)
64 |         }
/Applications/Xcode-27.0.0-Release.Candidate.app/Contents/Developer/Platforms/WatchOS.platform/Developer/SDKs/WatchOS27.0.sdk/System/Library/Frameworks/UIKit.framework/Headers/UIView.h:152:12: note: 'UIView' has been explicitly marked unavailable here
150 |
151 | UIKIT_EXTERN API_AVAILABLE(ios(2.0)) API_UNAVAILABLE(watchos) NS_SWIFT_UI_ACTOR
152 | @interface UIView : UIResponder <NSCoding, UIAppearance, UIAppearanceContainer, UIDynamicItem, UITraitEnvironment, UICoordinateSpace, UIFocusItem, UIFocusItemContainer, CALayerDelegate>
    |            `- note: 'UIView' has been explicitly marked unavailable here
153 |
154 | @property(class, nonatomic, readonly) Class layerClass;                        // default is [CALayer class]. Used when creating the underlying layer for the view.
/Users/admin/builder/spi-builder-workspace/Sources/DisplayLink/DisplayLink+SwiftUI.swift:66:47: error: cannot find type 'Context' in scope
64 |         }
65 |
66 |         func updateUIView(_: UIView, context: Context) {
   |                                               `- error: cannot find type 'Context' in scope
67 |             update(coordinator: context.coordinator)
68 |         }
/Users/admin/builder/spi-builder-workspace/Sources/DisplayLink/DisplayLink+SwiftUI.swift:66:30: error: 'UIView' is unavailable in watchOS
64 |         }
65 |
66 |         func updateUIView(_: UIView, context: Context) {
   |                              `- error: 'UIView' is unavailable in watchOS
67 |             update(coordinator: context.coordinator)
68 |         }
/Applications/Xcode-27.0.0-Release.Candidate.app/Contents/Developer/Platforms/WatchOS.platform/Developer/SDKs/WatchOS27.0.sdk/System/Library/Frameworks/UIKit.framework/Headers/UIView.h:152:12: note: 'UIView' has been explicitly marked unavailable here
150 |
151 | UIKIT_EXTERN API_AVAILABLE(ios(2.0)) API_UNAVAILABLE(watchos) NS_SWIFT_UI_ACTOR
152 | @interface UIView : UIResponder <NSCoding, UIAppearance, UIAppearanceContainer, UIDynamicItem, UITraitEnvironment, UICoordinateSpace, UIFocusItem, UIFocusItemContainer, CALayerDelegate>
    |            `- note: 'UIView' has been explicitly marked unavailable here
153 |
154 | @property(class, nonatomic, readonly) Class layerClass;                        // default is [CALayer class]. Used when creating the underlying layer for the view.
/Users/admin/builder/spi-builder-workspace/Sources/DisplayLink/DisplayLinkContext.swift:42:41: error: 'UIView' is unavailable in watchOS
40 |         /// Removing it stops the link from following the view until
41 |         /// `context` is set again.
42 |         public static func view(_ view: UIView) -> DisplayLinkContext {
   |                                         `- error: 'UIView' is unavailable in watchOS
43 |             .init(source: .view(WeakView(view: view)))
44 |         }
/Applications/Xcode-27.0.0-Release.Candidate.app/Contents/Developer/Platforms/WatchOS.platform/Developer/SDKs/WatchOS27.0.sdk/System/Library/Frameworks/UIKit.framework/Headers/UIView.h:152:12: note: 'UIView' has been explicitly marked unavailable here
150 |
151 | UIKIT_EXTERN API_AVAILABLE(ios(2.0)) API_UNAVAILABLE(watchos) NS_SWIFT_UI_ACTOR
152 | @interface UIView : UIResponder <NSCoding, UIAppearance, UIAppearanceContainer, UIDynamicItem, UITraitEnvironment, UICoordinateSpace, UIFocusItem, UIFocusItemContainer, CALayerDelegate>
    |            `- note: 'UIView' has been explicitly marked unavailable here
153 |
154 | @property(class, nonatomic, readonly) Class layerClass;                        // default is [CALayer class]. Used when creating the underlying layer for the view.
/Users/admin/builder/spi-builder-workspace/Sources/DisplayLink/DisplayLinkContext.swift:48:49: error: 'UIScreen' is unavailable in watchOS
46 |         #if !os(visionOS)
47 |             /// A specific screen.
48 |             public static func screen(_ screen: UIScreen) -> DisplayLinkContext {
   |                                                 `- error: 'UIScreen' is unavailable in watchOS
49 |                 .init(source: .screen(screen))
50 |             }
/Applications/Xcode-27.0.0-Release.Candidate.app/Contents/Developer/Platforms/WatchOS.platform/Developer/SDKs/WatchOS27.0.sdk/System/Library/Frameworks/UIKit.framework/Headers/UIScreen.h:54:12: note: 'UIScreen' has been explicitly marked unavailable here
 52 |
 53 | UIKIT_EXTERN API_AVAILABLE(ios(2.0)) API_UNAVAILABLE(visionos, watchos) NS_SWIFT_UI_ACTOR
 54 | @interface UIScreen : NSObject <UITraitEnvironment>
    |            `- note: 'UIScreen' has been explicitly marked unavailable here
 55 |
 56 | @property(class, nonatomic, readonly) NSArray<UIScreen *> *screens API_DEPRECATED("Use UIApplication.shared.openSessions to find open sessions with scenes from other screens", ios(3.2, 16.0), visionos(1.0, 1.0)) API_UNAVAILABLE(watchos); // all screens currently attached to the device
/Users/admin/builder/spi-builder-workspace/Sources/DisplayLink/PlatformLink+UIKit.swift:9:30: error: 'UIView' is unavailable in watchOS
  7 |     import UIKit
  8 |
  9 |     typealias PlatformView = UIView
    |                              `- error: 'UIView' is unavailable in watchOS
 10 |
 11 |     #if os(visionOS)
/Applications/Xcode-27.0.0-Release.Candidate.app/Contents/Developer/Platforms/WatchOS.platform/Developer/SDKs/WatchOS27.0.sdk/System/Library/Frameworks/UIKit.framework/Headers/UIView.h:152:12: note: 'UIView' has been explicitly marked unavailable here
150 |
151 | UIKIT_EXTERN API_AVAILABLE(ios(2.0)) API_UNAVAILABLE(watchos) NS_SWIFT_UI_ACTOR
152 | @interface UIView : UIResponder <NSCoding, UIAppearance, UIAppearanceContainer, UIDynamicItem, UITraitEnvironment, UICoordinateSpace, UIFocusItem, UIFocusItemContainer, CALayerDelegate>
    |            `- note: 'UIView' has been explicitly marked unavailable here
153 |
154 | @property(class, nonatomic, readonly) Class layerClass;                        // default is [CALayer class]. Used when creating the underlying layer for the view.
/Users/admin/builder/spi-builder-workspace/Sources/DisplayLink/PlatformLink+UIKit.swift:26:29: error: 'UIScreen' is unavailable in watchOS
 24 |         }
 25 |     #else
 26 |         typealias Display = UIScreen
    |                             `- error: 'UIScreen' is unavailable in watchOS
 27 |
 28 |         extension UIScreen {
/Applications/Xcode-27.0.0-Release.Candidate.app/Contents/Developer/Platforms/WatchOS.platform/Developer/SDKs/WatchOS27.0.sdk/System/Library/Frameworks/UIKit.framework/Headers/UIScreen.h:54:12: note: 'UIScreen' has been explicitly marked unavailable here
 52 |
 53 | UIKIT_EXTERN API_AVAILABLE(ios(2.0)) API_UNAVAILABLE(visionos, watchos) NS_SWIFT_UI_ACTOR
 54 | @interface UIScreen : NSObject <UITraitEnvironment>
    |            `- note: 'UIScreen' has been explicitly marked unavailable here
 55 |
 56 | @property(class, nonatomic, readonly) NSArray<UIScreen *> *screens API_DEPRECATED("Use UIApplication.shared.openSessions to find open sessions with scenes from other screens", ios(3.2, 16.0), visionos(1.0, 1.0)) API_UNAVAILABLE(watchos); // all screens currently attached to the device
/Users/admin/builder/spi-builder-workspace/Sources/DisplayLink/PlatformLink+UIKit.swift:29:33: error: 'UIScreen' is unavailable in watchOS
 27 |
 28 |         extension UIScreen {
 29 |             static var primary: UIScreen {
    |                                 `- error: 'UIScreen' is unavailable in watchOS
 30 |                 .main
 31 |             }
/Applications/Xcode-27.0.0-Release.Candidate.app/Contents/Developer/Platforms/WatchOS.platform/Developer/SDKs/WatchOS27.0.sdk/System/Library/Frameworks/UIKit.framework/Headers/UIScreen.h:54:12: note: 'UIScreen' has been explicitly marked unavailable here
 52 |
 53 | UIKIT_EXTERN API_AVAILABLE(ios(2.0)) API_UNAVAILABLE(visionos, watchos) NS_SWIFT_UI_ACTOR
 54 | @interface UIScreen : NSObject <UITraitEnvironment>
    |            `- note: 'UIScreen' has been explicitly marked unavailable here
 55 |
 56 | @property(class, nonatomic, readonly) NSArray<UIScreen *> *screens API_DEPRECATED("Use UIApplication.shared.openSessions to find open sessions with scenes from other screens", ios(3.2, 16.0), visionos(1.0, 1.0)) API_UNAVAILABLE(watchos); // all screens currently attached to the device
/Users/admin/builder/spi-builder-workspace/Sources/DisplayLink/PlatformLink+UIKit.swift:37:41: error: 'UIView' is unavailable in watchOS
 35 |             }
 36 |
 37 |             static func showing(_ view: UIView) -> UIScreen? {
    |                                         `- error: 'UIView' is unavailable in watchOS
 38 |                 (view as? UIWindow ?? view.window)?.screen
 39 |             }
/Applications/Xcode-27.0.0-Release.Candidate.app/Contents/Developer/Platforms/WatchOS.platform/Developer/SDKs/WatchOS27.0.sdk/System/Library/Frameworks/UIKit.framework/Headers/UIView.h:152:12: note: 'UIView' has been explicitly marked unavailable here
150 |
151 | UIKIT_EXTERN API_AVAILABLE(ios(2.0)) API_UNAVAILABLE(watchos) NS_SWIFT_UI_ACTOR
152 | @interface UIView : UIResponder <NSCoding, UIAppearance, UIAppearanceContainer, UIDynamicItem, UITraitEnvironment, UICoordinateSpace, UIFocusItem, UIFocusItemContainer, CALayerDelegate>
    |            `- note: 'UIView' has been explicitly marked unavailable here
153 |
154 | @property(class, nonatomic, readonly) Class layerClass;                        // default is [CALayer class]. Used when creating the underlying layer for the view.
/Users/admin/builder/spi-builder-workspace/Sources/DisplayLink/PlatformLink+UIKit.swift:37:52: error: 'UIScreen' is unavailable in watchOS
 35 |             }
 36 |
 37 |             static func showing(_ view: UIView) -> UIScreen? {
    |                                                    `- error: 'UIScreen' is unavailable in watchOS
 38 |                 (view as? UIWindow ?? view.window)?.screen
 39 |             }
/Applications/Xcode-27.0.0-Release.Candidate.app/Contents/Developer/Platforms/WatchOS.platform/Developer/SDKs/WatchOS27.0.sdk/System/Library/Frameworks/UIKit.framework/Headers/UIScreen.h:54:12: note: 'UIScreen' has been explicitly marked unavailable here
 52 |
 53 | UIKIT_EXTERN API_AVAILABLE(ios(2.0)) API_UNAVAILABLE(visionos, watchos) NS_SWIFT_UI_ACTOR
 54 | @interface UIScreen : NSObject <UITraitEnvironment>
    |            `- note: 'UIScreen' has been explicitly marked unavailable here
 55 |
 56 | @property(class, nonatomic, readonly) NSArray<UIScreen *> *screens API_DEPRECATED("Use UIApplication.shared.openSessions to find open sessions with scenes from other screens", ios(3.2, 16.0), visionos(1.0, 1.0)) API_UNAVAILABLE(watchos); // all screens currently attached to the device
/Users/admin/builder/spi-builder-workspace/Sources/DisplayLink/PlatformLink+UIKit.swift:28:19: error: 'UIScreen' is unavailable in watchOS
 26 |         typealias Display = UIScreen
 27 |
 28 |         extension UIScreen {
    |                   `- error: 'UIScreen' is unavailable in watchOS
 29 |             static var primary: UIScreen {
 30 |                 .main
/Applications/Xcode-27.0.0-Release.Candidate.app/Contents/Developer/Platforms/WatchOS.platform/Developer/SDKs/WatchOS27.0.sdk/System/Library/Frameworks/UIKit.framework/Headers/UIScreen.h:54:12: note: 'UIScreen' has been explicitly marked unavailable here
 52 |
 53 | UIKIT_EXTERN API_AVAILABLE(ios(2.0)) API_UNAVAILABLE(visionos, watchos) NS_SWIFT_UI_ACTOR
 54 | @interface UIScreen : NSObject <UITraitEnvironment>
    |            `- note: 'UIScreen' has been explicitly marked unavailable here
 55 |
 56 | @property(class, nonatomic, readonly) NSArray<UIScreen *> *screens API_DEPRECATED("Use UIApplication.shared.openSessions to find open sessions with scenes from other screens", ios(3.2, 16.0), visionos(1.0, 1.0)) API_UNAVAILABLE(watchos); // all screens currently attached to the device
/Users/admin/builder/spi-builder-workspace/Sources/DisplayLink/PlatformLink+UIKit.swift:47:27: error: 'CADisplayLink' is unavailable in watchOS
 45 |     @MainActor
 46 |     final class PlatformLink {
 47 |         private let link: CADisplayLink
    |                           `- error: 'CADisplayLink' is unavailable in watchOS
 48 |
 49 |         init?(display: Display, frameRateRange: DisplayLinkFrameRateRange, onFrame: @escaping @MainActor (DisplayLinkFrame) -> Void) {
/Applications/Xcode-27.0.0-Release.Candidate.app/Contents/Developer/Platforms/WatchOS.platform/Developer/SDKs/WatchOS27.0.sdk/System/Library/Frameworks/QuartzCore.framework/Headers/CADisplayLink.h:21:12: note: 'CADisplayLink' has been explicitly marked unavailable here
 19 | API_AVAILABLE(macos(14.0))
 20 |
 21 | @interface CADisplayLink : NSObject
    |            `- note: 'CADisplayLink' has been explicitly marked unavailable here
 22 | {
 23 | @private
/Users/admin/builder/spi-builder-workspace/Sources/DisplayLink/PlatformLink+UIKit.swift:80:33: error: 'CADisplayLink' is unavailable in watchOS
 78 |         }
 79 |
 80 |         @objc func tick(_ link: CADisplayLink) {
    |                                 `- error: 'CADisplayLink' is unavailable in watchOS
 81 |             onFrame(DisplayLinkFrame(timestamp: link.timestamp, targetTimestamp: link.targetTimestamp))
 82 |         }
/Applications/Xcode-27.0.0-Release.Candidate.app/Contents/Developer/Platforms/WatchOS.platform/Developer/SDKs/WatchOS27.0.sdk/System/Library/Frameworks/QuartzCore.framework/Headers/CADisplayLink.h:21:12: note: 'CADisplayLink' has been explicitly marked unavailable here
 19 | API_AVAILABLE(macos(14.0))
 20 |
 21 | @interface CADisplayLink : NSObject
    |            `- note: 'CADisplayLink' has been explicitly marked unavailable here
 22 | {
 23 | @private
Failed frontend command:
SwiftCompile normal arm64_32 (in target 'DisplayLink' from project 'DisplayLink')
    cd /Users/admin/builder/spi-builder-workspace/.swiftpm/xcode

/Applications/Xcode-27.0.0-Release.Candidate.app/Contents/Developer/Toolchains/XcodeDefault.xctoolchain/usr/bin/swift-frontend -frontend -emit-module -experimental-skip-non-inlinable-function-bodies-without-types /Users/admin/builder/spi-builder-workspace/Sources/DisplayLink/DisplayLink+SwiftUI.swift /Users/admin/builder/spi-builder-workspace/Sources/DisplayLink/DisplayLink.swift /Users/admin/builder/spi-builder-workspace/Sources/DisplayLink/DisplayLinkContext.swift /Users/admin/builder/spi-builder-workspace/Sources/DisplayLink/DisplayLinkFrame.swift /Users/admin/builder/spi-builder-workspace/Sources/DisplayLink/DisplayLinkFrameRateRange.swift /Users/admin/builder/spi-builder-workspace/Sources/DisplayLink/PlatformLink+AppKit.swift /Users/admin/builder/spi-builder-workspace/Sources/DisplayLink/PlatformLink+UIKit.swift /Users/admin/builder/spi-builder-workspace/Sources/DisplayLink/SharedDisplayLink.swift /Users/admin/builder/spi-builder-workspace/Sources/DisplayLink/WindowAnchor.swift -target arm64_32-apple-watchos9.0 -module-can-import-version UIKit 9127.0.84.1 9127.0.84 -disable-cross-import-overlay-search -load-resolved-plugin /Applications/Xcode-27.0.0-Release.Candidate.app/Contents/Developer/Platforms/WatchOS.platform/Developer/usr/lib/swift/host/plugins/libFoundationMacros.dylib\#/Applications/Xcode-27.0.0-Release.Candidate.app/Contents/Developer/Platforms/WatchOS.platform/Developer/usr/bin/swift-plugin-server\#FoundationMacros -load-resolved-plugin /Applications/Xcode-27.0.0-Release.Candidate.app/Contents/Developer/Platforms/WatchOS.platform/Developer/usr/lib/swift/host/plugins/libObservationMacros.dylib\#/Applications/Xcode-27.0.0-Release.Candidate.app/Contents/Developer/Platforms/WatchOS.platform/Developer/usr/bin/swift-plugin-server\#ObservationMacros -load-resolved-plugin /Applications/Xcode-27.0.0-Release.Candidate.app/Contents/Developer/Platforms/WatchOS.platform/Developer/usr/lib/swift/host/plugins/libPreviewsMacros.dylib\#/Applications/Xcode-27.0.0-Release.Candidate.app/Contents/Developer/Platforms/WatchOS.platform/Developer/usr/bin/swift-plugin-server\#PreviewsMacros -load-resolved-plugin /Applications/Xcode-27.0.0-Release.Candidate.app/Contents/Developer/Platforms/WatchOS.platform/Developer/usr/lib/swift/host/plugins/libSwiftMacros.dylib\#/Applications/Xcode-27.0.0-Release.Candidate.app/Contents/Developer/Platforms/WatchOS.platform/Developer/usr/bin/swift-plugin-server\#SwiftMacros -load-resolved-plugin /Applications/Xcode-27.0.0-Release.Candidate.app/Contents/Developer/Platforms/WatchOS.platform/Developer/usr/lib/swift/host/plugins/libSwiftUIMacros.dylib\#/Applications/Xcode-27.0.0-Release.Candidate.app/Contents/Developer/Platforms/WatchOS.platform/Developer/usr/bin/swift-plugin-server\#SwiftUIMacros -disable-implicit-swift-modules -Xcc -fno-implicit-modules -Xcc -fno-implicit-module-maps -explicit-swift-module-map-file /Users/admin/builder/spi-builder-workspace/.derivedData/Build/Intermediates.noindex/DisplayLink.build/Debug-watchos/DisplayLink-t.build/Objects-normal/arm64_32/DisplayLink-dependencies-1.json -enable-objc-interop -sdk /Applications/Xcode-27.0.0-Release.Candidate.app/Contents/Developer/Platforms/WatchOS.platform/Developer/SDKs/WatchOS27.0.sdk -I /Users/admin/builder/spi-builder-workspace/.derivedData/Build/Products/Debug-watchos -Isystem /Applications/Xcode-27.0.0-Release.Candidate.app/Contents/Developer/Platforms/WatchOS.platform/Developer/usr/lib -F /Users/admin/builder/spi-builder-workspace/.derivedData/Build/Products/Debug-watchos -F /Applications/Xcode-27.0.0-Release.Candidate.app/Contents/Developer/Platforms/WatchOS.platform/Developer/Library/Frameworks -F /Applications/Xcode-27.0.0-Release.Candidate.app/Contents/Developer/Platforms/WatchOS.platform/Developer/SDKs/WatchOS27.0.sdk/Developer/Library/Frameworks -module-cache-path /Users/admin/builder/spi-builder-workspace/.derivedData/Build/Intermediates.noindex/SwiftExplicitPrecompiledModules -no-color-diagnostics -Xcc -fno-color-diagnostics -enable-testing -g -debug-info-format\=dwarf -dwarf-version\=4 -profile-generate -profile-coverage-mapping -swift-version 6 -Onone -D SWIFT_PACKAGE -D DEBUG -D SWIFT_MODULE_RESOURCE_BUNDLE_UNAVAILABLE -D Xcode -serialize-debugging-options -enable-experimental-feature DebugDescriptionMacro -empty-abi-descriptor -validate-clang-modules-once -clang-build-session-file /Users/admin/builder/spi-builder-workspace/.derivedData/ModuleCache.noindex/Session.modulevalidation -Xcc -working-directory -Xcc /Users/admin/builder/spi-builder-workspace/.swiftpm/xcode -enable-anonymous-context-mangled-names -file-compilation-dir /Users/admin/builder/spi-builder-workspace/.swiftpm/xcode -Xcc -D_LIBCPP_HARDENING_MODE\=_LIBCPP_HARDENING_MODE_DEBUG -Xcc -ivfsstatcache -Xcc /Users/admin/builder/spi-builder-workspace/.derivedData/SDKStatCaches.noindex/watchos27.0-24R360-e829b21a6f8c9b70876ba0858053c04477534ef55a1706bf4c1112bbb242f0a2.sdkstatcache -Xcc -fmodules-prune-interval\=86400 -Xcc -fmodules-prune-after\=345600 -Xcc -I/Users/admin/builder/spi-builder-workspace/.derivedData/Build/Products/Debug-watchos/include -Xcc -I/Users/admin/builder/spi-builder-workspace/.derivedData/Build/Intermediates.noindex/DisplayLink.build/Debug-watchos/DisplayLink-t.build/DerivedSources-normal/arm64_32 -Xcc -I/Users/admin/builder/spi-builder-workspace/.derivedData/Build/Intermediates.noindex/DisplayLink.build/Debug-watchos/DisplayLink-t.build/DerivedSources/arm64_32 -Xcc -I/Users/admin/builder/spi-builder-workspace/.derivedData/Build/Intermediates.noindex/DisplayLink.build/Debug-watchos/DisplayLink-t.build/DerivedSources -Xcc -DSWIFT_PACKAGE -Xcc -DDEBUG\=1 -no-auto-bridging-header-chaining -module-name DisplayLink -package-name spi_builder_workspace -const-gather-protocols-file /Users/admin/builder/spi-builder-workspace/.derivedData/Build/Intermediates.noindex/DisplayLink.build/Debug-watchos/DisplayLink-t.build/Objects-normal/arm64_32/DisplayLink_const_extract_protocols.json -disable-clang-spi -clang-target arm64_32-apple-watchos27.0 -target-sdk-version 27.0 -target-sdk-name watchos27.0 -in-process-plugin-server-path /Applications/Xcode-27.0.0-Release.Candidate.app/Contents/Developer/Toolchains/XcodeDefault.xctoolchain/usr/lib/swift/host/libSwiftInProcPluginServer.dylib -emit-module-doc-path /Users/admin/builder/spi-builder-workspace/.derivedData/Build/Intermediates.noindex/DisplayLink.build/Debug-watchos/DisplayLink-t.build/Objects-normal/arm64_32/DisplayLink.swiftdoc -emit-module-source-info-path /Users/admin/builder/spi-builder-workspace/.derivedData/Build/Intermediates.noindex/DisplayLink.build/Debug-watchos/DisplayLink-t.build/Objects-normal/arm64_32/DisplayLink.swiftsourceinfo -emit-objc-header-path /Users/admin/builder/spi-builder-workspace/.derivedData/Build/Intermediates.noindex/DisplayLink.build/Debug-watchos/DisplayLink-t.build/Objects-normal/arm64_32/DisplayLink-Swift.h -serialize-diagnostics-path /Users/admin/builder/spi-builder-workspace/.derivedData/Build/Intermediates.noindex/DisplayLink.build/Debug-watchos/DisplayLink-t.build/Objects-normal/arm64_32/DisplayLink-primary-emit-module.dia -emit-dependencies-path /Users/admin/builder/spi-builder-workspace/.derivedData/Build/Intermediates.noindex/DisplayLink.build/Debug-watchos/DisplayLink-t.build/Objects-normal/arm64_32/DisplayLink-primary-emit-module.d -parse-as-library -o /Users/admin/builder/spi-builder-workspace/.derivedData/Build/Intermediates.noindex/DisplayLink.build/Debug-watchos/DisplayLink-t.build/Objects-normal/arm64_32/DisplayLink.swiftmodule -emit-abi-descriptor-path /Users/admin/builder/spi-builder-workspace/.derivedData/Build/Intermediates.noindex/DisplayLink.build/Debug-watchos/DisplayLink-t.build/Objects-normal/arm64_32/DisplayLink.abi.json
SwiftCompile normal arm64_32 Compiling\ DisplayLink.swift /Users/admin/builder/spi-builder-workspace/Sources/DisplayLink/DisplayLink.swift (in target 'DisplayLink' from project 'DisplayLink')
SwiftCompile normal arm64_32 /Users/admin/builder/spi-builder-workspace/Sources/DisplayLink/DisplayLink.swift (in target 'DisplayLink' from project 'DisplayLink')
    cd /Users/admin/builder/spi-builder-workspace/.swiftpm/xcode
    builtin-SwiftPerFileCompile DisplayLink.swift
SwiftCompile normal arm64_32 Compiling\ DisplayLink+SwiftUI.swift /Users/admin/builder/spi-builder-workspace/Sources/DisplayLink/DisplayLink+SwiftUI.swift (in target 'DisplayLink' from project 'DisplayLink')
/Users/admin/builder/spi-builder-workspace/Sources/DisplayLink/DisplayLink+SwiftUI.swift:61:32: error: cannot find type 'UIViewRepresentable' in scope
59 |
60 | #if canImport(UIKit)
61 |     extension DisplayLinkHost: UIViewRepresentable {
   |                                `- error: cannot find type 'UIViewRepresentable' in scope
62 |         func makeUIView(context: Context) -> UIView {
63 |             makeView(coordinator: context.coordinator)
/Users/admin/builder/spi-builder-workspace/Sources/DisplayLink/DisplayLink+SwiftUI.swift:62:34: error: cannot find type 'Context' in scope
60 | #if canImport(UIKit)
61 |     extension DisplayLinkHost: UIViewRepresentable {
62 |         func makeUIView(context: Context) -> UIView {
   |                                  `- error: cannot find type 'Context' in scope
63 |             makeView(coordinator: context.coordinator)
64 |         }
/Users/admin/builder/spi-builder-workspace/Sources/DisplayLink/DisplayLink+SwiftUI.swift:62:46: error: 'UIView' is unavailable in watchOS
60 | #if canImport(UIKit)
61 |     extension DisplayLinkHost: UIViewRepresentable {
62 |         func makeUIView(context: Context) -> UIView {
   |                                              `- error: 'UIView' is unavailable in watchOS
63 |             makeView(coordinator: context.coordinator)
64 |         }
/Applications/Xcode-27.0.0-Release.Candidate.app/Contents/Developer/Platforms/WatchOS.platform/Developer/SDKs/WatchOS27.0.sdk/System/Library/Frameworks/UIKit.framework/Headers/UIView.h:152:12: note: 'UIView' has been explicitly marked unavailable here
150 |
151 | UIKIT_EXTERN API_AVAILABLE(ios(2.0)) API_UNAVAILABLE(watchos) NS_SWIFT_UI_ACTOR
152 | @interface UIView : UIResponder <NSCoding, UIAppearance, UIAppearanceContainer, UIDynamicItem, UITraitEnvironment, UICoordinateSpace, UIFocusItem, UIFocusItemContainer, CALayerDelegate>
    |            `- note: 'UIView' has been explicitly marked unavailable here
153 |
154 | @property(class, nonatomic, readonly) Class layerClass;                        // default is [CALayer class]. Used when creating the underlying layer for the view.
/Users/admin/builder/spi-builder-workspace/Sources/DisplayLink/DisplayLink+SwiftUI.swift:66:47: error: cannot find type 'Context' in scope
64 |         }
65 |
66 |         func updateUIView(_: UIView, context: Context) {
   |                                               `- error: cannot find type 'Context' in scope
67 |             update(coordinator: context.coordinator)
68 |         }
/Users/admin/builder/spi-builder-workspace/Sources/DisplayLink/DisplayLink+SwiftUI.swift:66:30: error: 'UIView' is unavailable in watchOS
64 |         }
65 |
66 |         func updateUIView(_: UIView, context: Context) {
   |                              `- error: 'UIView' is unavailable in watchOS
67 |             update(coordinator: context.coordinator)
68 |         }
/Applications/Xcode-27.0.0-Release.Candidate.app/Contents/Developer/Platforms/WatchOS.platform/Developer/SDKs/WatchOS27.0.sdk/System/Library/Frameworks/UIKit.framework/Headers/UIView.h:152:12: note: 'UIView' has been explicitly marked unavailable here
150 |
151 | UIKIT_EXTERN API_AVAILABLE(ios(2.0)) API_UNAVAILABLE(watchos) NS_SWIFT_UI_ACTOR
152 | @interface UIView : UIResponder <NSCoding, UIAppearance, UIAppearanceContainer, UIDynamicItem, UITraitEnvironment, UICoordinateSpace, UIFocusItem, UIFocusItemContainer, CALayerDelegate>
    |            `- note: 'UIView' has been explicitly marked unavailable here
153 |
154 | @property(class, nonatomic, readonly) Class layerClass;                        // default is [CALayer class]. Used when creating the underlying layer for the view.
/Users/admin/builder/spi-builder-workspace/Sources/DisplayLink/DisplayLink+SwiftUI.swift:18:9: error: instance method 'background(_:ignoresSafeAreaEdges:)' requires that 'DisplayLinkHost' conform to 'ShapeStyle'
16 |         perform action: @escaping @MainActor (DisplayLinkFrame) -> Void,
17 |     ) -> some View {
18 |         background(DisplayLinkHost(preferredFrameRateRange: preferredFrameRateRange, isPaused: isPaused, action: action))
   |         `- error: instance method 'background(_:ignoresSafeAreaEdges:)' requires that 'DisplayLinkHost' conform to 'ShapeStyle'
19 |     }
20 | }
SwiftUI.View.background:2:36: note: where 'S' = 'DisplayLinkHost'
1 | protocol View {
2 | @inlinable nonisolated public func background<S>(_ style: S, ignoresSafeAreaEdges edges: Edge.Set = .all) -> some View where S : ShapeStyle
  |                                    `- note: where 'S' = 'DisplayLinkHost'
3 |   }
4 |
SwiftCompile normal arm64_32 /Users/admin/builder/spi-builder-workspace/Sources/DisplayLink/DisplayLink+SwiftUI.swift (in target 'DisplayLink' from project 'DisplayLink')
    cd /Users/admin/builder/spi-builder-workspace/.swiftpm/xcode
    builtin-SwiftPerFileCompile DisplayLink+SwiftUI.swift
SwiftCompile normal arm64_32 Compiling\ DisplayLinkContext.swift /Users/admin/builder/spi-builder-workspace/Sources/DisplayLink/DisplayLinkContext.swift (in target 'DisplayLink' from project 'DisplayLink')
/Users/admin/builder/spi-builder-workspace/Sources/DisplayLink/DisplayLinkContext.swift:42:41: error: 'UIView' is unavailable in watchOS
40 |         /// Removing it stops the link from following the view until
41 |         /// `context` is set again.
42 |         public static func view(_ view: UIView) -> DisplayLinkContext {
   |                                         `- error: 'UIView' is unavailable in watchOS
43 |             .init(source: .view(WeakView(view: view)))
44 |         }
/Applications/Xcode-27.0.0-Release.Candidate.app/Contents/Developer/Platforms/WatchOS.platform/Developer/SDKs/WatchOS27.0.sdk/System/Library/Frameworks/UIKit.framework/Headers/UIView.h:152:12: note: 'UIView' has been explicitly marked unavailable here
150 |
151 | UIKIT_EXTERN API_AVAILABLE(ios(2.0)) API_UNAVAILABLE(watchos) NS_SWIFT_UI_ACTOR
152 | @interface UIView : UIResponder <NSCoding, UIAppearance, UIAppearanceContainer, UIDynamicItem, UITraitEnvironment, UICoordinateSpace, UIFocusItem, UIFocusItemContainer, CALayerDelegate>
    |            `- note: 'UIView' has been explicitly marked unavailable here
153 |
154 | @property(class, nonatomic, readonly) Class layerClass;                        // default is [CALayer class]. Used when creating the underlying layer for the view.
SwiftCompile normal arm64_32 /Users/admin/builder/spi-builder-workspace/Sources/DisplayLink/DisplayLinkContext.swift (in target 'DisplayLink' from project 'DisplayLink')
    cd /Users/admin/builder/spi-builder-workspace/.swiftpm/xcode
    builtin-SwiftPerFileCompile DisplayLinkContext.swift
SwiftCompile normal arm64_32 Compiling\ DisplayLinkFrameRateRange.swift /Users/admin/builder/spi-builder-workspace/Sources/DisplayLink/DisplayLinkFrameRateRange.swift (in target 'DisplayLink' from project 'DisplayLink')
SwiftCompile normal arm64_32 /Users/admin/builder/spi-builder-workspace/Sources/DisplayLink/DisplayLinkFrameRateRange.swift (in target 'DisplayLink' from project 'DisplayLink')
    cd /Users/admin/builder/spi-builder-workspace/.swiftpm/xcode
    builtin-SwiftPerFileCompile DisplayLinkFrameRateRange.swift
SwiftCompile normal arm64_32 Compiling\ SharedDisplayLink.swift /Users/admin/builder/spi-builder-workspace/Sources/DisplayLink/SharedDisplayLink.swift (in target 'DisplayLink' from project 'DisplayLink')
SwiftCompile normal arm64_32 /Users/admin/builder/spi-builder-workspace/Sources/DisplayLink/SharedDisplayLink.swift (in target 'DisplayLink' from project 'DisplayLink')
    cd /Users/admin/builder/spi-builder-workspace/.swiftpm/xcode
    builtin-SwiftPerFileCompile SharedDisplayLink.swift
SwiftCompile normal arm64_32 Compiling\ WindowAnchor.swift /Users/admin/builder/spi-builder-workspace/Sources/DisplayLink/WindowAnchor.swift (in target 'DisplayLink' from project 'DisplayLink')
SwiftCompile normal arm64_32 /Users/admin/builder/spi-builder-workspace/Sources/DisplayLink/WindowAnchor.swift (in target 'DisplayLink' from project 'DisplayLink')
    cd /Users/admin/builder/spi-builder-workspace/.swiftpm/xcode
    builtin-SwiftPerFileCompile WindowAnchor.swift
SwiftCompile normal arm64_32 Compiling\ PlatformLink+UIKit.swift /Users/admin/builder/spi-builder-workspace/Sources/DisplayLink/PlatformLink+UIKit.swift (in target 'DisplayLink' from project 'DisplayLink')
/Users/admin/builder/spi-builder-workspace/Sources/DisplayLink/PlatformLink+UIKit.swift:9:30: error: 'UIView' is unavailable in watchOS
  7 |     import UIKit
  8 |
  9 |     typealias PlatformView = UIView
    |                              `- error: 'UIView' is unavailable in watchOS
 10 |
 11 |     #if os(visionOS)
/Applications/Xcode-27.0.0-Release.Candidate.app/Contents/Developer/Platforms/WatchOS.platform/Developer/SDKs/WatchOS27.0.sdk/System/Library/Frameworks/UIKit.framework/Headers/UIView.h:152:12: note: 'UIView' has been explicitly marked unavailable here
150 |
151 | UIKIT_EXTERN API_AVAILABLE(ios(2.0)) API_UNAVAILABLE(watchos) NS_SWIFT_UI_ACTOR
152 | @interface UIView : UIResponder <NSCoding, UIAppearance, UIAppearanceContainer, UIDynamicItem, UITraitEnvironment, UICoordinateSpace, UIFocusItem, UIFocusItemContainer, CALayerDelegate>
    |            `- note: 'UIView' has been explicitly marked unavailable here
153 |
154 | @property(class, nonatomic, readonly) Class layerClass;                        // default is [CALayer class]. Used when creating the underlying layer for the view.
/Users/admin/builder/spi-builder-workspace/Sources/DisplayLink/PlatformLink+UIKit.swift:26:29: error: 'UIScreen' is unavailable in watchOS
 24 |         }
 25 |     #else
 26 |         typealias Display = UIScreen
    |                             `- error: 'UIScreen' is unavailable in watchOS
 27 |
 28 |         extension UIScreen {
/Applications/Xcode-27.0.0-Release.Candidate.app/Contents/Developer/Platforms/WatchOS.platform/Developer/SDKs/WatchOS27.0.sdk/System/Library/Frameworks/UIKit.framework/Headers/UIScreen.h:54:12: note: 'UIScreen' has been explicitly marked unavailable here
 52 |
 53 | UIKIT_EXTERN API_AVAILABLE(ios(2.0)) API_UNAVAILABLE(visionos, watchos) NS_SWIFT_UI_ACTOR
 54 | @interface UIScreen : NSObject <UITraitEnvironment>
    |            `- note: 'UIScreen' has been explicitly marked unavailable here
 55 |
 56 | @property(class, nonatomic, readonly) NSArray<UIScreen *> *screens API_DEPRECATED("Use UIApplication.shared.openSessions to find open sessions with scenes from other screens", ios(3.2, 16.0), visionos(1.0, 1.0)) API_UNAVAILABLE(watchos); // all screens currently attached to the device
/Users/admin/builder/spi-builder-workspace/Sources/DisplayLink/PlatformLink+UIKit.swift:29:33: error: 'UIScreen' is unavailable in watchOS
 27 |
 28 |         extension UIScreen {
 29 |             static var primary: UIScreen {
    |                                 `- error: 'UIScreen' is unavailable in watchOS
 30 |                 .main
 31 |             }
/Applications/Xcode-27.0.0-Release.Candidate.app/Contents/Developer/Platforms/WatchOS.platform/Developer/SDKs/WatchOS27.0.sdk/System/Library/Frameworks/UIKit.framework/Headers/UIScreen.h:54:12: note: 'UIScreen' has been explicitly marked unavailable here
 52 |
 53 | UIKIT_EXTERN API_AVAILABLE(ios(2.0)) API_UNAVAILABLE(visionos, watchos) NS_SWIFT_UI_ACTOR
 54 | @interface UIScreen : NSObject <UITraitEnvironment>
    |            `- note: 'UIScreen' has been explicitly marked unavailable here
 55 |
 56 | @property(class, nonatomic, readonly) NSArray<UIScreen *> *screens API_DEPRECATED("Use UIApplication.shared.openSessions to find open sessions with scenes from other screens", ios(3.2, 16.0), visionos(1.0, 1.0)) API_UNAVAILABLE(watchos); // all screens currently attached to the device
/Users/admin/builder/spi-builder-workspace/Sources/DisplayLink/PlatformLink+UIKit.swift:37:41: error: 'UIView' is unavailable in watchOS
 35 |             }
 36 |
 37 |             static func showing(_ view: UIView) -> UIScreen? {
    |                                         `- error: 'UIView' is unavailable in watchOS
 38 |                 (view as? UIWindow ?? view.window)?.screen
 39 |             }
/Applications/Xcode-27.0.0-Release.Candidate.app/Contents/Developer/Platforms/WatchOS.platform/Developer/SDKs/WatchOS27.0.sdk/System/Library/Frameworks/UIKit.framework/Headers/UIView.h:152:12: note: 'UIView' has been explicitly marked unavailable here
150 |
151 | UIKIT_EXTERN API_AVAILABLE(ios(2.0)) API_UNAVAILABLE(watchos) NS_SWIFT_UI_ACTOR
152 | @interface UIView : UIResponder <NSCoding, UIAppearance, UIAppearanceContainer, UIDynamicItem, UITraitEnvironment, UICoordinateSpace, UIFocusItem, UIFocusItemContainer, CALayerDelegate>
    |            `- note: 'UIView' has been explicitly marked unavailable here
153 |
154 | @property(class, nonatomic, readonly) Class layerClass;                        // default is [CALayer class]. Used when creating the underlying layer for the view.
/Users/admin/builder/spi-builder-workspace/Sources/DisplayLink/PlatformLink+UIKit.swift:37:52: error: 'UIScreen' is unavailable in watchOS
 35 |             }
 36 |
 37 |             static func showing(_ view: UIView) -> UIScreen? {
    |                                                    `- error: 'UIScreen' is unavailable in watchOS
 38 |                 (view as? UIWindow ?? view.window)?.screen
 39 |             }
/Applications/Xcode-27.0.0-Release.Candidate.app/Contents/Developer/Platforms/WatchOS.platform/Developer/SDKs/WatchOS27.0.sdk/System/Library/Frameworks/UIKit.framework/Headers/UIScreen.h:54:12: note: 'UIScreen' has been explicitly marked unavailable here
 52 |
 53 | UIKIT_EXTERN API_AVAILABLE(ios(2.0)) API_UNAVAILABLE(visionos, watchos) NS_SWIFT_UI_ACTOR
 54 | @interface UIScreen : NSObject <UITraitEnvironment>
    |            `- note: 'UIScreen' has been explicitly marked unavailable here
 55 |
 56 | @property(class, nonatomic, readonly) NSArray<UIScreen *> *screens API_DEPRECATED("Use UIApplication.shared.openSessions to find open sessions with scenes from other screens", ios(3.2, 16.0), visionos(1.0, 1.0)) API_UNAVAILABLE(watchos); // all screens currently attached to the device
/Users/admin/builder/spi-builder-workspace/Sources/DisplayLink/PlatformLink+UIKit.swift:28:19: error: 'UIScreen' is unavailable in watchOS
 26 |         typealias Display = UIScreen
 27 |
 28 |         extension UIScreen {
    |                   `- error: 'UIScreen' is unavailable in watchOS
 29 |             static var primary: UIScreen {
 30 |                 .main
/Applications/Xcode-27.0.0-Release.Candidate.app/Contents/Developer/Platforms/WatchOS.platform/Developer/SDKs/WatchOS27.0.sdk/System/Library/Frameworks/UIKit.framework/Headers/UIScreen.h:54:12: note: 'UIScreen' has been explicitly marked unavailable here
 52 |
 53 | UIKIT_EXTERN API_AVAILABLE(ios(2.0)) API_UNAVAILABLE(visionos, watchos) NS_SWIFT_UI_ACTOR
 54 | @interface UIScreen : NSObject <UITraitEnvironment>
    |            `- note: 'UIScreen' has been explicitly marked unavailable here
 55 |
 56 | @property(class, nonatomic, readonly) NSArray<UIScreen *> *screens API_DEPRECATED("Use UIApplication.shared.openSessions to find open sessions with scenes from other screens", ios(3.2, 16.0), visionos(1.0, 1.0)) API_UNAVAILABLE(watchos); // all screens currently attached to the device
/Users/admin/builder/spi-builder-workspace/Sources/DisplayLink/PlatformLink+UIKit.swift:47:27: error: 'CADisplayLink' is unavailable in watchOS
 45 |     @MainActor
 46 |     final class PlatformLink {
 47 |         private let link: CADisplayLink
    |                           `- error: 'CADisplayLink' is unavailable in watchOS
 48 |
 49 |         init?(display: Display, frameRateRange: DisplayLinkFrameRateRange, onFrame: @escaping @MainActor (DisplayLinkFrame) -> Void) {
/Applications/Xcode-27.0.0-Release.Candidate.app/Contents/Developer/Platforms/WatchOS.platform/Developer/SDKs/WatchOS27.0.sdk/System/Library/Frameworks/QuartzCore.framework/Headers/CADisplayLink.h:21:12: note: 'CADisplayLink' has been explicitly marked unavailable here
 19 | API_AVAILABLE(macos(14.0))
 20 |
 21 | @interface CADisplayLink : NSObject
    |            `- note: 'CADisplayLink' has been explicitly marked unavailable here
 22 | {
 23 | @private
/Users/admin/builder/spi-builder-workspace/Sources/DisplayLink/PlatformLink+UIKit.swift:80:33: error: 'CADisplayLink' is unavailable in watchOS
 78 |         }
 79 |
 80 |         @objc func tick(_ link: CADisplayLink) {
    |                                 `- error: 'CADisplayLink' is unavailable in watchOS
 81 |             onFrame(DisplayLinkFrame(timestamp: link.timestamp, targetTimestamp: link.targetTimestamp))
 82 |         }
/Applications/Xcode-27.0.0-Release.Candidate.app/Contents/Developer/Platforms/WatchOS.platform/Developer/SDKs/WatchOS27.0.sdk/System/Library/Frameworks/QuartzCore.framework/Headers/CADisplayLink.h:21:12: note: 'CADisplayLink' has been explicitly marked unavailable here
 19 | API_AVAILABLE(macos(14.0))
 20 |
 21 | @interface CADisplayLink : NSObject
    |            `- note: 'CADisplayLink' has been explicitly marked unavailable here
 22 | {
 23 | @private
/Users/admin/builder/spi-builder-workspace/Sources/DisplayLink/PlatformLink+UIKit.swift:30:18: error: 'main' is unavailable in watchOS
 28 |         extension UIScreen {
 29 |             static var primary: UIScreen {
 30 |                 .main
    |                  `- error: 'main' is unavailable in watchOS
 31 |             }
 32 |
/Applications/Xcode-27.0.0-Release.Candidate.app/Contents/Developer/Platforms/WatchOS.platform/Developer/SDKs/WatchOS27.0.sdk/System/Library/Frameworks/UIKit.framework/Headers/UIScreen.h:57:49: note: 'main' has been explicitly marked unavailable here
 55 |
 56 | @property(class, nonatomic, readonly) NSArray<UIScreen *> *screens API_DEPRECATED("Use UIApplication.shared.openSessions to find open sessions with scenes from other screens", ios(3.2, 16.0), visionos(1.0, 1.0)) API_UNAVAILABLE(watchos); // all screens currently attached to the device
 57 | @property(class, nonatomic, readonly) UIScreen *mainScreen API_DEPRECATED("Use a UIScreen instance found through context instead (i.e, view.window.windowScene.screen), or for properties like UIScreen.scale with trait equivalents, use a traitCollection found through context.", ios(2.0, 26.0), tvos(9.0, 26.0), visionos(1.0, 26.0)) API_UNAVAILABLE(watchos);
    |                                                 `- note: 'main' has been explicitly marked unavailable here
 58 |
 59 | @property(nonatomic,readonly) CGRect  bounds;                // Bounds of entire screen in points
/Users/admin/builder/spi-builder-workspace/Sources/DisplayLink/PlatformLink+UIKit.swift:34:17: error: 'UIScreen' is unavailable in watchOS
 32 |
 33 |             var isConnected: Bool {
 34 |                 UIScreen.screens.contains(self)
    |                 `- error: 'UIScreen' is unavailable in watchOS
 35 |             }
 36 |
/Applications/Xcode-27.0.0-Release.Candidate.app/Contents/Developer/Platforms/WatchOS.platform/Developer/SDKs/WatchOS27.0.sdk/System/Library/Frameworks/UIKit.framework/Headers/UIScreen.h:54:12: note: 'UIScreen' has been explicitly marked unavailable here
 52 |
 53 | UIKIT_EXTERN API_AVAILABLE(ios(2.0)) API_UNAVAILABLE(visionos, watchos) NS_SWIFT_UI_ACTOR
 54 | @interface UIScreen : NSObject <UITraitEnvironment>
    |            `- note: 'UIScreen' has been explicitly marked unavailable here
 55 |
 56 | @property(class, nonatomic, readonly) NSArray<UIScreen *> *screens API_DEPRECATED("Use UIApplication.shared.openSessions to find open sessions with scenes from other screens", ios(3.2, 16.0), visionos(1.0, 1.0)) API_UNAVAILABLE(watchos); // all screens currently attached to the device
/Users/admin/builder/spi-builder-workspace/Sources/DisplayLink/PlatformLink+UIKit.swift:34:26: error: 'screens' is unavailable in watchOS
 32 |
 33 |             var isConnected: Bool {
 34 |                 UIScreen.screens.contains(self)
    |                          `- error: 'screens' is unavailable in watchOS
 35 |             }
 36 |
/Applications/Xcode-27.0.0-Release.Candidate.app/Contents/Developer/Platforms/WatchOS.platform/Developer/SDKs/WatchOS27.0.sdk/System/Library/Frameworks/UIKit.framework/Headers/UIScreen.h:56:60: note: 'screens' has been explicitly marked unavailable here
 54 | @interface UIScreen : NSObject <UITraitEnvironment>
 55 |
 56 | @property(class, nonatomic, readonly) NSArray<UIScreen *> *screens API_DEPRECATED("Use UIApplication.shared.openSessions to find open sessions with scenes from other screens", ios(3.2, 16.0), visionos(1.0, 1.0)) API_UNAVAILABLE(watchos); // all screens currently attached to the device
    |                                                            `- note: 'screens' has been explicitly marked unavailable here
 57 | @property(class, nonatomic, readonly) UIScreen *mainScreen API_DEPRECATED("Use a UIScreen instance found through context instead (i.e, view.window.windowScene.screen), or for properties like UIScreen.scale with trait equivalents, use a traitCollection found through context.", ios(2.0, 26.0), tvos(9.0, 26.0), visionos(1.0, 26.0)) API_UNAVAILABLE(watchos);
 58 |
/Users/admin/builder/spi-builder-workspace/Sources/DisplayLink/PlatformLink+UIKit.swift:38:27: error: 'UIWindow' is unavailable in watchOS
 36 |
 37 |             static func showing(_ view: UIView) -> UIScreen? {
 38 |                 (view as? UIWindow ?? view.window)?.screen
    |                           `- error: 'UIWindow' is unavailable in watchOS
 39 |             }
 40 |         }
/Applications/Xcode-27.0.0-Release.Candidate.app/Contents/Developer/Platforms/WatchOS.platform/Developer/SDKs/WatchOS27.0.sdk/System/Library/Frameworks/UIKit.framework/Headers/UIWindow.h:22:12: note: 'UIWindow' has been explicitly marked unavailable here
 20 |
 21 | UIKIT_EXTERN API_AVAILABLE(ios(2.0)) API_UNAVAILABLE(watchos) NS_SWIFT_UI_ACTOR
 22 | @interface UIWindow : UIView
    |            `- note: 'UIWindow' has been explicitly marked unavailable here
 23 |
 24 | // instantiate a UIWindow already associated with a given UIWindowScene instance, with matching frame & interface orientations.
/Users/admin/builder/spi-builder-workspace/Sources/DisplayLink/PlatformLink+UIKit.swift:56:42: error: 'displayLink(withTarget:selector:)' is unavailable in watchOS
 54 |                 link = CADisplayLink(target: target, selector: selector)
 55 |             #else
 56 |                 guard let link = display.displayLink(withTarget: target, selector: selector) else { return nil }
    |                                          `- error: 'displayLink(withTarget:selector:)' is unavailable in watchOS
 57 |                 self.link = link
 58 |             #endif
/Applications/Xcode-27.0.0-Release.Candidate.app/Contents/Developer/Platforms/WatchOS.platform/Developer/SDKs/WatchOS27.0.sdk/System/Library/Frameworks/UIKit.framework/Headers/UIScreen.h:85:1: note: 'displayLink(withTarget:selector:)' has been explicitly marked unavailable here
 83 | @property(nonatomic,readonly) CGFloat nativeScale  API_AVAILABLE(ios(8.0));  // Native scale factor of the physical screen
 84 |
 85 | - (nullable CADisplayLink *)displayLinkWithTarget:(id)target selector:(SEL)sel API_DEPRECATED("Use the equivalent display link API on UIWindowScene", ios(4.0, 27.0), tvos(9.0, 27.0), visionos(1.0, 27.0)) API_UNAVAILABLE(watchos);
    | `- note: 'displayLink(withTarget:selector:)' has been explicitly marked unavailable here
 86 |
 87 | @property (readonly) NSInteger maximumFramesPerSecond  API_AVAILABLE(ios(10.3)) API_UNAVAILABLE(watchos); // The maximumFramesPerSecond this screen is capable of
/Users/admin/builder/spi-builder-workspace/Sources/DisplayLink/PlatformLink+UIKit.swift:59:18: error: 'preferredFrameRateRange' is unavailable in watchOS
 57 |                 self.link = link
 58 |             #endif
 59 |             link.preferredFrameRateRange = CAFrameRateRange(
    |                  `- error: 'preferredFrameRateRange' is unavailable in watchOS
 60 |                 minimum: frameRateRange.minimum,
 61 |                 maximum: frameRateRange.maximum,
/Applications/Xcode-27.0.0-Release.Candidate.app/Contents/Developer/Platforms/WatchOS.platform/Developer/SDKs/WatchOS27.0.sdk/System/Library/Frameworks/QuartzCore.framework/Headers/CADisplayLink.h:100:39: note: 'preferredFrameRateRange' has been explicitly marked unavailable here
 98 |    animation sources. */
 99 |
100 | @property(nonatomic) CAFrameRateRange preferredFrameRateRange
    |                                       `- note: 'preferredFrameRateRange' has been explicitly marked unavailable here
101 |     API_AVAILABLE(ios(15.0), tvos(15.0)) API_UNAVAILABLE(watchos);
102 |
/Users/admin/builder/spi-builder-workspace/Sources/DisplayLink/PlatformLink+UIKit.swift:59:44: error: 'CAFrameRateRange' is unavailable in watchOS
 57 |                 self.link = link
 58 |             #endif
 59 |             link.preferredFrameRateRange = CAFrameRateRange(
    |                                            `- error: 'CAFrameRateRange' is unavailable in watchOS
 60 |                 minimum: frameRateRange.minimum,
 61 |                 maximum: frameRateRange.maximum,
/Applications/Xcode-27.0.0-Release.Candidate.app/Contents/Developer/Platforms/WatchOS.platform/Developer/SDKs/WatchOS27.0.sdk/System/Library/Frameworks/QuartzCore.framework/Headers/CAFrameRateRange.h:12:8: note: 'CAFrameRateRange' has been explicitly marked unavailable here
10 | #include <stdbool.h>
11 |
12 | struct CAFrameRateRange {
   |        `- note: 'CAFrameRateRange' has been explicitly marked unavailable here
13 |   float minimum;
14 |   float maximum;
/Users/admin/builder/spi-builder-workspace/Sources/DisplayLink/PlatformLink+UIKit.swift:59:44: error: 'init(minimum:maximum:preferred:)' is unavailable in watchOS
 57 |                 self.link = link
 58 |             #endif
 59 |             link.preferredFrameRateRange = CAFrameRateRange(
    |                                            `- error: 'init(minimum:maximum:preferred:)' is unavailable in watchOS
 60 |                 minimum: frameRateRange.minimum,
 61 |                 maximum: frameRateRange.maximum,
QuartzCore.CAFrameRateRange.init:2:8: note: 'init(minimum:maximum:preferred:)' has been explicitly marked unavailable here
1 | struct CAFrameRateRange {
2 | public init(minimum: Float, maximum: Float, preferred: Float? = nil)}
  |        `- note: 'init(minimum:maximum:preferred:)' has been explicitly marked unavailable here
3 |
/Users/admin/builder/spi-builder-workspace/Sources/DisplayLink/PlatformLink+UIKit.swift:81:87: error: 'targetTimestamp' is unavailable in watchOS
 79 |
 80 |         @objc func tick(_ link: CADisplayLink) {
 81 |             onFrame(DisplayLinkFrame(timestamp: link.timestamp, targetTimestamp: link.targetTimestamp))
    |                                                                                       `- error: 'targetTimestamp' is unavailable in watchOS
 82 |         }
 83 |     }
/Applications/Xcode-27.0.0-Release.Candidate.app/Contents/Developer/Platforms/WatchOS.platform/Developer/SDKs/WatchOS27.0.sdk/System/Library/Frameworks/QuartzCore.framework/Headers/CADisplayLink.h:64:47: note: 'targetTimestamp' has been explicitly marked unavailable here
 62 | /* The next timestamp that the client should target their render for. */
 63 |
 64 | @property(readonly, nonatomic) CFTimeInterval targetTimestamp
    |                                               `- note: 'targetTimestamp' has been explicitly marked unavailable here
 65 |     API_AVAILABLE(ios(10.0), tvos(10.0)) API_UNAVAILABLE(watchos);
 66 |
SwiftCompile normal arm64_32 /Users/admin/builder/spi-builder-workspace/Sources/DisplayLink/PlatformLink+UIKit.swift (in target 'DisplayLink' from project 'DisplayLink')
    cd /Users/admin/builder/spi-builder-workspace/.swiftpm/xcode
    builtin-SwiftPerFileCompile PlatformLink+UIKit.swift
SwiftCompile normal arm64_32 Compiling\ DisplayLinkFrame.swift /Users/admin/builder/spi-builder-workspace/Sources/DisplayLink/DisplayLinkFrame.swift (in target 'DisplayLink' from project 'DisplayLink')
SwiftCompile normal arm64_32 /Users/admin/builder/spi-builder-workspace/Sources/DisplayLink/DisplayLinkFrame.swift (in target 'DisplayLink' from project 'DisplayLink')
    cd /Users/admin/builder/spi-builder-workspace/.swiftpm/xcode
    builtin-SwiftPerFileCompile DisplayLinkFrame.swift
SwiftCompile normal arm64_32 Compiling\ PlatformLink+AppKit.swift /Users/admin/builder/spi-builder-workspace/Sources/DisplayLink/PlatformLink+AppKit.swift (in target 'DisplayLink' from project 'DisplayLink')
SwiftCompile normal arm64_32 /Users/admin/builder/spi-builder-workspace/Sources/DisplayLink/PlatformLink+AppKit.swift (in target 'DisplayLink' from project 'DisplayLink')
    cd /Users/admin/builder/spi-builder-workspace/.swiftpm/xcode
    builtin-SwiftPerFileCompile PlatformLink+AppKit.swift
SwiftEmitModule normal arm64 Emitting\ module\ for\ DisplayLink (in target 'DisplayLink' from project 'DisplayLink')
SwiftCompile normal arm64 (in target 'DisplayLink' from project 'DisplayLink')
    cd /Users/admin/builder/spi-builder-workspace/.swiftpm/xcode

PruneExplicitPrecompiledModules /Users/admin/builder/spi-builder-workspace/.derivedData/Build/Intermediates.noindex/ExplicitPrecompiledModules
PruneExplicitPrecompiledModules /Users/admin/builder/spi-builder-workspace/.derivedData/Build/Intermediates.noindex/SwiftExplicitPrecompiledModules
PruneExplicitPrecompiledModules /Users/admin/builder/spi-builder-workspace/.derivedData/SDKExplicitPrecompiledModules
2026-10-04 05:17:54.490 xcodebuild[808:4719] [MT] IDERunDestination: Supported platforms for the buildables in the current scheme is empty.
** BUILD FAILED **
The following build commands failed:
	SwiftCompile normal arm64_32 (in target 'DisplayLink' from project 'DisplayLink')
	SwiftEmitModule normal arm64_32 Emitting\ module\ for\ DisplayLink (in target 'DisplayLink' from project 'DisplayLink')
	Building workspace DisplayLink with scheme DisplayLink
(3 failures)
BUILD FAILURE 6.4 watchOS