The Swift Package Index logo.Swift Package Index

Build Information

Failed to build CertificateSigningRequest, reference 1.30.0 (457627), with Swift 6.4 for Wasm on 19 Sep 2026 05:16:28 UTC.

Build Command

bash -c docker run --pull=always --rm -v "checkouts-54344847-0":/host -w "$PWD" -e JAVA_HOME="/root/.sdkman/candidates/java/current" -e SPI_BUILD="1" -e SPI_PROCESSING="1" registry.gitlab.com/saguaro1/spi-images:wasm-6.4-latest swift build --swift-sdk swift-6.4.x-DEVELOPMENT-SNAPSHOT-2026-09-04-a_wasm 2>&1

Build Log

========================================
RunAll
========================================
Builder version: 5.1.0
Interrupt handler set up.
========================================
Checkout
========================================
Clone URL: https://github.com/cbaker6/CertificateSigningRequest.git
Reference: 1.30.0
Initialized empty Git repository in /host/spi-builder-workspace/.git/
hint: Using 'master' as the name for the initial branch. This default branch name
hint: is subject to change. To configure the initial branch name to use in all
hint: of your new repositories, which will suppress this warning, call:
hint:
hint: 	git config --global init.defaultBranch <name>
hint:
hint: Names commonly chosen instead of 'master' are 'main', 'trunk' and
hint: 'development'. The just-created branch can be renamed via this command:
hint:
hint: 	git branch -m <name>
From https://github.com/cbaker6/CertificateSigningRequest
 * tag               1.30.0     -> FETCH_HEAD
HEAD is now at 457627f refactor: Consolidate build targets (#65)
Cloned https://github.com/cbaker6/CertificateSigningRequest.git
Revision (git rev-parse @):
457627f8ff57a721851ee14cc552d529c37c8329
SPI manifest file found: $PWD/.spi.yml
SUCCESS checkout https://github.com/cbaker6/CertificateSigningRequest.git at 1.30.0
========================================
Build
========================================
Selected platform:         wasm
Swift version:             6.4
Building package at path:  $PWD
https://github.com/cbaker6/CertificateSigningRequest.git
Running build ...
bash -c docker run --pull=always --rm -v "checkouts-54344847-0":/host -w "$PWD" -e JAVA_HOME="/root/.sdkman/candidates/java/current" -e SPI_BUILD="1" -e SPI_PROCESSING="1" registry.gitlab.com/saguaro1/spi-images:wasm-6.4-latest swift build --swift-sdk swift-6.4.x-DEVELOPMENT-SNAPSHOT-2026-09-04-a_wasm 2>&1
wasm-6.4-latest: Pulling from saguaro1/spi-images
Digest: sha256:4328fdb43c680d205c1d6761b1e3267aa38277eefdda9ddfb17b6a0f1a77857a
Status: Image is up to date for registry.gitlab.com/saguaro1/spi-images:wasm-6.4-latest
Building for debugging...
[Planning deferred tasks]
error: SwiftCompile normal wasm32 failed with a nonzero exit code. Command line:     cd /host

[21 / 29] CertificateSigningRequest
/host/spi-builder-workspace/Sources/CertificateSigningRequest/CertificateSigningRequest.swift:151:58: error: cannot find type 'SecKey' in scope
149 |     }
150 |
151 |     public func build(_ publicKeyBits: Data, privateKey: SecKey, publicKey: SecKey?=nil) -> Data? {
    |                                                          `- error: cannot find type 'SecKey' in scope
152 |         let certificationRequestInfo = buildCertificationRequestInfo(publicKeyBits)
153 |         var signature = [UInt8](repeating: 0, count: 256)
/host/spi-builder-workspace/Sources/CertificateSigningRequest/CertificateSigningRequest.swift:151:77: error: cannot find type 'SecKey' in scope
149 |     }
150 |
151 |     public func build(_ publicKeyBits: Data, privateKey: SecKey, publicKey: SecKey?=nil) -> Data? {
    |                                                                             `- error: cannot find type 'SecKey' in scope
152 |         let certificationRequestInfo = buildCertificationRequestInfo(publicKeyBits)
153 |         var signature = [UInt8](repeating: 0, count: 256)
/host/spi-builder-workspace/Sources/CertificateSigningRequest/CertificateSigningRequest.swift:192:56: error: cannot find type 'SecKey' in scope
190 |
191 |     public func buildAndEncodeDataAsString(_ publicKeyBits: Data,
192 |                                            privateKey: SecKey,
    |                                                        `- error: cannot find type 'SecKey' in scope
193 |                                            publicKey: SecKey?=nil) -> String? {
194 |         guard let buildData = self.build(publicKeyBits, privateKey: privateKey, publicKey: publicKey) else {
/host/spi-builder-workspace/Sources/CertificateSigningRequest/CertificateSigningRequest.swift:193:55: error: cannot find type 'SecKey' in scope
191 |     public func buildAndEncodeDataAsString(_ publicKeyBits: Data,
192 |                                            privateKey: SecKey,
193 |                                            publicKey: SecKey?=nil) -> String? {
    |                                                       `- error: cannot find type 'SecKey' in scope
194 |         guard let buildData = self.build(publicKeyBits, privateKey: privateKey, publicKey: publicKey) else {
195 |             return nil
/host/spi-builder-workspace/Sources/CertificateSigningRequest/CertificateSigningRequest.swift:202:76: error: cannot find type 'SecKey' in scope
200 |     }
201 |
202 |     public func buildCSRAndReturnString(_ publicKeyBits: Data, privateKey: SecKey, publicKey: SecKey?=nil) -> String? {
    |                                                                            `- error: cannot find type 'SecKey' in scope
203 |
204 |         guard let csrString = self.buildAndEncodeDataAsString(publicKeyBits,
/host/spi-builder-workspace/Sources/CertificateSigningRequest/CertificateSigningRequest.swift:202:95: error: cannot find type 'SecKey' in scope
200 |     }
201 |
202 |     public func buildCSRAndReturnString(_ publicKeyBits: Data, privateKey: SecKey, publicKey: SecKey?=nil) -> String? {
    |                                                                                               `- error: cannot find type 'SecKey' in scope
203 |
204 |         guard let csrString = self.buildAndEncodeDataAsString(publicKeyBits,
/host/spi-builder-workspace/Sources/CertificateSigningRequest/CertificateSigningRequestConstants.swift:57:32: error: cannot find type 'CFString' in scope
 55 |
 56 |     @available(iOS 10, macCatalyst 13.0, macOS 10.12, tvOS 10.0, watchOS 3.0, *)
 57 |     public var secKeyAttrType: CFString {
    |                                `- error: cannot find type 'CFString' in scope
 58 |         let result: CFString
 59 |         switch self {
/host/spi-builder-workspace/Sources/CertificateSigningRequest/CertificateSigningRequestConstants.swift:98:36: error: cannot find type 'SecKeyAlgorithm' in scope
 96 |
 97 |     @available(iOS 10, macCatalyst 13.0, macOS 10.12, tvOS 10.0, watchOS 3.0, *)
 98 |     public var signatureAlgorithm: SecKeyAlgorithm {
    |                                    `- error: cannot find type 'SecKeyAlgorithm' in scope
 99 |         let result: SecKeyAlgorithm
100 |         switch self {
Failed frontend command:
/usr/bin/swift-frontend -frontend -emit-module -experimental-skip-non-inlinable-function-bodies-without-types /host/spi-builder-workspace/Sources/CertificateSigningRequest/CertificateSigningRequest.swift /host/spi-builder-workspace/Sources/CertificateSigningRequest/CertificateSigningRequestConstants.swift -target wasm32-unknown-wasip1 -disable-objc-interop -sdk /root/.swiftpm/swift-sdks/swift-6.4.x-DEVELOPMENT-SNAPSHOT-2026-09-04-a_wasm.artifactbundle/swift-6.4.x-DEVELOPMENT-SNAPSHOT-2026-09-04-a_wasm/wasm32-unknown-wasip1/WASI.sdk -sysroot /root/.swiftpm/swift-sdks/swift-6.4.x-DEVELOPMENT-SNAPSHOT-2026-09-04-a_wasm.artifactbundle/swift-6.4.x-DEVELOPMENT-SNAPSHOT-2026-09-04-a_wasm/wasm32-unknown-wasip1/WASI.sdk -I /host/spi-builder-workspace/.build/out/Products/Debug-webassembly-wasm32 -module-cache-path /host/spi-builder-workspace/.build/out/ModuleCache.noindex -color-diagnostics -Xcc -fcolor-diagnostics -enable-testing -g -debug-info-format\=dwarf -dwarf-version\=4 -swift-version 5 -Onone -D SWIFT_PACKAGE -D DEBUG -D SWIFT_MODULE_RESOURCE_BUNDLE_UNAVAILABLE -D Xcode -serialize-debugging-options -enable-experimental-feature DebugDescriptionMacro -empty-abi-descriptor -external-plugin-path /usr/lib/swift/host/plugins/testing\#/usr/bin/swift-plugin-server -validate-clang-modules-once -clang-build-session-file /host/spi-builder-workspace/.build/out/ModuleCache.noindex/Session.modulevalidation -Xcc -working-directory -Xcc /host -resource-dir /root/.swiftpm/swift-sdks/swift-6.4.x-DEVELOPMENT-SNAPSHOT-2026-09-04-a_wasm.artifactbundle/swift-6.4.x-DEVELOPMENT-SNAPSHOT-2026-09-04-a_wasm/wasm32-unknown-wasip1/swift.xctoolchain/usr/lib/swift_static -use-static-resource-dir -enable-anonymous-context-mangled-names -file-compilation-dir /host -Xcc -resource-dir -Xcc /root/.swiftpm/swift-sdks/swift-6.4.x-DEVELOPMENT-SNAPSHOT-2026-09-04-a_wasm.artifactbundle/swift-6.4.x-DEVELOPMENT-SNAPSHOT-2026-09-04-a_wasm/wasm32-unknown-wasip1/swift.xctoolchain/usr/lib/swift_static/clang -Xcc -D_LIBCPP_HARDENING_MODE\=_LIBCPP_HARDENING_MODE_DEBUG -Xcc -fmodules-prune-interval\=86400 -Xcc -fmodules-prune-after\=345600 -Xcc -I/host/spi-builder-workspace/.build/out/Products/Debug-webassembly-wasm32/include -Xcc -I/host/spi-builder-workspace/.build/out/Intermediates.noindex/CertificateSigningRequest.build/Debug-webassembly-wasm32/CertificateSigningRequest-t.build/DerivedSources-normal/wasm32 -Xcc -I/host/spi-builder-workspace/.build/out/Intermediates.noindex/CertificateSigningRequest.build/Debug-webassembly-wasm32/CertificateSigningRequest-t.build/DerivedSources/wasm32 -Xcc -I/host/spi-builder-workspace/.build/out/Intermediates.noindex/CertificateSigningRequest.build/Debug-webassembly-wasm32/CertificateSigningRequest-t.build/DerivedSources -Xcc -DSWIFT_PACKAGE -Xcc -DDEBUG\=1 -no-auto-bridging-header-chaining -module-name CertificateSigningRequest -const-gather-protocols-file /host/spi-builder-workspace/.build/out/Intermediates.noindex/CertificateSigningRequest.build/Debug-webassembly-wasm32/CertificateSigningRequest-t.build/Objects-normal/wasm32/CertificateSigningRequest_const_extract_protocols.json -in-process-plugin-server-path /usr/lib/swift/host/libSwiftInProcPluginServer.so -plugin-path /usr/lib/swift/host/plugins -plugin-path /usr/local/lib/swift/host/plugins -emit-module-doc-path /host/spi-builder-workspace/.build/out/Intermediates.noindex/CertificateSigningRequest.build/Debug-webassembly-wasm32/CertificateSigningRequest-t.build/Objects-normal/wasm32/Modules/CertificateSigningRequest.swiftdoc -emit-module-source-info-path /host/spi-builder-workspace/.build/out/Intermediates.noindex/CertificateSigningRequest.build/Debug-webassembly-wasm32/CertificateSigningRequest-t.build/Objects-normal/wasm32/Modules/CertificateSigningRequest.swiftsourceinfo -emit-objc-header-path /host/spi-builder-workspace/.build/out/Intermediates.noindex/CertificateSigningRequest.build/Debug-webassembly-wasm32/CertificateSigningRequest-t.build/Objects-normal/wasm32/CertificateSigningRequest-Swift.h -serialize-diagnostics-path /host/spi-builder-workspace/.build/out/Intermediates.noindex/CertificateSigningRequest.build/Debug-webassembly-wasm32/CertificateSigningRequest-t.build/Objects-normal/wasm32/CertificateSigningRequest-primary-emit-module.dia -emit-dependencies-path /host/spi-builder-workspace/.build/out/Intermediates.noindex/CertificateSigningRequest.build/Debug-webassembly-wasm32/CertificateSigningRequest-t.build/Objects-normal/wasm32/CertificateSigningRequest-primary-emit-module.d -parse-as-library -o /host/spi-builder-workspace/.build/out/Intermediates.noindex/CertificateSigningRequest.build/Debug-webassembly-wasm32/CertificateSigningRequest-t.build/Objects-normal/wasm32/Modules/CertificateSigningRequest.swiftmodule
error: Build failed
BUILD FAILURE 6.4 wasm