Build Information
Failed to build WWSaveFileTool, reference main (e95ab8), with Swift 6.2 for tvOS using Xcode 26.3 on 1 Jul 2026 02:28:00 UTC.
Build Command
env DEVELOPER_DIR=/Applications/Xcode-26.3.0.app xcrun xcodebuild -IDEClonedSourcePackagesDirPathOverride=$PWD/.dependencies -skipMacroValidation -skipPackagePluginValidation -derivedDataPath $PWD/.derivedData build -scheme WWSaveFileTool -destination generic/platform=tvOSBuild Log
========================================
RunAll
========================================
Builder version: undefined version: run 'make version' to update
Interrupt handler set up.
========================================
Checkout
========================================
Clone URL: https://github.com/William-Weng/WWSaveFileTool.git
Reference: main
Initialized empty Git repository in /Users/admin/builder/spi-builder-workspace/.git/
From https://github.com/William-Weng/WWSaveFileTool
* branch main -> FETCH_HEAD
* [new branch] main -> origin/main
HEAD is now at e95ab89 - 補上預設檔名 / 副檔名的處理
Cloned https://github.com/William-Weng/WWSaveFileTool.git
Revision (git rev-parse @):
e95ab89897ab5761f78b4ea13142a595d0c6fdd8
SUCCESS checkout https://github.com/William-Weng/WWSaveFileTool.git at main
========================================
Build
========================================
Selected platform: tvOS
Swift version: 6.2
Building package at path: $PWD
https://github.com/William-Weng/WWSaveFileTool.git
Command line invocation:
/Applications/Xcode-26.3.0.app/Contents/Developer/usr/bin/xcodebuild -IDEClonedSourcePackagesDirPathOverride=/Users/admin/builder/spi-builder-workspace/.dependencies -resolvePackageDependencies
Resolve Package Graph
Resolve Package Graph
Resolved source packages:
WWSaveFileTool: /Users/admin/builder/spi-builder-workspace
resolved source packages: WWSaveFileTool
2026-06-30 22:27:34.890 xcodebuild[538:3086] [MT] IDERunDestination: Supported platforms for the buildables in the current scheme is empty.
{
"dependencies" : [
],
"manifest_display_name" : "WWSaveFileTool",
"name" : "WWSaveFileTool",
"path" : "/Users/admin/builder/spi-builder-workspace",
"platforms" : [
{
"name" : "ios",
"version" : "26.0"
}
],
"products" : [
{
"name" : "WWSaveFileTool",
"targets" : [
"WWSaveFileTool"
],
"type" : {
"library" : [
"automatic"
]
}
}
],
"swift_languages_versions" : [
"6"
],
"targets" : [
{
"c99name" : "WWSaveFileTool",
"module_type" : "SwiftTarget",
"name" : "WWSaveFileTool",
"path" : "Sources/WWSaveFileTool",
"product_memberships" : [
"WWSaveFileTool"
],
"resources" : [
{
"path" : "/Users/admin/builder/spi-builder-workspace/Sources/WWSaveFileTool/Privacy",
"rule" : {
"copy" : {
}
}
}
],
"sources" : [
"Utility/Constant.swift",
"Utility/Error.swift",
"Utility/Service.swift",
"WWSaveFileTool.swift"
],
"type" : "library"
}
],
"tools_version" : "6.2"
}
{
"workspace" : {
"name" : "spi-builder-workspace",
"schemes" : [
"WWSaveFileTool"
]
}
}
2026-06-30 22:27:53.097 xcodebuild[682:4235] [MT] IDERunDestination: Supported platforms for the buildables in the current scheme is empty.
Running build ...
env DEVELOPER_DIR=/Applications/Xcode-26.3.0.app xcrun xcodebuild -IDEClonedSourcePackagesDirPathOverride=$PWD/.dependencies -skipMacroValidation -skipPackagePluginValidation -derivedDataPath $PWD/.derivedData build -scheme WWSaveFileTool -destination generic/platform=tvOS
Command line invocation:
/Applications/Xcode-26.3.0.app/Contents/Developer/usr/bin/xcodebuild -IDEClonedSourcePackagesDirPathOverride=/Users/admin/builder/spi-builder-workspace/.dependencies -skipMacroValidation -skipPackagePluginValidation -derivedDataPath /Users/admin/builder/spi-builder-workspace/.derivedData build -scheme WWSaveFileTool -destination generic/platform=tvOS
Resolve Package Graph
Resolved source packages:
WWSaveFileTool: /Users/admin/builder/spi-builder-workspace
ComputePackagePrebuildTargetDependencyGraph
Prepare packages
CreateBuildRequest
SendProjectDescription
CreateBuildOperation
ComputeTargetDependencyGraph
note: Building targets in dependency order
note: Target dependency graph (3 targets)
Target 'WWSaveFileTool' in project 'WWSaveFileTool'
➜ Explicit dependency on target 'WWSaveFileTool' in project 'WWSaveFileTool'
➜ Explicit dependency on target 'WWSaveFileTool_WWSaveFileTool' in project 'WWSaveFileTool'
Target 'WWSaveFileTool' in project 'WWSaveFileTool'
➜ Explicit dependency on target 'WWSaveFileTool_WWSaveFileTool' in project 'WWSaveFileTool'
Target 'WWSaveFileTool_WWSaveFileTool' in project 'WWSaveFileTool' (no dependencies)
GatherProvisioningInputs
CreateBuildDescription
ExecuteExternalTool /Applications/Xcode-26.3.0.app/Contents/Developer/Toolchains/XcodeDefault.xctoolchain/usr/bin/clang -v -E -dM -isysroot /Applications/Xcode-26.3.0.app/Contents/Developer/Platforms/AppleTVOS.platform/Developer/SDKs/AppleTVOS26.2.sdk -x c -c /dev/null
ExecuteExternalTool /Applications/Xcode-26.3.0.app/Contents/Developer/Toolchains/XcodeDefault.xctoolchain/usr/bin/swiftc --version
ExecuteExternalTool /Applications/Xcode-26.3.0.app/Contents/Developer/Toolchains/XcodeDefault.xctoolchain/usr/bin/ld -version_details
Build description signature: 590f8232b9a449be93ab0a299e8e63d0
Build description path: /Users/admin/builder/spi-builder-workspace/.derivedData/Build/Intermediates.noindex/XCBuildData/590f8232b9a449be93ab0a299e8e63d0.xcbuilddata
CreateBuildDirectory /Users/admin/builder/spi-builder-workspace/.derivedData/Build/Products
cd /Users/admin/builder/spi-builder-workspace/.swiftpm/xcode
builtin-create-build-directory /Users/admin/builder/spi-builder-workspace/.derivedData/Build/Products
CreateBuildDirectory /Users/admin/builder/spi-builder-workspace/.derivedData/Build/Intermediates.noindex
cd /Users/admin/builder/spi-builder-workspace/.swiftpm/xcode
builtin-create-build-directory /Users/admin/builder/spi-builder-workspace/.derivedData/Build/Intermediates.noindex
ClangStatCache /Applications/Xcode-26.3.0.app/Contents/Developer/Toolchains/XcodeDefault.xctoolchain/usr/bin/clang-stat-cache /Applications/Xcode-26.3.0.app/Contents/Developer/Platforms/AppleTVOS.platform/Developer/SDKs/AppleTVOS26.2.sdk /Users/admin/builder/spi-builder-workspace/.derivedData/SDKStatCaches.noindex/appletvos26.2-23K50-dc75598d0054f22ec865fa860f139d72c1feacec85df2e04b9fa10f95e757c08.sdkstatcache
cd /Users/admin/builder/spi-builder-workspace/.swiftpm/xcode
/Applications/Xcode-26.3.0.app/Contents/Developer/Toolchains/XcodeDefault.xctoolchain/usr/bin/clang-stat-cache /Applications/Xcode-26.3.0.app/Contents/Developer/Platforms/AppleTVOS.platform/Developer/SDKs/AppleTVOS26.2.sdk -o /Users/admin/builder/spi-builder-workspace/.derivedData/SDKStatCaches.noindex/appletvos26.2-23K50-dc75598d0054f22ec865fa860f139d72c1feacec85df2e04b9fa10f95e757c08.sdkstatcache
CreateBuildDirectory /Users/admin/builder/spi-builder-workspace/.derivedData/Build/Intermediates.noindex/SwiftExplicitPrecompiledModules
cd /Users/admin/builder/spi-builder-workspace/.swiftpm/xcode
builtin-create-build-directory /Users/admin/builder/spi-builder-workspace/.derivedData/Build/Intermediates.noindex/SwiftExplicitPrecompiledModules
CreateBuildDirectory /Users/admin/builder/spi-builder-workspace/.derivedData/Build/Intermediates.noindex/ExplicitPrecompiledModules
cd /Users/admin/builder/spi-builder-workspace/.swiftpm/xcode
builtin-create-build-directory /Users/admin/builder/spi-builder-workspace/.derivedData/Build/Intermediates.noindex/ExplicitPrecompiledModules
CreateBuildDirectory /Users/admin/builder/spi-builder-workspace/.derivedData/Build/Products/Debug-appletvos
cd /Users/admin/builder/spi-builder-workspace/.swiftpm/xcode
builtin-create-build-directory /Users/admin/builder/spi-builder-workspace/.derivedData/Build/Products/Debug-appletvos
CreateBuildDirectory /Users/admin/builder/spi-builder-workspace/.derivedData/Build/Intermediates.noindex/EagerLinkingTBDs/Debug-appletvos
cd /Users/admin/builder/spi-builder-workspace/.swiftpm/xcode
builtin-create-build-directory /Users/admin/builder/spi-builder-workspace/.derivedData/Build/Intermediates.noindex/EagerLinkingTBDs/Debug-appletvos
CreateBuildDirectory /Users/admin/builder/spi-builder-workspace/.derivedData/Build/Products/Debug-appletvos/PackageFrameworks
cd /Users/admin/builder/spi-builder-workspace/.swiftpm/xcode
builtin-create-build-directory /Users/admin/builder/spi-builder-workspace/.derivedData/Build/Products/Debug-appletvos/PackageFrameworks
MkDir /Users/admin/builder/spi-builder-workspace/.derivedData/Build/Products/Debug-appletvos/WWSaveFileTool_WWSaveFileTool.bundle (in target 'WWSaveFileTool_WWSaveFileTool' from project 'WWSaveFileTool')
cd /Users/admin/builder/spi-builder-workspace
/bin/mkdir -p /Users/admin/builder/spi-builder-workspace/.derivedData/Build/Products/Debug-appletvos/WWSaveFileTool_WWSaveFileTool.bundle
WriteAuxiliaryFile /Users/admin/builder/spi-builder-workspace/.derivedData/Build/Intermediates.noindex/WWSaveFileTool.build/Debug-appletvos/WWSaveFileTool.build/WWSaveFileTool.modulemap (in target 'WWSaveFileTool' from project 'WWSaveFileTool')
cd /Users/admin/builder/spi-builder-workspace
write-file /Users/admin/builder/spi-builder-workspace/.derivedData/Build/Intermediates.noindex/WWSaveFileTool.build/Debug-appletvos/WWSaveFileTool.build/WWSaveFileTool.modulemap
WriteAuxiliaryFile /Users/admin/builder/spi-builder-workspace/.derivedData/Build/Intermediates.noindex/WWSaveFileTool.build/Debug-appletvos/WWSaveFileTool.build/WWSaveFileTool.DependencyStaticMetadataFileList (in target 'WWSaveFileTool' from project 'WWSaveFileTool')
cd /Users/admin/builder/spi-builder-workspace
write-file /Users/admin/builder/spi-builder-workspace/.derivedData/Build/Intermediates.noindex/WWSaveFileTool.build/Debug-appletvos/WWSaveFileTool.build/WWSaveFileTool.DependencyStaticMetadataFileList
WriteAuxiliaryFile /Users/admin/builder/spi-builder-workspace/.derivedData/Build/Intermediates.noindex/WWSaveFileTool.build/Debug-appletvos/WWSaveFileTool.build/WWSaveFileTool.DependencyMetadataFileList (in target 'WWSaveFileTool' from project 'WWSaveFileTool')
cd /Users/admin/builder/spi-builder-workspace
write-file /Users/admin/builder/spi-builder-workspace/.derivedData/Build/Intermediates.noindex/WWSaveFileTool.build/Debug-appletvos/WWSaveFileTool.build/WWSaveFileTool.DependencyMetadataFileList
WriteAuxiliaryFile /Users/admin/builder/spi-builder-workspace/.derivedData/Build/Intermediates.noindex/WWSaveFileTool.build/Debug-appletvos/WWSaveFileTool_WWSaveFileTool.build/empty-WWSaveFileTool_WWSaveFileTool.plist (in target 'WWSaveFileTool_WWSaveFileTool' from project 'WWSaveFileTool')
cd /Users/admin/builder/spi-builder-workspace
write-file /Users/admin/builder/spi-builder-workspace/.derivedData/Build/Intermediates.noindex/WWSaveFileTool.build/Debug-appletvos/WWSaveFileTool_WWSaveFileTool.build/empty-WWSaveFileTool_WWSaveFileTool.plist
WriteAuxiliaryFile /Users/admin/builder/spi-builder-workspace/.derivedData/Build/Intermediates.noindex/WWSaveFileTool.build/Debug-appletvos/WWSaveFileTool_WWSaveFileTool.build/WWSaveFileTool_WWSaveFileTool.DependencyMetadataFileList (in target 'WWSaveFileTool_WWSaveFileTool' from project 'WWSaveFileTool')
cd /Users/admin/builder/spi-builder-workspace
write-file /Users/admin/builder/spi-builder-workspace/.derivedData/Build/Intermediates.noindex/WWSaveFileTool.build/Debug-appletvos/WWSaveFileTool_WWSaveFileTool.build/WWSaveFileTool_WWSaveFileTool.DependencyMetadataFileList
WriteAuxiliaryFile /Users/admin/builder/spi-builder-workspace/.derivedData/Build/Intermediates.noindex/WWSaveFileTool.build/Debug-appletvos/WWSaveFileTool_WWSaveFileTool.build/WWSaveFileTool_WWSaveFileTool.DependencyStaticMetadataFileList (in target 'WWSaveFileTool_WWSaveFileTool' from project 'WWSaveFileTool')
cd /Users/admin/builder/spi-builder-workspace
write-file /Users/admin/builder/spi-builder-workspace/.derivedData/Build/Intermediates.noindex/WWSaveFileTool.build/Debug-appletvos/WWSaveFileTool_WWSaveFileTool.build/WWSaveFileTool_WWSaveFileTool.DependencyStaticMetadataFileList
WriteAuxiliaryFile /Users/admin/builder/spi-builder-workspace/.derivedData/Build/Intermediates.noindex/WWSaveFileTool.build/Debug-appletvos/WWSaveFileTool.build/Objects-normal/arm64/WWSaveFileTool.SwiftConstValuesFileList (in target 'WWSaveFileTool' from project 'WWSaveFileTool')
cd /Users/admin/builder/spi-builder-workspace
write-file /Users/admin/builder/spi-builder-workspace/.derivedData/Build/Intermediates.noindex/WWSaveFileTool.build/Debug-appletvos/WWSaveFileTool.build/Objects-normal/arm64/WWSaveFileTool.SwiftConstValuesFileList
WriteAuxiliaryFile /Users/admin/builder/spi-builder-workspace/.derivedData/Build/Intermediates.noindex/WWSaveFileTool.build/Debug-appletvos/WWSaveFileTool.build/Objects-normal/arm64/WWSaveFileTool_const_extract_protocols.json (in target 'WWSaveFileTool' from project 'WWSaveFileTool')
cd /Users/admin/builder/spi-builder-workspace
write-file /Users/admin/builder/spi-builder-workspace/.derivedData/Build/Intermediates.noindex/WWSaveFileTool.build/Debug-appletvos/WWSaveFileTool.build/Objects-normal/arm64/WWSaveFileTool_const_extract_protocols.json
WriteAuxiliaryFile /Users/admin/builder/spi-builder-workspace/.derivedData/Build/Intermediates.noindex/WWSaveFileTool.build/Debug-appletvos/WWSaveFileTool.build/Objects-normal/arm64/WWSaveFileTool.SwiftFileList (in target 'WWSaveFileTool' from project 'WWSaveFileTool')
cd /Users/admin/builder/spi-builder-workspace
write-file /Users/admin/builder/spi-builder-workspace/.derivedData/Build/Intermediates.noindex/WWSaveFileTool.build/Debug-appletvos/WWSaveFileTool.build/Objects-normal/arm64/WWSaveFileTool.SwiftFileList
WriteAuxiliaryFile /Users/admin/builder/spi-builder-workspace/.derivedData/Build/Intermediates.noindex/WWSaveFileTool.build/Debug-appletvos/WWSaveFileTool.build/Objects-normal/arm64/WWSaveFileTool.LinkFileList (in target 'WWSaveFileTool' from project 'WWSaveFileTool')
cd /Users/admin/builder/spi-builder-workspace
write-file /Users/admin/builder/spi-builder-workspace/.derivedData/Build/Intermediates.noindex/WWSaveFileTool.build/Debug-appletvos/WWSaveFileTool.build/Objects-normal/arm64/WWSaveFileTool.LinkFileList
WriteAuxiliaryFile /Users/admin/builder/spi-builder-workspace/.derivedData/Build/Intermediates.noindex/WWSaveFileTool.build/Debug-appletvos/WWSaveFileTool.build/Objects-normal/arm64/WWSaveFileTool-OutputFileMap.json (in target 'WWSaveFileTool' from project 'WWSaveFileTool')
cd /Users/admin/builder/spi-builder-workspace
write-file /Users/admin/builder/spi-builder-workspace/.derivedData/Build/Intermediates.noindex/WWSaveFileTool.build/Debug-appletvos/WWSaveFileTool.build/Objects-normal/arm64/WWSaveFileTool-OutputFileMap.json
WriteAuxiliaryFile /Users/admin/builder/spi-builder-workspace/.derivedData/Build/Intermediates.noindex/WWSaveFileTool.build/Debug-appletvos/WWSaveFileTool.build/DerivedSources/resource_bundle_accessor.swift (in target 'WWSaveFileTool' from project 'WWSaveFileTool')
cd /Users/admin/builder/spi-builder-workspace
write-file /Users/admin/builder/spi-builder-workspace/.derivedData/Build/Intermediates.noindex/WWSaveFileTool.build/Debug-appletvos/WWSaveFileTool.build/DerivedSources/resource_bundle_accessor.swift
Copy /Users/admin/builder/spi-builder-workspace/.derivedData/Build/Intermediates.noindex/GeneratedModuleMaps-appletvos/WWSaveFileTool.modulemap /Users/admin/builder/spi-builder-workspace/.derivedData/Build/Intermediates.noindex/WWSaveFileTool.build/Debug-appletvos/WWSaveFileTool.build/WWSaveFileTool.modulemap (in target 'WWSaveFileTool' from project 'WWSaveFileTool')
cd /Users/admin/builder/spi-builder-workspace
builtin-copy -exclude .DS_Store -exclude CVS -exclude .svn -exclude .git -exclude .hg -resolve-src-symlinks /Users/admin/builder/spi-builder-workspace/.derivedData/Build/Intermediates.noindex/WWSaveFileTool.build/Debug-appletvos/WWSaveFileTool.build/WWSaveFileTool.modulemap /Users/admin/builder/spi-builder-workspace/.derivedData/Build/Intermediates.noindex/GeneratedModuleMaps-appletvos
ProcessInfoPlistFile /Users/admin/builder/spi-builder-workspace/.derivedData/Build/Products/Debug-appletvos/WWSaveFileTool_WWSaveFileTool.bundle/Info.plist /Users/admin/builder/spi-builder-workspace/.derivedData/Build/Intermediates.noindex/WWSaveFileTool.build/Debug-appletvos/WWSaveFileTool_WWSaveFileTool.build/empty-WWSaveFileTool_WWSaveFileTool.plist (in target 'WWSaveFileTool_WWSaveFileTool' from project 'WWSaveFileTool')
cd /Users/admin/builder/spi-builder-workspace
builtin-infoPlistUtility /Users/admin/builder/spi-builder-workspace/.derivedData/Build/Intermediates.noindex/WWSaveFileTool.build/Debug-appletvos/WWSaveFileTool_WWSaveFileTool.build/empty-WWSaveFileTool_WWSaveFileTool.plist -producttype com.apple.product-type.bundle -expandbuildsettings -format binary -platform appletvos -o /Users/admin/builder/spi-builder-workspace/.derivedData/Build/Products/Debug-appletvos/WWSaveFileTool_WWSaveFileTool.bundle/Info.plist
CpResource /Users/admin/builder/spi-builder-workspace/.derivedData/Build/Products/Debug-appletvos/WWSaveFileTool_WWSaveFileTool.bundle/Privacy /Users/admin/builder/spi-builder-workspace/Sources/WWSaveFileTool/Privacy (in target 'WWSaveFileTool_WWSaveFileTool' from project 'WWSaveFileTool')
cd /Users/admin/builder/spi-builder-workspace
builtin-copy -exclude .DS_Store -exclude CVS -exclude .svn -exclude .git -exclude .hg -resolve-src-symlinks /Users/admin/builder/spi-builder-workspace/Sources/WWSaveFileTool/Privacy /Users/admin/builder/spi-builder-workspace/.derivedData/Build/Products/Debug-appletvos/WWSaveFileTool_WWSaveFileTool.bundle
RegisterExecutionPolicyException /Users/admin/builder/spi-builder-workspace/.derivedData/Build/Products/Debug-appletvos/WWSaveFileTool_WWSaveFileTool.bundle (in target 'WWSaveFileTool_WWSaveFileTool' from project 'WWSaveFileTool')
cd /Users/admin/builder/spi-builder-workspace
builtin-RegisterExecutionPolicyException /Users/admin/builder/spi-builder-workspace/.derivedData/Build/Products/Debug-appletvos/WWSaveFileTool_WWSaveFileTool.bundle
Touch /Users/admin/builder/spi-builder-workspace/.derivedData/Build/Products/Debug-appletvos/WWSaveFileTool_WWSaveFileTool.bundle (in target 'WWSaveFileTool_WWSaveFileTool' from project 'WWSaveFileTool')
cd /Users/admin/builder/spi-builder-workspace
/usr/bin/touch -c /Users/admin/builder/spi-builder-workspace/.derivedData/Build/Products/Debug-appletvos/WWSaveFileTool_WWSaveFileTool.bundle
SwiftDriver WWSaveFileTool normal arm64 com.apple.xcode.tools.swift.compiler (in target 'WWSaveFileTool' from project 'WWSaveFileTool')
cd /Users/admin/builder/spi-builder-workspace/.swiftpm/xcode
builtin-SwiftDriver -- /Applications/Xcode-26.3.0.app/Contents/Developer/Toolchains/XcodeDefault.xctoolchain/usr/bin/swiftc -module-name WWSaveFileTool -Onone -enforce-exclusivity\=checked @/Users/admin/builder/spi-builder-workspace/.derivedData/Build/Intermediates.noindex/WWSaveFileTool.build/Debug-appletvos/WWSaveFileTool.build/Objects-normal/arm64/WWSaveFileTool.SwiftFileList -DSWIFT_PACKAGE -DDEBUG -DSWIFT_MODULE_RESOURCE_BUNDLE_AVAILABLE -DXcode -plugin-path /Applications/Xcode-26.3.0.app/Contents/Developer/Toolchains/XcodeDefault.xctoolchain/usr/lib/swift/host/plugins/testing -enable-experimental-feature DebugDescriptionMacro -sdk /Applications/Xcode-26.3.0.app/Contents/Developer/Platforms/AppleTVOS.platform/Developer/SDKs/AppleTVOS26.2.sdk -target arm64-apple-tvos26.0 -g -module-cache-path /Users/admin/builder/spi-builder-workspace/.derivedData/ModuleCache.noindex -Xfrontend -serialize-debugging-options -enable-testing -index-store-path /Users/admin/builder/spi-builder-workspace/.derivedData/Index.noindex/DataStore -Xcc -D_LIBCPP_HARDENING_MODE\=_LIBCPP_HARDENING_MODE_DEBUG -swift-version 6 -I /Users/admin/builder/spi-builder-workspace/.derivedData/Build/Products/Debug-appletvos -Isystem /Applications/Xcode-26.3.0.app/Contents/Developer/Platforms/AppleTVOS.platform/Developer/usr/lib -F /Users/admin/builder/spi-builder-workspace/.derivedData/Build/Products/Debug-appletvos -F /Applications/Xcode-26.3.0.app/Contents/Developer/Platforms/AppleTVOS.platform/Developer/Library/Frameworks -F /Applications/Xcode-26.3.0.app/Contents/Developer/Platforms/AppleTVOS.platform/Developer/SDKs/AppleTVOS26.2.sdk/Developer/Library/Frameworks -c -j10 -enable-batch-mode -incremental -Xcc -ivfsstatcache -Xcc /Users/admin/builder/spi-builder-workspace/.derivedData/SDKStatCaches.noindex/appletvos26.2-23K50-dc75598d0054f22ec865fa860f139d72c1feacec85df2e04b9fa10f95e757c08.sdkstatcache -output-file-map /Users/admin/builder/spi-builder-workspace/.derivedData/Build/Intermediates.noindex/WWSaveFileTool.build/Debug-appletvos/WWSaveFileTool.build/Objects-normal/arm64/WWSaveFileTool-OutputFileMap.json -use-frontend-parseable-output -save-temps -no-color-diagnostics -explicit-module-build -module-cache-path /Users/admin/builder/spi-builder-workspace/.derivedData/Build/Intermediates.noindex/SwiftExplicitPrecompiledModules -clang-scanner-module-cache-path /Users/admin/builder/spi-builder-workspace/.derivedData/ModuleCache.noindex -sdk-module-cache-path /Users/admin/builder/spi-builder-workspace/.derivedData/ModuleCache.noindex -serialize-diagnostics -emit-dependencies -emit-module -emit-module-path /Users/admin/builder/spi-builder-workspace/.derivedData/Build/Intermediates.noindex/WWSaveFileTool.build/Debug-appletvos/WWSaveFileTool.build/Objects-normal/arm64/WWSaveFileTool.swiftmodule -validate-clang-modules-once -clang-build-session-file /Users/admin/builder/spi-builder-workspace/.derivedData/ModuleCache.noindex/Session.modulevalidation -package-name spi_builder_workspace -Xcc -I/Users/admin/builder/spi-builder-workspace/.derivedData/Build/Intermediates.noindex/WWSaveFileTool.build/Debug-appletvos/WWSaveFileTool.build/swift-overrides.hmap -emit-const-values -Xfrontend -const-gather-protocols-file -Xfrontend /Users/admin/builder/spi-builder-workspace/.derivedData/Build/Intermediates.noindex/WWSaveFileTool.build/Debug-appletvos/WWSaveFileTool.build/Objects-normal/arm64/WWSaveFileTool_const_extract_protocols.json -Xcc -I/Users/admin/builder/spi-builder-workspace/.derivedData/Build/Products/Debug-appletvos/include -Xcc -I/Users/admin/builder/spi-builder-workspace/.derivedData/Build/Intermediates.noindex/WWSaveFileTool.build/Debug-appletvos/WWSaveFileTool.build/DerivedSources-normal/arm64 -Xcc -I/Users/admin/builder/spi-builder-workspace/.derivedData/Build/Intermediates.noindex/WWSaveFileTool.build/Debug-appletvos/WWSaveFileTool.build/DerivedSources/arm64 -Xcc -I/Users/admin/builder/spi-builder-workspace/.derivedData/Build/Intermediates.noindex/WWSaveFileTool.build/Debug-appletvos/WWSaveFileTool.build/DerivedSources -Xcc -DSWIFT_PACKAGE -Xcc -DDEBUG\=1 -emit-objc-header -emit-objc-header-path /Users/admin/builder/spi-builder-workspace/.derivedData/Build/Intermediates.noindex/WWSaveFileTool.build/Debug-appletvos/WWSaveFileTool.build/Objects-normal/arm64/WWSaveFileTool-Swift.h -working-directory /Users/admin/builder/spi-builder-workspace/.swiftpm/xcode -experimental-emit-module-separately -disable-cmo
/Users/admin/builder/spi-builder-workspace/Sources/WWSaveFileTool/WWSaveFileTool.swift:2:8: error: Unable to find module dependency: 'FoundationModels'
import FoundationModels
^ (in target 'WWSaveFileTool' from project 'WWSaveFileTool')
/Users/admin/builder/spi-builder-workspace/Sources/WWSaveFileTool/WWSaveFileTool.swift:2:8: note: A dependency of main module 'WWSaveFileTool'
import FoundationModels
^ (in target 'WWSaveFileTool' from project 'WWSaveFileTool')
2026-06-30 22:27:54.493 xcodebuild[684:4283] [MT] IDERunDestination: Supported platforms for the buildables in the current scheme is empty.
/Users/admin/builder/spi-builder-workspace/Sources/WWSaveFileTool/WWSaveFileTool.swift:2:8: error: Unable to find module dependency: 'FoundationModels'
import FoundationModels
^
/Users/admin/builder/spi-builder-workspace/Sources/WWSaveFileTool/WWSaveFileTool.swift:2:8: note: a dependency of main module 'WWSaveFileTool'
import FoundationModels
^
** BUILD FAILED **
The following build commands failed:
SwiftDriver WWSaveFileTool normal arm64 com.apple.xcode.tools.swift.compiler (in target 'WWSaveFileTool' from project 'WWSaveFileTool')
Building workspace spi-builder-workspace with scheme WWSaveFileTool
(2 failures)
Command line invocation:
/Applications/Xcode-26.3.0.app/Contents/Developer/usr/bin/xcodebuild -IDEClonedSourcePackagesDirPathOverride=/Users/admin/builder/spi-builder-workspace/.dependencies -resolvePackageDependencies
Resolve Package Graph
Resolved source packages:
WWSaveFileTool: /Users/admin/builder/spi-builder-workspace
resolved source packages: WWSaveFileTool
2026-06-30 22:27:58.402 xcodebuild[701:4448] [MT] IDERunDestination: Supported platforms for the buildables in the current scheme is empty.
{
"dependencies" : [
],
"manifest_display_name" : "WWSaveFileTool",
"name" : "WWSaveFileTool",
"path" : "/Users/admin/builder/spi-builder-workspace",
"platforms" : [
{
"name" : "ios",
"version" : "26.0"
}
],
"products" : [
{
"name" : "WWSaveFileTool",
"targets" : [
"WWSaveFileTool"
],
"type" : {
"library" : [
"automatic"
]
}
}
],
"swift_languages_versions" : [
"6"
],
"targets" : [
{
"c99name" : "WWSaveFileTool",
"module_type" : "SwiftTarget",
"name" : "WWSaveFileTool",
"path" : "Sources/WWSaveFileTool",
"product_memberships" : [
"WWSaveFileTool"
],
"resources" : [
{
"path" : "/Users/admin/builder/spi-builder-workspace/Sources/WWSaveFileTool/Privacy",
"rule" : {
"copy" : {
}
}
}
],
"sources" : [
"Utility/Constant.swift",
"Utility/Error.swift",
"Utility/Service.swift",
"WWSaveFileTool.swift"
],
"type" : "library"
}
],
"tools_version" : "6.2"
}
{
"workspace" : {
"name" : "spi-builder-workspace",
"schemes" : [
"WWSaveFileTool"
]
}
}
2026-06-30 22:27:59.452 xcodebuild[709:4509] [MT] IDERunDestination: Supported platforms for the buildables in the current scheme is empty.
Running build ...
env DEVELOPER_DIR=/Applications/Xcode-26.3.0.app xcrun xcodebuild -IDEClonedSourcePackagesDirPathOverride=$PWD/.dependencies -skipMacroValidation -skipPackagePluginValidation -derivedDataPath $PWD/.derivedData build -scheme WWSaveFileTool -destination generic/platform=tvOS
Command line invocation:
/Applications/Xcode-26.3.0.app/Contents/Developer/usr/bin/xcodebuild -IDEClonedSourcePackagesDirPathOverride=/Users/admin/builder/spi-builder-workspace/.dependencies -skipMacroValidation -skipPackagePluginValidation -derivedDataPath /Users/admin/builder/spi-builder-workspace/.derivedData build -scheme WWSaveFileTool -destination generic/platform=tvOS
Resolve Package Graph
Resolved source packages:
WWSaveFileTool: /Users/admin/builder/spi-builder-workspace
ComputePackagePrebuildTargetDependencyGraph
Prepare packages
CreateBuildRequest
SendProjectDescription
CreateBuildOperation
ComputeTargetDependencyGraph
note: Building targets in dependency order
note: Target dependency graph (3 targets)
Target 'WWSaveFileTool' in project 'WWSaveFileTool'
➜ Explicit dependency on target 'WWSaveFileTool' in project 'WWSaveFileTool'
➜ Explicit dependency on target 'WWSaveFileTool_WWSaveFileTool' in project 'WWSaveFileTool'
Target 'WWSaveFileTool' in project 'WWSaveFileTool'
➜ Explicit dependency on target 'WWSaveFileTool_WWSaveFileTool' in project 'WWSaveFileTool'
Target 'WWSaveFileTool_WWSaveFileTool' in project 'WWSaveFileTool' (no dependencies)
GatherProvisioningInputs
CreateBuildDescription
ClangStatCache /Applications/Xcode-26.3.0.app/Contents/Developer/Toolchains/XcodeDefault.xctoolchain/usr/bin/clang-stat-cache /Applications/Xcode-26.3.0.app/Contents/Developer/Platforms/AppleTVOS.platform/Developer/SDKs/AppleTVOS26.2.sdk /Users/admin/builder/spi-builder-workspace/.derivedData/SDKStatCaches.noindex/appletvos26.2-23K50-dc75598d0054f22ec865fa860f139d72c1feacec85df2e04b9fa10f95e757c08.sdkstatcache
cd /Users/admin/builder/spi-builder-workspace/.swiftpm/xcode
/Applications/Xcode-26.3.0.app/Contents/Developer/Toolchains/XcodeDefault.xctoolchain/usr/bin/clang-stat-cache /Applications/Xcode-26.3.0.app/Contents/Developer/Platforms/AppleTVOS.platform/Developer/SDKs/AppleTVOS26.2.sdk -o /Users/admin/builder/spi-builder-workspace/.derivedData/SDKStatCaches.noindex/appletvos26.2-23K50-dc75598d0054f22ec865fa860f139d72c1feacec85df2e04b9fa10f95e757c08.sdkstatcache
SwiftDriver WWSaveFileTool normal arm64 com.apple.xcode.tools.swift.compiler (in target 'WWSaveFileTool' from project 'WWSaveFileTool')
cd /Users/admin/builder/spi-builder-workspace/.swiftpm/xcode
builtin-SwiftDriver -- /Applications/Xcode-26.3.0.app/Contents/Developer/Toolchains/XcodeDefault.xctoolchain/usr/bin/swiftc -module-name WWSaveFileTool -Onone -enforce-exclusivity\=checked @/Users/admin/builder/spi-builder-workspace/.derivedData/Build/Intermediates.noindex/WWSaveFileTool.build/Debug-appletvos/WWSaveFileTool.build/Objects-normal/arm64/WWSaveFileTool.SwiftFileList -DSWIFT_PACKAGE -DDEBUG -DSWIFT_MODULE_RESOURCE_BUNDLE_AVAILABLE -DXcode -plugin-path /Applications/Xcode-26.3.0.app/Contents/Developer/Toolchains/XcodeDefault.xctoolchain/usr/lib/swift/host/plugins/testing -enable-experimental-feature DebugDescriptionMacro -sdk /Applications/Xcode-26.3.0.app/Contents/Developer/Platforms/AppleTVOS.platform/Developer/SDKs/AppleTVOS26.2.sdk -target arm64-apple-tvos26.0 -g -module-cache-path /Users/admin/builder/spi-builder-workspace/.derivedData/ModuleCache.noindex -Xfrontend -serialize-debugging-options -enable-testing -index-store-path /Users/admin/builder/spi-builder-workspace/.derivedData/Index.noindex/DataStore -Xcc -D_LIBCPP_HARDENING_MODE\=_LIBCPP_HARDENING_MODE_DEBUG -swift-version 6 -I /Users/admin/builder/spi-builder-workspace/.derivedData/Build/Products/Debug-appletvos -Isystem /Applications/Xcode-26.3.0.app/Contents/Developer/Platforms/AppleTVOS.platform/Developer/usr/lib -F /Users/admin/builder/spi-builder-workspace/.derivedData/Build/Products/Debug-appletvos -F /Applications/Xcode-26.3.0.app/Contents/Developer/Platforms/AppleTVOS.platform/Developer/Library/Frameworks -F /Applications/Xcode-26.3.0.app/Contents/Developer/Platforms/AppleTVOS.platform/Developer/SDKs/AppleTVOS26.2.sdk/Developer/Library/Frameworks -c -j10 -enable-batch-mode -incremental -Xcc -ivfsstatcache -Xcc /Users/admin/builder/spi-builder-workspace/.derivedData/SDKStatCaches.noindex/appletvos26.2-23K50-dc75598d0054f22ec865fa860f139d72c1feacec85df2e04b9fa10f95e757c08.sdkstatcache -output-file-map /Users/admin/builder/spi-builder-workspace/.derivedData/Build/Intermediates.noindex/WWSaveFileTool.build/Debug-appletvos/WWSaveFileTool.build/Objects-normal/arm64/WWSaveFileTool-OutputFileMap.json -use-frontend-parseable-output -save-temps -no-color-diagnostics -explicit-module-build -module-cache-path /Users/admin/builder/spi-builder-workspace/.derivedData/Build/Intermediates.noindex/SwiftExplicitPrecompiledModules -clang-scanner-module-cache-path /Users/admin/builder/spi-builder-workspace/.derivedData/ModuleCache.noindex -sdk-module-cache-path /Users/admin/builder/spi-builder-workspace/.derivedData/ModuleCache.noindex -serialize-diagnostics -emit-dependencies -emit-module -emit-module-path /Users/admin/builder/spi-builder-workspace/.derivedData/Build/Intermediates.noindex/WWSaveFileTool.build/Debug-appletvos/WWSaveFileTool.build/Objects-normal/arm64/WWSaveFileTool.swiftmodule -validate-clang-modules-once -clang-build-session-file /Users/admin/builder/spi-builder-workspace/.derivedData/ModuleCache.noindex/Session.modulevalidation -package-name spi_builder_workspace -Xcc -I/Users/admin/builder/spi-builder-workspace/.derivedData/Build/Intermediates.noindex/WWSaveFileTool.build/Debug-appletvos/WWSaveFileTool.build/swift-overrides.hmap -emit-const-values -Xfrontend -const-gather-protocols-file -Xfrontend /Users/admin/builder/spi-builder-workspace/.derivedData/Build/Intermediates.noindex/WWSaveFileTool.build/Debug-appletvos/WWSaveFileTool.build/Objects-normal/arm64/WWSaveFileTool_const_extract_protocols.json -Xcc -I/Users/admin/builder/spi-builder-workspace/.derivedData/Build/Products/Debug-appletvos/include -Xcc -I/Users/admin/builder/spi-builder-workspace/.derivedData/Build/Intermediates.noindex/WWSaveFileTool.build/Debug-appletvos/WWSaveFileTool.build/DerivedSources-normal/arm64 -Xcc -I/Users/admin/builder/spi-builder-workspace/.derivedData/Build/Intermediates.noindex/WWSaveFileTool.build/Debug-appletvos/WWSaveFileTool.build/DerivedSources/arm64 -Xcc -I/Users/admin/builder/spi-builder-workspace/.derivedData/Build/Intermediates.noindex/WWSaveFileTool.build/Debug-appletvos/WWSaveFileTool.build/DerivedSources -Xcc -DSWIFT_PACKAGE -Xcc -DDEBUG\=1 -emit-objc-header -emit-objc-header-path /Users/admin/builder/spi-builder-workspace/.derivedData/Build/Intermediates.noindex/WWSaveFileTool.build/Debug-appletvos/WWSaveFileTool.build/Objects-normal/arm64/WWSaveFileTool-Swift.h -working-directory /Users/admin/builder/spi-builder-workspace/.swiftpm/xcode -experimental-emit-module-separately -disable-cmo
/Users/admin/builder/spi-builder-workspace/Sources/WWSaveFileTool/WWSaveFileTool.swift:2:8: error: Unable to find module dependency: 'FoundationModels'
import FoundationModels
^ (in target 'WWSaveFileTool' from project 'WWSaveFileTool')
/Users/admin/builder/spi-builder-workspace/Sources/WWSaveFileTool/WWSaveFileTool.swift:2:8: note: A dependency of main module 'WWSaveFileTool'
import FoundationModels
^ (in target 'WWSaveFileTool' from project 'WWSaveFileTool')
2026-06-30 22:28:00.323 xcodebuild[711:4540] [MT] IDERunDestination: Supported platforms for the buildables in the current scheme is empty.
/Users/admin/builder/spi-builder-workspace/Sources/WWSaveFileTool/WWSaveFileTool.swift:2:8: error: Unable to find module dependency: 'FoundationModels'
import FoundationModels
^
/Users/admin/builder/spi-builder-workspace/Sources/WWSaveFileTool/WWSaveFileTool.swift:2:8: note: a dependency of main module 'WWSaveFileTool'
import FoundationModels
^
** BUILD FAILED **
The following build commands failed:
SwiftDriver WWSaveFileTool normal arm64 com.apple.xcode.tools.swift.compiler (in target 'WWSaveFileTool' from project 'WWSaveFileTool')
Building workspace spi-builder-workspace with scheme WWSaveFileTool
(2 failures)
BUILD FAILURE 6.2 tvOS