The Swift Package Index logo.Swift Package Index

Build Information

Failed to build IceCream, reference 2.1.0 (e1d07b), with Swift 6.4 for Wasm on 19 Sep 2026 02:53:02 UTC.

Build Command

bash -c docker run --pull=always --rm -v "checkouts-53886770-1":/host -w "$PWD" -e JAVA_HOME="/root/.sdkman/candidates/java/current" -e SPI_BUILD="1" -e SPI_PROCESSING="1" registry.gitlab.com/saguaro1/spi-images:wasm-6.4-latest swift build --swift-sdk swift-6.4.x-DEVELOPMENT-SNAPSHOT-2026-09-04-a_wasm 2>&1

Build Log

========================================
RunAll
========================================
Builder version: 5.1.0
Interrupt handler set up.
========================================
Checkout
========================================
Clone URL: https://github.com/caiyue1993/IceCream.git
Reference: 2.1.0
Initialized empty Git repository in /host/spi-builder-workspace/.git/
hint: Using 'master' as the name for the initial branch. This default branch name
hint: is subject to change. To configure the initial branch name to use in all
hint: of your new repositories, which will suppress this warning, call:
hint:
hint: 	git config --global init.defaultBranch <name>
hint:
hint: Names commonly chosen instead of 'master' are 'main', 'trunk' and
hint: 'development'. The just-created branch can be renamed via this command:
hint:
hint: 	git branch -m <name>
From https://github.com/caiyue1993/IceCream
 * tag               2.1.0      -> FETCH_HEAD
HEAD is now at e1d07b3 include CreamLocation file to pbxproj
Cloned https://github.com/caiyue1993/IceCream.git
Revision (git rev-parse @):
e1d07b31bd0e1a65b89ac72f629f4df6f6707fd3
SUCCESS checkout https://github.com/caiyue1993/IceCream.git at 2.1.0
========================================
Build
========================================
Selected platform:         wasm
Swift version:             6.4
Building package at path:  $PWD
https://github.com/caiyue1993/IceCream.git
Running build ...
bash -c docker run --pull=always --rm -v "checkouts-53886770-1":/host -w "$PWD" -e JAVA_HOME="/root/.sdkman/candidates/java/current" -e SPI_BUILD="1" -e SPI_PROCESSING="1" registry.gitlab.com/saguaro1/spi-images:wasm-6.4-latest swift build --swift-sdk swift-6.4.x-DEVELOPMENT-SNAPSHOT-2026-09-04-a_wasm 2>&1
wasm-6.4-latest: Pulling from saguaro1/spi-images
Digest: sha256:4328fdb43c680d205c1d6761b1e3267aa38277eefdda9ddfb17b6a0f1a77857a
Status: Image is up to date for registry.gitlab.com/saguaro1/spi-images:wasm-6.4-latest
Fetching https://github.com/realm/realm-cocoa
[1/131839] Fetching realm-cocoa
Fetched https://github.com/realm/realm-cocoa (5.92s)
Computing version for https://github.com/realm/realm-cocoa
Computed https://github.com/realm/realm-cocoa at 4.4.1 (6.19s)
Fetching https://github.com/realm/realm-core
[1/252559] Fetching realm-core
Fetched https://github.com/realm/realm-core (11.09s)
Computing version for https://github.com/realm/realm-core
Computed https://github.com/realm/realm-core at 5.23.8 (11.33s)
Creating working copy for https://github.com/realm/realm-core
Working copy of https://github.com/realm/realm-core resolved at 5.23.8
Creating working copy for https://github.com/realm/realm-cocoa
Working copy of https://github.com/realm/realm-cocoa resolved at 4.4.1
Building for debugging...
[Constructing description]
[Planning deferred tasks]
[37 / 159] RealmCore
[38 / 159] RealmCore
[40 / 159] RealmCore
[42 / 159] RealmCore
[43 / 159] RealmCore
[44 / 159] RealmCore
In file included from /host/spi-builder-workspace/.build/checkouts/realm-core/src/realm/views.cpp:19:
In file included from /host/spi-builder-workspace/.build/checkouts/realm-core/src/realm/views.hpp:22:
In file included from /host/spi-builder-workspace/.build/checkouts/realm-core/src/realm/column.hpp:28:
In file included from /host/spi-builder-workspace/.build/checkouts/realm-core/src/realm/array_integer.hpp:22:
In file included from /host/spi-builder-workspace/.build/checkouts/realm-core/src/realm/array.hpp:51:
In file included from /host/spi-builder-workspace/.build/checkouts/realm-core/src/realm/util/file_mapper.hpp:22:
/host/spi-builder-workspace/.build/checkouts/realm-core/src/realm/util/file.hpp:549:9: error: unknown type name 'dev_t'; did you mean 'div_t'?
  549 |         dev_t device;
      |         ^~~~~
      |         div_t
In file included from /host/spi-builder-workspace/.build/checkouts/realm-core/src/realm/views.cpp:19:
In file included from /host/spi-builder-workspace/.build/checkouts/realm-core/src/realm/views.hpp:22:
In file included from /host/spi-builder-workspace/.build/checkouts/realm-core/src/realm/column.hpp:23:
In file included from /root/.swiftpm/swift-sdks/swift-6.4.x-DEVELOPMENT-SNAPSHOT-2026-09-04-a_wasm.artifactbundle/swift-6.4.x-DEVELOPMENT-SNAPSHOT-2026-09-04-a_wasm/wasm32-unknown-wasip1/WASI.sdk/include/c++/v1/cstdlib:90:
In file included from /root/.swiftpm/swift-sdks/swift-6.4.x-DEVELOPMENT-SNAPSHOT-2026-09-04-a_wasm.artifactbundle/swift-6.4.x-DEVELOPMENT-SNAPSHOT-2026-09-04-a_wasm/wasm32-unknown-wasip1/WASI.sdk/include/c++/v1/stdlib.h:89:
/root/.swiftpm/swift-sdks/swift-6.4.x-DEVELOPMENT-SNAPSHOT-2026-09-04-a_wasm.artifactbundle/swift-6.4.x-DEVELOPMENT-SNAPSHOT-2026-09-04-a_wasm/wasm32-unknown-wasip1/WASI.sdk/include/wasm32-wasip1/stdlib.h:76:35: note: 'div_t' declared here
   76 | typedef struct { int quot, rem; } div_t;
      |                                   ^
In file included from /host/spi-builder-workspace/.build/checkouts/realm-core/src/realm/views.cpp:19:
In file included from /host/spi-builder-workspace/.build/checkouts/realm-core/src/realm/views.hpp:22:
In file included from /host/spi-builder-workspace/.build/checkouts/realm-core/src/realm/column.hpp:28:
In file included from /host/spi-builder-workspace/.build/checkouts/realm-core/src/realm/array_integer.hpp:22:
In file included from /host/spi-builder-workspace/.build/checkouts/realm-core/src/realm/array.hpp:51:
In file included from /host/spi-builder-workspace/.build/checkouts/realm-core/src/realm/util/file_mapper.hpp:22:
/host/spi-builder-workspace/.build/checkouts/realm-core/src/realm/util/file.hpp:1289:23: error: invalid operands to binary expression ('const div_t' and 'const div_t')
 1289 |     return lhs.device == rhs.device && lhs.inode == rhs.inode;
      |            ~~~~~~~~~~ ^  ~~~~~~~~~~
/host/spi-builder-workspace/.build/checkouts/realm-core/src/realm/util/file.hpp:1284:13: note: candidate function not viable: no known conversion from 'const div_t' to 'const File::UniqueID' for 1st argument
 1284 | inline bool operator==(const File::UniqueID& lhs, const File::UniqueID& rhs)
      |             ^          ~~~~~~~~~~~~~~~~~~~~~~~~~
/host/spi-builder-workspace/.build/checkouts/realm-core/src/realm/util/file.hpp:1303:20: error: invalid operands to binary expression ('const div_t' and 'const div_t')
 1303 |     if (lhs.device < rhs.device)
      |         ~~~~~~~~~~ ^ ~~~~~~~~~~
/host/spi-builder-workspace/.build/checkouts/realm-core/src/realm/util/file.hpp:1298:13: note: candidate function not viable: no known conversion from 'const div_t' to 'const File::UniqueID' for 1st argument
 1298 | inline bool operator<(const File::UniqueID& lhs, const File::UniqueID& rhs)
      |             ^         ~~~~~~~~~~~~~~~~~~~~~~~~~
/host/spi-builder-workspace/.build/checkouts/realm-core/src/realm/util/file.hpp:1305:20: error: invalid operands to binary expression ('const div_t' and 'const div_t')
 1305 |     if (lhs.device > rhs.device)
      |         ~~~~~~~~~~ ^ ~~~~~~~~~~
In file included from /host/spi-builder-workspace/.build/checkouts/realm-core/src/realm/views.cpp:21:
In file included from /host/spi-builder-workspace/.build/checkouts/realm-core/src/realm/column_link.hpp:23:
In file included from /host/spi-builder-workspace/.build/checkouts/realm-core/src/realm/column_linkbase.hpp:22:
/host/spi-builder-workspace/.build/checkouts/realm-core/src/realm/table.hpp:1588:10: error: no type named 'recursive_mutex' in namespace 'std'
 1588 |     std::recursive_mutex* get_parent_accessor_management_lock() const;
      |     ~~~~~^
/host/spi-builder-workspace/.build/checkouts/realm-core/src/realm/table.hpp:1649:18: error: no type named 'recursive_mutex' in namespace 'std'
 1649 |     virtual std::recursive_mutex* get_accessor_management_lock() noexcept = 0;
      |             ~~~~~^
/host/spi-builder-workspace/.build/checkouts/realm-core/src/realm/table.hpp:1733:10: error: no type named 'recursive_mutex' in namespace 'std'
 1733 |     std::recursive_mutex* lock = get_parent_accessor_management_lock();
      |     ~~~~~^
/host/spi-builder-workspace/.build/checkouts/realm-core/src/realm/table.hpp:1735:25: error: no member named 'recursive_mutex' in namespace 'std'; did you mean 'recursive_mark'?
 1735 |         std::lock_guard<std::recursive_mutex> lg(*lock);
      |                         ^~~~~~~~~~~~~~~~~~~~
      |                         recursive_mark
/host/spi-builder-workspace/.build/checkouts/realm-core/src/realm/table.hpp:1535:10: note: 'recursive_mark' declared here
 1535 |     void recursive_mark() noexcept;
      |          ^
/host/spi-builder-workspace/.build/checkouts/realm-core/src/realm/table.hpp:1735:25: error: template argument for template type parameter must be a type
 1735 |         std::lock_guard<std::recursive_mutex> lg(*lock);
      |                         ^~~~~~~~~~~~~~~~~~~~
In file included from /host/spi-builder-workspace/.build/checkouts/realm-core/src/realm/views.cpp:19:
In file included from /host/spi-builder-workspace/.build/checkouts/realm-core/src/realm/views.hpp:22:
In file included from /host/spi-builder-workspace/.build/checkouts/realm-core/src/realm/column.hpp:25:
In file included from /root/.swiftpm/swift-sdks/swift-6.4.x-DEVELOPMENT-SNAPSHOT-2026-09-04-a_wasm.artifactbundle/swift-6.4.x-DEVELOPMENT-SNAPSHOT-2026-09-04-a_wasm/wasm32-unknown-wasip1/WASI.sdk/include/c++/v1/vector:363:
In file included from /root/.swiftpm/swift-sdks/swift-6.4.x-DEVELOPMENT-SNAPSHOT-2026-09-04-a_wasm.artifactbundle/swift-6.4.x-DEVELOPMENT-SNAPSHOT-2026-09-04-a_wasm/wasm32-unknown-wasip1/WASI.sdk/include/c++/v1/locale:199:
In file included from /root/.swiftpm/swift-sdks/swift-6.4.x-DEVELOPMENT-SNAPSHOT-2026-09-04-a_wasm.artifactbundle/swift-6.4.x-DEVELOPMENT-SNAPSHOT-2026-09-04-a_wasm/wasm32-unknown-wasip1/WASI.sdk/include/c++/v1/__locale_dir/money.h:18:
In file included from /root/.swiftpm/swift-sdks/swift-6.4.x-DEVELOPMENT-SNAPSHOT-2026-09-04-a_wasm.artifactbundle/swift-6.4.x-DEVELOPMENT-SNAPSHOT-2026-09-04-a_wasm/wasm32-unknown-wasip1/WASI.sdk/include/c++/v1/__locale_dir/check_grouping.h:14:
In file included from /root/.swiftpm/swift-sdks/swift-6.4.x-DEVELOPMENT-SNAPSHOT-2026-09-04-a_wasm.artifactbundle/swift-6.4.x-DEVELOPMENT-SNAPSHOT-2026-09-04-a_wasm/wasm32-unknown-wasip1/WASI.sdk/include/c++/v1/ios:888:
In file included from /root/.swiftpm/swift-sdks/swift-6.4.x-DEVELOPMENT-SNAPSHOT-2026-09-04-a_wasm.artifactbundle/swift-6.4.x-DEVELOPMENT-SNAPSHOT-2026-09-04-a_wasm/wasm32-unknown-wasip1/WASI.sdk/include/c++/v1/mutex:196:
/root/.swiftpm/swift-sdks/swift-6.4.x-DEVELOPMENT-SNAPSHOT-2026-09-04-a_wasm.artifactbundle/swift-6.4.x-DEVELOPMENT-SNAPSHOT-2026-09-04-a_wasm/wasm32-unknown-wasip1/WASI.sdk/include/c++/v1/__mutex/lock_guard.h:21:17: note: template parameter is declared here
   21 | template <class _Mutex>
      |                 ^
In file included from /host/spi-builder-workspace/.build/checkouts/realm-core/src/realm/views.cpp:23:
/host/spi-builder-workspace/.build/checkouts/realm-core/src/realm/group.hpp:667:10: error: no type named 'recursive_mutex' in namespace 'std'
  667 |     std::recursive_mutex* get_accessor_management_lock() noexcept override
      |     ~~~~~^
10 errors generated.
error: CompileC /host/spi-builder-workspace/.build/out/Intermediates.noindex/RealmCore.build/Debug-webassembly-wasm32/RealmCore-t.build/Objects-normal/wasm32/views.o /host/spi-builder-workspace/.build/checkouts/realm-core/src/realm/views.cpp normal wasm32 c++ com.apple.compilers.llvm.clang.1_0.compiler failed with a nonzero exit code. Command line:     cd /host

    Using response file: /host/spi-builder-workspace/.build/out/Intermediates.noindex/RealmCore.build/Debug-webassembly-wasm32/RealmCore-t.build/Objects-normal/wasm32/11b881b950eb02e21769317df93e9b41d1d7f0348e4e0901ae810dce93ca1a57-common-args.resp

    /usr/bin/clang -x c++ -target wasm32-unknown-wasip1 -fmessage-length\=0 -fdiagnostics-show-note-include-stack -fmacro-backtrace-limit\=0 -fcolor-diagnostics -Wno-trigraphs -Wno-missing-field-initializers -Wno-missing-prototypes -Wno-return-type -Wno-non-virtual-dtor -Wno-overloaded-virtual -Wno-exit-time-destructors -Wno-missing-braces -Wparentheses -Wswitch -Wno-unused-function -Wno-unused-label -Wno-unused-parameter -Wno-unused-variable -Wunused-value -Wno-empty-body -Wno-uninitialized -Wno-unknown-pragmas -w -Wno-shadow -Wno-four-char-constants -Wno-conversion -Wno-constant-conversion -Wno-int-conversion -Wno-bool-conversion -Wno-enum-conversion -Wno-float-conversion -Wno-non-literal-null-conversion -Wno-objc-literal-conversion -Wno-shorten-64-to-32 -Wno-newline-eof -Wno-c++11-extensions -Wno-implicit-fallthrough -fstrict-aliasing -Wdeprecated-declarations -Winvalid-offsetof -Wno-sign-conversion -Wno-infinite-recursion -Wno-move -Wno-comma -Wno-block-capture-autoreleasing -Wno-strict-prototypes -Wno-range-loop-analysis -Wno-semicolon-before-method-body --sysroot /root/.swiftpm/swift-sdks/swift-6.4.x-DEVELOPMENT-SNAPSHOT-2026-09-04-a_wasm.artifactbundle/swift-6.4.x-DEVELOPMENT-SNAPSHOT-2026-09-04-a_wasm/wasm32-unknown-wasip1/WASI.sdk @/host/spi-builder-workspace/.build/out/Intermediates.noindex/RealmCore.build/Debug-webassembly-wasm32/RealmCore-t.build/Objects-normal/wasm32/11b881b950eb02e21769317df93e9b41d1d7f0348e4e0901ae810dce93ca1a57-common-args.resp -MMD -MT dependencies -MF /host/spi-builder-workspace/.build/out/Intermediates.noindex/RealmCore.build/Debug-webassembly-wasm32/RealmCore-t.build/Objects-normal/wasm32/views.d --serialize-diagnostics /host/spi-builder-workspace/.build/out/Intermediates.noindex/RealmCore.build/Debug-webassembly-wasm32/RealmCore-t.build/Objects-normal/wasm32/views.dia -c /host/spi-builder-workspace/.build/checkouts/realm-core/src/realm/views.cpp -o /host/spi-builder-workspace/.build/out/Intermediates.noindex/RealmCore.build/Debug-webassembly-wasm32/RealmCore-t.build/Objects-normal/wasm32/views.o
error: Build failed
BUILD FAILURE 6.4 wasm