The Swift Package Index logo.Swift Package Index

Build Information

Failed to build BJOTPViewController, reference v2.6.1 (eb6dd4), with Swift 6.4 for macOS (Xcode) using Xcode 27.0 on 18 Sep 2026 14:55:14 UTC.

Build Command

env DEVELOPER_DIR=/Applications/Xcode-27.0.0-Release.Candidate.app xcrun xcodebuild -IDEClonedSourcePackagesDirPathOverride=$PWD/.dependencies -skipMacroValidation -skipPackagePluginValidation -derivedDataPath $PWD/.derivedData build -scheme BJOTPViewController -destination platform=macOS,arch=arm64

Build Log

========================================
RunAll
========================================
Builder version: 5.1.0
Interrupt handler set up.
========================================
Checkout
========================================
Clone URL: https://github.com/BadhanGanesh/BJOTPViewController.git
Reference: v2.6.1
Initialized empty Git repository in /Users/admin/builder/spi-builder-workspace/.git/
From https://github.com/BadhanGanesh/BJOTPViewController
 * tag               v2.6.1     -> FETCH_HEAD
HEAD is now at eb6dd48 Merge pull request #15 from BadhanGanesh/develop
Cloned https://github.com/BadhanGanesh/BJOTPViewController.git
Revision (git rev-parse @):
eb6dd488e7436442494ff8bbc5f4bc57f12064ac
SUCCESS checkout https://github.com/BadhanGanesh/BJOTPViewController.git at v2.6.1
========================================
Build
========================================
Selected platform:         macosXcodebuild
Swift version:             6.4
Building package at path:  $PWD
https://github.com/BadhanGanesh/BJOTPViewController.git
Command line invocation:
    /Applications/Xcode-27.0.0-Release.Candidate.app/Contents/Developer/usr/bin/xcodebuild -IDEClonedSourcePackagesDirPathOverride=/Users/admin/builder/spi-builder-workspace/.dependencies -resolvePackageDependencies
Resolve Package Graph
Resolve Package Graph
Resolved source packages:
  BJOTPViewController: /Users/admin/builder/spi-builder-workspace
resolved source packages: BJOTPViewController
2026-09-18 10:54:25.233 xcodebuild[525:3039] [MT] IDERunDestination: Supported platforms for the buildables in the current scheme is empty.
{
  "dependencies" : [
  ],
  "manifest_display_name" : "BJOTPViewController",
  "name" : "BJOTPViewController",
  "path" : "/Users/admin/builder/spi-builder-workspace",
  "platforms" : [
    {
      "name" : "ios",
      "version" : "11.0"
    },
    {
      "name" : "maccatalyst",
      "version" : "13.0"
    }
  ],
  "products" : [
    {
      "name" : "BJOTPViewController",
      "targets" : [
        "BJOTPViewController"
      ],
      "type" : {
        "library" : [
          "automatic"
        ]
      }
    }
  ],
  "swift_languages_versions" : [
    "4.0"
  ],
  "targets" : [
    {
      "c99name" : "BJOTPViewController",
      "module_type" : "SwiftTarget",
      "name" : "BJOTPViewController",
      "path" : "Sources/BJOTPViewController",
      "product_memberships" : [
        "BJOTPViewController"
      ],
      "sources" : [
        "BJOTPViewController.swift",
        "Custom Views/BJOTPAuthenticateButton.swift",
        "Custom Views/BJOTPTextField.swift",
        "Swift Extensions/UIColorExtensions.swift",
        "Swift Extensions/UIViewControllerExtensions.swift",
        "Swift Extensions/UIViewExtensions.swift"
      ],
      "type" : "library"
    }
  ],
  "tools_version" : "5.5"
}
{
  "workspace" : {
    "name" : "BJOTPViewController",
    "schemes" : [
      "BJOTPViewController"
    ]
  }
}
2026-09-18 10:55:06.044 xcodebuild[655:4192] [MT] IDERunDestination: Supported platforms for the buildables in the current scheme is empty.
Running build ...
env DEVELOPER_DIR=/Applications/Xcode-27.0.0-Release.Candidate.app xcrun xcodebuild -IDEClonedSourcePackagesDirPathOverride=$PWD/.dependencies -skipMacroValidation -skipPackagePluginValidation -derivedDataPath $PWD/.derivedData build -scheme BJOTPViewController -destination platform=macOS,arch=arm64
Command line invocation:
    /Applications/Xcode-27.0.0-Release.Candidate.app/Contents/Developer/usr/bin/xcodebuild -IDEClonedSourcePackagesDirPathOverride=/Users/admin/builder/spi-builder-workspace/.dependencies -skipMacroValidation -skipPackagePluginValidation -derivedDataPath /Users/admin/builder/spi-builder-workspace/.derivedData build -scheme BJOTPViewController -destination platform=macOS,arch=arm64
Resolve Package Graph
Resolved source packages:
  BJOTPViewController: /Users/admin/builder/spi-builder-workspace
ComputePackagePrebuildTargetDependencyGraph
Prepare packages
CreateBuildRequest
SendProjectDescription
CreateBuildOperation
ComputeTargetDependencyGraph
note: Building targets in dependency order
note: Target dependency graph (2 targets)
    Target 'BJOTPViewController-product' in project 'BJOTPViewController'
        ➜ Explicit dependency on target 'BJOTPViewController' in project 'BJOTPViewController'
    Target 'BJOTPViewController' in project 'BJOTPViewController' (no dependencies)
GatherProvisioningInputs
CreateBuildDescription
ExecuteExternalTool /Applications/Xcode-27.0.0-Release.Candidate.app/Contents/Developer/Toolchains/XcodeDefault.xctoolchain/usr/bin/clang -v -E -dM -isysroot /Applications/Xcode-27.0.0-Release.Candidate.app/Contents/Developer/Platforms/MacOSX.platform/Developer/SDKs/MacOSX27.0.sdk -x c -c /dev/null
ExecuteExternalTool /Applications/Xcode-27.0.0-Release.Candidate.app/Contents/Developer/Toolchains/XcodeDefault.xctoolchain/usr/bin/swiftc --version
ExecuteExternalTool /Applications/Xcode-27.0.0-Release.Candidate.app/Contents/Developer/Toolchains/XcodeDefault.xctoolchain/usr/bin/ld -version_details
ReadFileContents /Applications/Xcode-27.0.0-Release.Candidate.app/Contents/Developer/Toolchains/XcodeDefault.xctoolchain/usr/share/docc/features.json
Build description signature: f06be386abb812b6fee0bb791933dbef
Build description path: /Users/admin/builder/spi-builder-workspace/.derivedData/Build/Intermediates.noindex/XCBuildData/f06be386abb812b6fee0bb791933dbef.xcbuilddata
CreateBuildDirectory /Users/admin/builder/spi-builder-workspace/.derivedData/SDKExplicitPrecompiledModules
    cd /Users/admin/builder/spi-builder-workspace/.swiftpm/xcode
    builtin-create-build-directory /Users/admin/builder/spi-builder-workspace/.derivedData/SDKExplicitPrecompiledModules
CreateBuildDirectory /Users/admin/builder/spi-builder-workspace/.derivedData/ModuleCache.noindex
    cd /Users/admin/builder/spi-builder-workspace/.swiftpm/xcode
    builtin-create-build-directory /Users/admin/builder/spi-builder-workspace/.derivedData/ModuleCache.noindex
CreateBuildDirectory /Users/admin/builder/spi-builder-workspace/.derivedData/CompilationCache.noindex
    cd /Users/admin/builder/spi-builder-workspace/.swiftpm/xcode
    builtin-create-build-directory /Users/admin/builder/spi-builder-workspace/.derivedData/CompilationCache.noindex
CreateBuildDirectory /Users/admin/builder/spi-builder-workspace/.derivedData/Build/Products
    cd /Users/admin/builder/spi-builder-workspace/.swiftpm/xcode
    builtin-create-build-directory /Users/admin/builder/spi-builder-workspace/.derivedData/Build/Products
CreateBuildDirectory /Users/admin/builder/spi-builder-workspace/.derivedData/Build/Intermediates.noindex
    cd /Users/admin/builder/spi-builder-workspace/.swiftpm/xcode
    builtin-create-build-directory /Users/admin/builder/spi-builder-workspace/.derivedData/Build/Intermediates.noindex
ClangStatCache /Applications/Xcode-27.0.0-Release.Candidate.app/Contents/Developer/Toolchains/XcodeDefault.xctoolchain/usr/bin/clang-stat-cache /Applications/Xcode-27.0.0-Release.Candidate.app/Contents/Developer/Platforms/MacOSX.platform/Developer/SDKs/MacOSX27.0.sdk /Users/admin/builder/spi-builder-workspace/.derivedData/SDKStatCaches.noindex/macosx27.0-26A425-e829b21a6f8c9b70876ba0858053c0446a22442a12e9d48fe1a705f55a1adfc4.sdkstatcache
    cd /Users/admin/builder/spi-builder-workspace/.swiftpm/xcode
    /Applications/Xcode-27.0.0-Release.Candidate.app/Contents/Developer/Toolchains/XcodeDefault.xctoolchain/usr/bin/clang-stat-cache /Applications/Xcode-27.0.0-Release.Candidate.app/Contents/Developer/Platforms/MacOSX.platform/Developer/SDKs/MacOSX27.0.sdk -o /Users/admin/builder/spi-builder-workspace/.derivedData/SDKStatCaches.noindex/macosx27.0-26A425-e829b21a6f8c9b70876ba0858053c0446a22442a12e9d48fe1a705f55a1adfc4.sdkstatcache
CreateBuildDirectory /Users/admin/builder/spi-builder-workspace/.derivedData/Build/Intermediates.noindex/SwiftExplicitPrecompiledModules
    cd /Users/admin/builder/spi-builder-workspace/.swiftpm/xcode
    builtin-create-build-directory /Users/admin/builder/spi-builder-workspace/.derivedData/Build/Intermediates.noindex/SwiftExplicitPrecompiledModules
CreateBuildDirectory /Users/admin/builder/spi-builder-workspace/.derivedData/Build/Intermediates.noindex/PrecompiledHeaders
    cd /Users/admin/builder/spi-builder-workspace/.swiftpm/xcode
    builtin-create-build-directory /Users/admin/builder/spi-builder-workspace/.derivedData/Build/Intermediates.noindex/PrecompiledHeaders
CreateBuildDirectory /Users/admin/builder/spi-builder-workspace/.derivedData/Build/Intermediates.noindex/ExplicitPrecompiledModules
    cd /Users/admin/builder/spi-builder-workspace/.swiftpm/xcode
    builtin-create-build-directory /Users/admin/builder/spi-builder-workspace/.derivedData/Build/Intermediates.noindex/ExplicitPrecompiledModules
CreateBuildDirectory /Users/admin/builder/spi-builder-workspace/.derivedData/Build/Products/Debug
    cd /Users/admin/builder/spi-builder-workspace/.swiftpm/xcode
    builtin-create-build-directory /Users/admin/builder/spi-builder-workspace/.derivedData/Build/Products/Debug
CreateBuildDirectory /Users/admin/builder/spi-builder-workspace/.derivedData/Build/Intermediates.noindex/EagerLinkingTBDs/Debug
    cd /Users/admin/builder/spi-builder-workspace/.swiftpm/xcode
    builtin-create-build-directory /Users/admin/builder/spi-builder-workspace/.derivedData/Build/Intermediates.noindex/EagerLinkingTBDs/Debug
CreateBuildDirectory /Users/admin/builder/spi-builder-workspace/.derivedData/Build/Products/Debug/PackageFrameworks
    cd /Users/admin/builder/spi-builder-workspace/.swiftpm/xcode
    builtin-create-build-directory /Users/admin/builder/spi-builder-workspace/.derivedData/Build/Products/Debug/PackageFrameworks
WriteAuxiliaryFile /Users/admin/builder/spi-builder-workspace/.derivedData/Build/Intermediates.noindex/BJOTPViewController.build/Debug/BJOTPViewController-t.build/BJOTPViewController.modulemap (in target 'BJOTPViewController' from project 'BJOTPViewController')
    cd /Users/admin/builder/spi-builder-workspace
    write-file /Users/admin/builder/spi-builder-workspace/.derivedData/Build/Intermediates.noindex/BJOTPViewController.build/Debug/BJOTPViewController-t.build/BJOTPViewController.modulemap
WriteAuxiliaryFile /Users/admin/builder/spi-builder-workspace/.derivedData/Build/Intermediates.noindex/BJOTPViewController.build/Debug/BJOTPViewController-t.build/BJOTPViewController.DependencyMetadataFileList (in target 'BJOTPViewController' from project 'BJOTPViewController')
    cd /Users/admin/builder/spi-builder-workspace
    write-file /Users/admin/builder/spi-builder-workspace/.derivedData/Build/Intermediates.noindex/BJOTPViewController.build/Debug/BJOTPViewController-t.build/BJOTPViewController.DependencyMetadataFileList
WriteAuxiliaryFile /Users/admin/builder/spi-builder-workspace/.derivedData/Build/Intermediates.noindex/BJOTPViewController.build/Debug/BJOTPViewController-t.build/BJOTPViewController.DependencyStaticMetadataFileList (in target 'BJOTPViewController' from project 'BJOTPViewController')
    cd /Users/admin/builder/spi-builder-workspace
    write-file /Users/admin/builder/spi-builder-workspace/.derivedData/Build/Intermediates.noindex/BJOTPViewController.build/Debug/BJOTPViewController-t.build/BJOTPViewController.DependencyStaticMetadataFileList
WriteAuxiliaryFile /Users/admin/builder/spi-builder-workspace/.derivedData/Build/Intermediates.noindex/BJOTPViewController.build/Debug/BJOTPViewController-t.build/Objects-normal/arm64/BJOTPViewController-OutputFileMap.json (in target 'BJOTPViewController' from project 'BJOTPViewController')
    cd /Users/admin/builder/spi-builder-workspace
    write-file /Users/admin/builder/spi-builder-workspace/.derivedData/Build/Intermediates.noindex/BJOTPViewController.build/Debug/BJOTPViewController-t.build/Objects-normal/arm64/BJOTPViewController-OutputFileMap.json
WriteAuxiliaryFile /Users/admin/builder/spi-builder-workspace/.derivedData/Build/Intermediates.noindex/BJOTPViewController.build/Debug/BJOTPViewController-t.build/Objects-normal/arm64/BJOTPViewController.SwiftFileList (in target 'BJOTPViewController' from project 'BJOTPViewController')
    cd /Users/admin/builder/spi-builder-workspace
    write-file /Users/admin/builder/spi-builder-workspace/.derivedData/Build/Intermediates.noindex/BJOTPViewController.build/Debug/BJOTPViewController-t.build/Objects-normal/arm64/BJOTPViewController.SwiftFileList
WriteAuxiliaryFile /Users/admin/builder/spi-builder-workspace/.derivedData/Build/Intermediates.noindex/BJOTPViewController.build/Debug/BJOTPViewController-t.build/Objects-normal/arm64/BJOTPViewController.LinkFileList (in target 'BJOTPViewController' from project 'BJOTPViewController')
    cd /Users/admin/builder/spi-builder-workspace
    write-file /Users/admin/builder/spi-builder-workspace/.derivedData/Build/Intermediates.noindex/BJOTPViewController.build/Debug/BJOTPViewController-t.build/Objects-normal/arm64/BJOTPViewController.LinkFileList
WriteAuxiliaryFile /Users/admin/builder/spi-builder-workspace/.derivedData/Build/Intermediates.noindex/BJOTPViewController.build/Debug/BJOTPViewController-t.build/Objects-normal/arm64/BJOTPViewController_const_extract_protocols.json (in target 'BJOTPViewController' from project 'BJOTPViewController')
    cd /Users/admin/builder/spi-builder-workspace
    write-file /Users/admin/builder/spi-builder-workspace/.derivedData/Build/Intermediates.noindex/BJOTPViewController.build/Debug/BJOTPViewController-t.build/Objects-normal/arm64/BJOTPViewController_const_extract_protocols.json
WriteAuxiliaryFile /Users/admin/builder/spi-builder-workspace/.derivedData/Build/Intermediates.noindex/BJOTPViewController.build/Debug/BJOTPViewController-t.build/Objects-normal/arm64/BJOTPViewController.SwiftConstValuesFileList (in target 'BJOTPViewController' from project 'BJOTPViewController')
    cd /Users/admin/builder/spi-builder-workspace
    write-file /Users/admin/builder/spi-builder-workspace/.derivedData/Build/Intermediates.noindex/BJOTPViewController.build/Debug/BJOTPViewController-t.build/Objects-normal/arm64/BJOTPViewController.SwiftConstValuesFileList
Copy /Users/admin/builder/spi-builder-workspace/.derivedData/Build/Intermediates.noindex/GeneratedModuleMaps/BJOTPViewController.modulemap /Users/admin/builder/spi-builder-workspace/.derivedData/Build/Intermediates.noindex/BJOTPViewController.build/Debug/BJOTPViewController-t.build/BJOTPViewController.modulemap (in target 'BJOTPViewController' from project 'BJOTPViewController')
    cd /Users/admin/builder/spi-builder-workspace
    builtin-copy -exclude .DS_Store -exclude CVS -exclude .svn -exclude .git -exclude .hg -resolve-src-symlinks /Users/admin/builder/spi-builder-workspace/.derivedData/Build/Intermediates.noindex/BJOTPViewController.build/Debug/BJOTPViewController-t.build/BJOTPViewController.modulemap /Users/admin/builder/spi-builder-workspace/.derivedData/Build/Intermediates.noindex/GeneratedModuleMaps
SwiftDriver BJOTPViewController normal arm64 com.apple.xcode.tools.swift.compiler (in target 'BJOTPViewController' from project 'BJOTPViewController')
    cd /Users/admin/builder/spi-builder-workspace/.swiftpm/xcode
    builtin-SwiftDriver -- /Applications/Xcode-27.0.0-Release.Candidate.app/Contents/Developer/Toolchains/XcodeDefault.xctoolchain/usr/bin/swiftc -parse-as-library -module-name BJOTPViewController -Onone @/Users/admin/builder/spi-builder-workspace/.derivedData/Build/Intermediates.noindex/BJOTPViewController.build/Debug/BJOTPViewController-t.build/Objects-normal/arm64/BJOTPViewController.SwiftFileList -DSWIFT_PACKAGE -DDEBUG -DSWIFT_MODULE_RESOURCE_BUNDLE_UNAVAILABLE -DXcode -plugin-path /Applications/Xcode-27.0.0-Release.Candidate.app/Contents/Developer/Toolchains/XcodeDefault.xctoolchain/usr/lib/swift/host/plugins/testing -enable-experimental-feature DebugDescriptionMacro -sdk /Applications/Xcode-27.0.0-Release.Candidate.app/Contents/Developer/Platforms/MacOSX.platform/Developer/SDKs/MacOSX27.0.sdk -target arm64-apple-macos12.0 -g -module-cache-path /Users/admin/builder/spi-builder-workspace/.derivedData/ModuleCache.noindex -Xfrontend -serialize-debugging-options -enable-testing -index-store-path /Users/admin/builder/spi-builder-workspace/.derivedData/Index.noindex/DataStore -Xcc -D_LIBCPP_HARDENING_MODE\=_LIBCPP_HARDENING_MODE_DEBUG -swift-version 4 -I /Users/admin/builder/spi-builder-workspace/.derivedData/Build/Products/Debug -Isystem /Applications/Xcode-27.0.0-Release.Candidate.app/Contents/Developer/Platforms/MacOSX.platform/Developer/usr/lib -F /Users/admin/builder/spi-builder-workspace/.derivedData/Build/Products/Debug -F /Applications/Xcode-27.0.0-Release.Candidate.app/Contents/Developer/Platforms/MacOSX.platform/Developer/Library/Frameworks -c -j10 -enable-batch-mode -incremental -Xcc -ivfsstatcache -Xcc /Users/admin/builder/spi-builder-workspace/.derivedData/SDKStatCaches.noindex/macosx27.0-26A425-e829b21a6f8c9b70876ba0858053c0446a22442a12e9d48fe1a705f55a1adfc4.sdkstatcache -output-file-map /Users/admin/builder/spi-builder-workspace/.derivedData/Build/Intermediates.noindex/BJOTPViewController.build/Debug/BJOTPViewController-t.build/Objects-normal/arm64/BJOTPViewController-OutputFileMap.json -save-temps -no-color-diagnostics -emit-dependencies -emit-module -emit-module-path /Users/admin/builder/spi-builder-workspace/.derivedData/Build/Intermediates.noindex/BJOTPViewController.build/Debug/BJOTPViewController-t.build/Objects-normal/arm64/BJOTPViewController.swiftmodule -serialize-diagnostics -validate-clang-modules-once -clang-build-session-file /Users/admin/builder/spi-builder-workspace/.derivedData/ModuleCache.noindex/Session.modulevalidation -Xcc -fmodules-prune-interval\=86400 -Xcc -fmodules-prune-after\=345600 -emit-const-values -const-gather-protocols-list /Users/admin/builder/spi-builder-workspace/.derivedData/Build/Intermediates.noindex/BJOTPViewController.build/Debug/BJOTPViewController-t.build/Objects-normal/arm64/BJOTPViewController_const_extract_protocols.json -Xcc -I/Users/admin/builder/spi-builder-workspace/.derivedData/Build/Products/Debug/include -Xcc -I/Users/admin/builder/spi-builder-workspace/.derivedData/Build/Intermediates.noindex/BJOTPViewController.build/Debug/BJOTPViewController-t.build/DerivedSources-normal/arm64 -Xcc -I/Users/admin/builder/spi-builder-workspace/.derivedData/Build/Intermediates.noindex/BJOTPViewController.build/Debug/BJOTPViewController-t.build/DerivedSources/arm64 -Xcc -I/Users/admin/builder/spi-builder-workspace/.derivedData/Build/Intermediates.noindex/BJOTPViewController.build/Debug/BJOTPViewController-t.build/DerivedSources -Xcc -DSWIFT_PACKAGE -Xcc -DDEBUG\=1 -emit-objc-header -emit-objc-header-path /Users/admin/builder/spi-builder-workspace/.derivedData/Build/Intermediates.noindex/BJOTPViewController.build/Debug/BJOTPViewController-t.build/Objects-normal/arm64/BJOTPViewController-Swift.h -working-directory /Users/admin/builder/spi-builder-workspace/.swiftpm/xcode -experimental-emit-module-separately -disable-cmo
SwiftCompile normal arm64 Compiling\ BJOTPViewController.swift /Users/admin/builder/spi-builder-workspace/Sources/BJOTPViewController/BJOTPViewController.swift (in target 'BJOTPViewController' from project 'BJOTPViewController')
SwiftCompile normal arm64 (in target 'BJOTPViewController' from project 'BJOTPViewController')
    cd /Users/admin/builder/spi-builder-workspace/.swiftpm/xcode

SwiftCompile normal arm64 Compiling\ BJOTPTextField.swift /Users/admin/builder/spi-builder-workspace/Sources/BJOTPViewController/Custom\ Views/BJOTPTextField.swift (in target 'BJOTPViewController' from project 'BJOTPViewController')
SwiftCompile normal arm64 /Users/admin/builder/spi-builder-workspace/Sources/BJOTPViewController/Custom\ Views/BJOTPTextField.swift (in target 'BJOTPViewController' from project 'BJOTPViewController')
    cd /Users/admin/builder/spi-builder-workspace/.swiftpm/xcode
    builtin-SwiftPerFileCompile BJOTPTextField.swift
SwiftCompile normal arm64 Compiling\ UIViewExtensions.swift /Users/admin/builder/spi-builder-workspace/Sources/BJOTPViewController/Swift\ Extensions/UIViewExtensions.swift (in target 'BJOTPViewController' from project 'BJOTPViewController')
SwiftCompile normal arm64 /Users/admin/builder/spi-builder-workspace/Sources/BJOTPViewController/Swift\ Extensions/UIViewExtensions.swift (in target 'BJOTPViewController' from project 'BJOTPViewController')
    cd /Users/admin/builder/spi-builder-workspace/.swiftpm/xcode
    builtin-SwiftPerFileCompile UIViewExtensions.swift
SwiftEmitModule normal arm64 Emitting\ module\ for\ BJOTPViewController (in target 'BJOTPViewController' from project 'BJOTPViewController')
/Users/admin/builder/spi-builder-workspace/Sources/BJOTPViewController/BJOTPViewController.swift:29:8: error: no such module 'UIKit'
  27 |
  28 |
  29 | import UIKit
     |        `- error: no such module 'UIKit'
  30 | /**
  31 |  * This protocol declares methods that are essential to use ``BJOTPViewController/BJOTPViewController``. They are used to handle button taps that happen during various scenarios, for example close button tap action.
Failed frontend command:
/Applications/Xcode-27.0.0-Release.Candidate.app/Contents/Developer/Toolchains/XcodeDefault.xctoolchain/usr/bin/swift-frontend -frontend -emit-module -experimental-skip-non-inlinable-function-bodies-without-types /Users/admin/builder/spi-builder-workspace/Sources/BJOTPViewController/BJOTPViewController.swift /Users/admin/builder/spi-builder-workspace/Sources/BJOTPViewController/Custom\ Views/BJOTPAuthenticateButton.swift /Users/admin/builder/spi-builder-workspace/Sources/BJOTPViewController/Custom\ Views/BJOTPTextField.swift /Users/admin/builder/spi-builder-workspace/Sources/BJOTPViewController/Swift\ Extensions/UIColorExtensions.swift /Users/admin/builder/spi-builder-workspace/Sources/BJOTPViewController/Swift\ Extensions/UIViewControllerExtensions.swift /Users/admin/builder/spi-builder-workspace/Sources/BJOTPViewController/Swift\ Extensions/UIViewExtensions.swift -target arm64-apple-macos12.0 -Xllvm -aarch64-use-tbi -enable-objc-interop -stack-check -sdk /Applications/Xcode-27.0.0-Release.Candidate.app/Contents/Developer/Platforms/MacOSX.platform/Developer/SDKs/MacOSX27.0.sdk -I /Users/admin/builder/spi-builder-workspace/.derivedData/Build/Products/Debug -Isystem /Applications/Xcode-27.0.0-Release.Candidate.app/Contents/Developer/Platforms/MacOSX.platform/Developer/usr/lib -F /Users/admin/builder/spi-builder-workspace/.derivedData/Build/Products/Debug -F /Applications/Xcode-27.0.0-Release.Candidate.app/Contents/Developer/Platforms/MacOSX.platform/Developer/Library/Frameworks -module-cache-path /Users/admin/builder/spi-builder-workspace/.derivedData/ModuleCache.noindex -no-color-diagnostics -Xcc -fno-color-diagnostics -enable-testing -g -debug-info-format\=dwarf -dwarf-version\=4 -swift-version 4 -Onone -D SWIFT_PACKAGE -D DEBUG -D SWIFT_MODULE_RESOURCE_BUNDLE_UNAVAILABLE -D Xcode -serialize-debugging-options -enable-experimental-feature DebugDescriptionMacro -empty-abi-descriptor -plugin-path /Applications/Xcode-27.0.0-Release.Candidate.app/Contents/Developer/Toolchains/XcodeDefault.xctoolchain/usr/lib/swift/host/plugins/testing -validate-clang-modules-once -clang-build-session-file /Users/admin/builder/spi-builder-workspace/.derivedData/ModuleCache.noindex/Session.modulevalidation -Xcc -working-directory -Xcc /Users/admin/builder/spi-builder-workspace/.swiftpm/xcode -enable-anonymous-context-mangled-names -file-compilation-dir /Users/admin/builder/spi-builder-workspace/.swiftpm/xcode -Xcc -D_LIBCPP_HARDENING_MODE\=_LIBCPP_HARDENING_MODE_DEBUG -Xcc -ivfsstatcache -Xcc /Users/admin/builder/spi-builder-workspace/.derivedData/SDKStatCaches.noindex/macosx27.0-26A425-e829b21a6f8c9b70876ba0858053c0446a22442a12e9d48fe1a705f55a1adfc4.sdkstatcache -Xcc -fmodules-prune-interval\=86400 -Xcc -fmodules-prune-after\=345600 -Xcc -I/Users/admin/builder/spi-builder-workspace/.derivedData/Build/Products/Debug/include -Xcc -I/Users/admin/builder/spi-builder-workspace/.derivedData/Build/Intermediates.noindex/BJOTPViewController.build/Debug/BJOTPViewController-t.build/DerivedSources-normal/arm64 -Xcc -I/Users/admin/builder/spi-builder-workspace/.derivedData/Build/Intermediates.noindex/BJOTPViewController.build/Debug/BJOTPViewController-t.build/DerivedSources/arm64 -Xcc -I/Users/admin/builder/spi-builder-workspace/.derivedData/Build/Intermediates.noindex/BJOTPViewController.build/Debug/BJOTPViewController-t.build/DerivedSources -Xcc -DSWIFT_PACKAGE -Xcc -DDEBUG\=1 -no-auto-bridging-header-chaining -module-name BJOTPViewController -const-gather-protocols-file /Users/admin/builder/spi-builder-workspace/.derivedData/Build/Intermediates.noindex/BJOTPViewController.build/Debug/BJOTPViewController-t.build/Objects-normal/arm64/BJOTPViewController_const_extract_protocols.json -disable-clang-spi -target-sdk-version 27.0 -target-sdk-name macosx27.0 -external-plugin-path /Applications/Xcode-27.0.0-Release.Candidate.app/Contents/Developer/Platforms/MacOSX.platform/Developer/usr/lib/swift/host/plugins\#/Applications/Xcode-27.0.0-Release.Candidate.app/Contents/Developer/Platforms/MacOSX.platform/Developer/usr/bin/swift-plugin-server -external-plugin-path /Applications/Xcode-27.0.0-Release.Candidate.app/Contents/Developer/Platforms/MacOSX.platform/Developer/usr/local/lib/swift/host/plugins\#/Applications/Xcode-27.0.0-Release.Candidate.app/Contents/Developer/Platforms/MacOSX.platform/Developer/usr/bin/swift-plugin-server -in-process-plugin-server-path /Applications/Xcode-27.0.0-Release.Candidate.app/Contents/Developer/Toolchains/XcodeDefault.xctoolchain/usr/lib/swift/host/libSwiftInProcPluginServer.dylib -plugin-path /Applications/Xcode-27.0.0-Release.Candidate.app/Contents/Developer/Toolchains/XcodeDefault.xctoolchain/usr/lib/swift/host/plugins -plugin-path /Applications/Xcode-27.0.0-Release.Candidate.app/Contents/Developer/Toolchains/XcodeDefault.xctoolchain/usr/local/lib/swift/host/plugins -emit-module-doc-path /Users/admin/builder/spi-builder-workspace/.derivedData/Build/Intermediates.noindex/BJOTPViewController.build/Debug/BJOTPViewController-t.build/Objects-normal/arm64/BJOTPViewController.swiftdoc -emit-module-source-info-path /Users/admin/builder/spi-builder-workspace/.derivedData/Build/Intermediates.noindex/BJOTPViewController.build/Debug/BJOTPViewController-t.build/Objects-normal/arm64/BJOTPViewController.swiftsourceinfo -emit-objc-header-path /Users/admin/builder/spi-builder-workspace/.derivedData/Build/Intermediates.noindex/BJOTPViewController.build/Debug/BJOTPViewController-t.build/Objects-normal/arm64/BJOTPViewController-Swift.h -serialize-diagnostics-path /Users/admin/builder/spi-builder-workspace/.derivedData/Build/Intermediates.noindex/BJOTPViewController.build/Debug/BJOTPViewController-t.build/Objects-normal/arm64/BJOTPViewController-primary-emit-module.dia -emit-dependencies-path /Users/admin/builder/spi-builder-workspace/.derivedData/Build/Intermediates.noindex/BJOTPViewController.build/Debug/BJOTPViewController-t.build/Objects-normal/arm64/BJOTPViewController-primary-emit-module.d -parse-as-library -o /Users/admin/builder/spi-builder-workspace/.derivedData/Build/Intermediates.noindex/BJOTPViewController.build/Debug/BJOTPViewController-t.build/Objects-normal/arm64/BJOTPViewController.swiftmodule -emit-abi-descriptor-path /Users/admin/builder/spi-builder-workspace/.derivedData/Build/Intermediates.noindex/BJOTPViewController.build/Debug/BJOTPViewController-t.build/Objects-normal/arm64/BJOTPViewController.abi.json
SwiftCompile normal arm64 (in target 'BJOTPViewController' from project 'BJOTPViewController')
    cd /Users/admin/builder/spi-builder-workspace/.swiftpm/xcode

SwiftCompile normal arm64 Compiling\ BJOTPAuthenticateButton.swift /Users/admin/builder/spi-builder-workspace/Sources/BJOTPViewController/Custom\ Views/BJOTPAuthenticateButton.swift (in target 'BJOTPViewController' from project 'BJOTPViewController')
SwiftCompile normal arm64 /Users/admin/builder/spi-builder-workspace/Sources/BJOTPViewController/Custom\ Views/BJOTPAuthenticateButton.swift (in target 'BJOTPViewController' from project 'BJOTPViewController')
    cd /Users/admin/builder/spi-builder-workspace/.swiftpm/xcode
    builtin-SwiftPerFileCompile BJOTPAuthenticateButton.swift
SwiftCompile normal arm64 Compiling\ UIViewControllerExtensions.swift /Users/admin/builder/spi-builder-workspace/Sources/BJOTPViewController/Swift\ Extensions/UIViewControllerExtensions.swift (in target 'BJOTPViewController' from project 'BJOTPViewController')
SwiftCompile normal arm64 /Users/admin/builder/spi-builder-workspace/Sources/BJOTPViewController/Swift\ Extensions/UIViewControllerExtensions.swift (in target 'BJOTPViewController' from project 'BJOTPViewController')
    cd /Users/admin/builder/spi-builder-workspace/.swiftpm/xcode
    builtin-SwiftPerFileCompile UIViewControllerExtensions.swift
SwiftCompile normal arm64 Compiling\ UIColorExtensions.swift /Users/admin/builder/spi-builder-workspace/Sources/BJOTPViewController/Swift\ Extensions/UIColorExtensions.swift (in target 'BJOTPViewController' from project 'BJOTPViewController')
SwiftCompile normal arm64 /Users/admin/builder/spi-builder-workspace/Sources/BJOTPViewController/Swift\ Extensions/UIColorExtensions.swift (in target 'BJOTPViewController' from project 'BJOTPViewController')
    cd /Users/admin/builder/spi-builder-workspace/.swiftpm/xcode
    builtin-SwiftPerFileCompile UIColorExtensions.swift
PruneExplicitPrecompiledModules /Users/admin/builder/spi-builder-workspace/.derivedData/Build/Intermediates.noindex/ExplicitPrecompiledModules
PruneExplicitPrecompiledModules /Users/admin/builder/spi-builder-workspace/.derivedData/Build/Intermediates.noindex/SwiftExplicitPrecompiledModules
PruneExplicitPrecompiledModules /Users/admin/builder/spi-builder-workspace/.derivedData/SDKExplicitPrecompiledModules
2026-09-18 10:55:07.630 xcodebuild[675:4350] [MT] IDERunDestination: Supported platforms for the buildables in the current scheme is empty.
--- xcodebuild: WARNING: Using the first of multiple matching destinations:
{ platform:macOS, arch:arm64, id:90098ac28c4062434d099f809d246729fa393281, name:My Mac }
{ platform:macOS, arch:arm64, variant:Mac Catalyst, id:90098ac28c4062434d099f809d246729fa393281, name:My Mac }
{ platform:macOS, arch:arm64, variant:DriverKit, id:90098ac28c4062434d099f809d246729fa393281, name:My Mac }
{ platform:macOS, arch:arm64, variant:Designed for [iPad,iPhone], id:90098ac28c4062434d099f809d246729fa393281, name:My Mac }
** BUILD FAILED **
The following build commands failed:
	SwiftEmitModule normal arm64 Emitting\ module\ for\ BJOTPViewController (in target 'BJOTPViewController' from project 'BJOTPViewController')
	SwiftCompile normal arm64 (in target 'BJOTPViewController' from project 'BJOTPViewController')
	Building workspace BJOTPViewController with scheme BJOTPViewController
(3 failures)
Command line invocation:
    /Applications/Xcode-27.0.0-Release.Candidate.app/Contents/Developer/usr/bin/xcodebuild -IDEClonedSourcePackagesDirPathOverride=/Users/admin/builder/spi-builder-workspace/.dependencies -resolvePackageDependencies
Resolve Package Graph
Resolved source packages:
  BJOTPViewController: /Users/admin/builder/spi-builder-workspace
resolved source packages: BJOTPViewController
2026-09-18 10:55:11.985 xcodebuild[697:4482] [MT] IDERunDestination: Supported platforms for the buildables in the current scheme is empty.
{
  "dependencies" : [
  ],
  "manifest_display_name" : "BJOTPViewController",
  "name" : "BJOTPViewController",
  "path" : "/Users/admin/builder/spi-builder-workspace",
  "platforms" : [
    {
      "name" : "ios",
      "version" : "11.0"
    },
    {
      "name" : "maccatalyst",
      "version" : "13.0"
    }
  ],
  "products" : [
    {
      "name" : "BJOTPViewController",
      "targets" : [
        "BJOTPViewController"
      ],
      "type" : {
        "library" : [
          "automatic"
        ]
      }
    }
  ],
  "swift_languages_versions" : [
    "4.0"
  ],
  "targets" : [
    {
      "c99name" : "BJOTPViewController",
      "module_type" : "SwiftTarget",
      "name" : "BJOTPViewController",
      "path" : "Sources/BJOTPViewController",
      "product_memberships" : [
        "BJOTPViewController"
      ],
      "sources" : [
        "BJOTPViewController.swift",
        "Custom Views/BJOTPAuthenticateButton.swift",
        "Custom Views/BJOTPTextField.swift",
        "Swift Extensions/UIColorExtensions.swift",
        "Swift Extensions/UIViewControllerExtensions.swift",
        "Swift Extensions/UIViewExtensions.swift"
      ],
      "type" : "library"
    }
  ],
  "tools_version" : "5.5"
}
{
  "workspace" : {
    "name" : "BJOTPViewController",
    "schemes" : [
      "BJOTPViewController"
    ]
  }
}
2026-09-18 10:55:13.225 xcodebuild[705:4547] [MT] IDERunDestination: Supported platforms for the buildables in the current scheme is empty.
Running build ...
env DEVELOPER_DIR=/Applications/Xcode-27.0.0-Release.Candidate.app xcrun xcodebuild -IDEClonedSourcePackagesDirPathOverride=$PWD/.dependencies -skipMacroValidation -skipPackagePluginValidation -derivedDataPath $PWD/.derivedData build -scheme BJOTPViewController -destination platform=macOS,arch=arm64
Command line invocation:
    /Applications/Xcode-27.0.0-Release.Candidate.app/Contents/Developer/usr/bin/xcodebuild -IDEClonedSourcePackagesDirPathOverride=/Users/admin/builder/spi-builder-workspace/.dependencies -skipMacroValidation -skipPackagePluginValidation -derivedDataPath /Users/admin/builder/spi-builder-workspace/.derivedData build -scheme BJOTPViewController -destination platform=macOS,arch=arm64
Resolve Package Graph
Resolved source packages:
  BJOTPViewController: /Users/admin/builder/spi-builder-workspace
ComputePackagePrebuildTargetDependencyGraph
Prepare packages
CreateBuildRequest
SendProjectDescription
CreateBuildOperation
ComputeTargetDependencyGraph
note: Building targets in dependency order
note: Target dependency graph (2 targets)
    Target 'BJOTPViewController-product' in project 'BJOTPViewController'
        ➜ Explicit dependency on target 'BJOTPViewController' in project 'BJOTPViewController'
    Target 'BJOTPViewController' in project 'BJOTPViewController' (no dependencies)
GatherProvisioningInputs
CreateBuildDescription
ClangStatCache /Applications/Xcode-27.0.0-Release.Candidate.app/Contents/Developer/Toolchains/XcodeDefault.xctoolchain/usr/bin/clang-stat-cache /Applications/Xcode-27.0.0-Release.Candidate.app/Contents/Developer/Platforms/MacOSX.platform/Developer/SDKs/MacOSX27.0.sdk /Users/admin/builder/spi-builder-workspace/.derivedData/SDKStatCaches.noindex/macosx27.0-26A425-e829b21a6f8c9b70876ba0858053c0446a22442a12e9d48fe1a705f55a1adfc4.sdkstatcache
    cd /Users/admin/builder/spi-builder-workspace/.swiftpm/xcode
    /Applications/Xcode-27.0.0-Release.Candidate.app/Contents/Developer/Toolchains/XcodeDefault.xctoolchain/usr/bin/clang-stat-cache /Applications/Xcode-27.0.0-Release.Candidate.app/Contents/Developer/Platforms/MacOSX.platform/Developer/SDKs/MacOSX27.0.sdk -o /Users/admin/builder/spi-builder-workspace/.derivedData/SDKStatCaches.noindex/macosx27.0-26A425-e829b21a6f8c9b70876ba0858053c0446a22442a12e9d48fe1a705f55a1adfc4.sdkstatcache
SwiftDriver BJOTPViewController normal arm64 com.apple.xcode.tools.swift.compiler (in target 'BJOTPViewController' from project 'BJOTPViewController')
    cd /Users/admin/builder/spi-builder-workspace/.swiftpm/xcode
    builtin-SwiftDriver -- /Applications/Xcode-27.0.0-Release.Candidate.app/Contents/Developer/Toolchains/XcodeDefault.xctoolchain/usr/bin/swiftc -parse-as-library -module-name BJOTPViewController -Onone @/Users/admin/builder/spi-builder-workspace/.derivedData/Build/Intermediates.noindex/BJOTPViewController.build/Debug/BJOTPViewController-t.build/Objects-normal/arm64/BJOTPViewController.SwiftFileList -DSWIFT_PACKAGE -DDEBUG -DSWIFT_MODULE_RESOURCE_BUNDLE_UNAVAILABLE -DXcode -plugin-path /Applications/Xcode-27.0.0-Release.Candidate.app/Contents/Developer/Toolchains/XcodeDefault.xctoolchain/usr/lib/swift/host/plugins/testing -enable-experimental-feature DebugDescriptionMacro -sdk /Applications/Xcode-27.0.0-Release.Candidate.app/Contents/Developer/Platforms/MacOSX.platform/Developer/SDKs/MacOSX27.0.sdk -target arm64-apple-macos12.0 -g -module-cache-path /Users/admin/builder/spi-builder-workspace/.derivedData/ModuleCache.noindex -Xfrontend -serialize-debugging-options -enable-testing -index-store-path /Users/admin/builder/spi-builder-workspace/.derivedData/Index.noindex/DataStore -Xcc -D_LIBCPP_HARDENING_MODE\=_LIBCPP_HARDENING_MODE_DEBUG -swift-version 4 -I /Users/admin/builder/spi-builder-workspace/.derivedData/Build/Products/Debug -Isystem /Applications/Xcode-27.0.0-Release.Candidate.app/Contents/Developer/Platforms/MacOSX.platform/Developer/usr/lib -F /Users/admin/builder/spi-builder-workspace/.derivedData/Build/Products/Debug -F /Applications/Xcode-27.0.0-Release.Candidate.app/Contents/Developer/Platforms/MacOSX.platform/Developer/Library/Frameworks -c -j10 -enable-batch-mode -incremental -Xcc -ivfsstatcache -Xcc /Users/admin/builder/spi-builder-workspace/.derivedData/SDKStatCaches.noindex/macosx27.0-26A425-e829b21a6f8c9b70876ba0858053c0446a22442a12e9d48fe1a705f55a1adfc4.sdkstatcache -output-file-map /Users/admin/builder/spi-builder-workspace/.derivedData/Build/Intermediates.noindex/BJOTPViewController.build/Debug/BJOTPViewController-t.build/Objects-normal/arm64/BJOTPViewController-OutputFileMap.json -save-temps -no-color-diagnostics -emit-dependencies -emit-module -emit-module-path /Users/admin/builder/spi-builder-workspace/.derivedData/Build/Intermediates.noindex/BJOTPViewController.build/Debug/BJOTPViewController-t.build/Objects-normal/arm64/BJOTPViewController.swiftmodule -serialize-diagnostics -validate-clang-modules-once -clang-build-session-file /Users/admin/builder/spi-builder-workspace/.derivedData/ModuleCache.noindex/Session.modulevalidation -Xcc -fmodules-prune-interval\=86400 -Xcc -fmodules-prune-after\=345600 -emit-const-values -const-gather-protocols-list /Users/admin/builder/spi-builder-workspace/.derivedData/Build/Intermediates.noindex/BJOTPViewController.build/Debug/BJOTPViewController-t.build/Objects-normal/arm64/BJOTPViewController_const_extract_protocols.json -Xcc -I/Users/admin/builder/spi-builder-workspace/.derivedData/Build/Products/Debug/include -Xcc -I/Users/admin/builder/spi-builder-workspace/.derivedData/Build/Intermediates.noindex/BJOTPViewController.build/Debug/BJOTPViewController-t.build/DerivedSources-normal/arm64 -Xcc -I/Users/admin/builder/spi-builder-workspace/.derivedData/Build/Intermediates.noindex/BJOTPViewController.build/Debug/BJOTPViewController-t.build/DerivedSources/arm64 -Xcc -I/Users/admin/builder/spi-builder-workspace/.derivedData/Build/Intermediates.noindex/BJOTPViewController.build/Debug/BJOTPViewController-t.build/DerivedSources -Xcc -DSWIFT_PACKAGE -Xcc -DDEBUG\=1 -emit-objc-header -emit-objc-header-path /Users/admin/builder/spi-builder-workspace/.derivedData/Build/Intermediates.noindex/BJOTPViewController.build/Debug/BJOTPViewController-t.build/Objects-normal/arm64/BJOTPViewController-Swift.h -working-directory /Users/admin/builder/spi-builder-workspace/.swiftpm/xcode -experimental-emit-module-separately -disable-cmo
SwiftCompile normal arm64 Compiling\ BJOTPViewController.swift /Users/admin/builder/spi-builder-workspace/Sources/BJOTPViewController/BJOTPViewController.swift (in target 'BJOTPViewController' from project 'BJOTPViewController')
SwiftCompile normal arm64 (in target 'BJOTPViewController' from project 'BJOTPViewController')
    cd /Users/admin/builder/spi-builder-workspace/.swiftpm/xcode

SwiftCompile normal arm64 Compiling\ UIColorExtensions.swift /Users/admin/builder/spi-builder-workspace/Sources/BJOTPViewController/Swift\ Extensions/UIColorExtensions.swift (in target 'BJOTPViewController' from project 'BJOTPViewController')
SwiftCompile normal arm64 /Users/admin/builder/spi-builder-workspace/Sources/BJOTPViewController/Swift\ Extensions/UIColorExtensions.swift (in target 'BJOTPViewController' from project 'BJOTPViewController')
    cd /Users/admin/builder/spi-builder-workspace/.swiftpm/xcode
    builtin-SwiftPerFileCompile UIColorExtensions.swift
SwiftEmitModule normal arm64 Emitting\ module\ for\ BJOTPViewController (in target 'BJOTPViewController' from project 'BJOTPViewController')
/Users/admin/builder/spi-builder-workspace/Sources/BJOTPViewController/BJOTPViewController.swift:29:8: error: no such module 'UIKit'
  27 |
  28 |
  29 | import UIKit
     |        `- error: no such module 'UIKit'
  30 | /**
  31 |  * This protocol declares methods that are essential to use ``BJOTPViewController/BJOTPViewController``. They are used to handle button taps that happen during various scenarios, for example close button tap action.
Failed frontend command:
/Applications/Xcode-27.0.0-Release.Candidate.app/Contents/Developer/Toolchains/XcodeDefault.xctoolchain/usr/bin/swift-frontend -frontend -emit-module -experimental-skip-non-inlinable-function-bodies-without-types /Users/admin/builder/spi-builder-workspace/Sources/BJOTPViewController/BJOTPViewController.swift /Users/admin/builder/spi-builder-workspace/Sources/BJOTPViewController/Custom\ Views/BJOTPAuthenticateButton.swift /Users/admin/builder/spi-builder-workspace/Sources/BJOTPViewController/Custom\ Views/BJOTPTextField.swift /Users/admin/builder/spi-builder-workspace/Sources/BJOTPViewController/Swift\ Extensions/UIColorExtensions.swift /Users/admin/builder/spi-builder-workspace/Sources/BJOTPViewController/Swift\ Extensions/UIViewControllerExtensions.swift /Users/admin/builder/spi-builder-workspace/Sources/BJOTPViewController/Swift\ Extensions/UIViewExtensions.swift -target arm64-apple-macos12.0 -Xllvm -aarch64-use-tbi -enable-objc-interop -stack-check -sdk /Applications/Xcode-27.0.0-Release.Candidate.app/Contents/Developer/Platforms/MacOSX.platform/Developer/SDKs/MacOSX27.0.sdk -I /Users/admin/builder/spi-builder-workspace/.derivedData/Build/Products/Debug -Isystem /Applications/Xcode-27.0.0-Release.Candidate.app/Contents/Developer/Platforms/MacOSX.platform/Developer/usr/lib -F /Users/admin/builder/spi-builder-workspace/.derivedData/Build/Products/Debug -F /Applications/Xcode-27.0.0-Release.Candidate.app/Contents/Developer/Platforms/MacOSX.platform/Developer/Library/Frameworks -module-cache-path /Users/admin/builder/spi-builder-workspace/.derivedData/ModuleCache.noindex -no-color-diagnostics -Xcc -fno-color-diagnostics -enable-testing -g -debug-info-format\=dwarf -dwarf-version\=4 -swift-version 4 -Onone -D SWIFT_PACKAGE -D DEBUG -D SWIFT_MODULE_RESOURCE_BUNDLE_UNAVAILABLE -D Xcode -serialize-debugging-options -enable-experimental-feature DebugDescriptionMacro -empty-abi-descriptor -plugin-path /Applications/Xcode-27.0.0-Release.Candidate.app/Contents/Developer/Toolchains/XcodeDefault.xctoolchain/usr/lib/swift/host/plugins/testing -validate-clang-modules-once -clang-build-session-file /Users/admin/builder/spi-builder-workspace/.derivedData/ModuleCache.noindex/Session.modulevalidation -Xcc -working-directory -Xcc /Users/admin/builder/spi-builder-workspace/.swiftpm/xcode -enable-anonymous-context-mangled-names -file-compilation-dir /Users/admin/builder/spi-builder-workspace/.swiftpm/xcode -Xcc -D_LIBCPP_HARDENING_MODE\=_LIBCPP_HARDENING_MODE_DEBUG -Xcc -ivfsstatcache -Xcc /Users/admin/builder/spi-builder-workspace/.derivedData/SDKStatCaches.noindex/macosx27.0-26A425-e829b21a6f8c9b70876ba0858053c0446a22442a12e9d48fe1a705f55a1adfc4.sdkstatcache -Xcc -fmodules-prune-interval\=86400 -Xcc -fmodules-prune-after\=345600 -Xcc -I/Users/admin/builder/spi-builder-workspace/.derivedData/Build/Products/Debug/include -Xcc -I/Users/admin/builder/spi-builder-workspace/.derivedData/Build/Intermediates.noindex/BJOTPViewController.build/Debug/BJOTPViewController-t.build/DerivedSources-normal/arm64 -Xcc -I/Users/admin/builder/spi-builder-workspace/.derivedData/Build/Intermediates.noindex/BJOTPViewController.build/Debug/BJOTPViewController-t.build/DerivedSources/arm64 -Xcc -I/Users/admin/builder/spi-builder-workspace/.derivedData/Build/Intermediates.noindex/BJOTPViewController.build/Debug/BJOTPViewController-t.build/DerivedSources -Xcc -DSWIFT_PACKAGE -Xcc -DDEBUG\=1 -no-auto-bridging-header-chaining -module-name BJOTPViewController -const-gather-protocols-file /Users/admin/builder/spi-builder-workspace/.derivedData/Build/Intermediates.noindex/BJOTPViewController.build/Debug/BJOTPViewController-t.build/Objects-normal/arm64/BJOTPViewController_const_extract_protocols.json -disable-clang-spi -target-sdk-version 27.0 -target-sdk-name macosx27.0 -external-plugin-path /Applications/Xcode-27.0.0-Release.Candidate.app/Contents/Developer/Platforms/MacOSX.platform/Developer/usr/lib/swift/host/plugins\#/Applications/Xcode-27.0.0-Release.Candidate.app/Contents/Developer/Platforms/MacOSX.platform/Developer/usr/bin/swift-plugin-server -external-plugin-path /Applications/Xcode-27.0.0-Release.Candidate.app/Contents/Developer/Platforms/MacOSX.platform/Developer/usr/local/lib/swift/host/plugins\#/Applications/Xcode-27.0.0-Release.Candidate.app/Contents/Developer/Platforms/MacOSX.platform/Developer/usr/bin/swift-plugin-server -in-process-plugin-server-path /Applications/Xcode-27.0.0-Release.Candidate.app/Contents/Developer/Toolchains/XcodeDefault.xctoolchain/usr/lib/swift/host/libSwiftInProcPluginServer.dylib -plugin-path /Applications/Xcode-27.0.0-Release.Candidate.app/Contents/Developer/Toolchains/XcodeDefault.xctoolchain/usr/lib/swift/host/plugins -plugin-path /Applications/Xcode-27.0.0-Release.Candidate.app/Contents/Developer/Toolchains/XcodeDefault.xctoolchain/usr/local/lib/swift/host/plugins -emit-module-doc-path /Users/admin/builder/spi-builder-workspace/.derivedData/Build/Intermediates.noindex/BJOTPViewController.build/Debug/BJOTPViewController-t.build/Objects-normal/arm64/BJOTPViewController.swiftdoc -emit-module-source-info-path /Users/admin/builder/spi-builder-workspace/.derivedData/Build/Intermediates.noindex/BJOTPViewController.build/Debug/BJOTPViewController-t.build/Objects-normal/arm64/BJOTPViewController.swiftsourceinfo -emit-objc-header-path /Users/admin/builder/spi-builder-workspace/.derivedData/Build/Intermediates.noindex/BJOTPViewController.build/Debug/BJOTPViewController-t.build/Objects-normal/arm64/BJOTPViewController-Swift.h -serialize-diagnostics-path /Users/admin/builder/spi-builder-workspace/.derivedData/Build/Intermediates.noindex/BJOTPViewController.build/Debug/BJOTPViewController-t.build/Objects-normal/arm64/BJOTPViewController-primary-emit-module.dia -emit-dependencies-path /Users/admin/builder/spi-builder-workspace/.derivedData/Build/Intermediates.noindex/BJOTPViewController.build/Debug/BJOTPViewController-t.build/Objects-normal/arm64/BJOTPViewController-primary-emit-module.d -parse-as-library -o /Users/admin/builder/spi-builder-workspace/.derivedData/Build/Intermediates.noindex/BJOTPViewController.build/Debug/BJOTPViewController-t.build/Objects-normal/arm64/BJOTPViewController.swiftmodule -emit-abi-descriptor-path /Users/admin/builder/spi-builder-workspace/.derivedData/Build/Intermediates.noindex/BJOTPViewController.build/Debug/BJOTPViewController-t.build/Objects-normal/arm64/BJOTPViewController.abi.json
SwiftCompile normal arm64 (in target 'BJOTPViewController' from project 'BJOTPViewController')
    cd /Users/admin/builder/spi-builder-workspace/.swiftpm/xcode

SwiftCompile normal arm64 Compiling\ BJOTPTextField.swift /Users/admin/builder/spi-builder-workspace/Sources/BJOTPViewController/Custom\ Views/BJOTPTextField.swift (in target 'BJOTPViewController' from project 'BJOTPViewController')
SwiftCompile normal arm64 /Users/admin/builder/spi-builder-workspace/Sources/BJOTPViewController/Custom\ Views/BJOTPTextField.swift (in target 'BJOTPViewController' from project 'BJOTPViewController')
    cd /Users/admin/builder/spi-builder-workspace/.swiftpm/xcode
    builtin-SwiftPerFileCompile BJOTPTextField.swift
SwiftCompile normal arm64 Compiling\ BJOTPAuthenticateButton.swift /Users/admin/builder/spi-builder-workspace/Sources/BJOTPViewController/Custom\ Views/BJOTPAuthenticateButton.swift (in target 'BJOTPViewController' from project 'BJOTPViewController')
SwiftCompile normal arm64 /Users/admin/builder/spi-builder-workspace/Sources/BJOTPViewController/Custom\ Views/BJOTPAuthenticateButton.swift (in target 'BJOTPViewController' from project 'BJOTPViewController')
    cd /Users/admin/builder/spi-builder-workspace/.swiftpm/xcode
    builtin-SwiftPerFileCompile BJOTPAuthenticateButton.swift
SwiftCompile normal arm64 Compiling\ UIViewControllerExtensions.swift /Users/admin/builder/spi-builder-workspace/Sources/BJOTPViewController/Swift\ Extensions/UIViewControllerExtensions.swift (in target 'BJOTPViewController' from project 'BJOTPViewController')
SwiftCompile normal arm64 /Users/admin/builder/spi-builder-workspace/Sources/BJOTPViewController/Swift\ Extensions/UIViewControllerExtensions.swift (in target 'BJOTPViewController' from project 'BJOTPViewController')
    cd /Users/admin/builder/spi-builder-workspace/.swiftpm/xcode
    builtin-SwiftPerFileCompile UIViewControllerExtensions.swift
SwiftCompile normal arm64 Compiling\ UIViewExtensions.swift /Users/admin/builder/spi-builder-workspace/Sources/BJOTPViewController/Swift\ Extensions/UIViewExtensions.swift (in target 'BJOTPViewController' from project 'BJOTPViewController')
SwiftCompile normal arm64 /Users/admin/builder/spi-builder-workspace/Sources/BJOTPViewController/Swift\ Extensions/UIViewExtensions.swift (in target 'BJOTPViewController' from project 'BJOTPViewController')
    cd /Users/admin/builder/spi-builder-workspace/.swiftpm/xcode
    builtin-SwiftPerFileCompile UIViewExtensions.swift
PruneExplicitPrecompiledModules /Users/admin/builder/spi-builder-workspace/.derivedData/Build/Intermediates.noindex/SwiftExplicitPrecompiledModules
PruneExplicitPrecompiledModules /Users/admin/builder/spi-builder-workspace/.derivedData/Build/Intermediates.noindex/ExplicitPrecompiledModules
PruneExplicitPrecompiledModules /Users/admin/builder/spi-builder-workspace/.derivedData/SDKExplicitPrecompiledModules
2026-09-18 10:55:14.154 xcodebuild[706:4574] [MT] IDERunDestination: Supported platforms for the buildables in the current scheme is empty.
--- xcodebuild: WARNING: Using the first of multiple matching destinations:
{ platform:macOS, arch:arm64, id:90098ac28c4062434d099f809d246729fa393281, name:My Mac }
{ platform:macOS, arch:arm64, variant:Mac Catalyst, id:90098ac28c4062434d099f809d246729fa393281, name:My Mac }
{ platform:macOS, arch:arm64, variant:DriverKit, id:90098ac28c4062434d099f809d246729fa393281, name:My Mac }
{ platform:macOS, arch:arm64, variant:Designed for [iPad,iPhone], id:90098ac28c4062434d099f809d246729fa393281, name:My Mac }
** BUILD FAILED **
The following build commands failed:
	SwiftEmitModule normal arm64 Emitting\ module\ for\ BJOTPViewController (in target 'BJOTPViewController' from project 'BJOTPViewController')
	SwiftCompile normal arm64 (in target 'BJOTPViewController' from project 'BJOTPViewController')
	Building workspace BJOTPViewController with scheme BJOTPViewController
(3 failures)
BUILD FAILURE 6.4 macosXcodebuild