The Swift Package Index logo.Swift Package Index

Build Information

Failed to build UIKitPlus, reference 2.3.0 (f1d23d), with Swift 6.1 for macOS (SPM) on 28 Sep 2026 09:04:58 UTC.

Build Command

env DEVELOPER_DIR=/Applications/Xcode-16.3.0.app xcrun swift build --arch arm64

Build Log

205 |             _touchPanHandler?(.began, .zero, .zero)
206 |         case .changed:
207 |             if let scrollBeganPoint = scrollBeganPoint {
    |                    `- warning: value 'scrollBeganPoint' was defined but never used; consider replacing with boolean test
208 |                 scrollLastDeltaPoint.x += event.scrollingDeltaX
209 |                 scrollLastDeltaPoint.y += event.scrollingDeltaY
/Users/admin/builder/spi-builder-workspace/Classes/Views/Universal/View.swift:213:20: warning: value 'scrollBeganPoint' was defined but never used; consider replacing with boolean test
211 |             }
212 |         case .ended:
213 |             if let scrollBeganPoint = scrollBeganPoint {
    |                    `- warning: value 'scrollBeganPoint' was defined but never used; consider replacing with boolean test
214 |                 scrollLastDeltaPoint.x += event.scrollingDeltaX
215 |                 scrollLastDeltaPoint.y += event.scrollingDeltaY
/Users/admin/builder/spi-builder-workspace/Classes/Views/Universal/View.swift:224:20: warning: value 'scrollBeganPoint' was defined but never used; consider replacing with boolean test
222 |             }
223 |         case .cancelled:
224 |             if let scrollBeganPoint = scrollBeganPoint {
    |                    `- warning: value 'scrollBeganPoint' was defined but never used; consider replacing with boolean test
225 |                 _touchPanHandler?(.cancelled, .zero, .zero)
226 |                 self.scrollBeganPoint = nil
/Users/admin/builder/spi-builder-workspace/Classes/Views/Universal/View.swift:233:20: warning: value 'scrollBeganPoint' was defined but never used; consider replacing with boolean test
231 |             break
232 |         default:
233 |             if let scrollBeganPoint = scrollBeganPoint {
    |                    `- warning: value 'scrollBeganPoint' was defined but never used; consider replacing with boolean test
234 |                 print(event)
235 |                 scrollLastDeltaPoint.x += event.scrollingDeltaX
/Users/admin/builder/spi-builder-workspace/Classes/Objects/Properties.swift:43:73: error: cannot find type 'UITraitCollection' in scope
41 |         case borderColor, shadowColor
42 |     }
43 |     var traitCollectionDidChangeHandlers: [TraitCollectionHandlerType: (UITraitCollection) -> Void] = [:]
   |                                                                         `- error: cannot find type 'UITraitCollection' in scope
44 |
45 |     var hovered: Bool = false
[209/296] Compiling UIKitPlus ActivityIndicator.swift
/Users/admin/builder/spi-builder-workspace/Classes/Views/Universal/HUD.swift:11:42: warning: 'HUD' is deprecated: renamed to 'UHUD'
  9 |
 10 | open class UHUD: UView {
 11 |     override public var declarativeView: HUD { return self }
    |                                          |- warning: 'HUD' is deprecated: renamed to 'UHUD'
    |                                          `- note: use 'UHUD' instead
 12 |
 13 |     var imageHeight: CGFloat = 50
/Users/admin/builder/spi-builder-workspace/Classes/Views/Universal/StackView.swift:252:25: warning: 'StackView' is deprecated: renamed to 'UStackView'
250 |     #if os(macOS)
251 |     fileprivate func flatten(_ orientation: NSUserInterfaceLayoutOrientation) -> BaseView {
252 |         let stackView = StackView().orientation(orientation)
    |                         |- warning: 'StackView' is deprecated: renamed to 'UStackView'
    |                         `- note: use 'UStackView' instead
253 |         forEach { stackView.add(item: $0) }
254 |         return stackView
/Users/admin/builder/spi-builder-workspace/Classes/Views/Universal/View.swift:207:20: warning: value 'scrollBeganPoint' was defined but never used; consider replacing with boolean test
205 |             _touchPanHandler?(.began, .zero, .zero)
206 |         case .changed:
207 |             if let scrollBeganPoint = scrollBeganPoint {
    |                    `- warning: value 'scrollBeganPoint' was defined but never used; consider replacing with boolean test
208 |                 scrollLastDeltaPoint.x += event.scrollingDeltaX
209 |                 scrollLastDeltaPoint.y += event.scrollingDeltaY
/Users/admin/builder/spi-builder-workspace/Classes/Views/Universal/View.swift:213:20: warning: value 'scrollBeganPoint' was defined but never used; consider replacing with boolean test
211 |             }
212 |         case .ended:
213 |             if let scrollBeganPoint = scrollBeganPoint {
    |                    `- warning: value 'scrollBeganPoint' was defined but never used; consider replacing with boolean test
214 |                 scrollLastDeltaPoint.x += event.scrollingDeltaX
215 |                 scrollLastDeltaPoint.y += event.scrollingDeltaY
/Users/admin/builder/spi-builder-workspace/Classes/Views/Universal/View.swift:224:20: warning: value 'scrollBeganPoint' was defined but never used; consider replacing with boolean test
222 |             }
223 |         case .cancelled:
224 |             if let scrollBeganPoint = scrollBeganPoint {
    |                    `- warning: value 'scrollBeganPoint' was defined but never used; consider replacing with boolean test
225 |                 _touchPanHandler?(.cancelled, .zero, .zero)
226 |                 self.scrollBeganPoint = nil
/Users/admin/builder/spi-builder-workspace/Classes/Views/Universal/View.swift:233:20: warning: value 'scrollBeganPoint' was defined but never used; consider replacing with boolean test
231 |             break
232 |         default:
233 |             if let scrollBeganPoint = scrollBeganPoint {
    |                    `- warning: value 'scrollBeganPoint' was defined but never used; consider replacing with boolean test
234 |                 print(event)
235 |                 scrollLastDeltaPoint.x += event.scrollingDeltaX
/Users/admin/builder/spi-builder-workspace/Classes/Objects/Properties.swift:43:73: error: cannot find type 'UITraitCollection' in scope
41 |         case borderColor, shadowColor
42 |     }
43 |     var traitCollectionDidChangeHandlers: [TraitCollectionHandlerType: (UITraitCollection) -> Void] = [:]
   |                                                                         `- error: cannot find type 'UITraitCollection' in scope
44 |
45 |     var hovered: Bool = false
[210/296] Compiling UIKitPlus BarButtonItemView.swift
/Users/admin/builder/spi-builder-workspace/Classes/Views/Universal/HUD.swift:11:42: warning: 'HUD' is deprecated: renamed to 'UHUD'
  9 |
 10 | open class UHUD: UView {
 11 |     override public var declarativeView: HUD { return self }
    |                                          |- warning: 'HUD' is deprecated: renamed to 'UHUD'
    |                                          `- note: use 'UHUD' instead
 12 |
 13 |     var imageHeight: CGFloat = 50
/Users/admin/builder/spi-builder-workspace/Classes/Views/Universal/StackView.swift:252:25: warning: 'StackView' is deprecated: renamed to 'UStackView'
250 |     #if os(macOS)
251 |     fileprivate func flatten(_ orientation: NSUserInterfaceLayoutOrientation) -> BaseView {
252 |         let stackView = StackView().orientation(orientation)
    |                         |- warning: 'StackView' is deprecated: renamed to 'UStackView'
    |                         `- note: use 'UStackView' instead
253 |         forEach { stackView.add(item: $0) }
254 |         return stackView
/Users/admin/builder/spi-builder-workspace/Classes/Views/Universal/View.swift:207:20: warning: value 'scrollBeganPoint' was defined but never used; consider replacing with boolean test
205 |             _touchPanHandler?(.began, .zero, .zero)
206 |         case .changed:
207 |             if let scrollBeganPoint = scrollBeganPoint {
    |                    `- warning: value 'scrollBeganPoint' was defined but never used; consider replacing with boolean test
208 |                 scrollLastDeltaPoint.x += event.scrollingDeltaX
209 |                 scrollLastDeltaPoint.y += event.scrollingDeltaY
/Users/admin/builder/spi-builder-workspace/Classes/Views/Universal/View.swift:213:20: warning: value 'scrollBeganPoint' was defined but never used; consider replacing with boolean test
211 |             }
212 |         case .ended:
213 |             if let scrollBeganPoint = scrollBeganPoint {
    |                    `- warning: value 'scrollBeganPoint' was defined but never used; consider replacing with boolean test
214 |                 scrollLastDeltaPoint.x += event.scrollingDeltaX
215 |                 scrollLastDeltaPoint.y += event.scrollingDeltaY
/Users/admin/builder/spi-builder-workspace/Classes/Views/Universal/View.swift:224:20: warning: value 'scrollBeganPoint' was defined but never used; consider replacing with boolean test
222 |             }
223 |         case .cancelled:
224 |             if let scrollBeganPoint = scrollBeganPoint {
    |                    `- warning: value 'scrollBeganPoint' was defined but never used; consider replacing with boolean test
225 |                 _touchPanHandler?(.cancelled, .zero, .zero)
226 |                 self.scrollBeganPoint = nil
/Users/admin/builder/spi-builder-workspace/Classes/Views/Universal/View.swift:233:20: warning: value 'scrollBeganPoint' was defined but never used; consider replacing with boolean test
231 |             break
232 |         default:
233 |             if let scrollBeganPoint = scrollBeganPoint {
    |                    `- warning: value 'scrollBeganPoint' was defined but never used; consider replacing with boolean test
234 |                 print(event)
235 |                 scrollLastDeltaPoint.x += event.scrollingDeltaX
/Users/admin/builder/spi-builder-workspace/Classes/Objects/Properties.swift:43:73: error: cannot find type 'UITraitCollection' in scope
41 |         case borderColor, shadowColor
42 |     }
43 |     var traitCollectionDidChangeHandlers: [TraitCollectionHandlerType: (UITraitCollection) -> Void] = [:]
   |                                                                         `- error: cannot find type 'UITraitCollection' in scope
44 |
45 |     var hovered: Bool = false
[211/296] Compiling UIKitPlus BaseView.swift
/Users/admin/builder/spi-builder-workspace/Classes/Views/Universal/HUD.swift:11:42: warning: 'HUD' is deprecated: renamed to 'UHUD'
  9 |
 10 | open class UHUD: UView {
 11 |     override public var declarativeView: HUD { return self }
    |                                          |- warning: 'HUD' is deprecated: renamed to 'UHUD'
    |                                          `- note: use 'UHUD' instead
 12 |
 13 |     var imageHeight: CGFloat = 50
/Users/admin/builder/spi-builder-workspace/Classes/Views/Universal/StackView.swift:252:25: warning: 'StackView' is deprecated: renamed to 'UStackView'
250 |     #if os(macOS)
251 |     fileprivate func flatten(_ orientation: NSUserInterfaceLayoutOrientation) -> BaseView {
252 |         let stackView = StackView().orientation(orientation)
    |                         |- warning: 'StackView' is deprecated: renamed to 'UStackView'
    |                         `- note: use 'UStackView' instead
253 |         forEach { stackView.add(item: $0) }
254 |         return stackView
/Users/admin/builder/spi-builder-workspace/Classes/Views/Universal/View.swift:207:20: warning: value 'scrollBeganPoint' was defined but never used; consider replacing with boolean test
205 |             _touchPanHandler?(.began, .zero, .zero)
206 |         case .changed:
207 |             if let scrollBeganPoint = scrollBeganPoint {
    |                    `- warning: value 'scrollBeganPoint' was defined but never used; consider replacing with boolean test
208 |                 scrollLastDeltaPoint.x += event.scrollingDeltaX
209 |                 scrollLastDeltaPoint.y += event.scrollingDeltaY
/Users/admin/builder/spi-builder-workspace/Classes/Views/Universal/View.swift:213:20: warning: value 'scrollBeganPoint' was defined but never used; consider replacing with boolean test
211 |             }
212 |         case .ended:
213 |             if let scrollBeganPoint = scrollBeganPoint {
    |                    `- warning: value 'scrollBeganPoint' was defined but never used; consider replacing with boolean test
214 |                 scrollLastDeltaPoint.x += event.scrollingDeltaX
215 |                 scrollLastDeltaPoint.y += event.scrollingDeltaY
/Users/admin/builder/spi-builder-workspace/Classes/Views/Universal/View.swift:224:20: warning: value 'scrollBeganPoint' was defined but never used; consider replacing with boolean test
222 |             }
223 |         case .cancelled:
224 |             if let scrollBeganPoint = scrollBeganPoint {
    |                    `- warning: value 'scrollBeganPoint' was defined but never used; consider replacing with boolean test
225 |                 _touchPanHandler?(.cancelled, .zero, .zero)
226 |                 self.scrollBeganPoint = nil
/Users/admin/builder/spi-builder-workspace/Classes/Views/Universal/View.swift:233:20: warning: value 'scrollBeganPoint' was defined but never used; consider replacing with boolean test
231 |             break
232 |         default:
233 |             if let scrollBeganPoint = scrollBeganPoint {
    |                    `- warning: value 'scrollBeganPoint' was defined but never used; consider replacing with boolean test
234 |                 print(event)
235 |                 scrollLastDeltaPoint.x += event.scrollingDeltaX
/Users/admin/builder/spi-builder-workspace/Classes/Objects/Properties.swift:43:73: error: cannot find type 'UITraitCollection' in scope
41 |         case borderColor, shadowColor
42 |     }
43 |     var traitCollectionDidChangeHandlers: [TraitCollectionHandlerType: (UITraitCollection) -> Void] = [:]
   |                                                                         `- error: cannot find type 'UITraitCollection' in scope
44 |
45 |     var hovered: Bool = false
[212/296] Compiling UIKitPlus HScrollStack.swift
/Users/admin/builder/spi-builder-workspace/Classes/Views/Universal/HUD.swift:11:42: warning: 'HUD' is deprecated: renamed to 'UHUD'
  9 |
 10 | open class UHUD: UView {
 11 |     override public var declarativeView: HUD { return self }
    |                                          |- warning: 'HUD' is deprecated: renamed to 'UHUD'
    |                                          `- note: use 'UHUD' instead
 12 |
 13 |     var imageHeight: CGFloat = 50
/Users/admin/builder/spi-builder-workspace/Classes/Views/Universal/StackView.swift:252:25: warning: 'StackView' is deprecated: renamed to 'UStackView'
250 |     #if os(macOS)
251 |     fileprivate func flatten(_ orientation: NSUserInterfaceLayoutOrientation) -> BaseView {
252 |         let stackView = StackView().orientation(orientation)
    |                         |- warning: 'StackView' is deprecated: renamed to 'UStackView'
    |                         `- note: use 'UStackView' instead
253 |         forEach { stackView.add(item: $0) }
254 |         return stackView
/Users/admin/builder/spi-builder-workspace/Classes/Views/Universal/View.swift:207:20: warning: value 'scrollBeganPoint' was defined but never used; consider replacing with boolean test
205 |             _touchPanHandler?(.began, .zero, .zero)
206 |         case .changed:
207 |             if let scrollBeganPoint = scrollBeganPoint {
    |                    `- warning: value 'scrollBeganPoint' was defined but never used; consider replacing with boolean test
208 |                 scrollLastDeltaPoint.x += event.scrollingDeltaX
209 |                 scrollLastDeltaPoint.y += event.scrollingDeltaY
/Users/admin/builder/spi-builder-workspace/Classes/Views/Universal/View.swift:213:20: warning: value 'scrollBeganPoint' was defined but never used; consider replacing with boolean test
211 |             }
212 |         case .ended:
213 |             if let scrollBeganPoint = scrollBeganPoint {
    |                    `- warning: value 'scrollBeganPoint' was defined but never used; consider replacing with boolean test
214 |                 scrollLastDeltaPoint.x += event.scrollingDeltaX
215 |                 scrollLastDeltaPoint.y += event.scrollingDeltaY
/Users/admin/builder/spi-builder-workspace/Classes/Views/Universal/View.swift:224:20: warning: value 'scrollBeganPoint' was defined but never used; consider replacing with boolean test
222 |             }
223 |         case .cancelled:
224 |             if let scrollBeganPoint = scrollBeganPoint {
    |                    `- warning: value 'scrollBeganPoint' was defined but never used; consider replacing with boolean test
225 |                 _touchPanHandler?(.cancelled, .zero, .zero)
226 |                 self.scrollBeganPoint = nil
/Users/admin/builder/spi-builder-workspace/Classes/Views/Universal/View.swift:233:20: warning: value 'scrollBeganPoint' was defined but never used; consider replacing with boolean test
231 |             break
232 |         default:
233 |             if let scrollBeganPoint = scrollBeganPoint {
    |                    `- warning: value 'scrollBeganPoint' was defined but never used; consider replacing with boolean test
234 |                 print(event)
235 |                 scrollLastDeltaPoint.x += event.scrollingDeltaX
/Users/admin/builder/spi-builder-workspace/Classes/Objects/Properties.swift:43:73: error: cannot find type 'UITraitCollection' in scope
41 |         case borderColor, shadowColor
42 |     }
43 |     var traitCollectionDidChangeHandlers: [TraitCollectionHandlerType: (UITraitCollection) -> Void] = [:]
   |                                                                         `- error: cannot find type 'UITraitCollection' in scope
44 |
45 |     var hovered: Bool = false
[213/296] Compiling UIKitPlus HSpace.swift
/Users/admin/builder/spi-builder-workspace/Classes/Views/Universal/HUD.swift:11:42: warning: 'HUD' is deprecated: renamed to 'UHUD'
  9 |
 10 | open class UHUD: UView {
 11 |     override public var declarativeView: HUD { return self }
    |                                          |- warning: 'HUD' is deprecated: renamed to 'UHUD'
    |                                          `- note: use 'UHUD' instead
 12 |
 13 |     var imageHeight: CGFloat = 50
/Users/admin/builder/spi-builder-workspace/Classes/Views/Universal/StackView.swift:252:25: warning: 'StackView' is deprecated: renamed to 'UStackView'
250 |     #if os(macOS)
251 |     fileprivate func flatten(_ orientation: NSUserInterfaceLayoutOrientation) -> BaseView {
252 |         let stackView = StackView().orientation(orientation)
    |                         |- warning: 'StackView' is deprecated: renamed to 'UStackView'
    |                         `- note: use 'UStackView' instead
253 |         forEach { stackView.add(item: $0) }
254 |         return stackView
/Users/admin/builder/spi-builder-workspace/Classes/Views/Universal/View.swift:207:20: warning: value 'scrollBeganPoint' was defined but never used; consider replacing with boolean test
205 |             _touchPanHandler?(.began, .zero, .zero)
206 |         case .changed:
207 |             if let scrollBeganPoint = scrollBeganPoint {
    |                    `- warning: value 'scrollBeganPoint' was defined but never used; consider replacing with boolean test
208 |                 scrollLastDeltaPoint.x += event.scrollingDeltaX
209 |                 scrollLastDeltaPoint.y += event.scrollingDeltaY
/Users/admin/builder/spi-builder-workspace/Classes/Views/Universal/View.swift:213:20: warning: value 'scrollBeganPoint' was defined but never used; consider replacing with boolean test
211 |             }
212 |         case .ended:
213 |             if let scrollBeganPoint = scrollBeganPoint {
    |                    `- warning: value 'scrollBeganPoint' was defined but never used; consider replacing with boolean test
214 |                 scrollLastDeltaPoint.x += event.scrollingDeltaX
215 |                 scrollLastDeltaPoint.y += event.scrollingDeltaY
/Users/admin/builder/spi-builder-workspace/Classes/Views/Universal/View.swift:224:20: warning: value 'scrollBeganPoint' was defined but never used; consider replacing with boolean test
222 |             }
223 |         case .cancelled:
224 |             if let scrollBeganPoint = scrollBeganPoint {
    |                    `- warning: value 'scrollBeganPoint' was defined but never used; consider replacing with boolean test
225 |                 _touchPanHandler?(.cancelled, .zero, .zero)
226 |                 self.scrollBeganPoint = nil
/Users/admin/builder/spi-builder-workspace/Classes/Views/Universal/View.swift:233:20: warning: value 'scrollBeganPoint' was defined but never used; consider replacing with boolean test
231 |             break
232 |         default:
233 |             if let scrollBeganPoint = scrollBeganPoint {
    |                    `- warning: value 'scrollBeganPoint' was defined but never used; consider replacing with boolean test
234 |                 print(event)
235 |                 scrollLastDeltaPoint.x += event.scrollingDeltaX
/Users/admin/builder/spi-builder-workspace/Classes/Objects/Properties.swift:43:73: error: cannot find type 'UITraitCollection' in scope
41 |         case borderColor, shadowColor
42 |     }
43 |     var traitCollectionDidChangeHandlers: [TraitCollectionHandlerType: (UITraitCollection) -> Void] = [:]
   |                                                                         `- error: cannot find type 'UITraitCollection' in scope
44 |
45 |     var hovered: Bool = false
[214/296] Compiling UIKitPlus HStack.swift
/Users/admin/builder/spi-builder-workspace/Classes/Views/Universal/HUD.swift:11:42: warning: 'HUD' is deprecated: renamed to 'UHUD'
  9 |
 10 | open class UHUD: UView {
 11 |     override public var declarativeView: HUD { return self }
    |                                          |- warning: 'HUD' is deprecated: renamed to 'UHUD'
    |                                          `- note: use 'UHUD' instead
 12 |
 13 |     var imageHeight: CGFloat = 50
/Users/admin/builder/spi-builder-workspace/Classes/Views/Universal/StackView.swift:252:25: warning: 'StackView' is deprecated: renamed to 'UStackView'
250 |     #if os(macOS)
251 |     fileprivate func flatten(_ orientation: NSUserInterfaceLayoutOrientation) -> BaseView {
252 |         let stackView = StackView().orientation(orientation)
    |                         |- warning: 'StackView' is deprecated: renamed to 'UStackView'
    |                         `- note: use 'UStackView' instead
253 |         forEach { stackView.add(item: $0) }
254 |         return stackView
/Users/admin/builder/spi-builder-workspace/Classes/Views/Universal/View.swift:207:20: warning: value 'scrollBeganPoint' was defined but never used; consider replacing with boolean test
205 |             _touchPanHandler?(.began, .zero, .zero)
206 |         case .changed:
207 |             if let scrollBeganPoint = scrollBeganPoint {
    |                    `- warning: value 'scrollBeganPoint' was defined but never used; consider replacing with boolean test
208 |                 scrollLastDeltaPoint.x += event.scrollingDeltaX
209 |                 scrollLastDeltaPoint.y += event.scrollingDeltaY
/Users/admin/builder/spi-builder-workspace/Classes/Views/Universal/View.swift:213:20: warning: value 'scrollBeganPoint' was defined but never used; consider replacing with boolean test
211 |             }
212 |         case .ended:
213 |             if let scrollBeganPoint = scrollBeganPoint {
    |                    `- warning: value 'scrollBeganPoint' was defined but never used; consider replacing with boolean test
214 |                 scrollLastDeltaPoint.x += event.scrollingDeltaX
215 |                 scrollLastDeltaPoint.y += event.scrollingDeltaY
/Users/admin/builder/spi-builder-workspace/Classes/Views/Universal/View.swift:224:20: warning: value 'scrollBeganPoint' was defined but never used; consider replacing with boolean test
222 |             }
223 |         case .cancelled:
224 |             if let scrollBeganPoint = scrollBeganPoint {
    |                    `- warning: value 'scrollBeganPoint' was defined but never used; consider replacing with boolean test
225 |                 _touchPanHandler?(.cancelled, .zero, .zero)
226 |                 self.scrollBeganPoint = nil
/Users/admin/builder/spi-builder-workspace/Classes/Views/Universal/View.swift:233:20: warning: value 'scrollBeganPoint' was defined but never used; consider replacing with boolean test
231 |             break
232 |         default:
233 |             if let scrollBeganPoint = scrollBeganPoint {
    |                    `- warning: value 'scrollBeganPoint' was defined but never used; consider replacing with boolean test
234 |                 print(event)
235 |                 scrollLastDeltaPoint.x += event.scrollingDeltaX
/Users/admin/builder/spi-builder-workspace/Classes/Objects/Properties.swift:43:73: error: cannot find type 'UITraitCollection' in scope
41 |         case borderColor, shadowColor
42 |     }
43 |     var traitCollectionDidChangeHandlers: [TraitCollectionHandlerType: (UITraitCollection) -> Void] = [:]
   |                                                                         `- error: cannot find type 'UITraitCollection' in scope
44 |
45 |     var hovered: Bool = false
[215/296] Compiling UIKitPlus HUD.swift
/Users/admin/builder/spi-builder-workspace/Classes/Views/Universal/HUD.swift:11:42: warning: 'HUD' is deprecated: renamed to 'UHUD'
  9 |
 10 | open class UHUD: UView {
 11 |     override public var declarativeView: HUD { return self }
    |                                          |- warning: 'HUD' is deprecated: renamed to 'UHUD'
    |                                          `- note: use 'UHUD' instead
 12 |
 13 |     var imageHeight: CGFloat = 50
/Users/admin/builder/spi-builder-workspace/Classes/Views/Universal/StackView.swift:252:25: warning: 'StackView' is deprecated: renamed to 'UStackView'
250 |     #if os(macOS)
251 |     fileprivate func flatten(_ orientation: NSUserInterfaceLayoutOrientation) -> BaseView {
252 |         let stackView = StackView().orientation(orientation)
    |                         |- warning: 'StackView' is deprecated: renamed to 'UStackView'
    |                         `- note: use 'UStackView' instead
253 |         forEach { stackView.add(item: $0) }
254 |         return stackView
/Users/admin/builder/spi-builder-workspace/Classes/Views/Universal/View.swift:207:20: warning: value 'scrollBeganPoint' was defined but never used; consider replacing with boolean test
205 |             _touchPanHandler?(.began, .zero, .zero)
206 |         case .changed:
207 |             if let scrollBeganPoint = scrollBeganPoint {
    |                    `- warning: value 'scrollBeganPoint' was defined but never used; consider replacing with boolean test
208 |                 scrollLastDeltaPoint.x += event.scrollingDeltaX
209 |                 scrollLastDeltaPoint.y += event.scrollingDeltaY
/Users/admin/builder/spi-builder-workspace/Classes/Views/Universal/View.swift:213:20: warning: value 'scrollBeganPoint' was defined but never used; consider replacing with boolean test
211 |             }
212 |         case .ended:
213 |             if let scrollBeganPoint = scrollBeganPoint {
    |                    `- warning: value 'scrollBeganPoint' was defined but never used; consider replacing with boolean test
214 |                 scrollLastDeltaPoint.x += event.scrollingDeltaX
215 |                 scrollLastDeltaPoint.y += event.scrollingDeltaY
/Users/admin/builder/spi-builder-workspace/Classes/Views/Universal/View.swift:224:20: warning: value 'scrollBeganPoint' was defined but never used; consider replacing with boolean test
222 |             }
223 |         case .cancelled:
224 |             if let scrollBeganPoint = scrollBeganPoint {
    |                    `- warning: value 'scrollBeganPoint' was defined but never used; consider replacing with boolean test
225 |                 _touchPanHandler?(.cancelled, .zero, .zero)
226 |                 self.scrollBeganPoint = nil
/Users/admin/builder/spi-builder-workspace/Classes/Views/Universal/View.swift:233:20: warning: value 'scrollBeganPoint' was defined but never used; consider replacing with boolean test
231 |             break
232 |         default:
233 |             if let scrollBeganPoint = scrollBeganPoint {
    |                    `- warning: value 'scrollBeganPoint' was defined but never used; consider replacing with boolean test
234 |                 print(event)
235 |                 scrollLastDeltaPoint.x += event.scrollingDeltaX
/Users/admin/builder/spi-builder-workspace/Classes/Objects/Properties.swift:43:73: error: cannot find type 'UITraitCollection' in scope
41 |         case borderColor, shadowColor
42 |     }
43 |     var traitCollectionDidChangeHandlers: [TraitCollectionHandlerType: (UITraitCollection) -> Void] = [:]
   |                                                                         `- error: cannot find type 'UITraitCollection' in scope
44 |
45 |     var hovered: Bool = false
[216/296] Compiling UIKitPlus Space.swift
/Users/admin/builder/spi-builder-workspace/Classes/Views/Universal/HUD.swift:11:42: warning: 'HUD' is deprecated: renamed to 'UHUD'
  9 |
 10 | open class UHUD: UView {
 11 |     override public var declarativeView: HUD { return self }
    |                                          |- warning: 'HUD' is deprecated: renamed to 'UHUD'
    |                                          `- note: use 'UHUD' instead
 12 |
 13 |     var imageHeight: CGFloat = 50
/Users/admin/builder/spi-builder-workspace/Classes/Views/Universal/StackView.swift:252:25: warning: 'StackView' is deprecated: renamed to 'UStackView'
250 |     #if os(macOS)
251 |     fileprivate func flatten(_ orientation: NSUserInterfaceLayoutOrientation) -> BaseView {
252 |         let stackView = StackView().orientation(orientation)
    |                         |- warning: 'StackView' is deprecated: renamed to 'UStackView'
    |                         `- note: use 'UStackView' instead
253 |         forEach { stackView.add(item: $0) }
254 |         return stackView
/Users/admin/builder/spi-builder-workspace/Classes/Views/Universal/View.swift:207:20: warning: value 'scrollBeganPoint' was defined but never used; consider replacing with boolean test
205 |             _touchPanHandler?(.began, .zero, .zero)
206 |         case .changed:
207 |             if let scrollBeganPoint = scrollBeganPoint {
    |                    `- warning: value 'scrollBeganPoint' was defined but never used; consider replacing with boolean test
208 |                 scrollLastDeltaPoint.x += event.scrollingDeltaX
209 |                 scrollLastDeltaPoint.y += event.scrollingDeltaY
/Users/admin/builder/spi-builder-workspace/Classes/Views/Universal/View.swift:213:20: warning: value 'scrollBeganPoint' was defined but never used; consider replacing with boolean test
211 |             }
212 |         case .ended:
213 |             if let scrollBeganPoint = scrollBeganPoint {
    |                    `- warning: value 'scrollBeganPoint' was defined but never used; consider replacing with boolean test
214 |                 scrollLastDeltaPoint.x += event.scrollingDeltaX
215 |                 scrollLastDeltaPoint.y += event.scrollingDeltaY
/Users/admin/builder/spi-builder-workspace/Classes/Views/Universal/View.swift:224:20: warning: value 'scrollBeganPoint' was defined but never used; consider replacing with boolean test
222 |             }
223 |         case .cancelled:
224 |             if let scrollBeganPoint = scrollBeganPoint {
    |                    `- warning: value 'scrollBeganPoint' was defined but never used; consider replacing with boolean test
225 |                 _touchPanHandler?(.cancelled, .zero, .zero)
226 |                 self.scrollBeganPoint = nil
/Users/admin/builder/spi-builder-workspace/Classes/Views/Universal/View.swift:233:20: warning: value 'scrollBeganPoint' was defined but never used; consider replacing with boolean test
231 |             break
232 |         default:
233 |             if let scrollBeganPoint = scrollBeganPoint {
    |                    `- warning: value 'scrollBeganPoint' was defined but never used; consider replacing with boolean test
234 |                 print(event)
235 |                 scrollLastDeltaPoint.x += event.scrollingDeltaX
/Users/admin/builder/spi-builder-workspace/Classes/Objects/Properties.swift:43:73: error: cannot find type 'UITraitCollection' in scope
41 |         case borderColor, shadowColor
42 |     }
43 |     var traitCollectionDidChangeHandlers: [TraitCollectionHandlerType: (UITraitCollection) -> Void] = [:]
   |                                                                         `- error: cannot find type 'UITraitCollection' in scope
44 |
45 |     var hovered: Bool = false
[217/296] Compiling UIKitPlus StackView.swift
/Users/admin/builder/spi-builder-workspace/Classes/Views/Universal/HUD.swift:11:42: warning: 'HUD' is deprecated: renamed to 'UHUD'
  9 |
 10 | open class UHUD: UView {
 11 |     override public var declarativeView: HUD { return self }
    |                                          |- warning: 'HUD' is deprecated: renamed to 'UHUD'
    |                                          `- note: use 'UHUD' instead
 12 |
 13 |     var imageHeight: CGFloat = 50
/Users/admin/builder/spi-builder-workspace/Classes/Views/Universal/StackView.swift:252:25: warning: 'StackView' is deprecated: renamed to 'UStackView'
250 |     #if os(macOS)
251 |     fileprivate func flatten(_ orientation: NSUserInterfaceLayoutOrientation) -> BaseView {
252 |         let stackView = StackView().orientation(orientation)
    |                         |- warning: 'StackView' is deprecated: renamed to 'UStackView'
    |                         `- note: use 'UStackView' instead
253 |         forEach { stackView.add(item: $0) }
254 |         return stackView
/Users/admin/builder/spi-builder-workspace/Classes/Views/Universal/View.swift:207:20: warning: value 'scrollBeganPoint' was defined but never used; consider replacing with boolean test
205 |             _touchPanHandler?(.began, .zero, .zero)
206 |         case .changed:
207 |             if let scrollBeganPoint = scrollBeganPoint {
    |                    `- warning: value 'scrollBeganPoint' was defined but never used; consider replacing with boolean test
208 |                 scrollLastDeltaPoint.x += event.scrollingDeltaX
209 |                 scrollLastDeltaPoint.y += event.scrollingDeltaY
/Users/admin/builder/spi-builder-workspace/Classes/Views/Universal/View.swift:213:20: warning: value 'scrollBeganPoint' was defined but never used; consider replacing with boolean test
211 |             }
212 |         case .ended:
213 |             if let scrollBeganPoint = scrollBeganPoint {
    |                    `- warning: value 'scrollBeganPoint' was defined but never used; consider replacing with boolean test
214 |                 scrollLastDeltaPoint.x += event.scrollingDeltaX
215 |                 scrollLastDeltaPoint.y += event.scrollingDeltaY
/Users/admin/builder/spi-builder-workspace/Classes/Views/Universal/View.swift:224:20: warning: value 'scrollBeganPoint' was defined but never used; consider replacing with boolean test
222 |             }
223 |         case .cancelled:
224 |             if let scrollBeganPoint = scrollBeganPoint {
    |                    `- warning: value 'scrollBeganPoint' was defined but never used; consider replacing with boolean test
225 |                 _touchPanHandler?(.cancelled, .zero, .zero)
226 |                 self.scrollBeganPoint = nil
/Users/admin/builder/spi-builder-workspace/Classes/Views/Universal/View.swift:233:20: warning: value 'scrollBeganPoint' was defined but never used; consider replacing with boolean test
231 |             break
232 |         default:
233 |             if let scrollBeganPoint = scrollBeganPoint {
    |                    `- warning: value 'scrollBeganPoint' was defined but never used; consider replacing with boolean test
234 |                 print(event)
235 |                 scrollLastDeltaPoint.x += event.scrollingDeltaX
/Users/admin/builder/spi-builder-workspace/Classes/Objects/Properties.swift:43:73: error: cannot find type 'UITraitCollection' in scope
41 |         case borderColor, shadowColor
42 |     }
43 |     var traitCollectionDidChangeHandlers: [TraitCollectionHandlerType: (UITraitCollection) -> Void] = [:]
   |                                                                         `- error: cannot find type 'UITraitCollection' in scope
44 |
45 |     var hovered: Bool = false
[218/296] Compiling UIKitPlus VScrollStack.swift
/Users/admin/builder/spi-builder-workspace/Classes/Views/Universal/HUD.swift:11:42: warning: 'HUD' is deprecated: renamed to 'UHUD'
  9 |
 10 | open class UHUD: UView {
 11 |     override public var declarativeView: HUD { return self }
    |                                          |- warning: 'HUD' is deprecated: renamed to 'UHUD'
    |                                          `- note: use 'UHUD' instead
 12 |
 13 |     var imageHeight: CGFloat = 50
/Users/admin/builder/spi-builder-workspace/Classes/Views/Universal/StackView.swift:252:25: warning: 'StackView' is deprecated: renamed to 'UStackView'
250 |     #if os(macOS)
251 |     fileprivate func flatten(_ orientation: NSUserInterfaceLayoutOrientation) -> BaseView {
252 |         let stackView = StackView().orientation(orientation)
    |                         |- warning: 'StackView' is deprecated: renamed to 'UStackView'
    |                         `- note: use 'UStackView' instead
253 |         forEach { stackView.add(item: $0) }
254 |         return stackView
/Users/admin/builder/spi-builder-workspace/Classes/Views/Universal/View.swift:207:20: warning: value 'scrollBeganPoint' was defined but never used; consider replacing with boolean test
205 |             _touchPanHandler?(.began, .zero, .zero)
206 |         case .changed:
207 |             if let scrollBeganPoint = scrollBeganPoint {
    |                    `- warning: value 'scrollBeganPoint' was defined but never used; consider replacing with boolean test
208 |                 scrollLastDeltaPoint.x += event.scrollingDeltaX
209 |                 scrollLastDeltaPoint.y += event.scrollingDeltaY
/Users/admin/builder/spi-builder-workspace/Classes/Views/Universal/View.swift:213:20: warning: value 'scrollBeganPoint' was defined but never used; consider replacing with boolean test
211 |             }
212 |         case .ended:
213 |             if let scrollBeganPoint = scrollBeganPoint {
    |                    `- warning: value 'scrollBeganPoint' was defined but never used; consider replacing with boolean test
214 |                 scrollLastDeltaPoint.x += event.scrollingDeltaX
215 |                 scrollLastDeltaPoint.y += event.scrollingDeltaY
/Users/admin/builder/spi-builder-workspace/Classes/Views/Universal/View.swift:224:20: warning: value 'scrollBeganPoint' was defined but never used; consider replacing with boolean test
222 |             }
223 |         case .cancelled:
224 |             if let scrollBeganPoint = scrollBeganPoint {
    |                    `- warning: value 'scrollBeganPoint' was defined but never used; consider replacing with boolean test
225 |                 _touchPanHandler?(.cancelled, .zero, .zero)
226 |                 self.scrollBeganPoint = nil
/Users/admin/builder/spi-builder-workspace/Classes/Views/Universal/View.swift:233:20: warning: value 'scrollBeganPoint' was defined but never used; consider replacing with boolean test
231 |             break
232 |         default:
233 |             if let scrollBeganPoint = scrollBeganPoint {
    |                    `- warning: value 'scrollBeganPoint' was defined but never used; consider replacing with boolean test
234 |                 print(event)
235 |                 scrollLastDeltaPoint.x += event.scrollingDeltaX
/Users/admin/builder/spi-builder-workspace/Classes/Objects/Properties.swift:43:73: error: cannot find type 'UITraitCollection' in scope
41 |         case borderColor, shadowColor
42 |     }
43 |     var traitCollectionDidChangeHandlers: [TraitCollectionHandlerType: (UITraitCollection) -> Void] = [:]
   |                                                                         `- error: cannot find type 'UITraitCollection' in scope
44 |
45 |     var hovered: Bool = false
[219/296] Compiling UIKitPlus VSpace.swift
/Users/admin/builder/spi-builder-workspace/Classes/Views/Universal/HUD.swift:11:42: warning: 'HUD' is deprecated: renamed to 'UHUD'
  9 |
 10 | open class UHUD: UView {
 11 |     override public var declarativeView: HUD { return self }
    |                                          |- warning: 'HUD' is deprecated: renamed to 'UHUD'
    |                                          `- note: use 'UHUD' instead
 12 |
 13 |     var imageHeight: CGFloat = 50
/Users/admin/builder/spi-builder-workspace/Classes/Views/Universal/StackView.swift:252:25: warning: 'StackView' is deprecated: renamed to 'UStackView'
250 |     #if os(macOS)
251 |     fileprivate func flatten(_ orientation: NSUserInterfaceLayoutOrientation) -> BaseView {
252 |         let stackView = StackView().orientation(orientation)
    |                         |- warning: 'StackView' is deprecated: renamed to 'UStackView'
    |                         `- note: use 'UStackView' instead
253 |         forEach { stackView.add(item: $0) }
254 |         return stackView
/Users/admin/builder/spi-builder-workspace/Classes/Views/Universal/View.swift:207:20: warning: value 'scrollBeganPoint' was defined but never used; consider replacing with boolean test
205 |             _touchPanHandler?(.began, .zero, .zero)
206 |         case .changed:
207 |             if let scrollBeganPoint = scrollBeganPoint {
    |                    `- warning: value 'scrollBeganPoint' was defined but never used; consider replacing with boolean test
208 |                 scrollLastDeltaPoint.x += event.scrollingDeltaX
209 |                 scrollLastDeltaPoint.y += event.scrollingDeltaY
/Users/admin/builder/spi-builder-workspace/Classes/Views/Universal/View.swift:213:20: warning: value 'scrollBeganPoint' was defined but never used; consider replacing with boolean test
211 |             }
212 |         case .ended:
213 |             if let scrollBeganPoint = scrollBeganPoint {
    |                    `- warning: value 'scrollBeganPoint' was defined but never used; consider replacing with boolean test
214 |                 scrollLastDeltaPoint.x += event.scrollingDeltaX
215 |                 scrollLastDeltaPoint.y += event.scrollingDeltaY
/Users/admin/builder/spi-builder-workspace/Classes/Views/Universal/View.swift:224:20: warning: value 'scrollBeganPoint' was defined but never used; consider replacing with boolean test
222 |             }
223 |         case .cancelled:
224 |             if let scrollBeganPoint = scrollBeganPoint {
    |                    `- warning: value 'scrollBeganPoint' was defined but never used; consider replacing with boolean test
225 |                 _touchPanHandler?(.cancelled, .zero, .zero)
226 |                 self.scrollBeganPoint = nil
/Users/admin/builder/spi-builder-workspace/Classes/Views/Universal/View.swift:233:20: warning: value 'scrollBeganPoint' was defined but never used; consider replacing with boolean test
231 |             break
232 |         default:
233 |             if let scrollBeganPoint = scrollBeganPoint {
    |                    `- warning: value 'scrollBeganPoint' was defined but never used; consider replacing with boolean test
234 |                 print(event)
235 |                 scrollLastDeltaPoint.x += event.scrollingDeltaX
/Users/admin/builder/spi-builder-workspace/Classes/Objects/Properties.swift:43:73: error: cannot find type 'UITraitCollection' in scope
41 |         case borderColor, shadowColor
42 |     }
43 |     var traitCollectionDidChangeHandlers: [TraitCollectionHandlerType: (UITraitCollection) -> Void] = [:]
   |                                                                         `- error: cannot find type 'UITraitCollection' in scope
44 |
45 |     var hovered: Bool = false
[220/296] Compiling UIKitPlus VStack.swift
/Users/admin/builder/spi-builder-workspace/Classes/Views/Universal/HUD.swift:11:42: warning: 'HUD' is deprecated: renamed to 'UHUD'
  9 |
 10 | open class UHUD: UView {
 11 |     override public var declarativeView: HUD { return self }
    |                                          |- warning: 'HUD' is deprecated: renamed to 'UHUD'
    |                                          `- note: use 'UHUD' instead
 12 |
 13 |     var imageHeight: CGFloat = 50
/Users/admin/builder/spi-builder-workspace/Classes/Views/Universal/StackView.swift:252:25: warning: 'StackView' is deprecated: renamed to 'UStackView'
250 |     #if os(macOS)
251 |     fileprivate func flatten(_ orientation: NSUserInterfaceLayoutOrientation) -> BaseView {
252 |         let stackView = StackView().orientation(orientation)
    |                         |- warning: 'StackView' is deprecated: renamed to 'UStackView'
    |                         `- note: use 'UStackView' instead
253 |         forEach { stackView.add(item: $0) }
254 |         return stackView
/Users/admin/builder/spi-builder-workspace/Classes/Views/Universal/View.swift:207:20: warning: value 'scrollBeganPoint' was defined but never used; consider replacing with boolean test
205 |             _touchPanHandler?(.began, .zero, .zero)
206 |         case .changed:
207 |             if let scrollBeganPoint = scrollBeganPoint {
    |                    `- warning: value 'scrollBeganPoint' was defined but never used; consider replacing with boolean test
208 |                 scrollLastDeltaPoint.x += event.scrollingDeltaX
209 |                 scrollLastDeltaPoint.y += event.scrollingDeltaY
/Users/admin/builder/spi-builder-workspace/Classes/Views/Universal/View.swift:213:20: warning: value 'scrollBeganPoint' was defined but never used; consider replacing with boolean test
211 |             }
212 |         case .ended:
213 |             if let scrollBeganPoint = scrollBeganPoint {
    |                    `- warning: value 'scrollBeganPoint' was defined but never used; consider replacing with boolean test
214 |                 scrollLastDeltaPoint.x += event.scrollingDeltaX
215 |                 scrollLastDeltaPoint.y += event.scrollingDeltaY
/Users/admin/builder/spi-builder-workspace/Classes/Views/Universal/View.swift:224:20: warning: value 'scrollBeganPoint' was defined but never used; consider replacing with boolean test
222 |             }
223 |         case .cancelled:
224 |             if let scrollBeganPoint = scrollBeganPoint {
    |                    `- warning: value 'scrollBeganPoint' was defined but never used; consider replacing with boolean test
225 |                 _touchPanHandler?(.cancelled, .zero, .zero)
226 |                 self.scrollBeganPoint = nil
/Users/admin/builder/spi-builder-workspace/Classes/Views/Universal/View.swift:233:20: warning: value 'scrollBeganPoint' was defined but never used; consider replacing with boolean test
231 |             break
232 |         default:
233 |             if let scrollBeganPoint = scrollBeganPoint {
    |                    `- warning: value 'scrollBeganPoint' was defined but never used; consider replacing with boolean test
234 |                 print(event)
235 |                 scrollLastDeltaPoint.x += event.scrollingDeltaX
/Users/admin/builder/spi-builder-workspace/Classes/Objects/Properties.swift:43:73: error: cannot find type 'UITraitCollection' in scope
41 |         case borderColor, shadowColor
42 |     }
43 |     var traitCollectionDidChangeHandlers: [TraitCollectionHandlerType: (UITraitCollection) -> Void] = [:]
   |                                                                         `- error: cannot find type 'UITraitCollection' in scope
44 |
45 |     var hovered: Bool = false
[221/296] Compiling UIKitPlus View.swift
/Users/admin/builder/spi-builder-workspace/Classes/Views/Universal/HUD.swift:11:42: warning: 'HUD' is deprecated: renamed to 'UHUD'
  9 |
 10 | open class UHUD: UView {
 11 |     override public var declarativeView: HUD { return self }
    |                                          |- warning: 'HUD' is deprecated: renamed to 'UHUD'
    |                                          `- note: use 'UHUD' instead
 12 |
 13 |     var imageHeight: CGFloat = 50
/Users/admin/builder/spi-builder-workspace/Classes/Views/Universal/StackView.swift:252:25: warning: 'StackView' is deprecated: renamed to 'UStackView'
250 |     #if os(macOS)
251 |     fileprivate func flatten(_ orientation: NSUserInterfaceLayoutOrientation) -> BaseView {
252 |         let stackView = StackView().orientation(orientation)
    |                         |- warning: 'StackView' is deprecated: renamed to 'UStackView'
    |                         `- note: use 'UStackView' instead
253 |         forEach { stackView.add(item: $0) }
254 |         return stackView
/Users/admin/builder/spi-builder-workspace/Classes/Views/Universal/View.swift:207:20: warning: value 'scrollBeganPoint' was defined but never used; consider replacing with boolean test
205 |             _touchPanHandler?(.began, .zero, .zero)
206 |         case .changed:
207 |             if let scrollBeganPoint = scrollBeganPoint {
    |                    `- warning: value 'scrollBeganPoint' was defined but never used; consider replacing with boolean test
208 |                 scrollLastDeltaPoint.x += event.scrollingDeltaX
209 |                 scrollLastDeltaPoint.y += event.scrollingDeltaY
/Users/admin/builder/spi-builder-workspace/Classes/Views/Universal/View.swift:213:20: warning: value 'scrollBeganPoint' was defined but never used; consider replacing with boolean test
211 |             }
212 |         case .ended:
213 |             if let scrollBeganPoint = scrollBeganPoint {
    |                    `- warning: value 'scrollBeganPoint' was defined but never used; consider replacing with boolean test
214 |                 scrollLastDeltaPoint.x += event.scrollingDeltaX
215 |                 scrollLastDeltaPoint.y += event.scrollingDeltaY
/Users/admin/builder/spi-builder-workspace/Classes/Views/Universal/View.swift:224:20: warning: value 'scrollBeganPoint' was defined but never used; consider replacing with boolean test
222 |             }
223 |         case .cancelled:
224 |             if let scrollBeganPoint = scrollBeganPoint {
    |                    `- warning: value 'scrollBeganPoint' was defined but never used; consider replacing with boolean test
225 |                 _touchPanHandler?(.cancelled, .zero, .zero)
226 |                 self.scrollBeganPoint = nil
/Users/admin/builder/spi-builder-workspace/Classes/Views/Universal/View.swift:233:20: warning: value 'scrollBeganPoint' was defined but never used; consider replacing with boolean test
231 |             break
232 |         default:
233 |             if let scrollBeganPoint = scrollBeganPoint {
    |                    `- warning: value 'scrollBeganPoint' was defined but never used; consider replacing with boolean test
234 |                 print(event)
235 |                 scrollLastDeltaPoint.x += event.scrollingDeltaX
/Users/admin/builder/spi-builder-workspace/Classes/Objects/Properties.swift:43:73: error: cannot find type 'UITraitCollection' in scope
41 |         case borderColor, shadowColor
42 |     }
43 |     var traitCollectionDidChangeHandlers: [TraitCollectionHandlerType: (UITraitCollection) -> Void] = [:]
   |                                                                         `- error: cannot find type 'UITraitCollection' in scope
44 |
45 |     var hovered: Bool = false
[222/296] Compiling UIKitPlus WrapperView.swift
/Users/admin/builder/spi-builder-workspace/Classes/Views/Universal/HUD.swift:11:42: warning: 'HUD' is deprecated: renamed to 'UHUD'
  9 |
 10 | open class UHUD: UView {
 11 |     override public var declarativeView: HUD { return self }
    |                                          |- warning: 'HUD' is deprecated: renamed to 'UHUD'
    |                                          `- note: use 'UHUD' instead
 12 |
 13 |     var imageHeight: CGFloat = 50
/Users/admin/builder/spi-builder-workspace/Classes/Views/Universal/StackView.swift:252:25: warning: 'StackView' is deprecated: renamed to 'UStackView'
250 |     #if os(macOS)
251 |     fileprivate func flatten(_ orientation: NSUserInterfaceLayoutOrientation) -> BaseView {
252 |         let stackView = StackView().orientation(orientation)
    |                         |- warning: 'StackView' is deprecated: renamed to 'UStackView'
    |                         `- note: use 'UStackView' instead
253 |         forEach { stackView.add(item: $0) }
254 |         return stackView
/Users/admin/builder/spi-builder-workspace/Classes/Views/Universal/View.swift:207:20: warning: value 'scrollBeganPoint' was defined but never used; consider replacing with boolean test
205 |             _touchPanHandler?(.began, .zero, .zero)
206 |         case .changed:
207 |             if let scrollBeganPoint = scrollBeganPoint {
    |                    `- warning: value 'scrollBeganPoint' was defined but never used; consider replacing with boolean test
208 |                 scrollLastDeltaPoint.x += event.scrollingDeltaX
209 |                 scrollLastDeltaPoint.y += event.scrollingDeltaY
/Users/admin/builder/spi-builder-workspace/Classes/Views/Universal/View.swift:213:20: warning: value 'scrollBeganPoint' was defined but never used; consider replacing with boolean test
211 |             }
212 |         case .ended:
213 |             if let scrollBeganPoint = scrollBeganPoint {
    |                    `- warning: value 'scrollBeganPoint' was defined but never used; consider replacing with boolean test
214 |                 scrollLastDeltaPoint.x += event.scrollingDeltaX
215 |                 scrollLastDeltaPoint.y += event.scrollingDeltaY
/Users/admin/builder/spi-builder-workspace/Classes/Views/Universal/View.swift:224:20: warning: value 'scrollBeganPoint' was defined but never used; consider replacing with boolean test
222 |             }
223 |         case .cancelled:
224 |             if let scrollBeganPoint = scrollBeganPoint {
    |                    `- warning: value 'scrollBeganPoint' was defined but never used; consider replacing with boolean test
225 |                 _touchPanHandler?(.cancelled, .zero, .zero)
226 |                 self.scrollBeganPoint = nil
/Users/admin/builder/spi-builder-workspace/Classes/Views/Universal/View.swift:233:20: warning: value 'scrollBeganPoint' was defined but never used; consider replacing with boolean test
231 |             break
232 |         default:
233 |             if let scrollBeganPoint = scrollBeganPoint {
    |                    `- warning: value 'scrollBeganPoint' was defined but never used; consider replacing with boolean test
234 |                 print(event)
235 |                 scrollLastDeltaPoint.x += event.scrollingDeltaX
/Users/admin/builder/spi-builder-workspace/Classes/Objects/Properties.swift:43:73: error: cannot find type 'UITraitCollection' in scope
41 |         case borderColor, shadowColor
42 |     }
43 |     var traitCollectionDidChangeHandlers: [TraitCollectionHandlerType: (UITraitCollection) -> Void] = [:]
   |                                                                         `- error: cannot find type 'UITraitCollection' in scope
44 |
45 |     var hovered: Bool = false
[223/296] Compiling UIKitPlus Borders.swift
/Users/admin/builder/spi-builder-workspace/Classes/Views/MacOS/MacOS+TextField.swift:864:19: warning: class '_Formatter' must restate inherited '@unchecked Sendable' conformance
862 | }
863 |
864 | fileprivate class _Formatter<TF>: NumberFormatter where TF: UTextField {
    |                   `- warning: class '_Formatter' must restate inherited '@unchecked Sendable' conformance
865 |     let tf: TF
866 |
/Users/admin/builder/spi-builder-workspace/Classes/Views/MacOS/MacOS+TextField.swift:539:38: warning: result of call to function returning 'Bool?' is unused
537 |     public func `return`() {
538 |         _innerDelegate.action()
539 |         _innerDelegate.newLineHandler?()
    |                                      `- warning: result of call to function returning 'Bool?' is unused
540 |     }
541 | }
/Users/admin/builder/spi-builder-workspace/Classes/Views/MacOS/MacOS+TextField.swift:591:14: warning: no method declared with Objective-C selector 'noop:'
589 |     func control(_ control: NSControl, textView: NSTextView, doCommandBy commandSelector: Selector) -> Bool {
590 |         switch commandSelector {
591 |         case "noop:": // any unsupported combination
    |              `- warning: no method declared with Objective-C selector 'noop:'
592 |             guard let event = NSApp.currentEvent else {
593 |                 return false
/Users/admin/builder/spi-builder-workspace/Classes/Objects/Properties.swift:43:73: error: cannot find type 'UITraitCollection' in scope
41 |         case borderColor, shadowColor
42 |     }
43 |     var traitCollectionDidChangeHandlers: [TraitCollectionHandlerType: (UITraitCollection) -> Void] = [:]
   |                                                                         `- error: cannot find type 'UITraitCollection' in scope
44 |
45 |     var hovered: Bool = false
[224/296] Compiling UIKitPlus CodableState.swift
/Users/admin/builder/spi-builder-workspace/Classes/Views/MacOS/MacOS+TextField.swift:864:19: warning: class '_Formatter' must restate inherited '@unchecked Sendable' conformance
862 | }
863 |
864 | fileprivate class _Formatter<TF>: NumberFormatter where TF: UTextField {
    |                   `- warning: class '_Formatter' must restate inherited '@unchecked Sendable' conformance
865 |     let tf: TF
866 |
/Users/admin/builder/spi-builder-workspace/Classes/Views/MacOS/MacOS+TextField.swift:539:38: warning: result of call to function returning 'Bool?' is unused
537 |     public func `return`() {
538 |         _innerDelegate.action()
539 |         _innerDelegate.newLineHandler?()
    |                                      `- warning: result of call to function returning 'Bool?' is unused
540 |     }
541 | }
/Users/admin/builder/spi-builder-workspace/Classes/Views/MacOS/MacOS+TextField.swift:591:14: warning: no method declared with Objective-C selector 'noop:'
589 |     func control(_ control: NSControl, textView: NSTextView, doCommandBy commandSelector: Selector) -> Bool {
590 |         switch commandSelector {
591 |         case "noop:": // any unsupported combination
    |              `- warning: no method declared with Objective-C selector 'noop:'
592 |             guard let event = NSApp.currentEvent else {
593 |                 return false
/Users/admin/builder/spi-builder-workspace/Classes/Objects/Properties.swift:43:73: error: cannot find type 'UITraitCollection' in scope
41 |         case borderColor, shadowColor
42 |     }
43 |     var traitCollectionDidChangeHandlers: [TraitCollectionHandlerType: (UITraitCollection) -> Void] = [:]
   |                                                                         `- error: cannot find type 'UITraitCollection' in scope
44 |
45 |     var hovered: Bool = false
[225/296] Compiling UIKitPlus ConstraintValueType.swift
/Users/admin/builder/spi-builder-workspace/Classes/Views/MacOS/MacOS+TextField.swift:864:19: warning: class '_Formatter' must restate inherited '@unchecked Sendable' conformance
862 | }
863 |
864 | fileprivate class _Formatter<TF>: NumberFormatter where TF: UTextField {
    |                   `- warning: class '_Formatter' must restate inherited '@unchecked Sendable' conformance
865 |     let tf: TF
866 |
/Users/admin/builder/spi-builder-workspace/Classes/Views/MacOS/MacOS+TextField.swift:539:38: warning: result of call to function returning 'Bool?' is unused
537 |     public func `return`() {
538 |         _innerDelegate.action()
539 |         _innerDelegate.newLineHandler?()
    |                                      `- warning: result of call to function returning 'Bool?' is unused
540 |     }
541 | }
/Users/admin/builder/spi-builder-workspace/Classes/Views/MacOS/MacOS+TextField.swift:591:14: warning: no method declared with Objective-C selector 'noop:'
589 |     func control(_ control: NSControl, textView: NSTextView, doCommandBy commandSelector: Selector) -> Bool {
590 |         switch commandSelector {
591 |         case "noop:": // any unsupported combination
    |              `- warning: no method declared with Objective-C selector 'noop:'
592 |             guard let event = NSApp.currentEvent else {
593 |                 return false
/Users/admin/builder/spi-builder-workspace/Classes/Objects/Properties.swift:43:73: error: cannot find type 'UITraitCollection' in scope
41 |         case borderColor, shadowColor
42 |     }
43 |     var traitCollectionDidChangeHandlers: [TraitCollectionHandlerType: (UITraitCollection) -> Void] = [:]
   |                                                                         `- error: cannot find type 'UITraitCollection' in scope
44 |
45 |     var hovered: Bool = false
[226/296] Compiling UIKitPlus CustomCorners.swift
/Users/admin/builder/spi-builder-workspace/Classes/Views/MacOS/MacOS+TextField.swift:864:19: warning: class '_Formatter' must restate inherited '@unchecked Sendable' conformance
862 | }
863 |
864 | fileprivate class _Formatter<TF>: NumberFormatter where TF: UTextField {
    |                   `- warning: class '_Formatter' must restate inherited '@unchecked Sendable' conformance
865 |     let tf: TF
866 |
/Users/admin/builder/spi-builder-workspace/Classes/Views/MacOS/MacOS+TextField.swift:539:38: warning: result of call to function returning 'Bool?' is unused
537 |     public func `return`() {
538 |         _innerDelegate.action()
539 |         _innerDelegate.newLineHandler?()
    |                                      `- warning: result of call to function returning 'Bool?' is unused
540 |     }
541 | }
/Users/admin/builder/spi-builder-workspace/Classes/Views/MacOS/MacOS+TextField.swift:591:14: warning: no method declared with Objective-C selector 'noop:'
589 |     func control(_ control: NSControl, textView: NSTextView, doCommandBy commandSelector: Selector) -> Bool {
590 |         switch commandSelector {
591 |         case "noop:": // any unsupported combination
    |              `- warning: no method declared with Objective-C selector 'noop:'
592 |             guard let event = NSApp.currentEvent else {
593 |                 return false
/Users/admin/builder/spi-builder-workspace/Classes/Objects/Properties.swift:43:73: error: cannot find type 'UITraitCollection' in scope
41 |         case borderColor, shadowColor
42 |     }
43 |     var traitCollectionDidChangeHandlers: [TraitCollectionHandlerType: (UITraitCollection) -> Void] = [:]
   |                                                                         `- error: cannot find type 'UITraitCollection' in scope
44 |
45 |     var hovered: Bool = false
[227/296] Compiling UIKitPlus DeclarativeViewConstraints.swift
/Users/admin/builder/spi-builder-workspace/Classes/Views/MacOS/MacOS+TextField.swift:864:19: warning: class '_Formatter' must restate inherited '@unchecked Sendable' conformance
862 | }
863 |
864 | fileprivate class _Formatter<TF>: NumberFormatter where TF: UTextField {
    |                   `- warning: class '_Formatter' must restate inherited '@unchecked Sendable' conformance
865 |     let tf: TF
866 |
/Users/admin/builder/spi-builder-workspace/Classes/Views/MacOS/MacOS+TextField.swift:539:38: warning: result of call to function returning 'Bool?' is unused
537 |     public func `return`() {
538 |         _innerDelegate.action()
539 |         _innerDelegate.newLineHandler?()
    |                                      `- warning: result of call to function returning 'Bool?' is unused
540 |     }
541 | }
/Users/admin/builder/spi-builder-workspace/Classes/Views/MacOS/MacOS+TextField.swift:591:14: warning: no method declared with Objective-C selector 'noop:'
589 |     func control(_ control: NSControl, textView: NSTextView, doCommandBy commandSelector: Selector) -> Bool {
590 |         switch commandSelector {
591 |         case "noop:": // any unsupported combination
    |              `- warning: no method declared with Objective-C selector 'noop:'
592 |             guard let event = NSApp.currentEvent else {
593 |                 return false
/Users/admin/builder/spi-builder-workspace/Classes/Objects/Properties.swift:43:73: error: cannot find type 'UITraitCollection' in scope
41 |         case borderColor, shadowColor
42 |     }
43 |     var traitCollectionDidChangeHandlers: [TraitCollectionHandlerType: (UITraitCollection) -> Void] = [:]
   |                                                                         `- error: cannot find type 'UITraitCollection' in scope
44 |
45 |     var hovered: Bool = false
[228/296] Compiling UIKitPlus ExpressableState.swift
/Users/admin/builder/spi-builder-workspace/Classes/Views/MacOS/MacOS+TextField.swift:864:19: warning: class '_Formatter' must restate inherited '@unchecked Sendable' conformance
862 | }
863 |
864 | fileprivate class _Formatter<TF>: NumberFormatter where TF: UTextField {
    |                   `- warning: class '_Formatter' must restate inherited '@unchecked Sendable' conformance
865 |     let tf: TF
866 |
/Users/admin/builder/spi-builder-workspace/Classes/Views/MacOS/MacOS+TextField.swift:539:38: warning: result of call to function returning 'Bool?' is unused
537 |     public func `return`() {
538 |         _innerDelegate.action()
539 |         _innerDelegate.newLineHandler?()
    |                                      `- warning: result of call to function returning 'Bool?' is unused
540 |     }
541 | }
/Users/admin/builder/spi-builder-workspace/Classes/Views/MacOS/MacOS+TextField.swift:591:14: warning: no method declared with Objective-C selector 'noop:'
589 |     func control(_ control: NSControl, textView: NSTextView, doCommandBy commandSelector: Selector) -> Bool {
590 |         switch commandSelector {
591 |         case "noop:": // any unsupported combination
    |              `- warning: no method declared with Objective-C selector 'noop:'
592 |             guard let event = NSApp.currentEvent else {
593 |                 return false
/Users/admin/builder/spi-builder-workspace/Classes/Objects/Properties.swift:43:73: error: cannot find type 'UITraitCollection' in scope
41 |         case borderColor, shadowColor
42 |     }
43 |     var traitCollectionDidChangeHandlers: [TraitCollectionHandlerType: (UITraitCollection) -> Void] = [:]
   |                                                                         `- error: cannot find type 'UITraitCollection' in scope
44 |
45 |     var hovered: Bool = false
[229/296] Compiling UIKitPlus GesturesBuilder.swift
/Users/admin/builder/spi-builder-workspace/Classes/Views/MacOS/MacOS+TextField.swift:864:19: warning: class '_Formatter' must restate inherited '@unchecked Sendable' conformance
862 | }
863 |
864 | fileprivate class _Formatter<TF>: NumberFormatter where TF: UTextField {
    |                   `- warning: class '_Formatter' must restate inherited '@unchecked Sendable' conformance
865 |     let tf: TF
866 |
/Users/admin/builder/spi-builder-workspace/Classes/Views/MacOS/MacOS+TextField.swift:539:38: warning: result of call to function returning 'Bool?' is unused
537 |     public func `return`() {
538 |         _innerDelegate.action()
539 |         _innerDelegate.newLineHandler?()
    |                                      `- warning: result of call to function returning 'Bool?' is unused
540 |     }
541 | }
/Users/admin/builder/spi-builder-workspace/Classes/Views/MacOS/MacOS+TextField.swift:591:14: warning: no method declared with Objective-C selector 'noop:'
589 |     func control(_ control: NSControl, textView: NSTextView, doCommandBy commandSelector: Selector) -> Bool {
590 |         switch commandSelector {
591 |         case "noop:": // any unsupported combination
    |              `- warning: no method declared with Objective-C selector 'noop:'
592 |             guard let event = NSApp.currentEvent else {
593 |                 return false
/Users/admin/builder/spi-builder-workspace/Classes/Objects/Properties.swift:43:73: error: cannot find type 'UITraitCollection' in scope
41 |         case borderColor, shadowColor
42 |     }
43 |     var traitCollectionDidChangeHandlers: [TraitCollectionHandlerType: (UITraitCollection) -> Void] = [:]
   |                                                                         `- error: cannot find type 'UITraitCollection' in scope
44 |
45 |     var hovered: Bool = false
[230/296] Compiling UIKitPlus ImageReloadingStyle.swift
/Users/admin/builder/spi-builder-workspace/Classes/Views/MacOS/MacOS+TextField.swift:864:19: warning: class '_Formatter' must restate inherited '@unchecked Sendable' conformance
862 | }
863 |
864 | fileprivate class _Formatter<TF>: NumberFormatter where TF: UTextField {
    |                   `- warning: class '_Formatter' must restate inherited '@unchecked Sendable' conformance
865 |     let tf: TF
866 |
/Users/admin/builder/spi-builder-workspace/Classes/Views/MacOS/MacOS+TextField.swift:539:38: warning: result of call to function returning 'Bool?' is unused
537 |     public func `return`() {
538 |         _innerDelegate.action()
539 |         _innerDelegate.newLineHandler?()
    |                                      `- warning: result of call to function returning 'Bool?' is unused
540 |     }
541 | }
/Users/admin/builder/spi-builder-workspace/Classes/Views/MacOS/MacOS+TextField.swift:591:14: warning: no method declared with Objective-C selector 'noop:'
589 |     func control(_ control: NSControl, textView: NSTextView, doCommandBy commandSelector: Selector) -> Bool {
590 |         switch commandSelector {
591 |         case "noop:": // any unsupported combination
    |              `- warning: no method declared with Objective-C selector 'noop:'
592 |             guard let event = NSApp.currentEvent else {
593 |                 return false
/Users/admin/builder/spi-builder-workspace/Classes/Objects/Properties.swift:43:73: error: cannot find type 'UITraitCollection' in scope
41 |         case borderColor, shadowColor
42 |     }
43 |     var traitCollectionDidChangeHandlers: [TraitCollectionHandlerType: (UITraitCollection) -> Void] = [:]
   |                                                                         `- error: cannot find type 'UITraitCollection' in scope
44 |
45 |     var hovered: Bool = false
[231/296] Compiling UIKitPlus InnerState.swift
/Users/admin/builder/spi-builder-workspace/Classes/Views/MacOS/MacOS+TextField.swift:864:19: warning: class '_Formatter' must restate inherited '@unchecked Sendable' conformance
862 | }
863 |
864 | fileprivate class _Formatter<TF>: NumberFormatter where TF: UTextField {
    |                   `- warning: class '_Formatter' must restate inherited '@unchecked Sendable' conformance
865 |     let tf: TF
866 |
/Users/admin/builder/spi-builder-workspace/Classes/Views/MacOS/MacOS+TextField.swift:539:38: warning: result of call to function returning 'Bool?' is unused
537 |     public func `return`() {
538 |         _innerDelegate.action()
539 |         _innerDelegate.newLineHandler?()
    |                                      `- warning: result of call to function returning 'Bool?' is unused
540 |     }
541 | }
/Users/admin/builder/spi-builder-workspace/Classes/Views/MacOS/MacOS+TextField.swift:591:14: warning: no method declared with Objective-C selector 'noop:'
589 |     func control(_ control: NSControl, textView: NSTextView, doCommandBy commandSelector: Selector) -> Bool {
590 |         switch commandSelector {
591 |         case "noop:": // any unsupported combination
    |              `- warning: no method declared with Objective-C selector 'noop:'
592 |             guard let event = NSApp.currentEvent else {
593 |                 return false
/Users/admin/builder/spi-builder-workspace/Classes/Objects/Properties.swift:43:73: error: cannot find type 'UITraitCollection' in scope
41 |         case borderColor, shadowColor
42 |     }
43 |     var traitCollectionDidChangeHandlers: [TraitCollectionHandlerType: (UITraitCollection) -> Void] = [:]
   |                                                                         `- error: cannot find type 'UITraitCollection' in scope
44 |
45 |     var hovered: Bool = false
[232/296] Compiling UIKitPlus LivePreview.swift
/Users/admin/builder/spi-builder-workspace/Classes/Views/MacOS/MacOS+TextField.swift:864:19: warning: class '_Formatter' must restate inherited '@unchecked Sendable' conformance
862 | }
863 |
864 | fileprivate class _Formatter<TF>: NumberFormatter where TF: UTextField {
    |                   `- warning: class '_Formatter' must restate inherited '@unchecked Sendable' conformance
865 |     let tf: TF
866 |
/Users/admin/builder/spi-builder-workspace/Classes/Views/MacOS/MacOS+TextField.swift:539:38: warning: result of call to function returning 'Bool?' is unused
537 |     public func `return`() {
538 |         _innerDelegate.action()
539 |         _innerDelegate.newLineHandler?()
    |                                      `- warning: result of call to function returning 'Bool?' is unused
540 |     }
541 | }
/Users/admin/builder/spi-builder-workspace/Classes/Views/MacOS/MacOS+TextField.swift:591:14: warning: no method declared with Objective-C selector 'noop:'
589 |     func control(_ control: NSControl, textView: NSTextView, doCommandBy commandSelector: Selector) -> Bool {
590 |         switch commandSelector {
591 |         case "noop:": // any unsupported combination
    |              `- warning: no method declared with Objective-C selector 'noop:'
592 |             guard let event = NSApp.currentEvent else {
593 |                 return false
/Users/admin/builder/spi-builder-workspace/Classes/Objects/Properties.swift:43:73: error: cannot find type 'UITraitCollection' in scope
41 |         case borderColor, shadowColor
42 |     }
43 |     var traitCollectionDidChangeHandlers: [TraitCollectionHandlerType: (UITraitCollection) -> Void] = [:]
   |                                                                         `- error: cannot find type 'UITraitCollection' in scope
44 |
45 |     var hovered: Bool = false
[233/296] Compiling UIKitPlus PreviewBuilder.swift
/Users/admin/builder/spi-builder-workspace/Classes/Views/MacOS/MacOS+TextField.swift:864:19: warning: class '_Formatter' must restate inherited '@unchecked Sendable' conformance
862 | }
863 |
864 | fileprivate class _Formatter<TF>: NumberFormatter where TF: UTextField {
    |                   `- warning: class '_Formatter' must restate inherited '@unchecked Sendable' conformance
865 |     let tf: TF
866 |
/Users/admin/builder/spi-builder-workspace/Classes/Views/MacOS/MacOS+TextField.swift:539:38: warning: result of call to function returning 'Bool?' is unused
537 |     public func `return`() {
538 |         _innerDelegate.action()
539 |         _innerDelegate.newLineHandler?()
    |                                      `- warning: result of call to function returning 'Bool?' is unused
540 |     }
541 | }
/Users/admin/builder/spi-builder-workspace/Classes/Views/MacOS/MacOS+TextField.swift:591:14: warning: no method declared with Objective-C selector 'noop:'
589 |     func control(_ control: NSControl, textView: NSTextView, doCommandBy commandSelector: Selector) -> Bool {
590 |         switch commandSelector {
591 |         case "noop:": // any unsupported combination
    |              `- warning: no method declared with Objective-C selector 'noop:'
592 |             guard let event = NSApp.currentEvent else {
593 |                 return false
/Users/admin/builder/spi-builder-workspace/Classes/Objects/Properties.swift:43:73: error: cannot find type 'UITraitCollection' in scope
41 |         case borderColor, shadowColor
42 |     }
43 |     var traitCollectionDidChangeHandlers: [TraitCollectionHandlerType: (UITraitCollection) -> Void] = [:]
   |                                                                         `- error: cannot find type 'UITraitCollection' in scope
44 |
45 |     var hovered: Bool = false
[234/296] Compiling UIKitPlus PreviewBuilderItem.swift
/Users/admin/builder/spi-builder-workspace/Classes/Views/MacOS/MacOS+TextField.swift:864:19: warning: class '_Formatter' must restate inherited '@unchecked Sendable' conformance
862 | }
863 |
864 | fileprivate class _Formatter<TF>: NumberFormatter where TF: UTextField {
    |                   `- warning: class '_Formatter' must restate inherited '@unchecked Sendable' conformance
865 |     let tf: TF
866 |
/Users/admin/builder/spi-builder-workspace/Classes/Views/MacOS/MacOS+TextField.swift:539:38: warning: result of call to function returning 'Bool?' is unused
537 |     public func `return`() {
538 |         _innerDelegate.action()
539 |         _innerDelegate.newLineHandler?()
    |                                      `- warning: result of call to function returning 'Bool?' is unused
540 |     }
541 | }
/Users/admin/builder/spi-builder-workspace/Classes/Views/MacOS/MacOS+TextField.swift:591:14: warning: no method declared with Objective-C selector 'noop:'
589 |     func control(_ control: NSControl, textView: NSTextView, doCommandBy commandSelector: Selector) -> Bool {
590 |         switch commandSelector {
591 |         case "noop:": // any unsupported combination
    |              `- warning: no method declared with Objective-C selector 'noop:'
592 |             guard let event = NSApp.currentEvent else {
593 |                 return false
/Users/admin/builder/spi-builder-workspace/Classes/Objects/Properties.swift:43:73: error: cannot find type 'UITraitCollection' in scope
41 |         case borderColor, shadowColor
42 |     }
43 |     var traitCollectionDidChangeHandlers: [TraitCollectionHandlerType: (UITraitCollection) -> Void] = [:]
   |                                                                         `- error: cannot find type 'UITraitCollection' in scope
44 |
45 |     var hovered: Bool = false
[235/296] Compiling UIKitPlus ShortcutBuilder.swift
/Users/admin/builder/spi-builder-workspace/Classes/Views/MacOS/MacOS+TextField.swift:864:19: warning: class '_Formatter' must restate inherited '@unchecked Sendable' conformance
862 | }
863 |
864 | fileprivate class _Formatter<TF>: NumberFormatter where TF: UTextField {
    |                   `- warning: class '_Formatter' must restate inherited '@unchecked Sendable' conformance
865 |     let tf: TF
866 |
/Users/admin/builder/spi-builder-workspace/Classes/Views/MacOS/MacOS+TextField.swift:539:38: warning: result of call to function returning 'Bool?' is unused
537 |     public func `return`() {
538 |         _innerDelegate.action()
539 |         _innerDelegate.newLineHandler?()
    |                                      `- warning: result of call to function returning 'Bool?' is unused
540 |     }
541 | }
/Users/admin/builder/spi-builder-workspace/Classes/Views/MacOS/MacOS+TextField.swift:591:14: warning: no method declared with Objective-C selector 'noop:'
589 |     func control(_ control: NSControl, textView: NSTextView, doCommandBy commandSelector: Selector) -> Bool {
590 |         switch commandSelector {
591 |         case "noop:": // any unsupported combination
    |              `- warning: no method declared with Objective-C selector 'noop:'
592 |             guard let event = NSApp.currentEvent else {
593 |                 return false
/Users/admin/builder/spi-builder-workspace/Classes/Objects/Properties.swift:43:73: error: cannot find type 'UITraitCollection' in scope
41 |         case borderColor, shadowColor
42 |     }
43 |     var traitCollectionDidChangeHandlers: [TraitCollectionHandlerType: (UITraitCollection) -> Void] = [:]
   |                                                                         `- error: cannot find type 'UITraitCollection' in scope
44 |
45 |     var hovered: Bool = false
[236/296] Compiling UIKitPlus Spoken.swift
/Users/admin/builder/spi-builder-workspace/Classes/Views/MacOS/MacOS+TextField.swift:864:19: warning: class '_Formatter' must restate inherited '@unchecked Sendable' conformance
862 | }
863 |
864 | fileprivate class _Formatter<TF>: NumberFormatter where TF: UTextField {
    |                   `- warning: class '_Formatter' must restate inherited '@unchecked Sendable' conformance
865 |     let tf: TF
866 |
/Users/admin/builder/spi-builder-workspace/Classes/Views/MacOS/MacOS+TextField.swift:539:38: warning: result of call to function returning 'Bool?' is unused
537 |     public func `return`() {
538 |         _innerDelegate.action()
539 |         _innerDelegate.newLineHandler?()
    |                                      `- warning: result of call to function returning 'Bool?' is unused
540 |     }
541 | }
/Users/admin/builder/spi-builder-workspace/Classes/Views/MacOS/MacOS+TextField.swift:591:14: warning: no method declared with Objective-C selector 'noop:'
589 |     func control(_ control: NSControl, textView: NSTextView, doCommandBy commandSelector: Selector) -> Bool {
590 |         switch commandSelector {
591 |         case "noop:": // any unsupported combination
    |              `- warning: no method declared with Objective-C selector 'noop:'
592 |             guard let event = NSApp.currentEvent else {
593 |                 return false
/Users/admin/builder/spi-builder-workspace/Classes/Objects/Properties.swift:43:73: error: cannot find type 'UITraitCollection' in scope
41 |         case borderColor, shadowColor
42 |     }
43 |     var traitCollectionDidChangeHandlers: [TraitCollectionHandlerType: (UITraitCollection) -> Void] = [:]
   |                                                                         `- error: cannot find type 'UITraitCollection' in scope
44 |
45 |     var hovered: Bool = false
[237/296] Compiling UIKitPlus State.swift
/Users/admin/builder/spi-builder-workspace/Classes/Views/MacOS/MacOS+TextField.swift:864:19: warning: class '_Formatter' must restate inherited '@unchecked Sendable' conformance
862 | }
863 |
864 | fileprivate class _Formatter<TF>: NumberFormatter where TF: UTextField {
    |                   `- warning: class '_Formatter' must restate inherited '@unchecked Sendable' conformance
865 |     let tf: TF
866 |
/Users/admin/builder/spi-builder-workspace/Classes/Views/MacOS/MacOS+TextField.swift:539:38: warning: result of call to function returning 'Bool?' is unused
537 |     public func `return`() {
538 |         _innerDelegate.action()
539 |         _innerDelegate.newLineHandler?()
    |                                      `- warning: result of call to function returning 'Bool?' is unused
540 |     }
541 | }
/Users/admin/builder/spi-builder-workspace/Classes/Views/MacOS/MacOS+TextField.swift:591:14: warning: no method declared with Objective-C selector 'noop:'
589 |     func control(_ control: NSControl, textView: NSTextView, doCommandBy commandSelector: Selector) -> Bool {
590 |         switch commandSelector {
591 |         case "noop:": // any unsupported combination
    |              `- warning: no method declared with Objective-C selector 'noop:'
592 |             guard let event = NSApp.currentEvent else {
593 |                 return false
/Users/admin/builder/spi-builder-workspace/Classes/Objects/Properties.swift:43:73: error: cannot find type 'UITraitCollection' in scope
41 |         case borderColor, shadowColor
42 |     }
43 |     var traitCollectionDidChangeHandlers: [TraitCollectionHandlerType: (UITraitCollection) -> Void] = [:]
   |                                                                         `- error: cannot find type 'UITraitCollection' in scope
44 |
45 |     var hovered: Bool = false
[238/296] Compiling UIKitPlus StateStringBuilder.swift
/Users/admin/builder/spi-builder-workspace/Classes/Views/MacOS/MacOS+TextField.swift:864:19: warning: class '_Formatter' must restate inherited '@unchecked Sendable' conformance
862 | }
863 |
864 | fileprivate class _Formatter<TF>: NumberFormatter where TF: UTextField {
    |                   `- warning: class '_Formatter' must restate inherited '@unchecked Sendable' conformance
865 |     let tf: TF
866 |
/Users/admin/builder/spi-builder-workspace/Classes/Views/MacOS/MacOS+TextField.swift:539:38: warning: result of call to function returning 'Bool?' is unused
537 |     public func `return`() {
538 |         _innerDelegate.action()
539 |         _innerDelegate.newLineHandler?()
    |                                      `- warning: result of call to function returning 'Bool?' is unused
540 |     }
541 | }
/Users/admin/builder/spi-builder-workspace/Classes/Views/MacOS/MacOS+TextField.swift:591:14: warning: no method declared with Objective-C selector 'noop:'
589 |     func control(_ control: NSControl, textView: NSTextView, doCommandBy commandSelector: Selector) -> Bool {
590 |         switch commandSelector {
591 |         case "noop:": // any unsupported combination
    |              `- warning: no method declared with Objective-C selector 'noop:'
592 |             guard let event = NSApp.currentEvent else {
593 |                 return false
/Users/admin/builder/spi-builder-workspace/Classes/Objects/Properties.swift:43:73: error: cannot find type 'UITraitCollection' in scope
41 |         case borderColor, shadowColor
42 |     }
43 |     var traitCollectionDidChangeHandlers: [TraitCollectionHandlerType: (UITraitCollection) -> Void] = [:]
   |                                                                         `- error: cannot find type 'UITraitCollection' in scope
44 |
45 |     var hovered: Bool = false
[239/296] Compiling UIKitPlus UILayoutPriority.swift
/Users/admin/builder/spi-builder-workspace/Classes/Views/MacOS/MacOS+TextField.swift:864:19: warning: class '_Formatter' must restate inherited '@unchecked Sendable' conformance
862 | }
863 |
864 | fileprivate class _Formatter<TF>: NumberFormatter where TF: UTextField {
    |                   `- warning: class '_Formatter' must restate inherited '@unchecked Sendable' conformance
865 |     let tf: TF
866 |
/Users/admin/builder/spi-builder-workspace/Classes/Views/MacOS/MacOS+TextField.swift:539:38: warning: result of call to function returning 'Bool?' is unused
537 |     public func `return`() {
538 |         _innerDelegate.action()
539 |         _innerDelegate.newLineHandler?()
    |                                      `- warning: result of call to function returning 'Bool?' is unused
540 |     }
541 | }
/Users/admin/builder/spi-builder-workspace/Classes/Views/MacOS/MacOS+TextField.swift:591:14: warning: no method declared with Objective-C selector 'noop:'
589 |     func control(_ control: NSControl, textView: NSTextView, doCommandBy commandSelector: Selector) -> Bool {
590 |         switch commandSelector {
591 |         case "noop:": // any unsupported combination
    |              `- warning: no method declared with Objective-C selector 'noop:'
592 |             guard let event = NSApp.currentEvent else {
593 |                 return false
/Users/admin/builder/spi-builder-workspace/Classes/Objects/Properties.swift:43:73: error: cannot find type 'UITraitCollection' in scope
41 |         case borderColor, shadowColor
42 |     }
43 |     var traitCollectionDidChangeHandlers: [TraitCollectionHandlerType: (UITraitCollection) -> Void] = [:]
   |                                                                         `- error: cannot find type 'UITraitCollection' in scope
44 |
45 |     var hovered: Bool = false
[240/296] Compiling UIKitPlus ViewContext.swift
/Users/admin/builder/spi-builder-workspace/Classes/Views/MacOS/MacOS+TextField.swift:864:19: warning: class '_Formatter' must restate inherited '@unchecked Sendable' conformance
862 | }
863 |
864 | fileprivate class _Formatter<TF>: NumberFormatter where TF: UTextField {
    |                   `- warning: class '_Formatter' must restate inherited '@unchecked Sendable' conformance
865 |     let tf: TF
866 |
/Users/admin/builder/spi-builder-workspace/Classes/Views/MacOS/MacOS+TextField.swift:539:38: warning: result of call to function returning 'Bool?' is unused
537 |     public func `return`() {
538 |         _innerDelegate.action()
539 |         _innerDelegate.newLineHandler?()
    |                                      `- warning: result of call to function returning 'Bool?' is unused
540 |     }
541 | }
/Users/admin/builder/spi-builder-workspace/Classes/Views/MacOS/MacOS+TextField.swift:591:14: warning: no method declared with Objective-C selector 'noop:'
589 |     func control(_ control: NSControl, textView: NSTextView, doCommandBy commandSelector: Selector) -> Bool {
590 |         switch commandSelector {
591 |         case "noop:": // any unsupported combination
    |              `- warning: no method declared with Objective-C selector 'noop:'
592 |             guard let event = NSApp.currentEvent else {
593 |                 return false
/Users/admin/builder/spi-builder-workspace/Classes/Objects/Properties.swift:43:73: error: cannot find type 'UITraitCollection' in scope
41 |         case borderColor, shadowColor
42 |     }
43 |     var traitCollectionDidChangeHandlers: [TraitCollectionHandlerType: (UITraitCollection) -> Void] = [:]
   |                                                                         `- error: cannot find type 'UITraitCollection' in scope
44 |
45 |     var hovered: Bool = false
[241/296] Compiling UIKitPlus TextFieldStyle.swift
/Users/admin/builder/spi-builder-workspace/Classes/Views/MacOS/MacOS+TextField.swift:864:19: warning: class '_Formatter' must restate inherited '@unchecked Sendable' conformance
862 | }
863 |
864 | fileprivate class _Formatter<TF>: NumberFormatter where TF: UTextField {
    |                   `- warning: class '_Formatter' must restate inherited '@unchecked Sendable' conformance
865 |     let tf: TF
866 |
/Users/admin/builder/spi-builder-workspace/Classes/Views/MacOS/MacOS+TextField.swift:539:38: warning: result of call to function returning 'Bool?' is unused
537 |     public func `return`() {
538 |         _innerDelegate.action()
539 |         _innerDelegate.newLineHandler?()
    |                                      `- warning: result of call to function returning 'Bool?' is unused
540 |     }
541 | }
/Users/admin/builder/spi-builder-workspace/Classes/Views/MacOS/MacOS+TextField.swift:591:14: warning: no method declared with Objective-C selector 'noop:'
589 |     func control(_ control: NSControl, textView: NSTextView, doCommandBy commandSelector: Selector) -> Bool {
590 |         switch commandSelector {
591 |         case "noop:": // any unsupported combination
    |              `- warning: no method declared with Objective-C selector 'noop:'
592 |             guard let event = NSApp.currentEvent else {
593 |                 return false
/Users/admin/builder/spi-builder-workspace/Classes/Objects/Properties.swift:43:73: error: cannot find type 'UITraitCollection' in scope
41 |         case borderColor, shadowColor
42 |     }
43 |     var traitCollectionDidChangeHandlers: [TraitCollectionHandlerType: (UITraitCollection) -> Void] = [:]
   |                                                                         `- error: cannot find type 'UITraitCollection' in scope
44 |
45 |     var hovered: Bool = false
[242/296] Compiling UIKitPlus MacOS+Button.swift
/Users/admin/builder/spi-builder-workspace/Classes/Views/MacOS/MacOS+TextField.swift:864:19: warning: class '_Formatter' must restate inherited '@unchecked Sendable' conformance
862 | }
863 |
864 | fileprivate class _Formatter<TF>: NumberFormatter where TF: UTextField {
    |                   `- warning: class '_Formatter' must restate inherited '@unchecked Sendable' conformance
865 |     let tf: TF
866 |
/Users/admin/builder/spi-builder-workspace/Classes/Views/MacOS/MacOS+TextField.swift:539:38: warning: result of call to function returning 'Bool?' is unused
537 |     public func `return`() {
538 |         _innerDelegate.action()
539 |         _innerDelegate.newLineHandler?()
    |                                      `- warning: result of call to function returning 'Bool?' is unused
540 |     }
541 | }
/Users/admin/builder/spi-builder-workspace/Classes/Views/MacOS/MacOS+TextField.swift:591:14: warning: no method declared with Objective-C selector 'noop:'
589 |     func control(_ control: NSControl, textView: NSTextView, doCommandBy commandSelector: Selector) -> Bool {
590 |         switch commandSelector {
591 |         case "noop:": // any unsupported combination
    |              `- warning: no method declared with Objective-C selector 'noop:'
592 |             guard let event = NSApp.currentEvent else {
593 |                 return false
/Users/admin/builder/spi-builder-workspace/Classes/Objects/Properties.swift:43:73: error: cannot find type 'UITraitCollection' in scope
41 |         case borderColor, shadowColor
42 |     }
43 |     var traitCollectionDidChangeHandlers: [TraitCollectionHandlerType: (UITraitCollection) -> Void] = [:]
   |                                                                         `- error: cannot find type 'UITraitCollection' in scope
44 |
45 |     var hovered: Bool = false
[243/296] Compiling UIKitPlus MacOS+ImageView.swift
/Users/admin/builder/spi-builder-workspace/Classes/Views/MacOS/MacOS+TextField.swift:864:19: warning: class '_Formatter' must restate inherited '@unchecked Sendable' conformance
862 | }
863 |
864 | fileprivate class _Formatter<TF>: NumberFormatter where TF: UTextField {
    |                   `- warning: class '_Formatter' must restate inherited '@unchecked Sendable' conformance
865 |     let tf: TF
866 |
/Users/admin/builder/spi-builder-workspace/Classes/Views/MacOS/MacOS+TextField.swift:539:38: warning: result of call to function returning 'Bool?' is unused
537 |     public func `return`() {
538 |         _innerDelegate.action()
539 |         _innerDelegate.newLineHandler?()
    |                                      `- warning: result of call to function returning 'Bool?' is unused
540 |     }
541 | }
/Users/admin/builder/spi-builder-workspace/Classes/Views/MacOS/MacOS+TextField.swift:591:14: warning: no method declared with Objective-C selector 'noop:'
589 |     func control(_ control: NSControl, textView: NSTextView, doCommandBy commandSelector: Selector) -> Bool {
590 |         switch commandSelector {
591 |         case "noop:": // any unsupported combination
    |              `- warning: no method declared with Objective-C selector 'noop:'
592 |             guard let event = NSApp.currentEvent else {
593 |                 return false
/Users/admin/builder/spi-builder-workspace/Classes/Objects/Properties.swift:43:73: error: cannot find type 'UITraitCollection' in scope
41 |         case borderColor, shadowColor
42 |     }
43 |     var traitCollectionDidChangeHandlers: [TraitCollectionHandlerType: (UITraitCollection) -> Void] = [:]
   |                                                                         `- error: cannot find type 'UITraitCollection' in scope
44 |
45 |     var hovered: Bool = false
[244/296] Compiling UIKitPlus MacOS+ScrollView.swift
/Users/admin/builder/spi-builder-workspace/Classes/Views/MacOS/MacOS+TextField.swift:864:19: warning: class '_Formatter' must restate inherited '@unchecked Sendable' conformance
862 | }
863 |
864 | fileprivate class _Formatter<TF>: NumberFormatter where TF: UTextField {
    |                   `- warning: class '_Formatter' must restate inherited '@unchecked Sendable' conformance
865 |     let tf: TF
866 |
/Users/admin/builder/spi-builder-workspace/Classes/Views/MacOS/MacOS+TextField.swift:539:38: warning: result of call to function returning 'Bool?' is unused
537 |     public func `return`() {
538 |         _innerDelegate.action()
539 |         _innerDelegate.newLineHandler?()
    |                                      `- warning: result of call to function returning 'Bool?' is unused
540 |     }
541 | }
/Users/admin/builder/spi-builder-workspace/Classes/Views/MacOS/MacOS+TextField.swift:591:14: warning: no method declared with Objective-C selector 'noop:'
589 |     func control(_ control: NSControl, textView: NSTextView, doCommandBy commandSelector: Selector) -> Bool {
590 |         switch commandSelector {
591 |         case "noop:": // any unsupported combination
    |              `- warning: no method declared with Objective-C selector 'noop:'
592 |             guard let event = NSApp.currentEvent else {
593 |                 return false
/Users/admin/builder/spi-builder-workspace/Classes/Objects/Properties.swift:43:73: error: cannot find type 'UITraitCollection' in scope
41 |         case borderColor, shadowColor
42 |     }
43 |     var traitCollectionDidChangeHandlers: [TraitCollectionHandlerType: (UITraitCollection) -> Void] = [:]
   |                                                                         `- error: cannot find type 'UITraitCollection' in scope
44 |
45 |     var hovered: Bool = false
[245/296] Compiling UIKitPlus MacOS+Text.swift
/Users/admin/builder/spi-builder-workspace/Classes/Views/MacOS/MacOS+TextField.swift:864:19: warning: class '_Formatter' must restate inherited '@unchecked Sendable' conformance
862 | }
863 |
864 | fileprivate class _Formatter<TF>: NumberFormatter where TF: UTextField {
    |                   `- warning: class '_Formatter' must restate inherited '@unchecked Sendable' conformance
865 |     let tf: TF
866 |
/Users/admin/builder/spi-builder-workspace/Classes/Views/MacOS/MacOS+TextField.swift:539:38: warning: result of call to function returning 'Bool?' is unused
537 |     public func `return`() {
538 |         _innerDelegate.action()
539 |         _innerDelegate.newLineHandler?()
    |                                      `- warning: result of call to function returning 'Bool?' is unused
540 |     }
541 | }
/Users/admin/builder/spi-builder-workspace/Classes/Views/MacOS/MacOS+TextField.swift:591:14: warning: no method declared with Objective-C selector 'noop:'
589 |     func control(_ control: NSControl, textView: NSTextView, doCommandBy commandSelector: Selector) -> Bool {
590 |         switch commandSelector {
591 |         case "noop:": // any unsupported combination
    |              `- warning: no method declared with Objective-C selector 'noop:'
592 |             guard let event = NSApp.currentEvent else {
593 |                 return false
/Users/admin/builder/spi-builder-workspace/Classes/Objects/Properties.swift:43:73: error: cannot find type 'UITraitCollection' in scope
41 |         case borderColor, shadowColor
42 |     }
43 |     var traitCollectionDidChangeHandlers: [TraitCollectionHandlerType: (UITraitCollection) -> Void] = [:]
   |                                                                         `- error: cannot find type 'UITraitCollection' in scope
44 |
45 |     var hovered: Bool = false
[246/296] Compiling UIKitPlus MacOS+TextField.swift
/Users/admin/builder/spi-builder-workspace/Classes/Views/MacOS/MacOS+TextField.swift:864:19: warning: class '_Formatter' must restate inherited '@unchecked Sendable' conformance
862 | }
863 |
864 | fileprivate class _Formatter<TF>: NumberFormatter where TF: UTextField {
    |                   `- warning: class '_Formatter' must restate inherited '@unchecked Sendable' conformance
865 |     let tf: TF
866 |
/Users/admin/builder/spi-builder-workspace/Classes/Views/MacOS/MacOS+TextField.swift:539:38: warning: result of call to function returning 'Bool?' is unused
537 |     public func `return`() {
538 |         _innerDelegate.action()
539 |         _innerDelegate.newLineHandler?()
    |                                      `- warning: result of call to function returning 'Bool?' is unused
540 |     }
541 | }
/Users/admin/builder/spi-builder-workspace/Classes/Views/MacOS/MacOS+TextField.swift:591:14: warning: no method declared with Objective-C selector 'noop:'
589 |     func control(_ control: NSControl, textView: NSTextView, doCommandBy commandSelector: Selector) -> Bool {
590 |         switch commandSelector {
591 |         case "noop:": // any unsupported combination
    |              `- warning: no method declared with Objective-C selector 'noop:'
592 |             guard let event = NSApp.currentEvent else {
593 |                 return false
/Users/admin/builder/spi-builder-workspace/Classes/Objects/Properties.swift:43:73: error: cannot find type 'UITraitCollection' in scope
41 |         case borderColor, shadowColor
42 |     }
43 |     var traitCollectionDidChangeHandlers: [TraitCollectionHandlerType: (UITraitCollection) -> Void] = [:]
   |                                                                         `- error: cannot find type 'UITraitCollection' in scope
44 |
45 |     var hovered: Bool = false
[247/296] Compiling UIKitPlus GestureDelegator.swift
/Users/admin/builder/spi-builder-workspace/Classes/Objects/Properties.swift:43:73: error: cannot find type 'UITraitCollection' in scope
41 |         case borderColor, shadowColor
42 |     }
43 |     var traitCollectionDidChangeHandlers: [TraitCollectionHandlerType: (UITraitCollection) -> Void] = [:]
   |                                                                         `- error: cannot find type 'UITraitCollection' in scope
44 |
45 |     var hovered: Bool = false
/Users/admin/builder/spi-builder-workspace/Classes/Controllers/MacOS+NavigationController.swift:12:19: warning: extraneous whitespace between attribute name and '('; this is an error in the Swift 6 language mode
 10 |
 11 | public class NavigationController: ViewController {
 12 |     public private (set) var viewControllers: [ViewController] = []
    |                   `- warning: extraneous whitespace between attribute name and '('; this is an error in the Swift 6 language mode
 13 |
 14 |     public let rootViewController: ViewController
/Users/admin/builder/spi-builder-workspace/Classes/Objects/SwipeGestureRecognizer.swift:89:17: warning: result of call to function returning 'Unmanaged<AnyObject>?' is unused
 87 |     func happenedLeft() {
 88 |         guard direction == .left, let action = action else { return }
 89 |         target?.perform(action, with: self)
    |                 `- warning: result of call to function returning 'Unmanaged<AnyObject>?' is unused
 90 |     }
 91 |
/Users/admin/builder/spi-builder-workspace/Classes/Objects/SwipeGestureRecognizer.swift:94:17: warning: result of call to function returning 'Unmanaged<AnyObject>?' is unused
 92 |     func happenedRight() {
 93 |         guard direction == .right, let action = action else { return }
 94 |         target?.perform(action, with: self)
    |                 `- warning: result of call to function returning 'Unmanaged<AnyObject>?' is unused
 95 |     }
 96 |
/Users/admin/builder/spi-builder-workspace/Classes/Objects/SwipeGestureRecognizer.swift:99:17: warning: result of call to function returning 'Unmanaged<AnyObject>?' is unused
 97 |     func happenedUp() {
 98 |         guard direction == .up, let action = action else { return }
 99 |         target?.perform(action, with: self)
    |                 `- warning: result of call to function returning 'Unmanaged<AnyObject>?' is unused
100 |     }
101 |
/Users/admin/builder/spi-builder-workspace/Classes/Objects/SwipeGestureRecognizer.swift:104:17: warning: result of call to function returning 'Unmanaged<AnyObject>?' is unused
102 |     func happenedDown() {
103 |         guard direction == .down, let action = action else { return }
104 |         target?.perform(action, with: self)
    |                 `- warning: result of call to function returning 'Unmanaged<AnyObject>?' is unused
105 |     }
106 |
[248/296] Compiling UIKitPlus GestureTracker.swift
/Users/admin/builder/spi-builder-workspace/Classes/Objects/Properties.swift:43:73: error: cannot find type 'UITraitCollection' in scope
41 |         case borderColor, shadowColor
42 |     }
43 |     var traitCollectionDidChangeHandlers: [TraitCollectionHandlerType: (UITraitCollection) -> Void] = [:]
   |                                                                         `- error: cannot find type 'UITraitCollection' in scope
44 |
45 |     var hovered: Bool = false
/Users/admin/builder/spi-builder-workspace/Classes/Controllers/MacOS+NavigationController.swift:12:19: warning: extraneous whitespace between attribute name and '('; this is an error in the Swift 6 language mode
 10 |
 11 | public class NavigationController: ViewController {
 12 |     public private (set) var viewControllers: [ViewController] = []
    |                   `- warning: extraneous whitespace between attribute name and '('; this is an error in the Swift 6 language mode
 13 |
 14 |     public let rootViewController: ViewController
/Users/admin/builder/spi-builder-workspace/Classes/Objects/SwipeGestureRecognizer.swift:89:17: warning: result of call to function returning 'Unmanaged<AnyObject>?' is unused
 87 |     func happenedLeft() {
 88 |         guard direction == .left, let action = action else { return }
 89 |         target?.perform(action, with: self)
    |                 `- warning: result of call to function returning 'Unmanaged<AnyObject>?' is unused
 90 |     }
 91 |
/Users/admin/builder/spi-builder-workspace/Classes/Objects/SwipeGestureRecognizer.swift:94:17: warning: result of call to function returning 'Unmanaged<AnyObject>?' is unused
 92 |     func happenedRight() {
 93 |         guard direction == .right, let action = action else { return }
 94 |         target?.perform(action, with: self)
    |                 `- warning: result of call to function returning 'Unmanaged<AnyObject>?' is unused
 95 |     }
 96 |
/Users/admin/builder/spi-builder-workspace/Classes/Objects/SwipeGestureRecognizer.swift:99:17: warning: result of call to function returning 'Unmanaged<AnyObject>?' is unused
 97 |     func happenedUp() {
 98 |         guard direction == .up, let action = action else { return }
 99 |         target?.perform(action, with: self)
    |                 `- warning: result of call to function returning 'Unmanaged<AnyObject>?' is unused
100 |     }
101 |
/Users/admin/builder/spi-builder-workspace/Classes/Objects/SwipeGestureRecognizer.swift:104:17: warning: result of call to function returning 'Unmanaged<AnyObject>?' is unused
102 |     func happenedDown() {
103 |         guard direction == .down, let action = action else { return }
104 |         target?.perform(action, with: self)
    |                 `- warning: result of call to function returning 'Unmanaged<AnyObject>?' is unused
105 |     }
106 |
[249/296] Compiling UIKitPlus HoverGestureRecognizer.swift
/Users/admin/builder/spi-builder-workspace/Classes/Objects/Properties.swift:43:73: error: cannot find type 'UITraitCollection' in scope
41 |         case borderColor, shadowColor
42 |     }
43 |     var traitCollectionDidChangeHandlers: [TraitCollectionHandlerType: (UITraitCollection) -> Void] = [:]
   |                                                                         `- error: cannot find type 'UITraitCollection' in scope
44 |
45 |     var hovered: Bool = false
/Users/admin/builder/spi-builder-workspace/Classes/Controllers/MacOS+NavigationController.swift:12:19: warning: extraneous whitespace between attribute name and '('; this is an error in the Swift 6 language mode
 10 |
 11 | public class NavigationController: ViewController {
 12 |     public private (set) var viewControllers: [ViewController] = []
    |                   `- warning: extraneous whitespace between attribute name and '('; this is an error in the Swift 6 language mode
 13 |
 14 |     public let rootViewController: ViewController
/Users/admin/builder/spi-builder-workspace/Classes/Objects/SwipeGestureRecognizer.swift:89:17: warning: result of call to function returning 'Unmanaged<AnyObject>?' is unused
 87 |     func happenedLeft() {
 88 |         guard direction == .left, let action = action else { return }
 89 |         target?.perform(action, with: self)
    |                 `- warning: result of call to function returning 'Unmanaged<AnyObject>?' is unused
 90 |     }
 91 |
/Users/admin/builder/spi-builder-workspace/Classes/Objects/SwipeGestureRecognizer.swift:94:17: warning: result of call to function returning 'Unmanaged<AnyObject>?' is unused
 92 |     func happenedRight() {
 93 |         guard direction == .right, let action = action else { return }
 94 |         target?.perform(action, with: self)
    |                 `- warning: result of call to function returning 'Unmanaged<AnyObject>?' is unused
 95 |     }
 96 |
/Users/admin/builder/spi-builder-workspace/Classes/Objects/SwipeGestureRecognizer.swift:99:17: warning: result of call to function returning 'Unmanaged<AnyObject>?' is unused
 97 |     func happenedUp() {
 98 |         guard direction == .up, let action = action else { return }
 99 |         target?.perform(action, with: self)
    |                 `- warning: result of call to function returning 'Unmanaged<AnyObject>?' is unused
100 |     }
101 |
/Users/admin/builder/spi-builder-workspace/Classes/Objects/SwipeGestureRecognizer.swift:104:17: warning: result of call to function returning 'Unmanaged<AnyObject>?' is unused
102 |     func happenedDown() {
103 |         guard direction == .down, let action = action else { return }
104 |         target?.perform(action, with: self)
    |                 `- warning: result of call to function returning 'Unmanaged<AnyObject>?' is unused
105 |     }
106 |
[250/296] Compiling UIKitPlus ImageLoader.swift
/Users/admin/builder/spi-builder-workspace/Classes/Objects/Properties.swift:43:73: error: cannot find type 'UITraitCollection' in scope
41 |         case borderColor, shadowColor
42 |     }
43 |     var traitCollectionDidChangeHandlers: [TraitCollectionHandlerType: (UITraitCollection) -> Void] = [:]
   |                                                                         `- error: cannot find type 'UITraitCollection' in scope
44 |
45 |     var hovered: Bool = false
/Users/admin/builder/spi-builder-workspace/Classes/Controllers/MacOS+NavigationController.swift:12:19: warning: extraneous whitespace between attribute name and '('; this is an error in the Swift 6 language mode
 10 |
 11 | public class NavigationController: ViewController {
 12 |     public private (set) var viewControllers: [ViewController] = []
    |                   `- warning: extraneous whitespace between attribute name and '('; this is an error in the Swift 6 language mode
 13 |
 14 |     public let rootViewController: ViewController
/Users/admin/builder/spi-builder-workspace/Classes/Objects/SwipeGestureRecognizer.swift:89:17: warning: result of call to function returning 'Unmanaged<AnyObject>?' is unused
 87 |     func happenedLeft() {
 88 |         guard direction == .left, let action = action else { return }
 89 |         target?.perform(action, with: self)
    |                 `- warning: result of call to function returning 'Unmanaged<AnyObject>?' is unused
 90 |     }
 91 |
/Users/admin/builder/spi-builder-workspace/Classes/Objects/SwipeGestureRecognizer.swift:94:17: warning: result of call to function returning 'Unmanaged<AnyObject>?' is unused
 92 |     func happenedRight() {
 93 |         guard direction == .right, let action = action else { return }
 94 |         target?.perform(action, with: self)
    |                 `- warning: result of call to function returning 'Unmanaged<AnyObject>?' is unused
 95 |     }
 96 |
/Users/admin/builder/spi-builder-workspace/Classes/Objects/SwipeGestureRecognizer.swift:99:17: warning: result of call to function returning 'Unmanaged<AnyObject>?' is unused
 97 |     func happenedUp() {
 98 |         guard direction == .up, let action = action else { return }
 99 |         target?.perform(action, with: self)
    |                 `- warning: result of call to function returning 'Unmanaged<AnyObject>?' is unused
100 |     }
101 |
/Users/admin/builder/spi-builder-workspace/Classes/Objects/SwipeGestureRecognizer.swift:104:17: warning: result of call to function returning 'Unmanaged<AnyObject>?' is unused
102 |     func happenedDown() {
103 |         guard direction == .down, let action = action else { return }
104 |         target?.perform(action, with: self)
    |                 `- warning: result of call to function returning 'Unmanaged<AnyObject>?' is unused
105 |     }
106 |
[251/296] Compiling UIKitPlus ImpactFeedback.swift
/Users/admin/builder/spi-builder-workspace/Classes/Objects/Properties.swift:43:73: error: cannot find type 'UITraitCollection' in scope
41 |         case borderColor, shadowColor
42 |     }
43 |     var traitCollectionDidChangeHandlers: [TraitCollectionHandlerType: (UITraitCollection) -> Void] = [:]
   |                                                                         `- error: cannot find type 'UITraitCollection' in scope
44 |
45 |     var hovered: Bool = false
/Users/admin/builder/spi-builder-workspace/Classes/Controllers/MacOS+NavigationController.swift:12:19: warning: extraneous whitespace between attribute name and '('; this is an error in the Swift 6 language mode
 10 |
 11 | public class NavigationController: ViewController {
 12 |     public private (set) var viewControllers: [ViewController] = []
    |                   `- warning: extraneous whitespace between attribute name and '('; this is an error in the Swift 6 language mode
 13 |
 14 |     public let rootViewController: ViewController
/Users/admin/builder/spi-builder-workspace/Classes/Objects/SwipeGestureRecognizer.swift:89:17: warning: result of call to function returning 'Unmanaged<AnyObject>?' is unused
 87 |     func happenedLeft() {
 88 |         guard direction == .left, let action = action else { return }
 89 |         target?.perform(action, with: self)
    |                 `- warning: result of call to function returning 'Unmanaged<AnyObject>?' is unused
 90 |     }
 91 |
/Users/admin/builder/spi-builder-workspace/Classes/Objects/SwipeGestureRecognizer.swift:94:17: warning: result of call to function returning 'Unmanaged<AnyObject>?' is unused
 92 |     func happenedRight() {
 93 |         guard direction == .right, let action = action else { return }
 94 |         target?.perform(action, with: self)
    |                 `- warning: result of call to function returning 'Unmanaged<AnyObject>?' is unused
 95 |     }
 96 |
/Users/admin/builder/spi-builder-workspace/Classes/Objects/SwipeGestureRecognizer.swift:99:17: warning: result of call to function returning 'Unmanaged<AnyObject>?' is unused
 97 |     func happenedUp() {
 98 |         guard direction == .up, let action = action else { return }
 99 |         target?.perform(action, with: self)
    |                 `- warning: result of call to function returning 'Unmanaged<AnyObject>?' is unused
100 |     }
101 |
/Users/admin/builder/spi-builder-workspace/Classes/Objects/SwipeGestureRecognizer.swift:104:17: warning: result of call to function returning 'Unmanaged<AnyObject>?' is unused
102 |     func happenedDown() {
103 |         guard direction == .down, let action = action else { return }
104 |         target?.perform(action, with: self)
    |                 `- warning: result of call to function returning 'Unmanaged<AnyObject>?' is unused
105 |     }
106 |
[252/296] Compiling UIKitPlus Localization.swift
/Users/admin/builder/spi-builder-workspace/Classes/Objects/Properties.swift:43:73: error: cannot find type 'UITraitCollection' in scope
41 |         case borderColor, shadowColor
42 |     }
43 |     var traitCollectionDidChangeHandlers: [TraitCollectionHandlerType: (UITraitCollection) -> Void] = [:]
   |                                                                         `- error: cannot find type 'UITraitCollection' in scope
44 |
45 |     var hovered: Bool = false
/Users/admin/builder/spi-builder-workspace/Classes/Controllers/MacOS+NavigationController.swift:12:19: warning: extraneous whitespace between attribute name and '('; this is an error in the Swift 6 language mode
 10 |
 11 | public class NavigationController: ViewController {
 12 |     public private (set) var viewControllers: [ViewController] = []
    |                   `- warning: extraneous whitespace between attribute name and '('; this is an error in the Swift 6 language mode
 13 |
 14 |     public let rootViewController: ViewController
/Users/admin/builder/spi-builder-workspace/Classes/Objects/SwipeGestureRecognizer.swift:89:17: warning: result of call to function returning 'Unmanaged<AnyObject>?' is unused
 87 |     func happenedLeft() {
 88 |         guard direction == .left, let action = action else { return }
 89 |         target?.perform(action, with: self)
    |                 `- warning: result of call to function returning 'Unmanaged<AnyObject>?' is unused
 90 |     }
 91 |
/Users/admin/builder/spi-builder-workspace/Classes/Objects/SwipeGestureRecognizer.swift:94:17: warning: result of call to function returning 'Unmanaged<AnyObject>?' is unused
 92 |     func happenedRight() {
 93 |         guard direction == .right, let action = action else { return }
 94 |         target?.perform(action, with: self)
    |                 `- warning: result of call to function returning 'Unmanaged<AnyObject>?' is unused
 95 |     }
 96 |
/Users/admin/builder/spi-builder-workspace/Classes/Objects/SwipeGestureRecognizer.swift:99:17: warning: result of call to function returning 'Unmanaged<AnyObject>?' is unused
 97 |     func happenedUp() {
 98 |         guard direction == .up, let action = action else { return }
 99 |         target?.perform(action, with: self)
    |                 `- warning: result of call to function returning 'Unmanaged<AnyObject>?' is unused
100 |     }
101 |
/Users/admin/builder/spi-builder-workspace/Classes/Objects/SwipeGestureRecognizer.swift:104:17: warning: result of call to function returning 'Unmanaged<AnyObject>?' is unused
102 |     func happenedDown() {
103 |         guard direction == .down, let action = action else { return }
104 |         target?.perform(action, with: self)
    |                 `- warning: result of call to function returning 'Unmanaged<AnyObject>?' is unused
105 |     }
106 |
[253/296] Compiling UIKitPlus LongPressGestureRecognizer.swift
/Users/admin/builder/spi-builder-workspace/Classes/Objects/Properties.swift:43:73: error: cannot find type 'UITraitCollection' in scope
41 |         case borderColor, shadowColor
42 |     }
43 |     var traitCollectionDidChangeHandlers: [TraitCollectionHandlerType: (UITraitCollection) -> Void] = [:]
   |                                                                         `- error: cannot find type 'UITraitCollection' in scope
44 |
45 |     var hovered: Bool = false
/Users/admin/builder/spi-builder-workspace/Classes/Controllers/MacOS+NavigationController.swift:12:19: warning: extraneous whitespace between attribute name and '('; this is an error in the Swift 6 language mode
 10 |
 11 | public class NavigationController: ViewController {
 12 |     public private (set) var viewControllers: [ViewController] = []
    |                   `- warning: extraneous whitespace between attribute name and '('; this is an error in the Swift 6 language mode
 13 |
 14 |     public let rootViewController: ViewController
/Users/admin/builder/spi-builder-workspace/Classes/Objects/SwipeGestureRecognizer.swift:89:17: warning: result of call to function returning 'Unmanaged<AnyObject>?' is unused
 87 |     func happenedLeft() {
 88 |         guard direction == .left, let action = action else { return }
 89 |         target?.perform(action, with: self)
    |                 `- warning: result of call to function returning 'Unmanaged<AnyObject>?' is unused
 90 |     }
 91 |
/Users/admin/builder/spi-builder-workspace/Classes/Objects/SwipeGestureRecognizer.swift:94:17: warning: result of call to function returning 'Unmanaged<AnyObject>?' is unused
 92 |     func happenedRight() {
 93 |         guard direction == .right, let action = action else { return }
 94 |         target?.perform(action, with: self)
    |                 `- warning: result of call to function returning 'Unmanaged<AnyObject>?' is unused
 95 |     }
 96 |
/Users/admin/builder/spi-builder-workspace/Classes/Objects/SwipeGestureRecognizer.swift:99:17: warning: result of call to function returning 'Unmanaged<AnyObject>?' is unused
 97 |     func happenedUp() {
 98 |         guard direction == .up, let action = action else { return }
 99 |         target?.perform(action, with: self)
    |                 `- warning: result of call to function returning 'Unmanaged<AnyObject>?' is unused
100 |     }
101 |
/Users/admin/builder/spi-builder-workspace/Classes/Objects/SwipeGestureRecognizer.swift:104:17: warning: result of call to function returning 'Unmanaged<AnyObject>?' is unused
102 |     func happenedDown() {
103 |         guard direction == .down, let action = action else { return }
104 |         target?.perform(action, with: self)
    |                 `- warning: result of call to function returning 'Unmanaged<AnyObject>?' is unused
105 |     }
106 |
[254/296] Compiling UIKitPlus MagnificationGestureRecognizer.swift
/Users/admin/builder/spi-builder-workspace/Classes/Objects/Properties.swift:43:73: error: cannot find type 'UITraitCollection' in scope
41 |         case borderColor, shadowColor
42 |     }
43 |     var traitCollectionDidChangeHandlers: [TraitCollectionHandlerType: (UITraitCollection) -> Void] = [:]
   |                                                                         `- error: cannot find type 'UITraitCollection' in scope
44 |
45 |     var hovered: Bool = false
/Users/admin/builder/spi-builder-workspace/Classes/Controllers/MacOS+NavigationController.swift:12:19: warning: extraneous whitespace between attribute name and '('; this is an error in the Swift 6 language mode
 10 |
 11 | public class NavigationController: ViewController {
 12 |     public private (set) var viewControllers: [ViewController] = []
    |                   `- warning: extraneous whitespace between attribute name and '('; this is an error in the Swift 6 language mode
 13 |
 14 |     public let rootViewController: ViewController
/Users/admin/builder/spi-builder-workspace/Classes/Objects/SwipeGestureRecognizer.swift:89:17: warning: result of call to function returning 'Unmanaged<AnyObject>?' is unused
 87 |     func happenedLeft() {
 88 |         guard direction == .left, let action = action else { return }
 89 |         target?.perform(action, with: self)
    |                 `- warning: result of call to function returning 'Unmanaged<AnyObject>?' is unused
 90 |     }
 91 |
/Users/admin/builder/spi-builder-workspace/Classes/Objects/SwipeGestureRecognizer.swift:94:17: warning: result of call to function returning 'Unmanaged<AnyObject>?' is unused
 92 |     func happenedRight() {
 93 |         guard direction == .right, let action = action else { return }
 94 |         target?.perform(action, with: self)
    |                 `- warning: result of call to function returning 'Unmanaged<AnyObject>?' is unused
 95 |     }
 96 |
/Users/admin/builder/spi-builder-workspace/Classes/Objects/SwipeGestureRecognizer.swift:99:17: warning: result of call to function returning 'Unmanaged<AnyObject>?' is unused
 97 |     func happenedUp() {
 98 |         guard direction == .up, let action = action else { return }
 99 |         target?.perform(action, with: self)
    |                 `- warning: result of call to function returning 'Unmanaged<AnyObject>?' is unused
100 |     }
101 |
/Users/admin/builder/spi-builder-workspace/Classes/Objects/SwipeGestureRecognizer.swift:104:17: warning: result of call to function returning 'Unmanaged<AnyObject>?' is unused
102 |     func happenedDown() {
103 |         guard direction == .down, let action = action else { return }
104 |         target?.perform(action, with: self)
    |                 `- warning: result of call to function returning 'Unmanaged<AnyObject>?' is unused
105 |     }
106 |
[255/296] Compiling UIKitPlus PanGestureRecognizer.swift
/Users/admin/builder/spi-builder-workspace/Classes/Objects/Properties.swift:43:73: error: cannot find type 'UITraitCollection' in scope
41 |         case borderColor, shadowColor
42 |     }
43 |     var traitCollectionDidChangeHandlers: [TraitCollectionHandlerType: (UITraitCollection) -> Void] = [:]
   |                                                                         `- error: cannot find type 'UITraitCollection' in scope
44 |
45 |     var hovered: Bool = false
/Users/admin/builder/spi-builder-workspace/Classes/Controllers/MacOS+NavigationController.swift:12:19: warning: extraneous whitespace between attribute name and '('; this is an error in the Swift 6 language mode
 10 |
 11 | public class NavigationController: ViewController {
 12 |     public private (set) var viewControllers: [ViewController] = []
    |                   `- warning: extraneous whitespace between attribute name and '('; this is an error in the Swift 6 language mode
 13 |
 14 |     public let rootViewController: ViewController
/Users/admin/builder/spi-builder-workspace/Classes/Objects/SwipeGestureRecognizer.swift:89:17: warning: result of call to function returning 'Unmanaged<AnyObject>?' is unused
 87 |     func happenedLeft() {
 88 |         guard direction == .left, let action = action else { return }
 89 |         target?.perform(action, with: self)
    |                 `- warning: result of call to function returning 'Unmanaged<AnyObject>?' is unused
 90 |     }
 91 |
/Users/admin/builder/spi-builder-workspace/Classes/Objects/SwipeGestureRecognizer.swift:94:17: warning: result of call to function returning 'Unmanaged<AnyObject>?' is unused
 92 |     func happenedRight() {
 93 |         guard direction == .right, let action = action else { return }
 94 |         target?.perform(action, with: self)
    |                 `- warning: result of call to function returning 'Unmanaged<AnyObject>?' is unused
 95 |     }
 96 |
/Users/admin/builder/spi-builder-workspace/Classes/Objects/SwipeGestureRecognizer.swift:99:17: warning: result of call to function returning 'Unmanaged<AnyObject>?' is unused
 97 |     func happenedUp() {
 98 |         guard direction == .up, let action = action else { return }
 99 |         target?.perform(action, with: self)
    |                 `- warning: result of call to function returning 'Unmanaged<AnyObject>?' is unused
100 |     }
101 |
/Users/admin/builder/spi-builder-workspace/Classes/Objects/SwipeGestureRecognizer.swift:104:17: warning: result of call to function returning 'Unmanaged<AnyObject>?' is unused
102 |     func happenedDown() {
103 |         guard direction == .down, let action = action else { return }
104 |         target?.perform(action, with: self)
    |                 `- warning: result of call to function returning 'Unmanaged<AnyObject>?' is unused
105 |     }
106 |
[256/296] Compiling UIKitPlus ParagraphStyle.swift
/Users/admin/builder/spi-builder-workspace/Classes/Objects/Properties.swift:43:73: error: cannot find type 'UITraitCollection' in scope
41 |         case borderColor, shadowColor
42 |     }
43 |     var traitCollectionDidChangeHandlers: [TraitCollectionHandlerType: (UITraitCollection) -> Void] = [:]
   |                                                                         `- error: cannot find type 'UITraitCollection' in scope
44 |
45 |     var hovered: Bool = false
/Users/admin/builder/spi-builder-workspace/Classes/Controllers/MacOS+NavigationController.swift:12:19: warning: extraneous whitespace between attribute name and '('; this is an error in the Swift 6 language mode
 10 |
 11 | public class NavigationController: ViewController {
 12 |     public private (set) var viewControllers: [ViewController] = []
    |                   `- warning: extraneous whitespace between attribute name and '('; this is an error in the Swift 6 language mode
 13 |
 14 |     public let rootViewController: ViewController
/Users/admin/builder/spi-builder-workspace/Classes/Objects/SwipeGestureRecognizer.swift:89:17: warning: result of call to function returning 'Unmanaged<AnyObject>?' is unused
 87 |     func happenedLeft() {
 88 |         guard direction == .left, let action = action else { return }
 89 |         target?.perform(action, with: self)
    |                 `- warning: result of call to function returning 'Unmanaged<AnyObject>?' is unused
 90 |     }
 91 |
/Users/admin/builder/spi-builder-workspace/Classes/Objects/SwipeGestureRecognizer.swift:94:17: warning: result of call to function returning 'Unmanaged<AnyObject>?' is unused
 92 |     func happenedRight() {
 93 |         guard direction == .right, let action = action else { return }
 94 |         target?.perform(action, with: self)
    |                 `- warning: result of call to function returning 'Unmanaged<AnyObject>?' is unused
 95 |     }
 96 |
/Users/admin/builder/spi-builder-workspace/Classes/Objects/SwipeGestureRecognizer.swift:99:17: warning: result of call to function returning 'Unmanaged<AnyObject>?' is unused
 97 |     func happenedUp() {
 98 |         guard direction == .up, let action = action else { return }
 99 |         target?.perform(action, with: self)
    |                 `- warning: result of call to function returning 'Unmanaged<AnyObject>?' is unused
100 |     }
101 |
/Users/admin/builder/spi-builder-workspace/Classes/Objects/SwipeGestureRecognizer.swift:104:17: warning: result of call to function returning 'Unmanaged<AnyObject>?' is unused
102 |     func happenedDown() {
103 |         guard direction == .down, let action = action else { return }
104 |         target?.perform(action, with: self)
    |                 `- warning: result of call to function returning 'Unmanaged<AnyObject>?' is unused
105 |     }
106 |
[257/296] Compiling UIKitPlus PinchGestureRecognizer.swift
/Users/admin/builder/spi-builder-workspace/Classes/Objects/Properties.swift:43:73: error: cannot find type 'UITraitCollection' in scope
41 |         case borderColor, shadowColor
42 |     }
43 |     var traitCollectionDidChangeHandlers: [TraitCollectionHandlerType: (UITraitCollection) -> Void] = [:]
   |                                                                         `- error: cannot find type 'UITraitCollection' in scope
44 |
45 |     var hovered: Bool = false
/Users/admin/builder/spi-builder-workspace/Classes/Controllers/MacOS+NavigationController.swift:12:19: warning: extraneous whitespace between attribute name and '('; this is an error in the Swift 6 language mode
 10 |
 11 | public class NavigationController: ViewController {
 12 |     public private (set) var viewControllers: [ViewController] = []
    |                   `- warning: extraneous whitespace between attribute name and '('; this is an error in the Swift 6 language mode
 13 |
 14 |     public let rootViewController: ViewController
/Users/admin/builder/spi-builder-workspace/Classes/Objects/SwipeGestureRecognizer.swift:89:17: warning: result of call to function returning 'Unmanaged<AnyObject>?' is unused
 87 |     func happenedLeft() {
 88 |         guard direction == .left, let action = action else { return }
 89 |         target?.perform(action, with: self)
    |                 `- warning: result of call to function returning 'Unmanaged<AnyObject>?' is unused
 90 |     }
 91 |
/Users/admin/builder/spi-builder-workspace/Classes/Objects/SwipeGestureRecognizer.swift:94:17: warning: result of call to function returning 'Unmanaged<AnyObject>?' is unused
 92 |     func happenedRight() {
 93 |         guard direction == .right, let action = action else { return }
 94 |         target?.perform(action, with: self)
    |                 `- warning: result of call to function returning 'Unmanaged<AnyObject>?' is unused
 95 |     }
 96 |
/Users/admin/builder/spi-builder-workspace/Classes/Objects/SwipeGestureRecognizer.swift:99:17: warning: result of call to function returning 'Unmanaged<AnyObject>?' is unused
 97 |     func happenedUp() {
 98 |         guard direction == .up, let action = action else { return }
 99 |         target?.perform(action, with: self)
    |                 `- warning: result of call to function returning 'Unmanaged<AnyObject>?' is unused
100 |     }
101 |
/Users/admin/builder/spi-builder-workspace/Classes/Objects/SwipeGestureRecognizer.swift:104:17: warning: result of call to function returning 'Unmanaged<AnyObject>?' is unused
102 |     func happenedDown() {
103 |         guard direction == .down, let action = action else { return }
104 |         target?.perform(action, with: self)
    |                 `- warning: result of call to function returning 'Unmanaged<AnyObject>?' is unused
105 |     }
106 |
[258/296] Compiling UIKitPlus PreConstraint.swift
/Users/admin/builder/spi-builder-workspace/Classes/Objects/Properties.swift:43:73: error: cannot find type 'UITraitCollection' in scope
41 |         case borderColor, shadowColor
42 |     }
43 |     var traitCollectionDidChangeHandlers: [TraitCollectionHandlerType: (UITraitCollection) -> Void] = [:]
   |                                                                         `- error: cannot find type 'UITraitCollection' in scope
44 |
45 |     var hovered: Bool = false
/Users/admin/builder/spi-builder-workspace/Classes/Controllers/MacOS+NavigationController.swift:12:19: warning: extraneous whitespace between attribute name and '('; this is an error in the Swift 6 language mode
 10 |
 11 | public class NavigationController: ViewController {
 12 |     public private (set) var viewControllers: [ViewController] = []
    |                   `- warning: extraneous whitespace between attribute name and '('; this is an error in the Swift 6 language mode
 13 |
 14 |     public let rootViewController: ViewController
/Users/admin/builder/spi-builder-workspace/Classes/Objects/SwipeGestureRecognizer.swift:89:17: warning: result of call to function returning 'Unmanaged<AnyObject>?' is unused
 87 |     func happenedLeft() {
 88 |         guard direction == .left, let action = action else { return }
 89 |         target?.perform(action, with: self)
    |                 `- warning: result of call to function returning 'Unmanaged<AnyObject>?' is unused
 90 |     }
 91 |
/Users/admin/builder/spi-builder-workspace/Classes/Objects/SwipeGestureRecognizer.swift:94:17: warning: result of call to function returning 'Unmanaged<AnyObject>?' is unused
 92 |     func happenedRight() {
 93 |         guard direction == .right, let action = action else { return }
 94 |         target?.perform(action, with: self)
    |                 `- warning: result of call to function returning 'Unmanaged<AnyObject>?' is unused
 95 |     }
 96 |
/Users/admin/builder/spi-builder-workspace/Classes/Objects/SwipeGestureRecognizer.swift:99:17: warning: result of call to function returning 'Unmanaged<AnyObject>?' is unused
 97 |     func happenedUp() {
 98 |         guard direction == .up, let action = action else { return }
 99 |         target?.perform(action, with: self)
    |                 `- warning: result of call to function returning 'Unmanaged<AnyObject>?' is unused
100 |     }
101 |
/Users/admin/builder/spi-builder-workspace/Classes/Objects/SwipeGestureRecognizer.swift:104:17: warning: result of call to function returning 'Unmanaged<AnyObject>?' is unused
102 |     func happenedDown() {
103 |         guard direction == .down, let action = action else { return }
104 |         target?.perform(action, with: self)
    |                 `- warning: result of call to function returning 'Unmanaged<AnyObject>?' is unused
105 |     }
106 |
[259/296] Compiling UIKitPlus PressGestureRecognizer.swift
/Users/admin/builder/spi-builder-workspace/Classes/Objects/Properties.swift:43:73: error: cannot find type 'UITraitCollection' in scope
41 |         case borderColor, shadowColor
42 |     }
43 |     var traitCollectionDidChangeHandlers: [TraitCollectionHandlerType: (UITraitCollection) -> Void] = [:]
   |                                                                         `- error: cannot find type 'UITraitCollection' in scope
44 |
45 |     var hovered: Bool = false
/Users/admin/builder/spi-builder-workspace/Classes/Controllers/MacOS+NavigationController.swift:12:19: warning: extraneous whitespace between attribute name and '('; this is an error in the Swift 6 language mode
 10 |
 11 | public class NavigationController: ViewController {
 12 |     public private (set) var viewControllers: [ViewController] = []
    |                   `- warning: extraneous whitespace between attribute name and '('; this is an error in the Swift 6 language mode
 13 |
 14 |     public let rootViewController: ViewController
/Users/admin/builder/spi-builder-workspace/Classes/Objects/SwipeGestureRecognizer.swift:89:17: warning: result of call to function returning 'Unmanaged<AnyObject>?' is unused
 87 |     func happenedLeft() {
 88 |         guard direction == .left, let action = action else { return }
 89 |         target?.perform(action, with: self)
    |                 `- warning: result of call to function returning 'Unmanaged<AnyObject>?' is unused
 90 |     }
 91 |
/Users/admin/builder/spi-builder-workspace/Classes/Objects/SwipeGestureRecognizer.swift:94:17: warning: result of call to function returning 'Unmanaged<AnyObject>?' is unused
 92 |     func happenedRight() {
 93 |         guard direction == .right, let action = action else { return }
 94 |         target?.perform(action, with: self)
    |                 `- warning: result of call to function returning 'Unmanaged<AnyObject>?' is unused
 95 |     }
 96 |
/Users/admin/builder/spi-builder-workspace/Classes/Objects/SwipeGestureRecognizer.swift:99:17: warning: result of call to function returning 'Unmanaged<AnyObject>?' is unused
 97 |     func happenedUp() {
 98 |         guard direction == .up, let action = action else { return }
 99 |         target?.perform(action, with: self)
    |                 `- warning: result of call to function returning 'Unmanaged<AnyObject>?' is unused
100 |     }
101 |
/Users/admin/builder/spi-builder-workspace/Classes/Objects/SwipeGestureRecognizer.swift:104:17: warning: result of call to function returning 'Unmanaged<AnyObject>?' is unused
102 |     func happenedDown() {
103 |         guard direction == .down, let action = action else { return }
104 |         target?.perform(action, with: self)
    |                 `- warning: result of call to function returning 'Unmanaged<AnyObject>?' is unused
105 |     }
106 |
[260/296] Compiling UIKitPlus Properties.swift
/Users/admin/builder/spi-builder-workspace/Classes/Objects/Properties.swift:43:73: error: cannot find type 'UITraitCollection' in scope
41 |         case borderColor, shadowColor
42 |     }
43 |     var traitCollectionDidChangeHandlers: [TraitCollectionHandlerType: (UITraitCollection) -> Void] = [:]
   |                                                                         `- error: cannot find type 'UITraitCollection' in scope
44 |
45 |     var hovered: Bool = false
/Users/admin/builder/spi-builder-workspace/Classes/Controllers/MacOS+NavigationController.swift:12:19: warning: extraneous whitespace between attribute name and '('; this is an error in the Swift 6 language mode
 10 |
 11 | public class NavigationController: ViewController {
 12 |     public private (set) var viewControllers: [ViewController] = []
    |                   `- warning: extraneous whitespace between attribute name and '('; this is an error in the Swift 6 language mode
 13 |
 14 |     public let rootViewController: ViewController
/Users/admin/builder/spi-builder-workspace/Classes/Objects/SwipeGestureRecognizer.swift:89:17: warning: result of call to function returning 'Unmanaged<AnyObject>?' is unused
 87 |     func happenedLeft() {
 88 |         guard direction == .left, let action = action else { return }
 89 |         target?.perform(action, with: self)
    |                 `- warning: result of call to function returning 'Unmanaged<AnyObject>?' is unused
 90 |     }
 91 |
/Users/admin/builder/spi-builder-workspace/Classes/Objects/SwipeGestureRecognizer.swift:94:17: warning: result of call to function returning 'Unmanaged<AnyObject>?' is unused
 92 |     func happenedRight() {
 93 |         guard direction == .right, let action = action else { return }
 94 |         target?.perform(action, with: self)
    |                 `- warning: result of call to function returning 'Unmanaged<AnyObject>?' is unused
 95 |     }
 96 |
/Users/admin/builder/spi-builder-workspace/Classes/Objects/SwipeGestureRecognizer.swift:99:17: warning: result of call to function returning 'Unmanaged<AnyObject>?' is unused
 97 |     func happenedUp() {
 98 |         guard direction == .up, let action = action else { return }
 99 |         target?.perform(action, with: self)
    |                 `- warning: result of call to function returning 'Unmanaged<AnyObject>?' is unused
100 |     }
101 |
/Users/admin/builder/spi-builder-workspace/Classes/Objects/SwipeGestureRecognizer.swift:104:17: warning: result of call to function returning 'Unmanaged<AnyObject>?' is unused
102 |     func happenedDown() {
103 |         guard direction == .down, let action = action else { return }
104 |         target?.perform(action, with: self)
    |                 `- warning: result of call to function returning 'Unmanaged<AnyObject>?' is unused
105 |     }
106 |
[261/296] Compiling UIKitPlus PropertiesInternal.swift
/Users/admin/builder/spi-builder-workspace/Classes/Objects/Properties.swift:43:73: error: cannot find type 'UITraitCollection' in scope
41 |         case borderColor, shadowColor
42 |     }
43 |     var traitCollectionDidChangeHandlers: [TraitCollectionHandlerType: (UITraitCollection) -> Void] = [:]
   |                                                                         `- error: cannot find type 'UITraitCollection' in scope
44 |
45 |     var hovered: Bool = false
/Users/admin/builder/spi-builder-workspace/Classes/Controllers/MacOS+NavigationController.swift:12:19: warning: extraneous whitespace between attribute name and '('; this is an error in the Swift 6 language mode
 10 |
 11 | public class NavigationController: ViewController {
 12 |     public private (set) var viewControllers: [ViewController] = []
    |                   `- warning: extraneous whitespace between attribute name and '('; this is an error in the Swift 6 language mode
 13 |
 14 |     public let rootViewController: ViewController
/Users/admin/builder/spi-builder-workspace/Classes/Objects/SwipeGestureRecognizer.swift:89:17: warning: result of call to function returning 'Unmanaged<AnyObject>?' is unused
 87 |     func happenedLeft() {
 88 |         guard direction == .left, let action = action else { return }
 89 |         target?.perform(action, with: self)
    |                 `- warning: result of call to function returning 'Unmanaged<AnyObject>?' is unused
 90 |     }
 91 |
/Users/admin/builder/spi-builder-workspace/Classes/Objects/SwipeGestureRecognizer.swift:94:17: warning: result of call to function returning 'Unmanaged<AnyObject>?' is unused
 92 |     func happenedRight() {
 93 |         guard direction == .right, let action = action else { return }
 94 |         target?.perform(action, with: self)
    |                 `- warning: result of call to function returning 'Unmanaged<AnyObject>?' is unused
 95 |     }
 96 |
/Users/admin/builder/spi-builder-workspace/Classes/Objects/SwipeGestureRecognizer.swift:99:17: warning: result of call to function returning 'Unmanaged<AnyObject>?' is unused
 97 |     func happenedUp() {
 98 |         guard direction == .up, let action = action else { return }
 99 |         target?.perform(action, with: self)
    |                 `- warning: result of call to function returning 'Unmanaged<AnyObject>?' is unused
100 |     }
101 |
/Users/admin/builder/spi-builder-workspace/Classes/Objects/SwipeGestureRecognizer.swift:104:17: warning: result of call to function returning 'Unmanaged<AnyObject>?' is unused
102 |     func happenedDown() {
103 |         guard direction == .down, let action = action else { return }
104 |         target?.perform(action, with: self)
    |                 `- warning: result of call to function returning 'Unmanaged<AnyObject>?' is unused
105 |     }
106 |
[262/296] Compiling UIKitPlus RotationGestureRecognizer.swift
/Users/admin/builder/spi-builder-workspace/Classes/Objects/Properties.swift:43:73: error: cannot find type 'UITraitCollection' in scope
41 |         case borderColor, shadowColor
42 |     }
43 |     var traitCollectionDidChangeHandlers: [TraitCollectionHandlerType: (UITraitCollection) -> Void] = [:]
   |                                                                         `- error: cannot find type 'UITraitCollection' in scope
44 |
45 |     var hovered: Bool = false
/Users/admin/builder/spi-builder-workspace/Classes/Controllers/MacOS+NavigationController.swift:12:19: warning: extraneous whitespace between attribute name and '('; this is an error in the Swift 6 language mode
 10 |
 11 | public class NavigationController: ViewController {
 12 |     public private (set) var viewControllers: [ViewController] = []
    |                   `- warning: extraneous whitespace between attribute name and '('; this is an error in the Swift 6 language mode
 13 |
 14 |     public let rootViewController: ViewController
/Users/admin/builder/spi-builder-workspace/Classes/Objects/SwipeGestureRecognizer.swift:89:17: warning: result of call to function returning 'Unmanaged<AnyObject>?' is unused
 87 |     func happenedLeft() {
 88 |         guard direction == .left, let action = action else { return }
 89 |         target?.perform(action, with: self)
    |                 `- warning: result of call to function returning 'Unmanaged<AnyObject>?' is unused
 90 |     }
 91 |
/Users/admin/builder/spi-builder-workspace/Classes/Objects/SwipeGestureRecognizer.swift:94:17: warning: result of call to function returning 'Unmanaged<AnyObject>?' is unused
 92 |     func happenedRight() {
 93 |         guard direction == .right, let action = action else { return }
 94 |         target?.perform(action, with: self)
    |                 `- warning: result of call to function returning 'Unmanaged<AnyObject>?' is unused
 95 |     }
 96 |
/Users/admin/builder/spi-builder-workspace/Classes/Objects/SwipeGestureRecognizer.swift:99:17: warning: result of call to function returning 'Unmanaged<AnyObject>?' is unused
 97 |     func happenedUp() {
 98 |         guard direction == .up, let action = action else { return }
 99 |         target?.perform(action, with: self)
    |                 `- warning: result of call to function returning 'Unmanaged<AnyObject>?' is unused
100 |     }
101 |
/Users/admin/builder/spi-builder-workspace/Classes/Objects/SwipeGestureRecognizer.swift:104:17: warning: result of call to function returning 'Unmanaged<AnyObject>?' is unused
102 |     func happenedDown() {
103 |         guard direction == .down, let action = action else { return }
104 |         target?.perform(action, with: self)
    |                 `- warning: result of call to function returning 'Unmanaged<AnyObject>?' is unused
105 |     }
106 |
[263/296] Compiling UIKitPlus ScreenEdgePanGestureRecognizer.swift
/Users/admin/builder/spi-builder-workspace/Classes/Objects/Properties.swift:43:73: error: cannot find type 'UITraitCollection' in scope
41 |         case borderColor, shadowColor
42 |     }
43 |     var traitCollectionDidChangeHandlers: [TraitCollectionHandlerType: (UITraitCollection) -> Void] = [:]
   |                                                                         `- error: cannot find type 'UITraitCollection' in scope
44 |
45 |     var hovered: Bool = false
/Users/admin/builder/spi-builder-workspace/Classes/Controllers/MacOS+NavigationController.swift:12:19: warning: extraneous whitespace between attribute name and '('; this is an error in the Swift 6 language mode
 10 |
 11 | public class NavigationController: ViewController {
 12 |     public private (set) var viewControllers: [ViewController] = []
    |                   `- warning: extraneous whitespace between attribute name and '('; this is an error in the Swift 6 language mode
 13 |
 14 |     public let rootViewController: ViewController
/Users/admin/builder/spi-builder-workspace/Classes/Objects/SwipeGestureRecognizer.swift:89:17: warning: result of call to function returning 'Unmanaged<AnyObject>?' is unused
 87 |     func happenedLeft() {
 88 |         guard direction == .left, let action = action else { return }
 89 |         target?.perform(action, with: self)
    |                 `- warning: result of call to function returning 'Unmanaged<AnyObject>?' is unused
 90 |     }
 91 |
/Users/admin/builder/spi-builder-workspace/Classes/Objects/SwipeGestureRecognizer.swift:94:17: warning: result of call to function returning 'Unmanaged<AnyObject>?' is unused
 92 |     func happenedRight() {
 93 |         guard direction == .right, let action = action else { return }
 94 |         target?.perform(action, with: self)
    |                 `- warning: result of call to function returning 'Unmanaged<AnyObject>?' is unused
 95 |     }
 96 |
/Users/admin/builder/spi-builder-workspace/Classes/Objects/SwipeGestureRecognizer.swift:99:17: warning: result of call to function returning 'Unmanaged<AnyObject>?' is unused
 97 |     func happenedUp() {
 98 |         guard direction == .up, let action = action else { return }
 99 |         target?.perform(action, with: self)
    |                 `- warning: result of call to function returning 'Unmanaged<AnyObject>?' is unused
100 |     }
101 |
/Users/admin/builder/spi-builder-workspace/Classes/Objects/SwipeGestureRecognizer.swift:104:17: warning: result of call to function returning 'Unmanaged<AnyObject>?' is unused
102 |     func happenedDown() {
103 |         guard direction == .down, let action = action else { return }
104 |         target?.perform(action, with: self)
    |                 `- warning: result of call to function returning 'Unmanaged<AnyObject>?' is unused
105 |     }
106 |
[264/296] Compiling UIKitPlus SwipeGestureRecognizer.swift
/Users/admin/builder/spi-builder-workspace/Classes/Objects/Properties.swift:43:73: error: cannot find type 'UITraitCollection' in scope
41 |         case borderColor, shadowColor
42 |     }
43 |     var traitCollectionDidChangeHandlers: [TraitCollectionHandlerType: (UITraitCollection) -> Void] = [:]
   |                                                                         `- error: cannot find type 'UITraitCollection' in scope
44 |
45 |     var hovered: Bool = false
/Users/admin/builder/spi-builder-workspace/Classes/Controllers/MacOS+NavigationController.swift:12:19: warning: extraneous whitespace between attribute name and '('; this is an error in the Swift 6 language mode
 10 |
 11 | public class NavigationController: ViewController {
 12 |     public private (set) var viewControllers: [ViewController] = []
    |                   `- warning: extraneous whitespace between attribute name and '('; this is an error in the Swift 6 language mode
 13 |
 14 |     public let rootViewController: ViewController
/Users/admin/builder/spi-builder-workspace/Classes/Objects/SwipeGestureRecognizer.swift:89:17: warning: result of call to function returning 'Unmanaged<AnyObject>?' is unused
 87 |     func happenedLeft() {
 88 |         guard direction == .left, let action = action else { return }
 89 |         target?.perform(action, with: self)
    |                 `- warning: result of call to function returning 'Unmanaged<AnyObject>?' is unused
 90 |     }
 91 |
/Users/admin/builder/spi-builder-workspace/Classes/Objects/SwipeGestureRecognizer.swift:94:17: warning: result of call to function returning 'Unmanaged<AnyObject>?' is unused
 92 |     func happenedRight() {
 93 |         guard direction == .right, let action = action else { return }
 94 |         target?.perform(action, with: self)
    |                 `- warning: result of call to function returning 'Unmanaged<AnyObject>?' is unused
 95 |     }
 96 |
/Users/admin/builder/spi-builder-workspace/Classes/Objects/SwipeGestureRecognizer.swift:99:17: warning: result of call to function returning 'Unmanaged<AnyObject>?' is unused
 97 |     func happenedUp() {
 98 |         guard direction == .up, let action = action else { return }
 99 |         target?.perform(action, with: self)
    |                 `- warning: result of call to function returning 'Unmanaged<AnyObject>?' is unused
100 |     }
101 |
/Users/admin/builder/spi-builder-workspace/Classes/Objects/SwipeGestureRecognizer.swift:104:17: warning: result of call to function returning 'Unmanaged<AnyObject>?' is unused
102 |     func happenedDown() {
103 |         guard direction == .down, let action = action else { return }
104 |         target?.perform(action, with: self)
    |                 `- warning: result of call to function returning 'Unmanaged<AnyObject>?' is unused
105 |     }
106 |
[265/296] Compiling UIKitPlus TapGestureRecognizer.swift
/Users/admin/builder/spi-builder-workspace/Classes/Objects/Properties.swift:43:73: error: cannot find type 'UITraitCollection' in scope
41 |         case borderColor, shadowColor
42 |     }
43 |     var traitCollectionDidChangeHandlers: [TraitCollectionHandlerType: (UITraitCollection) -> Void] = [:]
   |                                                                         `- error: cannot find type 'UITraitCollection' in scope
44 |
45 |     var hovered: Bool = false
/Users/admin/builder/spi-builder-workspace/Classes/Controllers/MacOS+NavigationController.swift:12:19: warning: extraneous whitespace between attribute name and '('; this is an error in the Swift 6 language mode
 10 |
 11 | public class NavigationController: ViewController {
 12 |     public private (set) var viewControllers: [ViewController] = []
    |                   `- warning: extraneous whitespace between attribute name and '('; this is an error in the Swift 6 language mode
 13 |
 14 |     public let rootViewController: ViewController
/Users/admin/builder/spi-builder-workspace/Classes/Objects/SwipeGestureRecognizer.swift:89:17: warning: result of call to function returning 'Unmanaged<AnyObject>?' is unused
 87 |     func happenedLeft() {
 88 |         guard direction == .left, let action = action else { return }
 89 |         target?.perform(action, with: self)
    |                 `- warning: result of call to function returning 'Unmanaged<AnyObject>?' is unused
 90 |     }
 91 |
/Users/admin/builder/spi-builder-workspace/Classes/Objects/SwipeGestureRecognizer.swift:94:17: warning: result of call to function returning 'Unmanaged<AnyObject>?' is unused
 92 |     func happenedRight() {
 93 |         guard direction == .right, let action = action else { return }
 94 |         target?.perform(action, with: self)
    |                 `- warning: result of call to function returning 'Unmanaged<AnyObject>?' is unused
 95 |     }
 96 |
/Users/admin/builder/spi-builder-workspace/Classes/Objects/SwipeGestureRecognizer.swift:99:17: warning: result of call to function returning 'Unmanaged<AnyObject>?' is unused
 97 |     func happenedUp() {
 98 |         guard direction == .up, let action = action else { return }
 99 |         target?.perform(action, with: self)
    |                 `- warning: result of call to function returning 'Unmanaged<AnyObject>?' is unused
100 |     }
101 |
/Users/admin/builder/spi-builder-workspace/Classes/Objects/SwipeGestureRecognizer.swift:104:17: warning: result of call to function returning 'Unmanaged<AnyObject>?' is unused
102 |     func happenedDown() {
103 |         guard direction == .down, let action = action else { return }
104 |         target?.perform(action, with: self)
    |                 `- warning: result of call to function returning 'Unmanaged<AnyObject>?' is unused
105 |     }
106 |
[266/296] Compiling UIKitPlus TextViewDelegate.swift
/Users/admin/builder/spi-builder-workspace/Classes/Objects/Properties.swift:43:73: error: cannot find type 'UITraitCollection' in scope
41 |         case borderColor, shadowColor
42 |     }
43 |     var traitCollectionDidChangeHandlers: [TraitCollectionHandlerType: (UITraitCollection) -> Void] = [:]
   |                                                                         `- error: cannot find type 'UITraitCollection' in scope
44 |
45 |     var hovered: Bool = false
/Users/admin/builder/spi-builder-workspace/Classes/Controllers/MacOS+NavigationController.swift:12:19: warning: extraneous whitespace between attribute name and '('; this is an error in the Swift 6 language mode
 10 |
 11 | public class NavigationController: ViewController {
 12 |     public private (set) var viewControllers: [ViewController] = []
    |                   `- warning: extraneous whitespace between attribute name and '('; this is an error in the Swift 6 language mode
 13 |
 14 |     public let rootViewController: ViewController
/Users/admin/builder/spi-builder-workspace/Classes/Objects/SwipeGestureRecognizer.swift:89:17: warning: result of call to function returning 'Unmanaged<AnyObject>?' is unused
 87 |     func happenedLeft() {
 88 |         guard direction == .left, let action = action else { return }
 89 |         target?.perform(action, with: self)
    |                 `- warning: result of call to function returning 'Unmanaged<AnyObject>?' is unused
 90 |     }
 91 |
/Users/admin/builder/spi-builder-workspace/Classes/Objects/SwipeGestureRecognizer.swift:94:17: warning: result of call to function returning 'Unmanaged<AnyObject>?' is unused
 92 |     func happenedRight() {
 93 |         guard direction == .right, let action = action else { return }
 94 |         target?.perform(action, with: self)
    |                 `- warning: result of call to function returning 'Unmanaged<AnyObject>?' is unused
 95 |     }
 96 |
/Users/admin/builder/spi-builder-workspace/Classes/Objects/SwipeGestureRecognizer.swift:99:17: warning: result of call to function returning 'Unmanaged<AnyObject>?' is unused
 97 |     func happenedUp() {
 98 |         guard direction == .up, let action = action else { return }
 99 |         target?.perform(action, with: self)
    |                 `- warning: result of call to function returning 'Unmanaged<AnyObject>?' is unused
100 |     }
101 |
/Users/admin/builder/spi-builder-workspace/Classes/Objects/SwipeGestureRecognizer.swift:104:17: warning: result of call to function returning 'Unmanaged<AnyObject>?' is unused
102 |     func happenedDown() {
103 |         guard direction == .down, let action = action else { return }
104 |         target?.perform(action, with: self)
    |                 `- warning: result of call to function returning 'Unmanaged<AnyObject>?' is unused
105 |     }
106 |
[267/296] Compiling UIKitPlus UIViewPropertyAnimator.swift
/Users/admin/builder/spi-builder-workspace/Classes/Objects/Properties.swift:43:73: error: cannot find type 'UITraitCollection' in scope
41 |         case borderColor, shadowColor
42 |     }
43 |     var traitCollectionDidChangeHandlers: [TraitCollectionHandlerType: (UITraitCollection) -> Void] = [:]
   |                                                                         `- error: cannot find type 'UITraitCollection' in scope
44 |
45 |     var hovered: Bool = false
/Users/admin/builder/spi-builder-workspace/Classes/Controllers/MacOS+NavigationController.swift:12:19: warning: extraneous whitespace between attribute name and '('; this is an error in the Swift 6 language mode
 10 |
 11 | public class NavigationController: ViewController {
 12 |     public private (set) var viewControllers: [ViewController] = []
    |                   `- warning: extraneous whitespace between attribute name and '('; this is an error in the Swift 6 language mode
 13 |
 14 |     public let rootViewController: ViewController
/Users/admin/builder/spi-builder-workspace/Classes/Objects/SwipeGestureRecognizer.swift:89:17: warning: result of call to function returning 'Unmanaged<AnyObject>?' is unused
 87 |     func happenedLeft() {
 88 |         guard direction == .left, let action = action else { return }
 89 |         target?.perform(action, with: self)
    |                 `- warning: result of call to function returning 'Unmanaged<AnyObject>?' is unused
 90 |     }
 91 |
/Users/admin/builder/spi-builder-workspace/Classes/Objects/SwipeGestureRecognizer.swift:94:17: warning: result of call to function returning 'Unmanaged<AnyObject>?' is unused
 92 |     func happenedRight() {
 93 |         guard direction == .right, let action = action else { return }
 94 |         target?.perform(action, with: self)
    |                 `- warning: result of call to function returning 'Unmanaged<AnyObject>?' is unused
 95 |     }
 96 |
/Users/admin/builder/spi-builder-workspace/Classes/Objects/SwipeGestureRecognizer.swift:99:17: warning: result of call to function returning 'Unmanaged<AnyObject>?' is unused
 97 |     func happenedUp() {
 98 |         guard direction == .up, let action = action else { return }
 99 |         target?.perform(action, with: self)
    |                 `- warning: result of call to function returning 'Unmanaged<AnyObject>?' is unused
100 |     }
101 |
/Users/admin/builder/spi-builder-workspace/Classes/Objects/SwipeGestureRecognizer.swift:104:17: warning: result of call to function returning 'Unmanaged<AnyObject>?' is unused
102 |     func happenedDown() {
103 |         guard direction == .down, let action = action else { return }
104 |         target?.perform(action, with: self)
    |                 `- warning: result of call to function returning 'Unmanaged<AnyObject>?' is unused
105 |     }
106 |
[268/296] Compiling UIKitPlus Alternateable.swift
/Users/admin/builder/spi-builder-workspace/Classes/Objects/Properties.swift:43:73: error: cannot find type 'UITraitCollection' in scope
41 |         case borderColor, shadowColor
42 |     }
43 |     var traitCollectionDidChangeHandlers: [TraitCollectionHandlerType: (UITraitCollection) -> Void] = [:]
   |                                                                         `- error: cannot find type 'UITraitCollection' in scope
44 |
45 |     var hovered: Bool = false
/Users/admin/builder/spi-builder-workspace/Classes/Controllers/MacOS+NavigationController.swift:12:19: warning: extraneous whitespace between attribute name and '('; this is an error in the Swift 6 language mode
 10 |
 11 | public class NavigationController: ViewController {
 12 |     public private (set) var viewControllers: [ViewController] = []
    |                   `- warning: extraneous whitespace between attribute name and '('; this is an error in the Swift 6 language mode
 13 |
 14 |     public let rootViewController: ViewController
/Users/admin/builder/spi-builder-workspace/Classes/Objects/SwipeGestureRecognizer.swift:89:17: warning: result of call to function returning 'Unmanaged<AnyObject>?' is unused
 87 |     func happenedLeft() {
 88 |         guard direction == .left, let action = action else { return }
 89 |         target?.perform(action, with: self)
    |                 `- warning: result of call to function returning 'Unmanaged<AnyObject>?' is unused
 90 |     }
 91 |
/Users/admin/builder/spi-builder-workspace/Classes/Objects/SwipeGestureRecognizer.swift:94:17: warning: result of call to function returning 'Unmanaged<AnyObject>?' is unused
 92 |     func happenedRight() {
 93 |         guard direction == .right, let action = action else { return }
 94 |         target?.perform(action, with: self)
    |                 `- warning: result of call to function returning 'Unmanaged<AnyObject>?' is unused
 95 |     }
 96 |
/Users/admin/builder/spi-builder-workspace/Classes/Objects/SwipeGestureRecognizer.swift:99:17: warning: result of call to function returning 'Unmanaged<AnyObject>?' is unused
 97 |     func happenedUp() {
 98 |         guard direction == .up, let action = action else { return }
 99 |         target?.perform(action, with: self)
    |                 `- warning: result of call to function returning 'Unmanaged<AnyObject>?' is unused
100 |     }
101 |
/Users/admin/builder/spi-builder-workspace/Classes/Objects/SwipeGestureRecognizer.swift:104:17: warning: result of call to function returning 'Unmanaged<AnyObject>?' is unused
102 |     func happenedDown() {
103 |         guard direction == .down, let action = action else { return }
104 |         target?.perform(action, with: self)
    |                 `- warning: result of call to function returning 'Unmanaged<AnyObject>?' is unused
105 |     }
106 |
[269/296] Compiling UIKitPlus AnyScene.swift
/Users/admin/builder/spi-builder-workspace/Classes/Objects/Properties.swift:43:73: error: cannot find type 'UITraitCollection' in scope
41 |         case borderColor, shadowColor
42 |     }
43 |     var traitCollectionDidChangeHandlers: [TraitCollectionHandlerType: (UITraitCollection) -> Void] = [:]
   |                                                                         `- error: cannot find type 'UITraitCollection' in scope
44 |
45 |     var hovered: Bool = false
/Users/admin/builder/spi-builder-workspace/Classes/Controllers/MacOS+NavigationController.swift:12:19: warning: extraneous whitespace between attribute name and '('; this is an error in the Swift 6 language mode
 10 |
 11 | public class NavigationController: ViewController {
 12 |     public private (set) var viewControllers: [ViewController] = []
    |                   `- warning: extraneous whitespace between attribute name and '('; this is an error in the Swift 6 language mode
 13 |
 14 |     public let rootViewController: ViewController
/Users/admin/builder/spi-builder-workspace/Classes/Objects/SwipeGestureRecognizer.swift:89:17: warning: result of call to function returning 'Unmanaged<AnyObject>?' is unused
 87 |     func happenedLeft() {
 88 |         guard direction == .left, let action = action else { return }
 89 |         target?.perform(action, with: self)
    |                 `- warning: result of call to function returning 'Unmanaged<AnyObject>?' is unused
 90 |     }
 91 |
/Users/admin/builder/spi-builder-workspace/Classes/Objects/SwipeGestureRecognizer.swift:94:17: warning: result of call to function returning 'Unmanaged<AnyObject>?' is unused
 92 |     func happenedRight() {
 93 |         guard direction == .right, let action = action else { return }
 94 |         target?.perform(action, with: self)
    |                 `- warning: result of call to function returning 'Unmanaged<AnyObject>?' is unused
 95 |     }
 96 |
/Users/admin/builder/spi-builder-workspace/Classes/Objects/SwipeGestureRecognizer.swift:99:17: warning: result of call to function returning 'Unmanaged<AnyObject>?' is unused
 97 |     func happenedUp() {
 98 |         guard direction == .up, let action = action else { return }
 99 |         target?.perform(action, with: self)
    |                 `- warning: result of call to function returning 'Unmanaged<AnyObject>?' is unused
100 |     }
101 |
/Users/admin/builder/spi-builder-workspace/Classes/Objects/SwipeGestureRecognizer.swift:104:17: warning: result of call to function returning 'Unmanaged<AnyObject>?' is unused
102 |     func happenedDown() {
103 |         guard direction == .down, let action = action else { return }
104 |         target?.perform(action, with: self)
    |                 `- warning: result of call to function returning 'Unmanaged<AnyObject>?' is unused
105 |     }
106 |
[270/296] Compiling UIKitPlus ArrowPositionable.swift
/Users/admin/builder/spi-builder-workspace/Classes/Objects/Properties.swift:43:73: error: cannot find type 'UITraitCollection' in scope
41 |         case borderColor, shadowColor
42 |     }
43 |     var traitCollectionDidChangeHandlers: [TraitCollectionHandlerType: (UITraitCollection) -> Void] = [:]
   |                                                                         `- error: cannot find type 'UITraitCollection' in scope
44 |
45 |     var hovered: Bool = false
/Users/admin/builder/spi-builder-workspace/Classes/Controllers/MacOS+NavigationController.swift:12:19: warning: extraneous whitespace between attribute name and '('; this is an error in the Swift 6 language mode
 10 |
 11 | public class NavigationController: ViewController {
 12 |     public private (set) var viewControllers: [ViewController] = []
    |                   `- warning: extraneous whitespace between attribute name and '('; this is an error in the Swift 6 language mode
 13 |
 14 |     public let rootViewController: ViewController
/Users/admin/builder/spi-builder-workspace/Classes/Objects/SwipeGestureRecognizer.swift:89:17: warning: result of call to function returning 'Unmanaged<AnyObject>?' is unused
 87 |     func happenedLeft() {
 88 |         guard direction == .left, let action = action else { return }
 89 |         target?.perform(action, with: self)
    |                 `- warning: result of call to function returning 'Unmanaged<AnyObject>?' is unused
 90 |     }
 91 |
/Users/admin/builder/spi-builder-workspace/Classes/Objects/SwipeGestureRecognizer.swift:94:17: warning: result of call to function returning 'Unmanaged<AnyObject>?' is unused
 92 |     func happenedRight() {
 93 |         guard direction == .right, let action = action else { return }
 94 |         target?.perform(action, with: self)
    |                 `- warning: result of call to function returning 'Unmanaged<AnyObject>?' is unused
 95 |     }
 96 |
/Users/admin/builder/spi-builder-workspace/Classes/Objects/SwipeGestureRecognizer.swift:99:17: warning: result of call to function returning 'Unmanaged<AnyObject>?' is unused
 97 |     func happenedUp() {
 98 |         guard direction == .up, let action = action else { return }
 99 |         target?.perform(action, with: self)
    |                 `- warning: result of call to function returning 'Unmanaged<AnyObject>?' is unused
100 |     }
101 |
/Users/admin/builder/spi-builder-workspace/Classes/Objects/SwipeGestureRecognizer.swift:104:17: warning: result of call to function returning 'Unmanaged<AnyObject>?' is unused
102 |     func happenedDown() {
103 |         guard direction == .down, let action = action else { return }
104 |         target?.perform(action, with: self)
    |                 `- warning: result of call to function returning 'Unmanaged<AnyObject>?' is unused
105 |     }
106 |
[271/296] Compiling UIKitPlus BackgroundColorable.swift
/Users/admin/builder/spi-builder-workspace/Classes/Objects/Properties.swift:43:73: error: cannot find type 'UITraitCollection' in scope
41 |         case borderColor, shadowColor
42 |     }
43 |     var traitCollectionDidChangeHandlers: [TraitCollectionHandlerType: (UITraitCollection) -> Void] = [:]
   |                                                                         `- error: cannot find type 'UITraitCollection' in scope
44 |
45 |     var hovered: Bool = false
/Users/admin/builder/spi-builder-workspace/Classes/Controllers/MacOS+NavigationController.swift:12:19: warning: extraneous whitespace between attribute name and '('; this is an error in the Swift 6 language mode
 10 |
 11 | public class NavigationController: ViewController {
 12 |     public private (set) var viewControllers: [ViewController] = []
    |                   `- warning: extraneous whitespace between attribute name and '('; this is an error in the Swift 6 language mode
 13 |
 14 |     public let rootViewController: ViewController
/Users/admin/builder/spi-builder-workspace/Classes/Objects/SwipeGestureRecognizer.swift:89:17: warning: result of call to function returning 'Unmanaged<AnyObject>?' is unused
 87 |     func happenedLeft() {
 88 |         guard direction == .left, let action = action else { return }
 89 |         target?.perform(action, with: self)
    |                 `- warning: result of call to function returning 'Unmanaged<AnyObject>?' is unused
 90 |     }
 91 |
/Users/admin/builder/spi-builder-workspace/Classes/Objects/SwipeGestureRecognizer.swift:94:17: warning: result of call to function returning 'Unmanaged<AnyObject>?' is unused
 92 |     func happenedRight() {
 93 |         guard direction == .right, let action = action else { return }
 94 |         target?.perform(action, with: self)
    |                 `- warning: result of call to function returning 'Unmanaged<AnyObject>?' is unused
 95 |     }
 96 |
/Users/admin/builder/spi-builder-workspace/Classes/Objects/SwipeGestureRecognizer.swift:99:17: warning: result of call to function returning 'Unmanaged<AnyObject>?' is unused
 97 |     func happenedUp() {
 98 |         guard direction == .up, let action = action else { return }
 99 |         target?.perform(action, with: self)
    |                 `- warning: result of call to function returning 'Unmanaged<AnyObject>?' is unused
100 |     }
101 |
/Users/admin/builder/spi-builder-workspace/Classes/Objects/SwipeGestureRecognizer.swift:104:17: warning: result of call to function returning 'Unmanaged<AnyObject>?' is unused
102 |     func happenedDown() {
103 |         guard direction == .down, let action = action else { return }
104 |         target?.perform(action, with: self)
    |                 `- warning: result of call to function returning 'Unmanaged<AnyObject>?' is unused
105 |     }
106 |
[272/296] Compiling UIKitPlus DeclarativeConstraintCSide.swift
/Users/admin/builder/spi-builder-workspace/Classes/Extensions/AttrStr+Joined.swift:17:13: warning: variable 'res' was never mutated; consider changing to 'let' constant
15 | extension Array: AnyString where Element == AnyString {
16 |     public var attributedString: NSAttributedString {
17 |         var res: NSMutableAttributedString = .init()
   |             `- warning: variable 'res' was never mutated; consider changing to 'let' constant
18 |         for str in self {
19 |             res.append(str.attributedString)
/Users/admin/builder/spi-builder-workspace/Classes/Objects/Properties.swift:43:73: error: cannot find type 'UITraitCollection' in scope
41 |         case borderColor, shadowColor
42 |     }
43 |     var traitCollectionDidChangeHandlers: [TraitCollectionHandlerType: (UITraitCollection) -> Void] = [:]
   |                                                                         `- error: cannot find type 'UITraitCollection' in scope
44 |
45 |     var hovered: Bool = false
[273/296] Compiling UIKitPlus DeclarativeConstraintDSide.swift
/Users/admin/builder/spi-builder-workspace/Classes/Extensions/AttrStr+Joined.swift:17:13: warning: variable 'res' was never mutated; consider changing to 'let' constant
15 | extension Array: AnyString where Element == AnyString {
16 |     public var attributedString: NSAttributedString {
17 |         var res: NSMutableAttributedString = .init()
   |             `- warning: variable 'res' was never mutated; consider changing to 'let' constant
18 |         for str in self {
19 |             res.append(str.attributedString)
/Users/admin/builder/spi-builder-workspace/Classes/Objects/Properties.swift:43:73: error: cannot find type 'UITraitCollection' in scope
41 |         case borderColor, shadowColor
42 |     }
43 |     var traitCollectionDidChangeHandlers: [TraitCollectionHandlerType: (UITraitCollection) -> Void] = [:]
   |                                                                         `- error: cannot find type 'UITraitCollection' in scope
44 |
45 |     var hovered: Bool = false
[274/296] Compiling UIKitPlus DeclarativeConstraintXSide.swift
/Users/admin/builder/spi-builder-workspace/Classes/Extensions/AttrStr+Joined.swift:17:13: warning: variable 'res' was never mutated; consider changing to 'let' constant
15 | extension Array: AnyString where Element == AnyString {
16 |     public var attributedString: NSAttributedString {
17 |         var res: NSMutableAttributedString = .init()
   |             `- warning: variable 'res' was never mutated; consider changing to 'let' constant
18 |         for str in self {
19 |             res.append(str.attributedString)
/Users/admin/builder/spi-builder-workspace/Classes/Objects/Properties.swift:43:73: error: cannot find type 'UITraitCollection' in scope
41 |         case borderColor, shadowColor
42 |     }
43 |     var traitCollectionDidChangeHandlers: [TraitCollectionHandlerType: (UITraitCollection) -> Void] = [:]
   |                                                                         `- error: cannot find type 'UITraitCollection' in scope
44 |
45 |     var hovered: Bool = false
[275/296] Compiling UIKitPlus DeclarativeConstraintYSide.swift
/Users/admin/builder/spi-builder-workspace/Classes/Extensions/AttrStr+Joined.swift:17:13: warning: variable 'res' was never mutated; consider changing to 'let' constant
15 | extension Array: AnyString where Element == AnyString {
16 |     public var attributedString: NSAttributedString {
17 |         var res: NSMutableAttributedString = .init()
   |             `- warning: variable 'res' was never mutated; consider changing to 'let' constant
18 |         for str in self {
19 |             res.append(str.attributedString)
/Users/admin/builder/spi-builder-workspace/Classes/Objects/Properties.swift:43:73: error: cannot find type 'UITraitCollection' in scope
41 |         case borderColor, shadowColor
42 |     }
43 |     var traitCollectionDidChangeHandlers: [TraitCollectionHandlerType: (UITraitCollection) -> Void] = [:]
   |                                                                         `- error: cannot find type 'UITraitCollection' in scope
44 |
45 |     var hovered: Bool = false
[276/296] Compiling UIKitPlus Language.swift
/Users/admin/builder/spi-builder-workspace/Classes/Extensions/AttrStr+Joined.swift:17:13: warning: variable 'res' was never mutated; consider changing to 'let' constant
15 | extension Array: AnyString where Element == AnyString {
16 |     public var attributedString: NSAttributedString {
17 |         var res: NSMutableAttributedString = .init()
   |             `- warning: variable 'res' was never mutated; consider changing to 'let' constant
18 |         for str in self {
19 |             res.append(str.attributedString)
/Users/admin/builder/spi-builder-workspace/Classes/Objects/Properties.swift:43:73: error: cannot find type 'UITraitCollection' in scope
41 |         case borderColor, shadowColor
42 |     }
43 |     var traitCollectionDidChangeHandlers: [TraitCollectionHandlerType: (UITraitCollection) -> Void] = [:]
   |                                                                         `- error: cannot find type 'UITraitCollection' in scope
44 |
45 |     var hovered: Bool = false
[277/296] Compiling UIKitPlus LocalizedString.swift
/Users/admin/builder/spi-builder-workspace/Classes/Extensions/AttrStr+Joined.swift:17:13: warning: variable 'res' was never mutated; consider changing to 'let' constant
15 | extension Array: AnyString where Element == AnyString {
16 |     public var attributedString: NSAttributedString {
17 |         var res: NSMutableAttributedString = .init()
   |             `- warning: variable 'res' was never mutated; consider changing to 'let' constant
18 |         for str in self {
19 |             res.append(str.attributedString)
/Users/admin/builder/spi-builder-workspace/Classes/Objects/Properties.swift:43:73: error: cannot find type 'UITraitCollection' in scope
41 |         case borderColor, shadowColor
42 |     }
43 |     var traitCollectionDidChangeHandlers: [TraitCollectionHandlerType: (UITraitCollection) -> Void] = [:]
   |                                                                         `- error: cannot find type 'UITraitCollection' in scope
44 |
45 |     var hovered: Bool = false
[278/296] Compiling UIKitPlus MacOS+TextFieldContentType.swift
/Users/admin/builder/spi-builder-workspace/Classes/Extensions/AttrStr+Joined.swift:17:13: warning: variable 'res' was never mutated; consider changing to 'let' constant
15 | extension Array: AnyString where Element == AnyString {
16 |     public var attributedString: NSAttributedString {
17 |         var res: NSMutableAttributedString = .init()
   |             `- warning: variable 'res' was never mutated; consider changing to 'let' constant
18 |         for str in self {
19 |             res.append(str.attributedString)
/Users/admin/builder/spi-builder-workspace/Classes/Objects/Properties.swift:43:73: error: cannot find type 'UITraitCollection' in scope
41 |         case borderColor, shadowColor
42 |     }
43 |     var traitCollectionDidChangeHandlers: [TraitCollectionHandlerType: (UITraitCollection) -> Void] = [:]
   |                                                                         `- error: cannot find type 'UITraitCollection' in scope
44 |
45 |     var hovered: Bool = false
[279/296] Compiling UIKitPlus NavigationControllerStyle.swift
/Users/admin/builder/spi-builder-workspace/Classes/Extensions/AttrStr+Joined.swift:17:13: warning: variable 'res' was never mutated; consider changing to 'let' constant
15 | extension Array: AnyString where Element == AnyString {
16 |     public var attributedString: NSAttributedString {
17 |         var res: NSMutableAttributedString = .init()
   |             `- warning: variable 'res' was never mutated; consider changing to 'let' constant
18 |         for str in self {
19 |             res.append(str.attributedString)
/Users/admin/builder/spi-builder-workspace/Classes/Objects/Properties.swift:43:73: error: cannot find type 'UITraitCollection' in scope
41 |         case borderColor, shadowColor
42 |     }
43 |     var traitCollectionDidChangeHandlers: [TraitCollectionHandlerType: (UITraitCollection) -> Void] = [:]
   |                                                                         `- error: cannot find type 'UITraitCollection' in scope
44 |
45 |     var hovered: Bool = false
[280/296] Compiling UIKitPlus PushNotificationOption.swift
/Users/admin/builder/spi-builder-workspace/Classes/Extensions/AttrStr+Joined.swift:17:13: warning: variable 'res' was never mutated; consider changing to 'let' constant
15 | extension Array: AnyString where Element == AnyString {
16 |     public var attributedString: NSAttributedString {
17 |         var res: NSMutableAttributedString = .init()
   |             `- warning: variable 'res' was never mutated; consider changing to 'let' constant
18 |         for str in self {
19 |             res.append(str.attributedString)
/Users/admin/builder/spi-builder-workspace/Classes/Objects/Properties.swift:43:73: error: cannot find type 'UITraitCollection' in scope
41 |         case borderColor, shadowColor
42 |     }
43 |     var traitCollectionDidChangeHandlers: [TraitCollectionHandlerType: (UITraitCollection) -> Void] = [:]
   |                                                                         `- error: cannot find type 'UITraitCollection' in scope
44 |
45 |     var hovered: Bool = false
[281/296] Compiling UIKitPlus PushNotificationsAuthorizationStatus.swift
/Users/admin/builder/spi-builder-workspace/Classes/Extensions/AttrStr+Joined.swift:17:13: warning: variable 'res' was never mutated; consider changing to 'let' constant
15 | extension Array: AnyString where Element == AnyString {
16 |     public var attributedString: NSAttributedString {
17 |         var res: NSMutableAttributedString = .init()
   |             `- warning: variable 'res' was never mutated; consider changing to 'let' constant
18 |         for str in self {
19 |             res.append(str.attributedString)
/Users/admin/builder/spi-builder-workspace/Classes/Objects/Properties.swift:43:73: error: cannot find type 'UITraitCollection' in scope
41 |         case borderColor, shadowColor
42 |     }
43 |     var traitCollectionDidChangeHandlers: [TraitCollectionHandlerType: (UITraitCollection) -> Void] = [:]
   |                                                                         `- error: cannot find type 'UITraitCollection' in scope
44 |
45 |     var hovered: Bool = false
[282/296] Compiling UIKitPlus RootTransitionAnimation.swift
/Users/admin/builder/spi-builder-workspace/Classes/Extensions/AttrStr+Joined.swift:17:13: warning: variable 'res' was never mutated; consider changing to 'let' constant
15 | extension Array: AnyString where Element == AnyString {
16 |     public var attributedString: NSAttributedString {
17 |         var res: NSMutableAttributedString = .init()
   |             `- warning: variable 'res' was never mutated; consider changing to 'let' constant
18 |         for str in self {
19 |             res.append(str.attributedString)
/Users/admin/builder/spi-builder-workspace/Classes/Objects/Properties.swift:43:73: error: cannot find type 'UITraitCollection' in scope
41 |         case borderColor, shadowColor
42 |     }
43 |     var traitCollectionDidChangeHandlers: [TraitCollectionHandlerType: (UITraitCollection) -> Void] = [:]
   |                                                                         `- error: cannot find type 'UITraitCollection' in scope
44 |
45 |     var hovered: Bool = false
[283/296] Compiling UIKitPlus SegmentControlableItem.swift
/Users/admin/builder/spi-builder-workspace/Classes/Extensions/AttrStr+Joined.swift:17:13: warning: variable 'res' was never mutated; consider changing to 'let' constant
15 | extension Array: AnyString where Element == AnyString {
16 |     public var attributedString: NSAttributedString {
17 |         var res: NSMutableAttributedString = .init()
   |             `- warning: variable 'res' was never mutated; consider changing to 'let' constant
18 |         for str in self {
19 |             res.append(str.attributedString)
/Users/admin/builder/spi-builder-workspace/Classes/Objects/Properties.swift:43:73: error: cannot find type 'UITraitCollection' in scope
41 |         case borderColor, shadowColor
42 |     }
43 |     var traitCollectionDidChangeHandlers: [TraitCollectionHandlerType: (UITraitCollection) -> Void] = [:]
   |                                                                         `- error: cannot find type 'UITraitCollection' in scope
44 |
45 |     var hovered: Bool = false
[284/296] Compiling UIKitPlus StatusBarStyle.swift
/Users/admin/builder/spi-builder-workspace/Classes/Extensions/AttrStr+Joined.swift:17:13: warning: variable 'res' was never mutated; consider changing to 'let' constant
15 | extension Array: AnyString where Element == AnyString {
16 |     public var attributedString: NSAttributedString {
17 |         var res: NSMutableAttributedString = .init()
   |             `- warning: variable 'res' was never mutated; consider changing to 'let' constant
18 |         for str in self {
19 |             res.append(str.attributedString)
/Users/admin/builder/spi-builder-workspace/Classes/Objects/Properties.swift:43:73: error: cannot find type 'UITraitCollection' in scope
41 |         case borderColor, shadowColor
42 |     }
43 |     var traitCollectionDidChangeHandlers: [TraitCollectionHandlerType: (UITraitCollection) -> Void] = [:]
   |                                                                         `- error: cannot find type 'UITraitCollection' in scope
44 |
45 |     var hovered: Bool = false
[285/296] Compiling UIKitPlus TextFieldContentType.swift
/Users/admin/builder/spi-builder-workspace/Classes/Extensions/AttrStr+Joined.swift:17:13: warning: variable 'res' was never mutated; consider changing to 'let' constant
15 | extension Array: AnyString where Element == AnyString {
16 |     public var attributedString: NSAttributedString {
17 |         var res: NSMutableAttributedString = .init()
   |             `- warning: variable 'res' was never mutated; consider changing to 'let' constant
18 |         for str in self {
19 |             res.append(str.attributedString)
/Users/admin/builder/spi-builder-workspace/Classes/Objects/Properties.swift:43:73: error: cannot find type 'UITraitCollection' in scope
41 |         case borderColor, shadowColor
42 |     }
43 |     var traitCollectionDidChangeHandlers: [TraitCollectionHandlerType: (UITraitCollection) -> Void] = [:]
   |                                                                         `- error: cannot find type 'UITraitCollection' in scope
44 |
45 |     var hovered: Bool = false
[286/296] Compiling UIKitPlus TextItemInteraction.swift
/Users/admin/builder/spi-builder-workspace/Classes/Extensions/AttrStr+Joined.swift:17:13: warning: variable 'res' was never mutated; consider changing to 'let' constant
15 | extension Array: AnyString where Element == AnyString {
16 |     public var attributedString: NSAttributedString {
17 |         var res: NSMutableAttributedString = .init()
   |             `- warning: variable 'res' was never mutated; consider changing to 'let' constant
18 |         for str in self {
19 |             res.append(str.attributedString)
/Users/admin/builder/spi-builder-workspace/Classes/Objects/Properties.swift:43:73: error: cannot find type 'UITraitCollection' in scope
41 |         case borderColor, shadowColor
42 |     }
43 |     var traitCollectionDidChangeHandlers: [TraitCollectionHandlerType: (UITraitCollection) -> Void] = [:]
   |                                                                         `- error: cannot find type 'UITraitCollection' in scope
44 |
45 |     var hovered: Bool = false
[287/296] Compiling UIKitPlus Array+Diff.swift
/Users/admin/builder/spi-builder-workspace/Classes/Extensions/AttrStr+Joined.swift:17:13: warning: variable 'res' was never mutated; consider changing to 'let' constant
15 | extension Array: AnyString where Element == AnyString {
16 |     public var attributedString: NSAttributedString {
17 |         var res: NSMutableAttributedString = .init()
   |             `- warning: variable 'res' was never mutated; consider changing to 'let' constant
18 |         for str in self {
19 |             res.append(str.attributedString)
/Users/admin/builder/spi-builder-workspace/Classes/Objects/Properties.swift:43:73: error: cannot find type 'UITraitCollection' in scope
41 |         case borderColor, shadowColor
42 |     }
43 |     var traitCollectionDidChangeHandlers: [TraitCollectionHandlerType: (UITraitCollection) -> Void] = [:]
   |                                                                         `- error: cannot find type 'UITraitCollection' in scope
44 |
45 |     var hovered: Bool = false
[288/296] Compiling UIKitPlus AttrStr+Concat.swift
/Users/admin/builder/spi-builder-workspace/Classes/Extensions/AttrStr+Joined.swift:17:13: warning: variable 'res' was never mutated; consider changing to 'let' constant
15 | extension Array: AnyString where Element == AnyString {
16 |     public var attributedString: NSAttributedString {
17 |         var res: NSMutableAttributedString = .init()
   |             `- warning: variable 'res' was never mutated; consider changing to 'let' constant
18 |         for str in self {
19 |             res.append(str.attributedString)
/Users/admin/builder/spi-builder-workspace/Classes/Objects/Properties.swift:43:73: error: cannot find type 'UITraitCollection' in scope
41 |         case borderColor, shadowColor
42 |     }
43 |     var traitCollectionDidChangeHandlers: [TraitCollectionHandlerType: (UITraitCollection) -> Void] = [:]
   |                                                                         `- error: cannot find type 'UITraitCollection' in scope
44 |
45 |     var hovered: Bool = false
[289/296] Compiling UIKitPlus AttrStr+Joined.swift
/Users/admin/builder/spi-builder-workspace/Classes/Extensions/AttrStr+Joined.swift:17:13: warning: variable 'res' was never mutated; consider changing to 'let' constant
15 | extension Array: AnyString where Element == AnyString {
16 |     public var attributedString: NSAttributedString {
17 |         var res: NSMutableAttributedString = .init()
   |             `- warning: variable 'res' was never mutated; consider changing to 'let' constant
18 |         for str in self {
19 |             res.append(str.attributedString)
/Users/admin/builder/spi-builder-workspace/Classes/Objects/Properties.swift:43:73: error: cannot find type 'UITraitCollection' in scope
41 |         case borderColor, shadowColor
42 |     }
43 |     var traitCollectionDidChangeHandlers: [TraitCollectionHandlerType: (UITraitCollection) -> Void] = [:]
   |                                                                         `- error: cannot find type 'UITraitCollection' in scope
44 |
45 |     var hovered: Bool = false
[290/296] Compiling UIKitPlus ClosedRange+NSRange.swift
/Users/admin/builder/spi-builder-workspace/Classes/Extensions/AttrStr+Joined.swift:17:13: warning: variable 'res' was never mutated; consider changing to 'let' constant
15 | extension Array: AnyString where Element == AnyString {
16 |     public var attributedString: NSAttributedString {
17 |         var res: NSMutableAttributedString = .init()
   |             `- warning: variable 'res' was never mutated; consider changing to 'let' constant
18 |         for str in self {
19 |             res.append(str.attributedString)
/Users/admin/builder/spi-builder-workspace/Classes/Objects/Properties.swift:43:73: error: cannot find type 'UITraitCollection' in scope
41 |         case borderColor, shadowColor
42 |     }
43 |     var traitCollectionDidChangeHandlers: [TraitCollectionHandlerType: (UITraitCollection) -> Void] = [:]
   |                                                                         `- error: cannot find type 'UITraitCollection' in scope
44 |
45 |     var hovered: Bool = false
[291/296] Compiling UIKitPlus CollectionView+Cellable.swift
/Users/admin/builder/spi-builder-workspace/Classes/Extensions/AttrStr+Joined.swift:17:13: warning: variable 'res' was never mutated; consider changing to 'let' constant
15 | extension Array: AnyString where Element == AnyString {
16 |     public var attributedString: NSAttributedString {
17 |         var res: NSMutableAttributedString = .init()
   |             `- warning: variable 'res' was never mutated; consider changing to 'let' constant
18 |         for str in self {
19 |             res.append(str.attributedString)
/Users/admin/builder/spi-builder-workspace/Classes/Objects/Properties.swift:43:73: error: cannot find type 'UITraitCollection' in scope
41 |         case borderColor, shadowColor
42 |     }
43 |     var traitCollectionDidChangeHandlers: [TraitCollectionHandlerType: (UITraitCollection) -> Void] = [:]
   |                                                                         `- error: cannot find type 'UITraitCollection' in scope
44 |
45 |     var hovered: Bool = false
[292/296] Compiling UIKitPlus ConstraintValueType+Operators.swift
/Users/admin/builder/spi-builder-workspace/Classes/Extensions/AttrStr+Joined.swift:17:13: warning: variable 'res' was never mutated; consider changing to 'let' constant
15 | extension Array: AnyString where Element == AnyString {
16 |     public var attributedString: NSAttributedString {
17 |         var res: NSMutableAttributedString = .init()
   |             `- warning: variable 'res' was never mutated; consider changing to 'let' constant
18 |         for str in self {
19 |             res.append(str.attributedString)
/Users/admin/builder/spi-builder-workspace/Classes/Objects/Properties.swift:43:73: error: cannot find type 'UITraitCollection' in scope
41 |         case borderColor, shadowColor
42 |     }
43 |     var traitCollectionDidChangeHandlers: [TraitCollectionHandlerType: (UITraitCollection) -> Void] = [:]
   |                                                                         `- error: cannot find type 'UITraitCollection' in scope
44 |
45 |     var hovered: Bool = false
[293/296] Compiling UIKitPlus DeclarativeProtocol+Alpha.swift
/Users/admin/builder/spi-builder-workspace/Classes/Extensions/AttrStr+Joined.swift:17:13: warning: variable 'res' was never mutated; consider changing to 'let' constant
15 | extension Array: AnyString where Element == AnyString {
16 |     public var attributedString: NSAttributedString {
17 |         var res: NSMutableAttributedString = .init()
   |             `- warning: variable 'res' was never mutated; consider changing to 'let' constant
18 |         for str in self {
19 |             res.append(str.attributedString)
/Users/admin/builder/spi-builder-workspace/Classes/Objects/Properties.swift:43:73: error: cannot find type 'UITraitCollection' in scope
41 |         case borderColor, shadowColor
42 |     }
43 |     var traitCollectionDidChangeHandlers: [TraitCollectionHandlerType: (UITraitCollection) -> Void] = [:]
   |                                                                         `- error: cannot find type 'UITraitCollection' in scope
44 |
45 |     var hovered: Bool = false
[294/296] Compiling UIKitPlus DeclarativeProtocol+Apply.swift
/Users/admin/builder/spi-builder-workspace/Classes/Extensions/AttrStr+Joined.swift:17:13: warning: variable 'res' was never mutated; consider changing to 'let' constant
15 | extension Array: AnyString where Element == AnyString {
16 |     public var attributedString: NSAttributedString {
17 |         var res: NSMutableAttributedString = .init()
   |             `- warning: variable 'res' was never mutated; consider changing to 'let' constant
18 |         for str in self {
19 |             res.append(str.attributedString)
/Users/admin/builder/spi-builder-workspace/Classes/Objects/Properties.swift:43:73: error: cannot find type 'UITraitCollection' in scope
41 |         case borderColor, shadowColor
42 |     }
43 |     var traitCollectionDidChangeHandlers: [TraitCollectionHandlerType: (UITraitCollection) -> Void] = [:]
   |                                                                         `- error: cannot find type 'UITraitCollection' in scope
44 |
45 |     var hovered: Bool = false
[295/296] Compiling UIKitPlus DeclarativeProtocol+Background.swift
/Users/admin/builder/spi-builder-workspace/Classes/Extensions/AttrStr+Joined.swift:17:13: warning: variable 'res' was never mutated; consider changing to 'let' constant
15 | extension Array: AnyString where Element == AnyString {
16 |     public var attributedString: NSAttributedString {
17 |         var res: NSMutableAttributedString = .init()
   |             `- warning: variable 'res' was never mutated; consider changing to 'let' constant
18 |         for str in self {
19 |             res.append(str.attributedString)
/Users/admin/builder/spi-builder-workspace/Classes/Objects/Properties.swift:43:73: error: cannot find type 'UITraitCollection' in scope
41 |         case borderColor, shadowColor
42 |     }
43 |     var traitCollectionDidChangeHandlers: [TraitCollectionHandlerType: (UITraitCollection) -> Void] = [:]
   |                                                                         `- error: cannot find type 'UITraitCollection' in scope
44 |
45 |     var hovered: Bool = false
[296/296] Compiling UIKitPlus DeclarativeProtocol+Borders.swift
/Users/admin/builder/spi-builder-workspace/Classes/Extensions/AttrStr+Joined.swift:17:13: warning: variable 'res' was never mutated; consider changing to 'let' constant
15 | extension Array: AnyString where Element == AnyString {
16 |     public var attributedString: NSAttributedString {
17 |         var res: NSMutableAttributedString = .init()
   |             `- warning: variable 'res' was never mutated; consider changing to 'let' constant
18 |         for str in self {
19 |             res.append(str.attributedString)
/Users/admin/builder/spi-builder-workspace/Classes/Objects/Properties.swift:43:73: error: cannot find type 'UITraitCollection' in scope
41 |         case borderColor, shadowColor
42 |     }
43 |     var traitCollectionDidChangeHandlers: [TraitCollectionHandlerType: (UITraitCollection) -> Void] = [:]
   |                                                                         `- error: cannot find type 'UITraitCollection' in scope
44 |
45 |     var hovered: Bool = false
BUILD FAILURE 6.1 macosSpm