The Swift Package Index logo.Swift Package Index

Build Information

Failed to build PINCache, reference master (007333), with Swift 6.1 for Linux on 11 Aug 2026 05:12:12 UTC.

Build Command

bash -c docker run --pull=always --rm -v "checkouts-54344843-1":/host -w "$PWD" -e JAVA_HOME="/root/.sdkman/candidates/java/current" -e SPI_BUILD="1" -e SPI_PROCESSING="1" registry.gitlab.com/saguaro1/spi-images:basic-6.1-latest swift build --triple x86_64-unknown-linux-gnu 2>&1

Build Log

========================================
RunAll
========================================
Builder version: 729ceb5fcd9493dc13ee340bc4f0908bd201f85d
Interrupt handler set up.
========================================
Checkout
========================================
Clone URL: https://github.com/pinterest/PINCache.git
Reference: master
Initialized empty Git repository in /host/spi-builder-workspace/.git/
hint: Using 'master' as the name for the initial branch. This default branch name
hint: is subject to change. To configure the initial branch name to use in all
hint: of your new repositories, which will suppress this warning, call:
hint:
hint: 	git config --global init.defaultBranch <name>
hint:
hint: Names commonly chosen instead of 'master' are 'main', 'trunk' and
hint: 'development'. The just-created branch can be renamed via this command:
hint:
hint: 	git branch -m <name>
From https://github.com/pinterest/PINCache
 * branch            master     -> FETCH_HEAD
 * [new branch]      master     -> origin/master
HEAD is now at 0073330 Fix crashes and unbounded memory in disk cache trimming (#336)
Cloned https://github.com/pinterest/PINCache.git
Revision (git rev-parse @):
00733305a8a808f1adb0e001428e494e10fe03ee
SUCCESS checkout https://github.com/pinterest/PINCache.git at master
========================================
Build
========================================
Selected platform:         linux
Swift version:             6.1
Building package at path:  $PWD
https://github.com/pinterest/PINCache.git
https://github.com/pinterest/PINCache.git
WARNING: environment variable SUPPRESS_SWIFT_6_FLAGS is not set
Running build ...
bash -c docker run --pull=always --rm -v "checkouts-54344843-1":/host -w "$PWD" -e JAVA_HOME="/root/.sdkman/candidates/java/current" -e SPI_BUILD="1" -e SPI_PROCESSING="1" registry.gitlab.com/saguaro1/spi-images:basic-6.1-latest swift build --triple x86_64-unknown-linux-gnu -Xswiftc -Xfrontend -Xswiftc -stats-output-dir -Xswiftc -Xfrontend -Xswiftc .stats -Xswiftc -strict-concurrency=complete -Xswiftc -enable-upcoming-feature -Xswiftc StrictConcurrency -Xswiftc -enable-upcoming-feature -Xswiftc DisableOutwardActorInference -Xswiftc -enable-upcoming-feature -Xswiftc GlobalActorIsolatedTypesUsability -Xswiftc -enable-upcoming-feature -Xswiftc InferSendableFromCaptures 2>&1
basic-6.1-latest: Pulling from saguaro1/spi-images
Digest: sha256:dff62030f4387a2d827d2b365d39a91716bd1d13650763ccbcbfe23419000563
Status: Image is up to date for registry.gitlab.com/saguaro1/spi-images:basic-6.1-latest
Fetching https://github.com/pinterest/PINOperation.git
[1/870] Fetching pinoperation
Fetched https://github.com/pinterest/PINOperation.git from cache (0.68s)
Computing version for https://github.com/pinterest/PINOperation.git
Computed https://github.com/pinterest/PINOperation.git at 1.2.3 (0.91s)
Creating working copy for https://github.com/pinterest/PINOperation.git
Working copy of https://github.com/pinterest/PINOperation.git resolved at 1.2.3
warning: 'spi-builder-workspace': ignoring target 'PINCacheTests' in package 'spi-builder-workspace'; C language in tests is not yet supported
Building for debugging...
[0/5] Copying PrivacyInfo.xcprivacy
In file included from <built-in>:1:
/host/spi-builder-workspace/.build/x86_64-unknown-linux-gnu/debug/PINCache.build/DerivedSources/resource_bundle_accessor.h:2:9: fatal error: 'Foundation/Foundation.h' file not found
    2 | #import <Foundation/Foundation.h>
      |         ^~~~~~~~~~~~~~~~~~~~~~~~~
1 error generated.
[1/5] Compiling PINCache resource_bundle_accessor.m
In file included from <built-in>:1:
/host/spi-builder-workspace/.build/x86_64-unknown-linux-gnu/debug/PINCache.build/DerivedSources/resource_bundle_accessor.h:2:9: fatal error: 'Foundation/Foundation.h' file not found
    2 | #import <Foundation/Foundation.h>
      |         ^~~~~~~~~~~~~~~~~~~~~~~~~
[1/5] Compiling PINCache PINCache.m
In file included from <built-in>:1:
/host/spi-builder-workspace/.build/x86_64-unknown-linux-gnu/debug/PINCache.build/DerivedSources/resource_bundle_accessor.h:2:9: fatal error: 'Foundation/Foundation.h' file not found
    2 | #import <Foundation/Foundation.h>
      |         ^~~~~~~~~~~~~~~~~~~~~~~~~
[1/5] Compiling PINCache PINDiskCache.m
In file included from <built-in>:1:
/host/spi-builder-workspace/.build/x86_64-unknown-linux-gnu/debug/PINCache.build/DerivedSources/resource_bundle_accessor.h:2:9: fatal error: 'Foundation/Foundation.h' file not found
    2 | #import <Foundation/Foundation.h>
      |         ^~~~~~~~~~~~~~~~~~~~~~~~~
[1/5] Compiling PINCache PINMemoryCache.m
Running build ...
bash -c docker run --pull=always --rm -v "checkouts-54344843-1":/host -w "$PWD" -e JAVA_HOME="/root/.sdkman/candidates/java/current" -e SPI_BUILD="1" -e SPI_PROCESSING="1" registry.gitlab.com/saguaro1/spi-images:basic-6.1-latest swift build --triple x86_64-unknown-linux-gnu 2>&1
basic-6.1-latest: Pulling from saguaro1/spi-images
Digest: sha256:dff62030f4387a2d827d2b365d39a91716bd1d13650763ccbcbfe23419000563
Status: Image is up to date for registry.gitlab.com/saguaro1/spi-images:basic-6.1-latest
warning: 'spi-builder-workspace': ignoring target 'PINCacheTests' in package 'spi-builder-workspace'; C language in tests is not yet supported
[0/1] Planning build
Building for debugging...
In file included from <built-in>:1:
/host/spi-builder-workspace/.build/x86_64-unknown-linux-gnu/debug/PINCache.build/DerivedSources/resource_bundle_accessor.h:2:9: fatal error: 'Foundation/Foundation.h' file not found
    2 | #import <Foundation/Foundation.h>
      |         ^~~~~~~~~~~~~~~~~~~~~~~~~
1 error generated.
[0/4] Compiling PINCache resource_bundle_accessor.m
In file included from <built-in>:1:
/host/spi-builder-workspace/.build/x86_64-unknown-linux-gnu/debug/PINCache.build/DerivedSources/resource_bundle_accessor.h:2:9: fatal error: 'Foundation/Foundation.h' file not found
    2 | #import <Foundation/Foundation.h>
      |         ^~~~~~~~~~~~~~~~~~~~~~~~~
[0/4] Compiling PINCache PINCache.m
In file included from <built-in>:1:
/host/spi-builder-workspace/.build/x86_64-unknown-linux-gnu/debug/PINCache.build/DerivedSources/resource_bundle_accessor.h:2:9: fatal error: 'Foundation/Foundation.h' file not found
    2 | #import <Foundation/Foundation.h>
      |         ^~~~~~~~~~~~~~~~~~~~~~~~~
[0/4] Compiling PINCache PINMemoryCache.m
In file included from <built-in>:1:
/host/spi-builder-workspace/.build/x86_64-unknown-linux-gnu/debug/PINCache.build/DerivedSources/resource_bundle_accessor.h:2:9: fatal error: 'Foundation/Foundation.h' file not found
    2 | #import <Foundation/Foundation.h>
      |         ^~~~~~~~~~~~~~~~~~~~~~~~~
[0/4] Compiling PINCache PINDiskCache.m
BUILD FAILURE 6.1 linux