Build Information
Failed to build YDS, reference 3.1.5 (7b7ffa), with Swift 6.4 for watchOS using Xcode 27.0 on 21 Sep 2026 10:09:25 UTC.
Build Command
env DEVELOPER_DIR=/Applications/Xcode-27.0.0-Release.Candidate.app xcrun xcodebuild -IDEClonedSourcePackagesDirPathOverride=$PWD/.dependencies -skipMacroValidation -skipPackagePluginValidation -derivedDataPath $PWD/.derivedData build -scheme YDS-Package -destination generic/platform=watchOSBuild Log
cd /Users/admin/builder/spi-builder-workspace
write-file /Users/admin/builder/spi-builder-workspace/.derivedData/Build/Intermediates.noindex/YDS.build/Debug-watchos/YDS_YDS-Essential-b.build/YDS_YDS-Essential.DependencyStaticMetadataFileList
WriteAuxiliaryFile /Users/admin/builder/spi-builder-workspace/.derivedData/Build/Intermediates.noindex/YDS.build/Debug-watchos/YDS_YDS-Essential-b.build/YDS_YDS-Essential.DependencyMetadataFileList (in target 'YDS_YDS-Essential' from project 'YDS')
cd /Users/admin/builder/spi-builder-workspace
write-file /Users/admin/builder/spi-builder-workspace/.derivedData/Build/Intermediates.noindex/YDS.build/Debug-watchos/YDS_YDS-Essential-b.build/YDS_YDS-Essential.DependencyMetadataFileList
WriteAuxiliaryFile /Users/admin/builder/spi-builder-workspace/.derivedData/Build/Intermediates.noindex/YDS.build/Debug-watchos/YDS_YDS-Essential-b.build/empty-YDS_YDS-Essential.plist (in target 'YDS_YDS-Essential' from project 'YDS')
cd /Users/admin/builder/spi-builder-workspace
write-file /Users/admin/builder/spi-builder-workspace/.derivedData/Build/Intermediates.noindex/YDS.build/Debug-watchos/YDS_YDS-Essential-b.build/empty-YDS_YDS-Essential.plist
WriteAuxiliaryFile /Users/admin/builder/spi-builder-workspace/.derivedData/Build/Intermediates.noindex/PanModal.build/Debug-watchos/PanModal-t.build/Objects-normal/arm64_32/PanModal-OutputFileMap.json (in target 'PanModal' from project 'PanModal')
cd /Users/admin/builder/spi-builder-workspace/.dependencies/checkouts/PanModal
write-file /Users/admin/builder/spi-builder-workspace/.derivedData/Build/Intermediates.noindex/PanModal.build/Debug-watchos/PanModal-t.build/Objects-normal/arm64_32/PanModal-OutputFileMap.json
WriteAuxiliaryFile /Users/admin/builder/spi-builder-workspace/.derivedData/Build/Intermediates.noindex/PanModal.build/Debug-watchos/PanModal-t.build/Objects-normal/arm64_32/PanModal_const_extract_protocols.json (in target 'PanModal' from project 'PanModal')
cd /Users/admin/builder/spi-builder-workspace/.dependencies/checkouts/PanModal
write-file /Users/admin/builder/spi-builder-workspace/.derivedData/Build/Intermediates.noindex/PanModal.build/Debug-watchos/PanModal-t.build/Objects-normal/arm64_32/PanModal_const_extract_protocols.json
WriteAuxiliaryFile /Users/admin/builder/spi-builder-workspace/.derivedData/Build/Intermediates.noindex/PanModal.build/Debug-watchos/PanModal-t.build/Objects-normal/arm64_32/PanModal.LinkFileList (in target 'PanModal' from project 'PanModal')
cd /Users/admin/builder/spi-builder-workspace/.dependencies/checkouts/PanModal
write-file /Users/admin/builder/spi-builder-workspace/.derivedData/Build/Intermediates.noindex/PanModal.build/Debug-watchos/PanModal-t.build/Objects-normal/arm64_32/PanModal.LinkFileList
WriteAuxiliaryFile /Users/admin/builder/spi-builder-workspace/.derivedData/Build/Intermediates.noindex/PanModal.build/Debug-watchos/PanModal-t.build/Objects-normal/arm64/PanModal-OutputFileMap.json (in target 'PanModal' from project 'PanModal')
cd /Users/admin/builder/spi-builder-workspace/.dependencies/checkouts/PanModal
write-file /Users/admin/builder/spi-builder-workspace/.derivedData/Build/Intermediates.noindex/PanModal.build/Debug-watchos/PanModal-t.build/Objects-normal/arm64/PanModal-OutputFileMap.json
WriteAuxiliaryFile /Users/admin/builder/spi-builder-workspace/.derivedData/Build/Intermediates.noindex/PanModal.build/Debug-watchos/PanModal-t.build/Objects-normal/arm64/PanModal_const_extract_protocols.json (in target 'PanModal' from project 'PanModal')
cd /Users/admin/builder/spi-builder-workspace/.dependencies/checkouts/PanModal
write-file /Users/admin/builder/spi-builder-workspace/.derivedData/Build/Intermediates.noindex/PanModal.build/Debug-watchos/PanModal-t.build/Objects-normal/arm64/PanModal_const_extract_protocols.json
WriteAuxiliaryFile /Users/admin/builder/spi-builder-workspace/.derivedData/Build/Intermediates.noindex/YDS.build/Debug-watchos/YDS-SwiftUI-t.build/YDS-SwiftUI.DependencyMetadataFileList (in target 'YDS-SwiftUI' from project 'YDS')
cd /Users/admin/builder/spi-builder-workspace
write-file /Users/admin/builder/spi-builder-workspace/.derivedData/Build/Intermediates.noindex/YDS.build/Debug-watchos/YDS-SwiftUI-t.build/YDS-SwiftUI.DependencyMetadataFileList
WriteAuxiliaryFile /Users/admin/builder/spi-builder-workspace/.derivedData/Build/Intermediates.noindex/YDS.build/Debug-watchos/YDS-SwiftUI-t.build/YDS-SwiftUI.modulemap (in target 'YDS-SwiftUI' from project 'YDS')
cd /Users/admin/builder/spi-builder-workspace
write-file /Users/admin/builder/spi-builder-workspace/.derivedData/Build/Intermediates.noindex/YDS.build/Debug-watchos/YDS-SwiftUI-t.build/YDS-SwiftUI.modulemap
WriteAuxiliaryFile /Users/admin/builder/spi-builder-workspace/.derivedData/Build/Intermediates.noindex/YDS.build/Debug-watchos/YDS-SwiftUI-t.build/YDS-SwiftUI.DependencyStaticMetadataFileList (in target 'YDS-SwiftUI' from project 'YDS')
cd /Users/admin/builder/spi-builder-workspace
write-file /Users/admin/builder/spi-builder-workspace/.derivedData/Build/Intermediates.noindex/YDS.build/Debug-watchos/YDS-SwiftUI-t.build/YDS-SwiftUI.DependencyStaticMetadataFileList
WriteAuxiliaryFile /Users/admin/builder/spi-builder-workspace/.derivedData/Build/Intermediates.noindex/YDS.build/Debug-watchos/YDS-SwiftUI-t.build/Objects-normal/arm64_32/YDS-SwiftUI_const_extract_protocols.json (in target 'YDS-SwiftUI' from project 'YDS')
cd /Users/admin/builder/spi-builder-workspace
write-file /Users/admin/builder/spi-builder-workspace/.derivedData/Build/Intermediates.noindex/YDS.build/Debug-watchos/YDS-SwiftUI-t.build/Objects-normal/arm64_32/YDS-SwiftUI_const_extract_protocols.json
WriteAuxiliaryFile /Users/admin/builder/spi-builder-workspace/.derivedData/Build/Intermediates.noindex/YDS.build/Debug-watchos/YDS-SwiftUI-t.build/Objects-normal/arm64_32/YDS-SwiftUI.SwiftFileList (in target 'YDS-SwiftUI' from project 'YDS')
cd /Users/admin/builder/spi-builder-workspace
write-file /Users/admin/builder/spi-builder-workspace/.derivedData/Build/Intermediates.noindex/YDS.build/Debug-watchos/YDS-SwiftUI-t.build/Objects-normal/arm64_32/YDS-SwiftUI.SwiftFileList
WriteAuxiliaryFile /Users/admin/builder/spi-builder-workspace/.derivedData/Build/Intermediates.noindex/YDS.build/Debug-watchos/YDS-SwiftUI-t.build/Objects-normal/arm64_32/YDS-SwiftUI.SwiftConstValuesFileList (in target 'YDS-SwiftUI' from project 'YDS')
cd /Users/admin/builder/spi-builder-workspace
write-file /Users/admin/builder/spi-builder-workspace/.derivedData/Build/Intermediates.noindex/YDS.build/Debug-watchos/YDS-SwiftUI-t.build/Objects-normal/arm64_32/YDS-SwiftUI.SwiftConstValuesFileList
WriteAuxiliaryFile /Users/admin/builder/spi-builder-workspace/.derivedData/Build/Intermediates.noindex/YDS.build/Debug-watchos/YDS-SwiftUI-t.build/Objects-normal/arm64_32/YDS-SwiftUI.LinkFileList (in target 'YDS-SwiftUI' from project 'YDS')
cd /Users/admin/builder/spi-builder-workspace
write-file /Users/admin/builder/spi-builder-workspace/.derivedData/Build/Intermediates.noindex/YDS.build/Debug-watchos/YDS-SwiftUI-t.build/Objects-normal/arm64_32/YDS-SwiftUI.LinkFileList
WriteAuxiliaryFile /Users/admin/builder/spi-builder-workspace/.derivedData/Build/Intermediates.noindex/YDS.build/Debug-watchos/YDS-SwiftUI-t.build/Objects-normal/arm64_32/YDS-SwiftUI-OutputFileMap.json (in target 'YDS-SwiftUI' from project 'YDS')
cd /Users/admin/builder/spi-builder-workspace
write-file /Users/admin/builder/spi-builder-workspace/.derivedData/Build/Intermediates.noindex/YDS.build/Debug-watchos/YDS-SwiftUI-t.build/Objects-normal/arm64_32/YDS-SwiftUI-OutputFileMap.json
WriteAuxiliaryFile /Users/admin/builder/spi-builder-workspace/.derivedData/Build/Intermediates.noindex/YDS.build/Debug-watchos/YDS-SwiftUI-t.build/Objects-normal/arm64/YDS-SwiftUI_const_extract_protocols.json (in target 'YDS-SwiftUI' from project 'YDS')
cd /Users/admin/builder/spi-builder-workspace
write-file /Users/admin/builder/spi-builder-workspace/.derivedData/Build/Intermediates.noindex/YDS.build/Debug-watchos/YDS-SwiftUI-t.build/Objects-normal/arm64/YDS-SwiftUI_const_extract_protocols.json
WriteAuxiliaryFile /Users/admin/builder/spi-builder-workspace/.derivedData/Build/Intermediates.noindex/YDS.build/Debug-watchos/YDS-SwiftUI-t.build/Objects-normal/arm64/YDS-SwiftUI.SwiftFileList (in target 'YDS-SwiftUI' from project 'YDS')
cd /Users/admin/builder/spi-builder-workspace
write-file /Users/admin/builder/spi-builder-workspace/.derivedData/Build/Intermediates.noindex/YDS.build/Debug-watchos/YDS-SwiftUI-t.build/Objects-normal/arm64/YDS-SwiftUI.SwiftFileList
WriteAuxiliaryFile /Users/admin/builder/spi-builder-workspace/.derivedData/Build/Intermediates.noindex/YDS.build/Debug-watchos/YDS-SwiftUI-t.build/Objects-normal/arm64/YDS-SwiftUI.SwiftConstValuesFileList (in target 'YDS-SwiftUI' from project 'YDS')
cd /Users/admin/builder/spi-builder-workspace
write-file /Users/admin/builder/spi-builder-workspace/.derivedData/Build/Intermediates.noindex/YDS.build/Debug-watchos/YDS-SwiftUI-t.build/Objects-normal/arm64/YDS-SwiftUI.SwiftConstValuesFileList
WriteAuxiliaryFile /Users/admin/builder/spi-builder-workspace/.derivedData/Build/Intermediates.noindex/YDS.build/Debug-watchos/YDS-SwiftUI-t.build/Objects-normal/arm64/YDS-SwiftUI.LinkFileList (in target 'YDS-SwiftUI' from project 'YDS')
cd /Users/admin/builder/spi-builder-workspace
write-file /Users/admin/builder/spi-builder-workspace/.derivedData/Build/Intermediates.noindex/YDS.build/Debug-watchos/YDS-SwiftUI-t.build/Objects-normal/arm64/YDS-SwiftUI.LinkFileList
WriteAuxiliaryFile /Users/admin/builder/spi-builder-workspace/.derivedData/Build/Intermediates.noindex/YDS.build/Debug-watchos/YDS-SwiftUI-t.build/Objects-normal/arm64/YDS-SwiftUI-OutputFileMap.json (in target 'YDS-SwiftUI' from project 'YDS')
cd /Users/admin/builder/spi-builder-workspace
write-file /Users/admin/builder/spi-builder-workspace/.derivedData/Build/Intermediates.noindex/YDS.build/Debug-watchos/YDS-SwiftUI-t.build/Objects-normal/arm64/YDS-SwiftUI-OutputFileMap.json
WriteAuxiliaryFile /Users/admin/builder/spi-builder-workspace/.derivedData/Build/Intermediates.noindex/YDS.build/Debug-watchos/YDS-t.build/YDS.modulemap (in target 'YDS' from project 'YDS')
cd /Users/admin/builder/spi-builder-workspace
write-file /Users/admin/builder/spi-builder-workspace/.derivedData/Build/Intermediates.noindex/YDS.build/Debug-watchos/YDS-t.build/YDS.modulemap
WriteAuxiliaryFile /Users/admin/builder/spi-builder-workspace/.derivedData/Build/Intermediates.noindex/YDS.build/Debug-watchos/YDS-t.build/YDS.DependencyStaticMetadataFileList (in target 'YDS' from project 'YDS')
cd /Users/admin/builder/spi-builder-workspace
write-file /Users/admin/builder/spi-builder-workspace/.derivedData/Build/Intermediates.noindex/YDS.build/Debug-watchos/YDS-t.build/YDS.DependencyStaticMetadataFileList
WriteAuxiliaryFile /Users/admin/builder/spi-builder-workspace/.derivedData/Build/Intermediates.noindex/YDS.build/Debug-watchos/YDS-t.build/YDS.DependencyMetadataFileList (in target 'YDS' from project 'YDS')
cd /Users/admin/builder/spi-builder-workspace
write-file /Users/admin/builder/spi-builder-workspace/.derivedData/Build/Intermediates.noindex/YDS.build/Debug-watchos/YDS-t.build/YDS.DependencyMetadataFileList
WriteAuxiliaryFile /Users/admin/builder/spi-builder-workspace/.derivedData/Build/Intermediates.noindex/YDS.build/Debug-watchos/YDS-t.build/Objects-normal/arm64_32/YDS_const_extract_protocols.json (in target 'YDS' from project 'YDS')
cd /Users/admin/builder/spi-builder-workspace
write-file /Users/admin/builder/spi-builder-workspace/.derivedData/Build/Intermediates.noindex/YDS.build/Debug-watchos/YDS-t.build/Objects-normal/arm64_32/YDS_const_extract_protocols.json
WriteAuxiliaryFile /Users/admin/builder/spi-builder-workspace/.derivedData/Build/Intermediates.noindex/YDS.build/Debug-watchos/YDS-t.build/Objects-normal/arm64_32/YDS.SwiftFileList (in target 'YDS' from project 'YDS')
cd /Users/admin/builder/spi-builder-workspace
write-file /Users/admin/builder/spi-builder-workspace/.derivedData/Build/Intermediates.noindex/YDS.build/Debug-watchos/YDS-t.build/Objects-normal/arm64_32/YDS.SwiftFileList
WriteAuxiliaryFile /Users/admin/builder/spi-builder-workspace/.derivedData/Build/Intermediates.noindex/YDS.build/Debug-watchos/YDS-t.build/Objects-normal/arm64_32/YDS.SwiftConstValuesFileList (in target 'YDS' from project 'YDS')
cd /Users/admin/builder/spi-builder-workspace
write-file /Users/admin/builder/spi-builder-workspace/.derivedData/Build/Intermediates.noindex/YDS.build/Debug-watchos/YDS-t.build/Objects-normal/arm64_32/YDS.SwiftConstValuesFileList
WriteAuxiliaryFile /Users/admin/builder/spi-builder-workspace/.derivedData/Build/Intermediates.noindex/YDS.build/Debug-watchos/YDS-t.build/Objects-normal/arm64_32/YDS.LinkFileList (in target 'YDS' from project 'YDS')
cd /Users/admin/builder/spi-builder-workspace
write-file /Users/admin/builder/spi-builder-workspace/.derivedData/Build/Intermediates.noindex/YDS.build/Debug-watchos/YDS-t.build/Objects-normal/arm64_32/YDS.LinkFileList
WriteAuxiliaryFile /Users/admin/builder/spi-builder-workspace/.derivedData/Build/Intermediates.noindex/YDS.build/Debug-watchos/YDS-t.build/Objects-normal/arm64_32/YDS-OutputFileMap.json (in target 'YDS' from project 'YDS')
cd /Users/admin/builder/spi-builder-workspace
write-file /Users/admin/builder/spi-builder-workspace/.derivedData/Build/Intermediates.noindex/YDS.build/Debug-watchos/YDS-t.build/Objects-normal/arm64_32/YDS-OutputFileMap.json
WriteAuxiliaryFile /Users/admin/builder/spi-builder-workspace/.derivedData/Build/Intermediates.noindex/YDS.build/Debug-watchos/YDS-t.build/Objects-normal/arm64/YDS_const_extract_protocols.json (in target 'YDS' from project 'YDS')
cd /Users/admin/builder/spi-builder-workspace
write-file /Users/admin/builder/spi-builder-workspace/.derivedData/Build/Intermediates.noindex/YDS.build/Debug-watchos/YDS-t.build/Objects-normal/arm64/YDS_const_extract_protocols.json
WriteAuxiliaryFile /Users/admin/builder/spi-builder-workspace/.derivedData/Build/Intermediates.noindex/YDS.build/Debug-watchos/YDS-t.build/Objects-normal/arm64/YDS.SwiftFileList (in target 'YDS' from project 'YDS')
cd /Users/admin/builder/spi-builder-workspace
write-file /Users/admin/builder/spi-builder-workspace/.derivedData/Build/Intermediates.noindex/YDS.build/Debug-watchos/YDS-t.build/Objects-normal/arm64/YDS.SwiftFileList
WriteAuxiliaryFile /Users/admin/builder/spi-builder-workspace/.derivedData/Build/Intermediates.noindex/YDS.build/Debug-watchos/YDS-t.build/Objects-normal/arm64/YDS.SwiftConstValuesFileList (in target 'YDS' from project 'YDS')
cd /Users/admin/builder/spi-builder-workspace
write-file /Users/admin/builder/spi-builder-workspace/.derivedData/Build/Intermediates.noindex/YDS.build/Debug-watchos/YDS-t.build/Objects-normal/arm64/YDS.SwiftConstValuesFileList
WriteAuxiliaryFile /Users/admin/builder/spi-builder-workspace/.derivedData/Build/Intermediates.noindex/YDS.build/Debug-watchos/YDS-t.build/Objects-normal/arm64/YDS.LinkFileList (in target 'YDS' from project 'YDS')
cd /Users/admin/builder/spi-builder-workspace
write-file /Users/admin/builder/spi-builder-workspace/.derivedData/Build/Intermediates.noindex/YDS.build/Debug-watchos/YDS-t.build/Objects-normal/arm64/YDS.LinkFileList
WriteAuxiliaryFile /Users/admin/builder/spi-builder-workspace/.derivedData/Build/Intermediates.noindex/YDS.build/Debug-watchos/YDS-t.build/Objects-normal/arm64/YDS-OutputFileMap.json (in target 'YDS' from project 'YDS')
cd /Users/admin/builder/spi-builder-workspace
write-file /Users/admin/builder/spi-builder-workspace/.derivedData/Build/Intermediates.noindex/YDS.build/Debug-watchos/YDS-t.build/Objects-normal/arm64/YDS-OutputFileMap.json
WriteAuxiliaryFile /Users/admin/builder/spi-builder-workspace/.derivedData/Build/Intermediates.noindex/YDS.build/Debug-watchos/YDS-Essential-t.build/YDS-Essential.modulemap (in target 'YDS-Essential' from project 'YDS')
cd /Users/admin/builder/spi-builder-workspace
write-file /Users/admin/builder/spi-builder-workspace/.derivedData/Build/Intermediates.noindex/YDS.build/Debug-watchos/YDS-Essential-t.build/YDS-Essential.modulemap
WriteAuxiliaryFile /Users/admin/builder/spi-builder-workspace/.derivedData/Build/Intermediates.noindex/YDS.build/Debug-watchos/YDS-Essential-t.build/YDS-Essential.DependencyStaticMetadataFileList (in target 'YDS-Essential' from project 'YDS')
cd /Users/admin/builder/spi-builder-workspace
write-file /Users/admin/builder/spi-builder-workspace/.derivedData/Build/Intermediates.noindex/YDS.build/Debug-watchos/YDS-Essential-t.build/YDS-Essential.DependencyStaticMetadataFileList
WriteAuxiliaryFile /Users/admin/builder/spi-builder-workspace/.derivedData/Build/Intermediates.noindex/YDS.build/Debug-watchos/YDS-Essential-t.build/YDS-Essential.DependencyMetadataFileList (in target 'YDS-Essential' from project 'YDS')
cd /Users/admin/builder/spi-builder-workspace
write-file /Users/admin/builder/spi-builder-workspace/.derivedData/Build/Intermediates.noindex/YDS.build/Debug-watchos/YDS-Essential-t.build/YDS-Essential.DependencyMetadataFileList
WriteAuxiliaryFile /Users/admin/builder/spi-builder-workspace/.derivedData/Build/Intermediates.noindex/YDS.build/Debug-watchos/YDS-Essential-t.build/Objects-normal/arm64_32/YDS-Essential_const_extract_protocols.json (in target 'YDS-Essential' from project 'YDS')
cd /Users/admin/builder/spi-builder-workspace
write-file /Users/admin/builder/spi-builder-workspace/.derivedData/Build/Intermediates.noindex/YDS.build/Debug-watchos/YDS-Essential-t.build/Objects-normal/arm64_32/YDS-Essential_const_extract_protocols.json
WriteAuxiliaryFile /Users/admin/builder/spi-builder-workspace/.derivedData/Build/Intermediates.noindex/YDS.build/Debug-watchos/YDS-Essential-t.build/Objects-normal/arm64_32/YDS-Essential.SwiftFileList (in target 'YDS-Essential' from project 'YDS')
cd /Users/admin/builder/spi-builder-workspace
write-file /Users/admin/builder/spi-builder-workspace/.derivedData/Build/Intermediates.noindex/YDS.build/Debug-watchos/YDS-Essential-t.build/Objects-normal/arm64_32/YDS-Essential.SwiftFileList
WriteAuxiliaryFile /Users/admin/builder/spi-builder-workspace/.derivedData/Build/Intermediates.noindex/YDS.build/Debug-watchos/YDS-Essential-t.build/Objects-normal/arm64_32/YDS-Essential.SwiftConstValuesFileList (in target 'YDS-Essential' from project 'YDS')
cd /Users/admin/builder/spi-builder-workspace
write-file /Users/admin/builder/spi-builder-workspace/.derivedData/Build/Intermediates.noindex/YDS.build/Debug-watchos/YDS-Essential-t.build/Objects-normal/arm64_32/YDS-Essential.SwiftConstValuesFileList
WriteAuxiliaryFile /Users/admin/builder/spi-builder-workspace/.derivedData/Build/Intermediates.noindex/YDS.build/Debug-watchos/YDS-Essential-t.build/Objects-normal/arm64_32/YDS-Essential.LinkFileList (in target 'YDS-Essential' from project 'YDS')
cd /Users/admin/builder/spi-builder-workspace
write-file /Users/admin/builder/spi-builder-workspace/.derivedData/Build/Intermediates.noindex/YDS.build/Debug-watchos/YDS-Essential-t.build/Objects-normal/arm64_32/YDS-Essential.LinkFileList
WriteAuxiliaryFile /Users/admin/builder/spi-builder-workspace/.derivedData/Build/Intermediates.noindex/YDS.build/Debug-watchos/YDS-Essential-t.build/Objects-normal/arm64_32/YDS-Essential-OutputFileMap.json (in target 'YDS-Essential' from project 'YDS')
cd /Users/admin/builder/spi-builder-workspace
write-file /Users/admin/builder/spi-builder-workspace/.derivedData/Build/Intermediates.noindex/YDS.build/Debug-watchos/YDS-Essential-t.build/Objects-normal/arm64_32/YDS-Essential-OutputFileMap.json
WriteAuxiliaryFile /Users/admin/builder/spi-builder-workspace/.derivedData/Build/Intermediates.noindex/YDS.build/Debug-watchos/YDS-Essential-t.build/Objects-normal/arm64/YDS-Essential_const_extract_protocols.json (in target 'YDS-Essential' from project 'YDS')
cd /Users/admin/builder/spi-builder-workspace
write-file /Users/admin/builder/spi-builder-workspace/.derivedData/Build/Intermediates.noindex/YDS.build/Debug-watchos/YDS-Essential-t.build/Objects-normal/arm64/YDS-Essential_const_extract_protocols.json
WriteAuxiliaryFile /Users/admin/builder/spi-builder-workspace/.derivedData/Build/Intermediates.noindex/YDS.build/Debug-watchos/YDS-Essential-t.build/Objects-normal/arm64/YDS-Essential.SwiftFileList (in target 'YDS-Essential' from project 'YDS')
cd /Users/admin/builder/spi-builder-workspace
write-file /Users/admin/builder/spi-builder-workspace/.derivedData/Build/Intermediates.noindex/YDS.build/Debug-watchos/YDS-Essential-t.build/Objects-normal/arm64/YDS-Essential.SwiftFileList
WriteAuxiliaryFile /Users/admin/builder/spi-builder-workspace/.derivedData/Build/Intermediates.noindex/YDS.build/Debug-watchos/YDS-Essential-t.build/Objects-normal/arm64/YDS-Essential.SwiftConstValuesFileList (in target 'YDS-Essential' from project 'YDS')
cd /Users/admin/builder/spi-builder-workspace
write-file /Users/admin/builder/spi-builder-workspace/.derivedData/Build/Intermediates.noindex/YDS.build/Debug-watchos/YDS-Essential-t.build/Objects-normal/arm64/YDS-Essential.SwiftConstValuesFileList
WriteAuxiliaryFile /Users/admin/builder/spi-builder-workspace/.derivedData/Build/Intermediates.noindex/YDS.build/Debug-watchos/YDS-Essential-t.build/Objects-normal/arm64/YDS-Essential.LinkFileList (in target 'YDS-Essential' from project 'YDS')
cd /Users/admin/builder/spi-builder-workspace
write-file /Users/admin/builder/spi-builder-workspace/.derivedData/Build/Intermediates.noindex/YDS.build/Debug-watchos/YDS-Essential-t.build/Objects-normal/arm64/YDS-Essential.LinkFileList
WriteAuxiliaryFile /Users/admin/builder/spi-builder-workspace/.derivedData/Build/Intermediates.noindex/YDS.build/Debug-watchos/YDS-Essential-t.build/Objects-normal/arm64/YDS-Essential-OutputFileMap.json (in target 'YDS-Essential' from project 'YDS')
cd /Users/admin/builder/spi-builder-workspace
write-file /Users/admin/builder/spi-builder-workspace/.derivedData/Build/Intermediates.noindex/YDS.build/Debug-watchos/YDS-Essential-t.build/Objects-normal/arm64/YDS-Essential-OutputFileMap.json
WriteAuxiliaryFile /Users/admin/builder/spi-builder-workspace/.derivedData/Build/Intermediates.noindex/YDS.build/Debug-watchos/YDS-Essential-t.build/DerivedSources/resource_bundle_accessor.swift (in target 'YDS-Essential' from project 'YDS')
cd /Users/admin/builder/spi-builder-workspace
write-file /Users/admin/builder/spi-builder-workspace/.derivedData/Build/Intermediates.noindex/YDS.build/Debug-watchos/YDS-Essential-t.build/DerivedSources/resource_bundle_accessor.swift
WriteAuxiliaryFile /Users/admin/builder/spi-builder-workspace/.derivedData/Build/Intermediates.noindex/SnapKit.build/Debug-watchos/SnapKit-t.build/SnapKit.modulemap (in target 'SnapKit' from project 'SnapKit')
cd /Users/admin/builder/spi-builder-workspace/.dependencies/checkouts/SnapKit
write-file /Users/admin/builder/spi-builder-workspace/.derivedData/Build/Intermediates.noindex/SnapKit.build/Debug-watchos/SnapKit-t.build/SnapKit.modulemap
WriteAuxiliaryFile /Users/admin/builder/spi-builder-workspace/.derivedData/Build/Intermediates.noindex/SnapKit.build/Debug-watchos/SnapKit-t.build/SnapKit.DependencyStaticMetadataFileList (in target 'SnapKit' from project 'SnapKit')
cd /Users/admin/builder/spi-builder-workspace/.dependencies/checkouts/SnapKit
write-file /Users/admin/builder/spi-builder-workspace/.derivedData/Build/Intermediates.noindex/SnapKit.build/Debug-watchos/SnapKit-t.build/SnapKit.DependencyStaticMetadataFileList
WriteAuxiliaryFile /Users/admin/builder/spi-builder-workspace/.derivedData/Build/Intermediates.noindex/SnapKit.build/Debug-watchos/SnapKit-t.build/SnapKit.DependencyMetadataFileList (in target 'SnapKit' from project 'SnapKit')
cd /Users/admin/builder/spi-builder-workspace/.dependencies/checkouts/SnapKit
write-file /Users/admin/builder/spi-builder-workspace/.derivedData/Build/Intermediates.noindex/SnapKit.build/Debug-watchos/SnapKit-t.build/SnapKit.DependencyMetadataFileList
WriteAuxiliaryFile /Users/admin/builder/spi-builder-workspace/.derivedData/Build/Intermediates.noindex/SnapKit.build/Debug-watchos/SnapKit-t.build/Objects-normal/arm64_32/SnapKit_const_extract_protocols.json (in target 'SnapKit' from project 'SnapKit')
cd /Users/admin/builder/spi-builder-workspace/.dependencies/checkouts/SnapKit
write-file /Users/admin/builder/spi-builder-workspace/.derivedData/Build/Intermediates.noindex/SnapKit.build/Debug-watchos/SnapKit-t.build/Objects-normal/arm64_32/SnapKit_const_extract_protocols.json
WriteAuxiliaryFile /Users/admin/builder/spi-builder-workspace/.derivedData/Build/Intermediates.noindex/SnapKit.build/Debug-watchos/SnapKit-t.build/Objects-normal/arm64_32/SnapKit.SwiftFileList (in target 'SnapKit' from project 'SnapKit')
cd /Users/admin/builder/spi-builder-workspace/.dependencies/checkouts/SnapKit
write-file /Users/admin/builder/spi-builder-workspace/.derivedData/Build/Intermediates.noindex/SnapKit.build/Debug-watchos/SnapKit-t.build/Objects-normal/arm64_32/SnapKit.SwiftFileList
WriteAuxiliaryFile /Users/admin/builder/spi-builder-workspace/.derivedData/Build/Intermediates.noindex/SnapKit.build/Debug-watchos/SnapKit-t.build/Objects-normal/arm64_32/SnapKit.SwiftConstValuesFileList (in target 'SnapKit' from project 'SnapKit')
cd /Users/admin/builder/spi-builder-workspace/.dependencies/checkouts/SnapKit
write-file /Users/admin/builder/spi-builder-workspace/.derivedData/Build/Intermediates.noindex/SnapKit.build/Debug-watchos/SnapKit-t.build/Objects-normal/arm64_32/SnapKit.SwiftConstValuesFileList
WriteAuxiliaryFile /Users/admin/builder/spi-builder-workspace/.derivedData/Build/Intermediates.noindex/SnapKit.build/Debug-watchos/SnapKit-t.build/Objects-normal/arm64_32/SnapKit.LinkFileList (in target 'SnapKit' from project 'SnapKit')
cd /Users/admin/builder/spi-builder-workspace/.dependencies/checkouts/SnapKit
write-file /Users/admin/builder/spi-builder-workspace/.derivedData/Build/Intermediates.noindex/SnapKit.build/Debug-watchos/SnapKit-t.build/Objects-normal/arm64_32/SnapKit.LinkFileList
WriteAuxiliaryFile /Users/admin/builder/spi-builder-workspace/.derivedData/Build/Intermediates.noindex/SnapKit.build/Debug-watchos/SnapKit-t.build/Objects-normal/arm64_32/SnapKit-OutputFileMap.json (in target 'SnapKit' from project 'SnapKit')
cd /Users/admin/builder/spi-builder-workspace/.dependencies/checkouts/SnapKit
write-file /Users/admin/builder/spi-builder-workspace/.derivedData/Build/Intermediates.noindex/SnapKit.build/Debug-watchos/SnapKit-t.build/Objects-normal/arm64_32/SnapKit-OutputFileMap.json
WriteAuxiliaryFile /Users/admin/builder/spi-builder-workspace/.derivedData/Build/Intermediates.noindex/SnapKit.build/Debug-watchos/SnapKit-t.build/Objects-normal/arm64/SnapKit_const_extract_protocols.json (in target 'SnapKit' from project 'SnapKit')
cd /Users/admin/builder/spi-builder-workspace/.dependencies/checkouts/SnapKit
write-file /Users/admin/builder/spi-builder-workspace/.derivedData/Build/Intermediates.noindex/SnapKit.build/Debug-watchos/SnapKit-t.build/Objects-normal/arm64/SnapKit_const_extract_protocols.json
Copy /Users/admin/builder/spi-builder-workspace/.derivedData/Build/Intermediates.noindex/GeneratedModuleMaps-watchos/YDS.modulemap /Users/admin/builder/spi-builder-workspace/.derivedData/Build/Intermediates.noindex/YDS.build/Debug-watchos/YDS-t.build/YDS.modulemap (in target 'YDS' from project 'YDS')
cd /Users/admin/builder/spi-builder-workspace
builtin-copy -exclude .DS_Store -exclude CVS -exclude .svn -exclude .git -exclude .hg -resolve-src-symlinks /Users/admin/builder/spi-builder-workspace/.derivedData/Build/Intermediates.noindex/YDS.build/Debug-watchos/YDS-t.build/YDS.modulemap /Users/admin/builder/spi-builder-workspace/.derivedData/Build/Intermediates.noindex/GeneratedModuleMaps-watchos
Copy /Users/admin/builder/spi-builder-workspace/.derivedData/Build/Intermediates.noindex/GeneratedModuleMaps-watchos/YDS-SwiftUI.modulemap /Users/admin/builder/spi-builder-workspace/.derivedData/Build/Intermediates.noindex/YDS.build/Debug-watchos/YDS-SwiftUI-t.build/YDS-SwiftUI.modulemap (in target 'YDS-SwiftUI' from project 'YDS')
cd /Users/admin/builder/spi-builder-workspace
builtin-copy -exclude .DS_Store -exclude CVS -exclude .svn -exclude .git -exclude .hg -resolve-src-symlinks /Users/admin/builder/spi-builder-workspace/.derivedData/Build/Intermediates.noindex/YDS.build/Debug-watchos/YDS-SwiftUI-t.build/YDS-SwiftUI.modulemap /Users/admin/builder/spi-builder-workspace/.derivedData/Build/Intermediates.noindex/GeneratedModuleMaps-watchos
Copy /Users/admin/builder/spi-builder-workspace/.derivedData/Build/Intermediates.noindex/GeneratedModuleMaps-watchos/YDS-Essential.modulemap /Users/admin/builder/spi-builder-workspace/.derivedData/Build/Intermediates.noindex/YDS.build/Debug-watchos/YDS-Essential-t.build/YDS-Essential.modulemap (in target 'YDS-Essential' from project 'YDS')
cd /Users/admin/builder/spi-builder-workspace
builtin-copy -exclude .DS_Store -exclude CVS -exclude .svn -exclude .git -exclude .hg -resolve-src-symlinks /Users/admin/builder/spi-builder-workspace/.derivedData/Build/Intermediates.noindex/YDS.build/Debug-watchos/YDS-Essential-t.build/YDS-Essential.modulemap /Users/admin/builder/spi-builder-workspace/.derivedData/Build/Intermediates.noindex/GeneratedModuleMaps-watchos
WriteAuxiliaryFile /Users/admin/builder/spi-builder-workspace/.derivedData/Build/Intermediates.noindex/SnapKit.build/Debug-watchos/SnapKit-t.build/Objects-normal/arm64/SnapKit.SwiftFileList (in target 'SnapKit' from project 'SnapKit')
cd /Users/admin/builder/spi-builder-workspace/.dependencies/checkouts/SnapKit
write-file /Users/admin/builder/spi-builder-workspace/.derivedData/Build/Intermediates.noindex/SnapKit.build/Debug-watchos/SnapKit-t.build/Objects-normal/arm64/SnapKit.SwiftFileList
WriteAuxiliaryFile /Users/admin/builder/spi-builder-workspace/.derivedData/Build/Intermediates.noindex/SnapKit.build/Debug-watchos/SnapKit-t.build/Objects-normal/arm64/SnapKit.SwiftConstValuesFileList (in target 'SnapKit' from project 'SnapKit')
cd /Users/admin/builder/spi-builder-workspace/.dependencies/checkouts/SnapKit
write-file /Users/admin/builder/spi-builder-workspace/.derivedData/Build/Intermediates.noindex/SnapKit.build/Debug-watchos/SnapKit-t.build/Objects-normal/arm64/SnapKit.SwiftConstValuesFileList
WriteAuxiliaryFile /Users/admin/builder/spi-builder-workspace/.derivedData/Build/Intermediates.noindex/SnapKit.build/Debug-watchos/SnapKit-t.build/Objects-normal/arm64/SnapKit.LinkFileList (in target 'SnapKit' from project 'SnapKit')
cd /Users/admin/builder/spi-builder-workspace/.dependencies/checkouts/SnapKit
write-file /Users/admin/builder/spi-builder-workspace/.derivedData/Build/Intermediates.noindex/SnapKit.build/Debug-watchos/SnapKit-t.build/Objects-normal/arm64/SnapKit.LinkFileList
WriteAuxiliaryFile /Users/admin/builder/spi-builder-workspace/.derivedData/Build/Intermediates.noindex/SnapKit.build/Debug-watchos/SnapKit-t.build/Objects-normal/arm64/SnapKit-OutputFileMap.json (in target 'SnapKit' from project 'SnapKit')
cd /Users/admin/builder/spi-builder-workspace/.dependencies/checkouts/SnapKit
write-file /Users/admin/builder/spi-builder-workspace/.derivedData/Build/Intermediates.noindex/SnapKit.build/Debug-watchos/SnapKit-t.build/Objects-normal/arm64/SnapKit-OutputFileMap.json
Copy /Users/admin/builder/spi-builder-workspace/.derivedData/Build/Intermediates.noindex/GeneratedModuleMaps-watchos/SnapKit.modulemap /Users/admin/builder/spi-builder-workspace/.derivedData/Build/Intermediates.noindex/SnapKit.build/Debug-watchos/SnapKit-t.build/SnapKit.modulemap (in target 'SnapKit' from project 'SnapKit')
cd /Users/admin/builder/spi-builder-workspace/.dependencies/checkouts/SnapKit
builtin-copy -exclude .DS_Store -exclude CVS -exclude .svn -exclude .git -exclude .hg -resolve-src-symlinks /Users/admin/builder/spi-builder-workspace/.derivedData/Build/Intermediates.noindex/SnapKit.build/Debug-watchos/SnapKit-t.build/SnapKit.modulemap /Users/admin/builder/spi-builder-workspace/.derivedData/Build/Intermediates.noindex/GeneratedModuleMaps-watchos
WriteAuxiliaryFile /Users/admin/builder/spi-builder-workspace/.derivedData/Build/Intermediates.noindex/Parchment.build/Debug-watchos/Parchment-t.build/Parchment.modulemap (in target 'Parchment' from project 'Parchment')
cd /Users/admin/builder/spi-builder-workspace/.dependencies/checkouts/Parchment
write-file /Users/admin/builder/spi-builder-workspace/.derivedData/Build/Intermediates.noindex/Parchment.build/Debug-watchos/Parchment-t.build/Parchment.modulemap
WriteAuxiliaryFile /Users/admin/builder/spi-builder-workspace/.derivedData/Build/Intermediates.noindex/Parchment.build/Debug-watchos/Parchment-t.build/Parchment.DependencyStaticMetadataFileList (in target 'Parchment' from project 'Parchment')
cd /Users/admin/builder/spi-builder-workspace/.dependencies/checkouts/Parchment
write-file /Users/admin/builder/spi-builder-workspace/.derivedData/Build/Intermediates.noindex/Parchment.build/Debug-watchos/Parchment-t.build/Parchment.DependencyStaticMetadataFileList
WriteAuxiliaryFile /Users/admin/builder/spi-builder-workspace/.derivedData/Build/Intermediates.noindex/Parchment.build/Debug-watchos/Parchment-t.build/Parchment.DependencyMetadataFileList (in target 'Parchment' from project 'Parchment')
cd /Users/admin/builder/spi-builder-workspace/.dependencies/checkouts/Parchment
write-file /Users/admin/builder/spi-builder-workspace/.derivedData/Build/Intermediates.noindex/Parchment.build/Debug-watchos/Parchment-t.build/Parchment.DependencyMetadataFileList
WriteAuxiliaryFile /Users/admin/builder/spi-builder-workspace/.derivedData/Build/Intermediates.noindex/Parchment.build/Debug-watchos/Parchment-t.build/Objects-normal/arm64_32/Parchment.SwiftFileList (in target 'Parchment' from project 'Parchment')
cd /Users/admin/builder/spi-builder-workspace/.dependencies/checkouts/Parchment
write-file /Users/admin/builder/spi-builder-workspace/.derivedData/Build/Intermediates.noindex/Parchment.build/Debug-watchos/Parchment-t.build/Objects-normal/arm64_32/Parchment.SwiftFileList
WriteAuxiliaryFile /Users/admin/builder/spi-builder-workspace/.derivedData/Build/Intermediates.noindex/Parchment.build/Debug-watchos/Parchment-t.build/Objects-normal/arm64_32/Parchment_const_extract_protocols.json (in target 'Parchment' from project 'Parchment')
cd /Users/admin/builder/spi-builder-workspace/.dependencies/checkouts/Parchment
write-file /Users/admin/builder/spi-builder-workspace/.derivedData/Build/Intermediates.noindex/Parchment.build/Debug-watchos/Parchment-t.build/Objects-normal/arm64_32/Parchment_const_extract_protocols.json
WriteAuxiliaryFile /Users/admin/builder/spi-builder-workspace/.derivedData/Build/Intermediates.noindex/Parchment.build/Debug-watchos/Parchment-t.build/Objects-normal/arm64_32/Parchment.SwiftConstValuesFileList (in target 'Parchment' from project 'Parchment')
cd /Users/admin/builder/spi-builder-workspace/.dependencies/checkouts/Parchment
write-file /Users/admin/builder/spi-builder-workspace/.derivedData/Build/Intermediates.noindex/Parchment.build/Debug-watchos/Parchment-t.build/Objects-normal/arm64_32/Parchment.SwiftConstValuesFileList
WriteAuxiliaryFile /Users/admin/builder/spi-builder-workspace/.derivedData/Build/Intermediates.noindex/Parchment.build/Debug-watchos/Parchment-t.build/Objects-normal/arm64_32/Parchment-OutputFileMap.json (in target 'Parchment' from project 'Parchment')
cd /Users/admin/builder/spi-builder-workspace/.dependencies/checkouts/Parchment
write-file /Users/admin/builder/spi-builder-workspace/.derivedData/Build/Intermediates.noindex/Parchment.build/Debug-watchos/Parchment-t.build/Objects-normal/arm64_32/Parchment-OutputFileMap.json
WriteAuxiliaryFile /Users/admin/builder/spi-builder-workspace/.derivedData/Build/Intermediates.noindex/Parchment.build/Debug-watchos/Parchment-t.build/Objects-normal/arm64_32/Parchment.LinkFileList (in target 'Parchment' from project 'Parchment')
cd /Users/admin/builder/spi-builder-workspace/.dependencies/checkouts/Parchment
write-file /Users/admin/builder/spi-builder-workspace/.derivedData/Build/Intermediates.noindex/Parchment.build/Debug-watchos/Parchment-t.build/Objects-normal/arm64_32/Parchment.LinkFileList
WriteAuxiliaryFile /Users/admin/builder/spi-builder-workspace/.derivedData/Build/Intermediates.noindex/Parchment.build/Debug-watchos/Parchment-t.build/Objects-normal/arm64/Parchment.SwiftFileList (in target 'Parchment' from project 'Parchment')
cd /Users/admin/builder/spi-builder-workspace/.dependencies/checkouts/Parchment
write-file /Users/admin/builder/spi-builder-workspace/.derivedData/Build/Intermediates.noindex/Parchment.build/Debug-watchos/Parchment-t.build/Objects-normal/arm64/Parchment.SwiftFileList
WriteAuxiliaryFile /Users/admin/builder/spi-builder-workspace/.derivedData/Build/Intermediates.noindex/Parchment.build/Debug-watchos/Parchment-t.build/Objects-normal/arm64/Parchment.SwiftConstValuesFileList (in target 'Parchment' from project 'Parchment')
cd /Users/admin/builder/spi-builder-workspace/.dependencies/checkouts/Parchment
write-file /Users/admin/builder/spi-builder-workspace/.derivedData/Build/Intermediates.noindex/Parchment.build/Debug-watchos/Parchment-t.build/Objects-normal/arm64/Parchment.SwiftConstValuesFileList
WriteAuxiliaryFile /Users/admin/builder/spi-builder-workspace/.derivedData/Build/Intermediates.noindex/Parchment.build/Debug-watchos/Parchment-t.build/Objects-normal/arm64/Parchment_const_extract_protocols.json (in target 'Parchment' from project 'Parchment')
cd /Users/admin/builder/spi-builder-workspace/.dependencies/checkouts/Parchment
write-file /Users/admin/builder/spi-builder-workspace/.derivedData/Build/Intermediates.noindex/Parchment.build/Debug-watchos/Parchment-t.build/Objects-normal/arm64/Parchment_const_extract_protocols.json
WriteAuxiliaryFile /Users/admin/builder/spi-builder-workspace/.derivedData/Build/Intermediates.noindex/Parchment.build/Debug-watchos/Parchment-t.build/Objects-normal/arm64/Parchment.LinkFileList (in target 'Parchment' from project 'Parchment')
cd /Users/admin/builder/spi-builder-workspace/.dependencies/checkouts/Parchment
write-file /Users/admin/builder/spi-builder-workspace/.derivedData/Build/Intermediates.noindex/Parchment.build/Debug-watchos/Parchment-t.build/Objects-normal/arm64/Parchment.LinkFileList
WriteAuxiliaryFile /Users/admin/builder/spi-builder-workspace/.derivedData/Build/Intermediates.noindex/Parchment.build/Debug-watchos/Parchment-t.build/Objects-normal/arm64/Parchment-OutputFileMap.json (in target 'Parchment' from project 'Parchment')
cd /Users/admin/builder/spi-builder-workspace/.dependencies/checkouts/Parchment
write-file /Users/admin/builder/spi-builder-workspace/.derivedData/Build/Intermediates.noindex/Parchment.build/Debug-watchos/Parchment-t.build/Objects-normal/arm64/Parchment-OutputFileMap.json
Copy /Users/admin/builder/spi-builder-workspace/.derivedData/Build/Intermediates.noindex/GeneratedModuleMaps-watchos/Parchment.modulemap /Users/admin/builder/spi-builder-workspace/.derivedData/Build/Intermediates.noindex/Parchment.build/Debug-watchos/Parchment-t.build/Parchment.modulemap (in target 'Parchment' from project 'Parchment')
cd /Users/admin/builder/spi-builder-workspace/.dependencies/checkouts/Parchment
builtin-copy -exclude .DS_Store -exclude CVS -exclude .svn -exclude .git -exclude .hg -resolve-src-symlinks /Users/admin/builder/spi-builder-workspace/.derivedData/Build/Intermediates.noindex/Parchment.build/Debug-watchos/Parchment-t.build/Parchment.modulemap /Users/admin/builder/spi-builder-workspace/.derivedData/Build/Intermediates.noindex/GeneratedModuleMaps-watchos
WriteAuxiliaryFile /Users/admin/builder/spi-builder-workspace/.derivedData/Build/Intermediates.noindex/PanModal.build/Debug-watchos/PanModal-t.build/PanModal.DependencyStaticMetadataFileList (in target 'PanModal' from project 'PanModal')
cd /Users/admin/builder/spi-builder-workspace/.dependencies/checkouts/PanModal
write-file /Users/admin/builder/spi-builder-workspace/.derivedData/Build/Intermediates.noindex/PanModal.build/Debug-watchos/PanModal-t.build/PanModal.DependencyStaticMetadataFileList
WriteAuxiliaryFile /Users/admin/builder/spi-builder-workspace/.derivedData/Build/Intermediates.noindex/PanModal.build/Debug-watchos/PanModal-t.build/PanModal.DependencyMetadataFileList (in target 'PanModal' from project 'PanModal')
cd /Users/admin/builder/spi-builder-workspace/.dependencies/checkouts/PanModal
write-file /Users/admin/builder/spi-builder-workspace/.derivedData/Build/Intermediates.noindex/PanModal.build/Debug-watchos/PanModal-t.build/PanModal.DependencyMetadataFileList
WriteAuxiliaryFile /Users/admin/builder/spi-builder-workspace/.derivedData/Build/Intermediates.noindex/PanModal.build/Debug-watchos/PanModal-t.build/Objects-normal/arm64_32/PanModal.SwiftFileList (in target 'PanModal' from project 'PanModal')
cd /Users/admin/builder/spi-builder-workspace/.dependencies/checkouts/PanModal
write-file /Users/admin/builder/spi-builder-workspace/.derivedData/Build/Intermediates.noindex/PanModal.build/Debug-watchos/PanModal-t.build/Objects-normal/arm64_32/PanModal.SwiftFileList
WriteAuxiliaryFile /Users/admin/builder/spi-builder-workspace/.derivedData/Build/Intermediates.noindex/PanModal.build/Debug-watchos/PanModal-t.build/Objects-normal/arm64_32/PanModal.SwiftConstValuesFileList (in target 'PanModal' from project 'PanModal')
cd /Users/admin/builder/spi-builder-workspace/.dependencies/checkouts/PanModal
write-file /Users/admin/builder/spi-builder-workspace/.derivedData/Build/Intermediates.noindex/PanModal.build/Debug-watchos/PanModal-t.build/Objects-normal/arm64_32/PanModal.SwiftConstValuesFileList
WriteAuxiliaryFile /Users/admin/builder/spi-builder-workspace/.derivedData/Build/Intermediates.noindex/PanModal.build/Debug-watchos/PanModal-t.build/Objects-normal/arm64/PanModal.SwiftFileList (in target 'PanModal' from project 'PanModal')
cd /Users/admin/builder/spi-builder-workspace/.dependencies/checkouts/PanModal
write-file /Users/admin/builder/spi-builder-workspace/.derivedData/Build/Intermediates.noindex/PanModal.build/Debug-watchos/PanModal-t.build/Objects-normal/arm64/PanModal.SwiftFileList
WriteAuxiliaryFile /Users/admin/builder/spi-builder-workspace/.derivedData/Build/Intermediates.noindex/PanModal.build/Debug-watchos/PanModal-t.build/Objects-normal/arm64/PanModal.SwiftConstValuesFileList (in target 'PanModal' from project 'PanModal')
cd /Users/admin/builder/spi-builder-workspace/.dependencies/checkouts/PanModal
write-file /Users/admin/builder/spi-builder-workspace/.derivedData/Build/Intermediates.noindex/PanModal.build/Debug-watchos/PanModal-t.build/Objects-normal/arm64/PanModal.SwiftConstValuesFileList
WriteAuxiliaryFile /Users/admin/builder/spi-builder-workspace/.derivedData/Build/Intermediates.noindex/PanModal.build/Debug-watchos/PanModal-t.build/Objects-normal/arm64/PanModal.LinkFileList (in target 'PanModal' from project 'PanModal')
cd /Users/admin/builder/spi-builder-workspace/.dependencies/checkouts/PanModal
write-file /Users/admin/builder/spi-builder-workspace/.derivedData/Build/Intermediates.noindex/PanModal.build/Debug-watchos/PanModal-t.build/Objects-normal/arm64/PanModal.LinkFileList
Copy /Users/admin/builder/spi-builder-workspace/.derivedData/Build/Intermediates.noindex/GeneratedModuleMaps-watchos/PanModal.modulemap /Users/admin/builder/spi-builder-workspace/.derivedData/Build/Intermediates.noindex/PanModal.build/Debug-watchos/PanModal-t.build/PanModal.modulemap (in target 'PanModal' from project 'PanModal')
cd /Users/admin/builder/spi-builder-workspace/.dependencies/checkouts/PanModal
builtin-copy -exclude .DS_Store -exclude CVS -exclude .svn -exclude .git -exclude .hg -resolve-src-symlinks /Users/admin/builder/spi-builder-workspace/.derivedData/Build/Intermediates.noindex/PanModal.build/Debug-watchos/PanModal-t.build/PanModal.modulemap /Users/admin/builder/spi-builder-workspace/.derivedData/Build/Intermediates.noindex/GeneratedModuleMaps-watchos
MkDir /Users/admin/builder/spi-builder-workspace/.derivedData/Build/Products/Debug-watchos/YDS_YDS-Essential.bundle (in target 'YDS_YDS-Essential' from project 'YDS')
cd /Users/admin/builder/spi-builder-workspace
/bin/mkdir -p /Users/admin/builder/spi-builder-workspace/.derivedData/Build/Products/Debug-watchos/YDS_YDS-Essential.bundle
GenerateAssetSymbols /Users/admin/builder/spi-builder-workspace/YDS-Essential/Source/Foundation/YDSBasicColor.xcassets /Users/admin/builder/spi-builder-workspace/YDS-Essential/Source/Foundation/YDSIcon.xcassets (in target 'YDS-Essential' from project 'YDS')
cd /Users/admin/builder/spi-builder-workspace
/Applications/Xcode-27.0.0-Release.Candidate.app/Contents/Developer/usr/bin/actool /Users/admin/builder/spi-builder-workspace/YDS-Essential/Source/Foundation/YDSBasicColor.xcassets /Users/admin/builder/spi-builder-workspace/YDS-Essential/Source/Foundation/YDSIcon.xcassets --compile /Users/admin/builder/spi-builder-workspace/.derivedData/Build/Products/Debug-watchos --output-format human-readable-text --notices --warnings --export-dependency-info /Users/admin/builder/spi-builder-workspace/.derivedData/Build/Intermediates.noindex/YDS.build/Debug-watchos/YDS-Essential-t.build/assetcatalog_dependencies --output-partial-info-plist /Users/admin/builder/spi-builder-workspace/.derivedData/Build/Intermediates.noindex/YDS.build/Debug-watchos/YDS-Essential-t.build/assetcatalog_generated_info.plist --compress-pngs --enable-on-demand-resources NO --development-region en --target-device watch --minimum-deployment-target 9.0 --platform watchos --bundle-identifier spi-builder-workspace.YDS-Essential --generate-swift-asset-symbol-extensions NO --generate-swift-asset-symbols /Users/admin/builder/spi-builder-workspace/.derivedData/Build/Intermediates.noindex/YDS.build/Debug-watchos/YDS-Essential-t.build/DerivedSources/GeneratedAssetSymbols.swift --generate-objc-asset-symbols /Users/admin/builder/spi-builder-workspace/.derivedData/Build/Intermediates.noindex/YDS.build/Debug-watchos/YDS-Essential-t.build/DerivedSources/GeneratedAssetSymbols.h --generate-asset-symbol-index /Users/admin/builder/spi-builder-workspace/.derivedData/Build/Intermediates.noindex/YDS.build/Debug-watchos/YDS-Essential-t.build/DerivedSources/GeneratedAssetSymbols-Index.plist
/* com.apple.actool.compilation-results */
/Users/admin/builder/spi-builder-workspace/.derivedData/Build/Intermediates.noindex/YDS.build/Debug-watchos/YDS-Essential-t.build/DerivedSources/GeneratedAssetSymbols-Index.plist
/Users/admin/builder/spi-builder-workspace/.derivedData/Build/Intermediates.noindex/YDS.build/Debug-watchos/YDS-Essential-t.build/DerivedSources/GeneratedAssetSymbols.h
/Users/admin/builder/spi-builder-workspace/.derivedData/Build/Intermediates.noindex/YDS.build/Debug-watchos/YDS-Essential-t.build/DerivedSources/GeneratedAssetSymbols.swift
MkDir /Users/admin/builder/spi-builder-workspace/.derivedData/Build/Intermediates.noindex/YDS.build/Debug-watchos/YDS_YDS-Essential-b.build/assetcatalog_output/unthinned (in target 'YDS_YDS-Essential' from project 'YDS')
cd /Users/admin/builder/spi-builder-workspace
/bin/mkdir -p /Users/admin/builder/spi-builder-workspace/.derivedData/Build/Intermediates.noindex/YDS.build/Debug-watchos/YDS_YDS-Essential-b.build/assetcatalog_output/unthinned
MkDir /Users/admin/builder/spi-builder-workspace/.derivedData/Build/Intermediates.noindex/YDS.build/Debug-watchos/YDS_YDS-Essential-b.build/assetcatalog_output/thinned (in target 'YDS_YDS-Essential' from project 'YDS')
cd /Users/admin/builder/spi-builder-workspace
/bin/mkdir -p /Users/admin/builder/spi-builder-workspace/.derivedData/Build/Intermediates.noindex/YDS.build/Debug-watchos/YDS_YDS-Essential-b.build/assetcatalog_output/thinned
CompileAssetCatalogVariant thinned /Users/admin/builder/spi-builder-workspace/.derivedData/Build/Products/Debug-watchos/YDS_YDS-Essential.bundle /Users/admin/builder/spi-builder-workspace/YDS-Essential/Source/Foundation/YDSBasicColor.xcassets /Users/admin/builder/spi-builder-workspace/YDS-Essential/Source/Foundation/YDSIcon.xcassets (in target 'YDS_YDS-Essential' from project 'YDS')
cd /Users/admin/builder/spi-builder-workspace
/Applications/Xcode-27.0.0-Release.Candidate.app/Contents/Developer/usr/bin/actool /Users/admin/builder/spi-builder-workspace/YDS-Essential/Source/Foundation/YDSBasicColor.xcassets /Users/admin/builder/spi-builder-workspace/YDS-Essential/Source/Foundation/YDSIcon.xcassets --compile /Users/admin/builder/spi-builder-workspace/.derivedData/Build/Intermediates.noindex/YDS.build/Debug-watchos/YDS_YDS-Essential-b.build/assetcatalog_output/thinned --output-format human-readable-text --notices --warnings --export-dependency-info /Users/admin/builder/spi-builder-workspace/.derivedData/Build/Intermediates.noindex/YDS.build/Debug-watchos/YDS_YDS-Essential-b.build/assetcatalog_dependencies_thinned --output-partial-info-plist /Users/admin/builder/spi-builder-workspace/.derivedData/Build/Intermediates.noindex/YDS.build/Debug-watchos/YDS_YDS-Essential-b.build/assetcatalog_generated_info.plist_thinned --compress-pngs --enable-on-demand-resources NO --development-region en --target-device watch --minimum-deployment-target 9.0 --platform watchos
SwiftDriver SnapKit normal arm64 com.apple.xcode.tools.swift.compiler (in target 'SnapKit' from project 'SnapKit')
cd /Users/admin/builder/spi-builder-workspace/.swiftpm/xcode
builtin-SwiftDriver -- /Applications/Xcode-27.0.0-Release.Candidate.app/Contents/Developer/Toolchains/XcodeDefault.xctoolchain/usr/bin/swiftc -parse-as-library -module-name SnapKit -Onone @/Users/admin/builder/spi-builder-workspace/.derivedData/Build/Intermediates.noindex/SnapKit.build/Debug-watchos/SnapKit-t.build/Objects-normal/arm64/SnapKit.SwiftFileList -DSWIFT_PACKAGE -DDEBUG -DSWIFT_MODULE_RESOURCE_BUNDLE_UNAVAILABLE -DXcode -plugin-path /Applications/Xcode-27.0.0-Release.Candidate.app/Contents/Developer/Toolchains/XcodeDefault.xctoolchain/usr/lib/swift/host/plugins/testing -enable-experimental-feature DebugDescriptionMacro -sdk /Applications/Xcode-27.0.0-Release.Candidate.app/Contents/Developer/Platforms/WatchOS.platform/Developer/SDKs/WatchOS27.0.sdk -target arm64-apple-watchos9.0 -g -module-cache-path /Users/admin/builder/spi-builder-workspace/.derivedData/ModuleCache.noindex -Xfrontend -serialize-debugging-options -enable-testing -suppress-warnings -index-store-path /Users/admin/builder/spi-builder-workspace/.derivedData/Index.noindex/DataStore -Xcc -D_LIBCPP_HARDENING_MODE\=_LIBCPP_HARDENING_MODE_DEBUG -swift-version 5 -I /Users/admin/builder/spi-builder-workspace/.derivedData/Build/Products/Debug-watchos -Isystem /Applications/Xcode-27.0.0-Release.Candidate.app/Contents/Developer/Platforms/WatchOS.platform/Developer/usr/lib -F /Users/admin/builder/spi-builder-workspace/.derivedData/Build/Products/Debug-watchos -F /Applications/Xcode-27.0.0-Release.Candidate.app/Contents/Developer/Platforms/WatchOS.platform/Developer/Library/Frameworks -F /Applications/Xcode-27.0.0-Release.Candidate.app/Contents/Developer/Platforms/WatchOS.platform/Developer/SDKs/WatchOS27.0.sdk/Developer/Library/Frameworks -c -j10 -enable-batch-mode -incremental -Xcc -ivfsstatcache -Xcc /Users/admin/builder/spi-builder-workspace/.derivedData/SDKStatCaches.noindex/watchos27.0-24R360-e829b21a6f8c9b70876ba0858053c04477534ef55a1706bf4c1112bbb242f0a2.sdkstatcache -output-file-map /Users/admin/builder/spi-builder-workspace/.derivedData/Build/Intermediates.noindex/SnapKit.build/Debug-watchos/SnapKit-t.build/Objects-normal/arm64/SnapKit-OutputFileMap.json -save-temps -no-color-diagnostics -explicit-module-build -module-cache-path /Users/admin/builder/spi-builder-workspace/.derivedData/Build/Intermediates.noindex/SwiftExplicitPrecompiledModules -clang-scanner-module-cache-path /Users/admin/builder/spi-builder-workspace/.derivedData/ModuleCache.noindex -sdk-module-cache-path /Users/admin/builder/spi-builder-workspace/.derivedData/SDKExplicitPrecompiledModules -emit-dependencies -emit-module -emit-module-path /Users/admin/builder/spi-builder-workspace/.derivedData/Build/Intermediates.noindex/SnapKit.build/Debug-watchos/SnapKit-t.build/Objects-normal/arm64/SnapKit.swiftmodule -serialize-diagnostics -dependency-scan-serialize-diagnostics-path /Users/admin/builder/spi-builder-workspace/.derivedData/Build/Intermediates.noindex/SnapKit.build/Debug-watchos/SnapKit-t.build/Objects-normal/arm64/SnapKit-dependency-scan.dia -validate-clang-modules-once -clang-build-session-file /Users/admin/builder/spi-builder-workspace/.derivedData/ModuleCache.noindex/Session.modulevalidation -Xcc -fmodules-prune-interval\=86400 -Xcc -fmodules-prune-after\=345600 -emit-const-values -const-gather-protocols-list /Users/admin/builder/spi-builder-workspace/.derivedData/Build/Intermediates.noindex/SnapKit.build/Debug-watchos/SnapKit-t.build/Objects-normal/arm64/SnapKit_const_extract_protocols.json -Xcc -I/Users/admin/builder/spi-builder-workspace/.derivedData/Build/Products/Debug-watchos/include -Xcc -I/Users/admin/builder/spi-builder-workspace/.derivedData/Build/Intermediates.noindex/SnapKit.build/Debug-watchos/SnapKit-t.build/DerivedSources-normal/arm64 -Xcc -I/Users/admin/builder/spi-builder-workspace/.derivedData/Build/Intermediates.noindex/SnapKit.build/Debug-watchos/SnapKit-t.build/DerivedSources/arm64 -Xcc -I/Users/admin/builder/spi-builder-workspace/.derivedData/Build/Intermediates.noindex/SnapKit.build/Debug-watchos/SnapKit-t.build/DerivedSources -Xcc -DSWIFT_PACKAGE -Xcc -DDEBUG\=1 -emit-objc-header -emit-objc-header-path /Users/admin/builder/spi-builder-workspace/.derivedData/Build/Intermediates.noindex/SnapKit.build/Debug-watchos/SnapKit-t.build/Objects-normal/arm64/SnapKit-Swift.h -working-directory /Users/admin/builder/spi-builder-workspace/.swiftpm/xcode -experimental-emit-module-separately -disable-cmo
/Users/admin/builder/spi-builder-workspace/.dependencies/checkouts/SnapKit/Sources/Constraint.swift:27:12: error: Unable to resolve module dependency: 'AppKit' (in target 'SnapKit' from project 'SnapKit')
note: A dependency of main module 'SnapKit'
/Users/admin/builder/spi-builder-workspace/.dependencies/checkouts/SnapKit/Sources/ConstraintAttributes.swift:27:12: note: Also imported here
/Users/admin/builder/spi-builder-workspace/.dependencies/checkouts/SnapKit/Sources/ConstraintConfig.swift:28:12: note: Also imported here
/Users/admin/builder/spi-builder-workspace/.dependencies/checkouts/SnapKit/Sources/ConstraintConstantTarget.swift:27:12: note: Also imported here
/Users/admin/builder/spi-builder-workspace/.dependencies/checkouts/SnapKit/Sources/ConstraintDSL.swift:27:12: note: Also imported here
/Users/admin/builder/spi-builder-workspace/.dependencies/checkouts/SnapKit/Sources/ConstraintDescription.swift:27:12: note: Also imported here
/Users/admin/builder/spi-builder-workspace/.dependencies/checkouts/SnapKit/Sources/ConstraintDirectionalInsetTarget.swift:27:8: note: Also imported here
/Users/admin/builder/spi-builder-workspace/.dependencies/checkouts/SnapKit/Sources/ConstraintDirectionalInsets.swift:27:12: note: Also imported here
/Users/admin/builder/spi-builder-workspace/.dependencies/checkouts/SnapKit/Sources/ConstraintInsetTarget.swift:27:12: note: Also imported here
/Users/admin/builder/spi-builder-workspace/.dependencies/checkouts/SnapKit/Sources/ConstraintInsets.swift:27:12: note: Also imported here
/Users/admin/builder/spi-builder-workspace/.dependencies/checkouts/SnapKit/Sources/ConstraintItem.swift:27:12: note: Also imported here
/Users/admin/builder/spi-builder-workspace/.dependencies/checkouts/SnapKit/Sources/ConstraintLayoutGuide.swift:27:12: note: Also imported here
/Users/admin/builder/spi-builder-workspace/.dependencies/checkouts/SnapKit/Sources/ConstraintLayoutGuideDSL.swift:27:12: note: Also imported here
/Users/admin/builder/spi-builder-workspace/.dependencies/checkouts/SnapKit/Sources/ConstraintLayoutSupport.swift:27:12: note: Also imported here
/Users/admin/builder/spi-builder-workspace/.dependencies/checkouts/SnapKit/Sources/ConstraintLayoutSupportDSL.swift:27:12: note: Also imported here
/Users/admin/builder/spi-builder-workspace/.dependencies/checkouts/SnapKit/Sources/ConstraintMaker.swift:27:12: note: Also imported here
/Users/admin/builder/spi-builder-workspace/.dependencies/checkouts/SnapKit/Sources/ConstraintMakerEditable.swift:27:12: note: Also imported here
/Users/admin/builder/spi-builder-workspace/.dependencies/checkouts/SnapKit/Sources/ConstraintMakerExtendable.swift:27:12: note: Also imported here
/Users/admin/builder/spi-builder-workspace/.dependencies/checkouts/SnapKit/Sources/ConstraintMakerFinalizable.swift:27:12: note: Also imported here
/Users/admin/builder/spi-builder-workspace/.dependencies/checkouts/SnapKit/Sources/ConstraintMakerPrioritizable.swift:27:12: note: Also imported here
/Users/admin/builder/spi-builder-workspace/.dependencies/checkouts/SnapKit/Sources/ConstraintMakerRelatable+Extensions.swift:27:12: note: Also imported here
/Users/admin/builder/spi-builder-workspace/.dependencies/checkouts/SnapKit/Sources/ConstraintMakerRelatable.swift:27:12: note: Also imported here
/Users/admin/builder/spi-builder-workspace/.dependencies/checkouts/SnapKit/Sources/ConstraintMultiplierTarget.swift:27:12: note: Also imported here
/Users/admin/builder/spi-builder-workspace/.dependencies/checkouts/SnapKit/Sources/ConstraintOffsetTarget.swift:27:12: note: Also imported here
/Users/admin/builder/spi-builder-workspace/.dependencies/checkouts/SnapKit/Sources/ConstraintPriority.swift:27:12: note: Also imported here
/Users/admin/builder/spi-builder-workspace/.dependencies/checkouts/SnapKit/Sources/ConstraintPriorityTarget.swift:27:12: note: Also imported here
/Users/admin/builder/spi-builder-workspace/.dependencies/checkouts/SnapKit/Sources/ConstraintRelatableTarget.swift:27:12: note: Also imported here
/Users/admin/builder/spi-builder-workspace/.dependencies/checkouts/SnapKit/Sources/ConstraintRelation.swift:27:12: note: Also imported here
/Users/admin/builder/spi-builder-workspace/.dependencies/checkouts/SnapKit/Sources/ConstraintView+Extensions.swift:27:12: note: Also imported here
/Users/admin/builder/spi-builder-workspace/.dependencies/checkouts/SnapKit/Sources/ConstraintView.swift:27:12: note: Also imported here
/Users/admin/builder/spi-builder-workspace/.dependencies/checkouts/SnapKit/Sources/ConstraintViewDSL.swift:27:12: note: Also imported here
/Users/admin/builder/spi-builder-workspace/.dependencies/checkouts/SnapKit/Sources/Debugging.swift:27:12: note: Also imported here
/Users/admin/builder/spi-builder-workspace/.dependencies/checkouts/SnapKit/Sources/LayoutConstraint.swift:27:12: note: Also imported here
/Users/admin/builder/spi-builder-workspace/.dependencies/checkouts/SnapKit/Sources/LayoutConstraintItem.swift:27:12: note: Also imported here
/Users/admin/builder/spi-builder-workspace/.dependencies/checkouts/SnapKit/Sources/Typealiases.swift:37:12: note: Also imported here
/Users/admin/builder/spi-builder-workspace/.dependencies/checkouts/SnapKit/Sources/Constraint.swift:27:12: note: A dependency of main module 'SnapKit'
import AppKit
^ (in target 'SnapKit' from project 'SnapKit')
/Users/admin/builder/spi-builder-workspace/.dependencies/checkouts/SnapKit/Sources/ConstraintAttributes.swift:27:12: note: Also imported here
import AppKit
^ (in target 'SnapKit' from project 'SnapKit')
/Users/admin/builder/spi-builder-workspace/.dependencies/checkouts/SnapKit/Sources/ConstraintConfig.swift:28:12: note: Also imported here
import AppKit
^ (in target 'SnapKit' from project 'SnapKit')
/Users/admin/builder/spi-builder-workspace/.dependencies/checkouts/SnapKit/Sources/ConstraintConstantTarget.swift:27:12: note: Also imported here
import AppKit
^ (in target 'SnapKit' from project 'SnapKit')
/Users/admin/builder/spi-builder-workspace/.dependencies/checkouts/SnapKit/Sources/ConstraintDSL.swift:27:12: note: Also imported here
import AppKit
^ (in target 'SnapKit' from project 'SnapKit')
/Users/admin/builder/spi-builder-workspace/.dependencies/checkouts/SnapKit/Sources/ConstraintDescription.swift:27:12: note: Also imported here
import AppKit
^ (in target 'SnapKit' from project 'SnapKit')
/Users/admin/builder/spi-builder-workspace/.dependencies/checkouts/SnapKit/Sources/ConstraintDirectionalInsetTarget.swift:27:8: note: Also imported here
import AppKit
^ (in target 'SnapKit' from project 'SnapKit')
/Users/admin/builder/spi-builder-workspace/.dependencies/checkouts/SnapKit/Sources/ConstraintDirectionalInsets.swift:27:12: note: Also imported here
import AppKit
^ (in target 'SnapKit' from project 'SnapKit')
/Users/admin/builder/spi-builder-workspace/.dependencies/checkouts/SnapKit/Sources/ConstraintInsetTarget.swift:27:12: note: Also imported here
import AppKit
^ (in target 'SnapKit' from project 'SnapKit')
/Users/admin/builder/spi-builder-workspace/.dependencies/checkouts/SnapKit/Sources/ConstraintInsets.swift:27:12: note: Also imported here
import AppKit
^ (in target 'SnapKit' from project 'SnapKit')
/Users/admin/builder/spi-builder-workspace/.dependencies/checkouts/SnapKit/Sources/ConstraintItem.swift:27:12: note: Also imported here
import AppKit
^ (in target 'SnapKit' from project 'SnapKit')
/Users/admin/builder/spi-builder-workspace/.dependencies/checkouts/SnapKit/Sources/ConstraintLayoutGuide.swift:27:12: note: Also imported here
import AppKit
^ (in target 'SnapKit' from project 'SnapKit')
/Users/admin/builder/spi-builder-workspace/.dependencies/checkouts/SnapKit/Sources/ConstraintLayoutGuideDSL.swift:27:12: note: Also imported here
import AppKit
^ (in target 'SnapKit' from project 'SnapKit')
/Users/admin/builder/spi-builder-workspace/.dependencies/checkouts/SnapKit/Sources/ConstraintLayoutSupport.swift:27:12: note: Also imported here
import AppKit
^ (in target 'SnapKit' from project 'SnapKit')
/Users/admin/builder/spi-builder-workspace/.dependencies/checkouts/SnapKit/Sources/ConstraintLayoutSupportDSL.swift:27:12: note: Also imported here
import AppKit
^ (in target 'SnapKit' from project 'SnapKit')
/Users/admin/builder/spi-builder-workspace/.dependencies/checkouts/SnapKit/Sources/ConstraintMaker.swift:27:12: note: Also imported here
import AppKit
^ (in target 'SnapKit' from project 'SnapKit')
/Users/admin/builder/spi-builder-workspace/.dependencies/checkouts/SnapKit/Sources/ConstraintMakerEditable.swift:27:12: note: Also imported here
import AppKit
^ (in target 'SnapKit' from project 'SnapKit')
/Users/admin/builder/spi-builder-workspace/.dependencies/checkouts/SnapKit/Sources/ConstraintMakerExtendable.swift:27:12: note: Also imported here
import AppKit
^ (in target 'SnapKit' from project 'SnapKit')
/Users/admin/builder/spi-builder-workspace/.dependencies/checkouts/SnapKit/Sources/ConstraintMakerFinalizable.swift:27:12: note: Also imported here
import AppKit
^ (in target 'SnapKit' from project 'SnapKit')
/Users/admin/builder/spi-builder-workspace/.dependencies/checkouts/SnapKit/Sources/ConstraintMakerPrioritizable.swift:27:12: note: Also imported here
import AppKit
^ (in target 'SnapKit' from project 'SnapKit')
/Users/admin/builder/spi-builder-workspace/.dependencies/checkouts/SnapKit/Sources/ConstraintMakerRelatable+Extensions.swift:27:12: note: Also imported here
import AppKit
^ (in target 'SnapKit' from project 'SnapKit')
/Users/admin/builder/spi-builder-workspace/.dependencies/checkouts/SnapKit/Sources/ConstraintMakerRelatable.swift:27:12: note: Also imported here
import AppKit
^ (in target 'SnapKit' from project 'SnapKit')
/Users/admin/builder/spi-builder-workspace/.dependencies/checkouts/SnapKit/Sources/ConstraintMultiplierTarget.swift:27:12: note: Also imported here
import AppKit
^ (in target 'SnapKit' from project 'SnapKit')
/Users/admin/builder/spi-builder-workspace/.dependencies/checkouts/SnapKit/Sources/ConstraintOffsetTarget.swift:27:12: note: Also imported here
import AppKit
^ (in target 'SnapKit' from project 'SnapKit')
/Users/admin/builder/spi-builder-workspace/.dependencies/checkouts/SnapKit/Sources/ConstraintPriority.swift:27:12: note: Also imported here
import AppKit
^ (in target 'SnapKit' from project 'SnapKit')
/Users/admin/builder/spi-builder-workspace/.dependencies/checkouts/SnapKit/Sources/ConstraintPriorityTarget.swift:27:12: note: Also imported here
import AppKit
^ (in target 'SnapKit' from project 'SnapKit')
/Users/admin/builder/spi-builder-workspace/.dependencies/checkouts/SnapKit/Sources/ConstraintRelatableTarget.swift:27:12: note: Also imported here
import AppKit
^ (in target 'SnapKit' from project 'SnapKit')
/Users/admin/builder/spi-builder-workspace/.dependencies/checkouts/SnapKit/Sources/ConstraintRelation.swift:27:12: note: Also imported here
import AppKit
^ (in target 'SnapKit' from project 'SnapKit')
/Users/admin/builder/spi-builder-workspace/.dependencies/checkouts/SnapKit/Sources/ConstraintView+Extensions.swift:27:12: note: Also imported here
import AppKit
^ (in target 'SnapKit' from project 'SnapKit')
/Users/admin/builder/spi-builder-workspace/.dependencies/checkouts/SnapKit/Sources/ConstraintView.swift:27:12: note: Also imported here
import AppKit
^ (in target 'SnapKit' from project 'SnapKit')
/Users/admin/builder/spi-builder-workspace/.dependencies/checkouts/SnapKit/Sources/ConstraintViewDSL.swift:27:12: note: Also imported here
import AppKit
^ (in target 'SnapKit' from project 'SnapKit')
/Users/admin/builder/spi-builder-workspace/.dependencies/checkouts/SnapKit/Sources/Debugging.swift:27:12: note: Also imported here
import AppKit
^ (in target 'SnapKit' from project 'SnapKit')
/Users/admin/builder/spi-builder-workspace/.dependencies/checkouts/SnapKit/Sources/LayoutConstraint.swift:27:12: note: Also imported here
import AppKit
^ (in target 'SnapKit' from project 'SnapKit')
/Users/admin/builder/spi-builder-workspace/.dependencies/checkouts/SnapKit/Sources/LayoutConstraintItem.swift:27:12: note: Also imported here
import AppKit
^ (in target 'SnapKit' from project 'SnapKit')
/Users/admin/builder/spi-builder-workspace/.dependencies/checkouts/SnapKit/Sources/Typealiases.swift:37:12: note: Also imported here
import AppKit
^ (in target 'SnapKit' from project 'SnapKit')
SwiftDriver YDS-Essential normal arm64 com.apple.xcode.tools.swift.compiler (in target 'YDS-Essential' from project 'YDS')
cd /Users/admin/builder/spi-builder-workspace/.swiftpm/xcode
builtin-SwiftDriver -- /Applications/Xcode-27.0.0-Release.Candidate.app/Contents/Developer/Toolchains/XcodeDefault.xctoolchain/usr/bin/swiftc -parse-as-library -module-name YDS_Essential -Onone @/Users/admin/builder/spi-builder-workspace/.derivedData/Build/Intermediates.noindex/YDS.build/Debug-watchos/YDS-Essential-t.build/Objects-normal/arm64/YDS-Essential.SwiftFileList -DSWIFT_PACKAGE -DDEBUG -DSWIFT_MODULE_RESOURCE_BUNDLE_AVAILABLE -DXcode -plugin-path /Applications/Xcode-27.0.0-Release.Candidate.app/Contents/Developer/Toolchains/XcodeDefault.xctoolchain/usr/lib/swift/host/plugins/testing -enable-experimental-feature DebugDescriptionMacro -sdk /Applications/Xcode-27.0.0-Release.Candidate.app/Contents/Developer/Platforms/WatchOS.platform/Developer/SDKs/WatchOS27.0.sdk -target arm64-apple-watchos9.0 -g -module-cache-path /Users/admin/builder/spi-builder-workspace/.derivedData/ModuleCache.noindex -Xfrontend -serialize-debugging-options -enable-testing -index-store-path /Users/admin/builder/spi-builder-workspace/.derivedData/Index.noindex/DataStore -Xcc -D_LIBCPP_HARDENING_MODE\=_LIBCPP_HARDENING_MODE_DEBUG -swift-version 5 -I /Users/admin/builder/spi-builder-workspace/.derivedData/Build/Products/Debug-watchos -Isystem /Applications/Xcode-27.0.0-Release.Candidate.app/Contents/Developer/Platforms/WatchOS.platform/Developer/usr/lib -F /Users/admin/builder/spi-builder-workspace/.derivedData/Build/Products/Debug-watchos -F /Applications/Xcode-27.0.0-Release.Candidate.app/Contents/Developer/Platforms/WatchOS.platform/Developer/Library/Frameworks -F /Applications/Xcode-27.0.0-Release.Candidate.app/Contents/Developer/Platforms/WatchOS.platform/Developer/SDKs/WatchOS27.0.sdk/Developer/Library/Frameworks -c -j10 -enable-batch-mode -incremental -Xcc -ivfsstatcache -Xcc /Users/admin/builder/spi-builder-workspace/.derivedData/SDKStatCaches.noindex/watchos27.0-24R360-e829b21a6f8c9b70876ba0858053c04477534ef55a1706bf4c1112bbb242f0a2.sdkstatcache -output-file-map /Users/admin/builder/spi-builder-workspace/.derivedData/Build/Intermediates.noindex/YDS.build/Debug-watchos/YDS-Essential-t.build/Objects-normal/arm64/YDS-Essential-OutputFileMap.json -save-temps -no-color-diagnostics -explicit-module-build -module-cache-path /Users/admin/builder/spi-builder-workspace/.derivedData/Build/Intermediates.noindex/SwiftExplicitPrecompiledModules -clang-scanner-module-cache-path /Users/admin/builder/spi-builder-workspace/.derivedData/ModuleCache.noindex -sdk-module-cache-path /Users/admin/builder/spi-builder-workspace/.derivedData/SDKExplicitPrecompiledModules -emit-dependencies -emit-module -emit-module-path /Users/admin/builder/spi-builder-workspace/.derivedData/Build/Intermediates.noindex/YDS.build/Debug-watchos/YDS-Essential-t.build/Objects-normal/arm64/YDS_Essential.swiftmodule -serialize-diagnostics -dependency-scan-serialize-diagnostics-path /Users/admin/builder/spi-builder-workspace/.derivedData/Build/Intermediates.noindex/YDS.build/Debug-watchos/YDS-Essential-t.build/Objects-normal/arm64/YDS_Essential-dependency-scan.dia -validate-clang-modules-once -clang-build-session-file /Users/admin/builder/spi-builder-workspace/.derivedData/ModuleCache.noindex/Session.modulevalidation -Xcc -fmodules-prune-interval\=86400 -Xcc -fmodules-prune-after\=345600 -emit-const-values -const-gather-protocols-list /Users/admin/builder/spi-builder-workspace/.derivedData/Build/Intermediates.noindex/YDS.build/Debug-watchos/YDS-Essential-t.build/Objects-normal/arm64/YDS-Essential_const_extract_protocols.json -Xcc -I/Users/admin/builder/spi-builder-workspace/.derivedData/Build/Products/Debug-watchos/include -Xcc -I/Users/admin/builder/spi-builder-workspace/.derivedData/Build/Intermediates.noindex/YDS.build/Debug-watchos/YDS-Essential-t.build/DerivedSources-normal/arm64 -Xcc -I/Users/admin/builder/spi-builder-workspace/.derivedData/Build/Intermediates.noindex/YDS.build/Debug-watchos/YDS-Essential-t.build/DerivedSources/arm64 -Xcc -I/Users/admin/builder/spi-builder-workspace/.derivedData/Build/Intermediates.noindex/YDS.build/Debug-watchos/YDS-Essential-t.build/DerivedSources -Xcc -DSWIFT_PACKAGE -Xcc -DDEBUG\=1 -emit-objc-header -emit-objc-header-path /Users/admin/builder/spi-builder-workspace/.derivedData/Build/Intermediates.noindex/YDS.build/Debug-watchos/YDS-Essential-t.build/Objects-normal/arm64/YDS-Essential-Swift.h -working-directory /Users/admin/builder/spi-builder-workspace/.swiftpm/xcode -experimental-emit-module-separately -disable-cmo
SwiftDriver YDS-Essential normal arm64_32 com.apple.xcode.tools.swift.compiler (in target 'YDS-Essential' from project 'YDS')
cd /Users/admin/builder/spi-builder-workspace/.swiftpm/xcode
builtin-SwiftDriver -- /Applications/Xcode-27.0.0-Release.Candidate.app/Contents/Developer/Toolchains/XcodeDefault.xctoolchain/usr/bin/swiftc -parse-as-library -module-name YDS_Essential -Onone @/Users/admin/builder/spi-builder-workspace/.derivedData/Build/Intermediates.noindex/YDS.build/Debug-watchos/YDS-Essential-t.build/Objects-normal/arm64_32/YDS-Essential.SwiftFileList -DSWIFT_PACKAGE -DDEBUG -DSWIFT_MODULE_RESOURCE_BUNDLE_AVAILABLE -DXcode -plugin-path /Applications/Xcode-27.0.0-Release.Candidate.app/Contents/Developer/Toolchains/XcodeDefault.xctoolchain/usr/lib/swift/host/plugins/testing -enable-experimental-feature DebugDescriptionMacro -sdk /Applications/Xcode-27.0.0-Release.Candidate.app/Contents/Developer/Platforms/WatchOS.platform/Developer/SDKs/WatchOS27.0.sdk -target arm64_32-apple-watchos9.0 -g -module-cache-path /Users/admin/builder/spi-builder-workspace/.derivedData/ModuleCache.noindex -Xfrontend -serialize-debugging-options -enable-testing -index-store-path /Users/admin/builder/spi-builder-workspace/.derivedData/Index.noindex/DataStore -Xcc -D_LIBCPP_HARDENING_MODE\=_LIBCPP_HARDENING_MODE_DEBUG -swift-version 5 -I /Users/admin/builder/spi-builder-workspace/.derivedData/Build/Products/Debug-watchos -Isystem /Applications/Xcode-27.0.0-Release.Candidate.app/Contents/Developer/Platforms/WatchOS.platform/Developer/usr/lib -F /Users/admin/builder/spi-builder-workspace/.derivedData/Build/Products/Debug-watchos -F /Applications/Xcode-27.0.0-Release.Candidate.app/Contents/Developer/Platforms/WatchOS.platform/Developer/Library/Frameworks -F /Applications/Xcode-27.0.0-Release.Candidate.app/Contents/Developer/Platforms/WatchOS.platform/Developer/SDKs/WatchOS27.0.sdk/Developer/Library/Frameworks -c -j10 -enable-batch-mode -incremental -Xcc -ivfsstatcache -Xcc /Users/admin/builder/spi-builder-workspace/.derivedData/SDKStatCaches.noindex/watchos27.0-24R360-e829b21a6f8c9b70876ba0858053c04477534ef55a1706bf4c1112bbb242f0a2.sdkstatcache -output-file-map /Users/admin/builder/spi-builder-workspace/.derivedData/Build/Intermediates.noindex/YDS.build/Debug-watchos/YDS-Essential-t.build/Objects-normal/arm64_32/YDS-Essential-OutputFileMap.json -save-temps -no-color-diagnostics -explicit-module-build -module-cache-path /Users/admin/builder/spi-builder-workspace/.derivedData/Build/Intermediates.noindex/SwiftExplicitPrecompiledModules -clang-scanner-module-cache-path /Users/admin/builder/spi-builder-workspace/.derivedData/ModuleCache.noindex -sdk-module-cache-path /Users/admin/builder/spi-builder-workspace/.derivedData/SDKExplicitPrecompiledModules -emit-dependencies -emit-module -emit-module-path /Users/admin/builder/spi-builder-workspace/.derivedData/Build/Intermediates.noindex/YDS.build/Debug-watchos/YDS-Essential-t.build/Objects-normal/arm64_32/YDS_Essential.swiftmodule -serialize-diagnostics -dependency-scan-serialize-diagnostics-path /Users/admin/builder/spi-builder-workspace/.derivedData/Build/Intermediates.noindex/YDS.build/Debug-watchos/YDS-Essential-t.build/Objects-normal/arm64_32/YDS_Essential-dependency-scan.dia -validate-clang-modules-once -clang-build-session-file /Users/admin/builder/spi-builder-workspace/.derivedData/ModuleCache.noindex/Session.modulevalidation -Xcc -fmodules-prune-interval\=86400 -Xcc -fmodules-prune-after\=345600 -emit-const-values -const-gather-protocols-list /Users/admin/builder/spi-builder-workspace/.derivedData/Build/Intermediates.noindex/YDS.build/Debug-watchos/YDS-Essential-t.build/Objects-normal/arm64_32/YDS-Essential_const_extract_protocols.json -Xcc -I/Users/admin/builder/spi-builder-workspace/.derivedData/Build/Products/Debug-watchos/include -Xcc -I/Users/admin/builder/spi-builder-workspace/.derivedData/Build/Intermediates.noindex/YDS.build/Debug-watchos/YDS-Essential-t.build/DerivedSources-normal/arm64_32 -Xcc -I/Users/admin/builder/spi-builder-workspace/.derivedData/Build/Intermediates.noindex/YDS.build/Debug-watchos/YDS-Essential-t.build/DerivedSources/arm64_32 -Xcc -I/Users/admin/builder/spi-builder-workspace/.derivedData/Build/Intermediates.noindex/YDS.build/Debug-watchos/YDS-Essential-t.build/DerivedSources -Xcc -DSWIFT_PACKAGE -Xcc -DDEBUG\=1 -emit-objc-header -emit-objc-header-path /Users/admin/builder/spi-builder-workspace/.derivedData/Build/Intermediates.noindex/YDS.build/Debug-watchos/YDS-Essential-t.build/Objects-normal/arm64_32/YDS-Essential-Swift.h -working-directory /Users/admin/builder/spi-builder-workspace/.swiftpm/xcode -experimental-emit-module-separately -disable-cmo
SwiftDriver PanModal normal arm64_32 com.apple.xcode.tools.swift.compiler (in target 'PanModal' from project 'PanModal')
cd /Users/admin/builder/spi-builder-workspace/.swiftpm/xcode
builtin-SwiftDriver -- /Applications/Xcode-27.0.0-Release.Candidate.app/Contents/Developer/Toolchains/XcodeDefault.xctoolchain/usr/bin/swiftc -parse-as-library -module-name PanModal -Onone @/Users/admin/builder/spi-builder-workspace/.derivedData/Build/Intermediates.noindex/PanModal.build/Debug-watchos/PanModal-t.build/Objects-normal/arm64_32/PanModal.SwiftFileList -DSWIFT_PACKAGE -DDEBUG -DSWIFT_MODULE_RESOURCE_BUNDLE_UNAVAILABLE -DXcode -plugin-path /Applications/Xcode-27.0.0-Release.Candidate.app/Contents/Developer/Toolchains/XcodeDefault.xctoolchain/usr/lib/swift/host/plugins/testing -enable-experimental-feature DebugDescriptionMacro -sdk /Applications/Xcode-27.0.0-Release.Candidate.app/Contents/Developer/Platforms/WatchOS.platform/Developer/SDKs/WatchOS27.0.sdk -target arm64_32-apple-watchos9.0 -g -module-cache-path /Users/admin/builder/spi-builder-workspace/.derivedData/ModuleCache.noindex -Xfrontend -serialize-debugging-options -enable-testing -suppress-warnings -index-store-path /Users/admin/builder/spi-builder-workspace/.derivedData/Index.noindex/DataStore -Xcc -D_LIBCPP_HARDENING_MODE\=_LIBCPP_HARDENING_MODE_DEBUG -swift-version 5 -I /Users/admin/builder/spi-builder-workspace/.derivedData/Build/Products/Debug-watchos -Isystem /Applications/Xcode-27.0.0-Release.Candidate.app/Contents/Developer/Platforms/WatchOS.platform/Developer/usr/lib -F /Users/admin/builder/spi-builder-workspace/.derivedData/Build/Products/Debug-watchos -F /Applications/Xcode-27.0.0-Release.Candidate.app/Contents/Developer/Platforms/WatchOS.platform/Developer/Library/Frameworks -F /Applications/Xcode-27.0.0-Release.Candidate.app/Contents/Developer/Platforms/WatchOS.platform/Developer/SDKs/WatchOS27.0.sdk/Developer/Library/Frameworks -c -j10 -enable-batch-mode -incremental -Xcc -ivfsstatcache -Xcc /Users/admin/builder/spi-builder-workspace/.derivedData/SDKStatCaches.noindex/watchos27.0-24R360-e829b21a6f8c9b70876ba0858053c04477534ef55a1706bf4c1112bbb242f0a2.sdkstatcache -output-file-map /Users/admin/builder/spi-builder-workspace/.derivedData/Build/Intermediates.noindex/PanModal.build/Debug-watchos/PanModal-t.build/Objects-normal/arm64_32/PanModal-OutputFileMap.json -save-temps -no-color-diagnostics -explicit-module-build -module-cache-path /Users/admin/builder/spi-builder-workspace/.derivedData/Build/Intermediates.noindex/SwiftExplicitPrecompiledModules -clang-scanner-module-cache-path /Users/admin/builder/spi-builder-workspace/.derivedData/ModuleCache.noindex -sdk-module-cache-path /Users/admin/builder/spi-builder-workspace/.derivedData/SDKExplicitPrecompiledModules -emit-dependencies -emit-module -emit-module-path /Users/admin/builder/spi-builder-workspace/.derivedData/Build/Intermediates.noindex/PanModal.build/Debug-watchos/PanModal-t.build/Objects-normal/arm64_32/PanModal.swiftmodule -serialize-diagnostics -dependency-scan-serialize-diagnostics-path /Users/admin/builder/spi-builder-workspace/.derivedData/Build/Intermediates.noindex/PanModal.build/Debug-watchos/PanModal-t.build/Objects-normal/arm64_32/PanModal-dependency-scan.dia -validate-clang-modules-once -clang-build-session-file /Users/admin/builder/spi-builder-workspace/.derivedData/ModuleCache.noindex/Session.modulevalidation -Xcc -fmodules-prune-interval\=86400 -Xcc -fmodules-prune-after\=345600 -emit-const-values -const-gather-protocols-list /Users/admin/builder/spi-builder-workspace/.derivedData/Build/Intermediates.noindex/PanModal.build/Debug-watchos/PanModal-t.build/Objects-normal/arm64_32/PanModal_const_extract_protocols.json -Xcc -I/Users/admin/builder/spi-builder-workspace/.derivedData/Build/Products/Debug-watchos/include -Xcc -I/Users/admin/builder/spi-builder-workspace/.derivedData/Build/Intermediates.noindex/PanModal.build/Debug-watchos/PanModal-t.build/DerivedSources-normal/arm64_32 -Xcc -I/Users/admin/builder/spi-builder-workspace/.derivedData/Build/Intermediates.noindex/PanModal.build/Debug-watchos/PanModal-t.build/DerivedSources/arm64_32 -Xcc -I/Users/admin/builder/spi-builder-workspace/.derivedData/Build/Intermediates.noindex/PanModal.build/Debug-watchos/PanModal-t.build/DerivedSources -Xcc -DSWIFT_PACKAGE -Xcc -DDEBUG\=1 -emit-objc-header -emit-objc-header-path /Users/admin/builder/spi-builder-workspace/.derivedData/Build/Intermediates.noindex/PanModal.build/Debug-watchos/PanModal-t.build/Objects-normal/arm64_32/PanModal-Swift.h -working-directory /Users/admin/builder/spi-builder-workspace/.swiftpm/xcode -experimental-emit-module-separately -disable-cmo
SwiftDriver PanModal normal arm64 com.apple.xcode.tools.swift.compiler (in target 'PanModal' from project 'PanModal')
cd /Users/admin/builder/spi-builder-workspace/.swiftpm/xcode
builtin-SwiftDriver -- /Applications/Xcode-27.0.0-Release.Candidate.app/Contents/Developer/Toolchains/XcodeDefault.xctoolchain/usr/bin/swiftc -parse-as-library -module-name PanModal -Onone @/Users/admin/builder/spi-builder-workspace/.derivedData/Build/Intermediates.noindex/PanModal.build/Debug-watchos/PanModal-t.build/Objects-normal/arm64/PanModal.SwiftFileList -DSWIFT_PACKAGE -DDEBUG -DSWIFT_MODULE_RESOURCE_BUNDLE_UNAVAILABLE -DXcode -plugin-path /Applications/Xcode-27.0.0-Release.Candidate.app/Contents/Developer/Toolchains/XcodeDefault.xctoolchain/usr/lib/swift/host/plugins/testing -enable-experimental-feature DebugDescriptionMacro -sdk /Applications/Xcode-27.0.0-Release.Candidate.app/Contents/Developer/Platforms/WatchOS.platform/Developer/SDKs/WatchOS27.0.sdk -target arm64-apple-watchos9.0 -g -module-cache-path /Users/admin/builder/spi-builder-workspace/.derivedData/ModuleCache.noindex -Xfrontend -serialize-debugging-options -enable-testing -suppress-warnings -index-store-path /Users/admin/builder/spi-builder-workspace/.derivedData/Index.noindex/DataStore -Xcc -D_LIBCPP_HARDENING_MODE\=_LIBCPP_HARDENING_MODE_DEBUG -swift-version 5 -I /Users/admin/builder/spi-builder-workspace/.derivedData/Build/Products/Debug-watchos -Isystem /Applications/Xcode-27.0.0-Release.Candidate.app/Contents/Developer/Platforms/WatchOS.platform/Developer/usr/lib -F /Users/admin/builder/spi-builder-workspace/.derivedData/Build/Products/Debug-watchos -F /Applications/Xcode-27.0.0-Release.Candidate.app/Contents/Developer/Platforms/WatchOS.platform/Developer/Library/Frameworks -F /Applications/Xcode-27.0.0-Release.Candidate.app/Contents/Developer/Platforms/WatchOS.platform/Developer/SDKs/WatchOS27.0.sdk/Developer/Library/Frameworks -c -j10 -enable-batch-mode -incremental -Xcc -ivfsstatcache -Xcc /Users/admin/builder/spi-builder-workspace/.derivedData/SDKStatCaches.noindex/watchos27.0-24R360-e829b21a6f8c9b70876ba0858053c04477534ef55a1706bf4c1112bbb242f0a2.sdkstatcache -output-file-map /Users/admin/builder/spi-builder-workspace/.derivedData/Build/Intermediates.noindex/PanModal.build/Debug-watchos/PanModal-t.build/Objects-normal/arm64/PanModal-OutputFileMap.json -save-temps -no-color-diagnostics -explicit-module-build -module-cache-path /Users/admin/builder/spi-builder-workspace/.derivedData/Build/Intermediates.noindex/SwiftExplicitPrecompiledModules -clang-scanner-module-cache-path /Users/admin/builder/spi-builder-workspace/.derivedData/ModuleCache.noindex -sdk-module-cache-path /Users/admin/builder/spi-builder-workspace/.derivedData/SDKExplicitPrecompiledModules -emit-dependencies -emit-module -emit-module-path /Users/admin/builder/spi-builder-workspace/.derivedData/Build/Intermediates.noindex/PanModal.build/Debug-watchos/PanModal-t.build/Objects-normal/arm64/PanModal.swiftmodule -serialize-diagnostics -dependency-scan-serialize-diagnostics-path /Users/admin/builder/spi-builder-workspace/.derivedData/Build/Intermediates.noindex/PanModal.build/Debug-watchos/PanModal-t.build/Objects-normal/arm64/PanModal-dependency-scan.dia -validate-clang-modules-once -clang-build-session-file /Users/admin/builder/spi-builder-workspace/.derivedData/ModuleCache.noindex/Session.modulevalidation -Xcc -fmodules-prune-interval\=86400 -Xcc -fmodules-prune-after\=345600 -emit-const-values -const-gather-protocols-list /Users/admin/builder/spi-builder-workspace/.derivedData/Build/Intermediates.noindex/PanModal.build/Debug-watchos/PanModal-t.build/Objects-normal/arm64/PanModal_const_extract_protocols.json -Xcc -I/Users/admin/builder/spi-builder-workspace/.derivedData/Build/Products/Debug-watchos/include -Xcc -I/Users/admin/builder/spi-builder-workspace/.derivedData/Build/Intermediates.noindex/PanModal.build/Debug-watchos/PanModal-t.build/DerivedSources-normal/arm64 -Xcc -I/Users/admin/builder/spi-builder-workspace/.derivedData/Build/Intermediates.noindex/PanModal.build/Debug-watchos/PanModal-t.build/DerivedSources/arm64 -Xcc -I/Users/admin/builder/spi-builder-workspace/.derivedData/Build/Intermediates.noindex/PanModal.build/Debug-watchos/PanModal-t.build/DerivedSources -Xcc -DSWIFT_PACKAGE -Xcc -DDEBUG\=1 -emit-objc-header -emit-objc-header-path /Users/admin/builder/spi-builder-workspace/.derivedData/Build/Intermediates.noindex/PanModal.build/Debug-watchos/PanModal-t.build/Objects-normal/arm64/PanModal-Swift.h -working-directory /Users/admin/builder/spi-builder-workspace/.swiftpm/xcode -experimental-emit-module-separately -disable-cmo
SwiftDriver SnapKit normal arm64_32 com.apple.xcode.tools.swift.compiler (in target 'SnapKit' from project 'SnapKit')
cd /Users/admin/builder/spi-builder-workspace/.swiftpm/xcode
builtin-SwiftDriver -- /Applications/Xcode-27.0.0-Release.Candidate.app/Contents/Developer/Toolchains/XcodeDefault.xctoolchain/usr/bin/swiftc -parse-as-library -module-name SnapKit -Onone @/Users/admin/builder/spi-builder-workspace/.derivedData/Build/Intermediates.noindex/SnapKit.build/Debug-watchos/SnapKit-t.build/Objects-normal/arm64_32/SnapKit.SwiftFileList -DSWIFT_PACKAGE -DDEBUG -DSWIFT_MODULE_RESOURCE_BUNDLE_UNAVAILABLE -DXcode -plugin-path /Applications/Xcode-27.0.0-Release.Candidate.app/Contents/Developer/Toolchains/XcodeDefault.xctoolchain/usr/lib/swift/host/plugins/testing -enable-experimental-feature DebugDescriptionMacro -sdk /Applications/Xcode-27.0.0-Release.Candidate.app/Contents/Developer/Platforms/WatchOS.platform/Developer/SDKs/WatchOS27.0.sdk -target arm64_32-apple-watchos9.0 -g -module-cache-path /Users/admin/builder/spi-builder-workspace/.derivedData/ModuleCache.noindex -Xfrontend -serialize-debugging-options -enable-testing -suppress-warnings -index-store-path /Users/admin/builder/spi-builder-workspace/.derivedData/Index.noindex/DataStore -Xcc -D_LIBCPP_HARDENING_MODE\=_LIBCPP_HARDENING_MODE_DEBUG -swift-version 5 -I /Users/admin/builder/spi-builder-workspace/.derivedData/Build/Products/Debug-watchos -Isystem /Applications/Xcode-27.0.0-Release.Candidate.app/Contents/Developer/Platforms/WatchOS.platform/Developer/usr/lib -F /Users/admin/builder/spi-builder-workspace/.derivedData/Build/Products/Debug-watchos -F /Applications/Xcode-27.0.0-Release.Candidate.app/Contents/Developer/Platforms/WatchOS.platform/Developer/Library/Frameworks -F /Applications/Xcode-27.0.0-Release.Candidate.app/Contents/Developer/Platforms/WatchOS.platform/Developer/SDKs/WatchOS27.0.sdk/Developer/Library/Frameworks -c -j10 -enable-batch-mode -incremental -Xcc -ivfsstatcache -Xcc /Users/admin/builder/spi-builder-workspace/.derivedData/SDKStatCaches.noindex/watchos27.0-24R360-e829b21a6f8c9b70876ba0858053c04477534ef55a1706bf4c1112bbb242f0a2.sdkstatcache -output-file-map /Users/admin/builder/spi-builder-workspace/.derivedData/Build/Intermediates.noindex/SnapKit.build/Debug-watchos/SnapKit-t.build/Objects-normal/arm64_32/SnapKit-OutputFileMap.json -save-temps -no-color-diagnostics -explicit-module-build -module-cache-path /Users/admin/builder/spi-builder-workspace/.derivedData/Build/Intermediates.noindex/SwiftExplicitPrecompiledModules -clang-scanner-module-cache-path /Users/admin/builder/spi-builder-workspace/.derivedData/ModuleCache.noindex -sdk-module-cache-path /Users/admin/builder/spi-builder-workspace/.derivedData/SDKExplicitPrecompiledModules -emit-dependencies -emit-module -emit-module-path /Users/admin/builder/spi-builder-workspace/.derivedData/Build/Intermediates.noindex/SnapKit.build/Debug-watchos/SnapKit-t.build/Objects-normal/arm64_32/SnapKit.swiftmodule -serialize-diagnostics -dependency-scan-serialize-diagnostics-path /Users/admin/builder/spi-builder-workspace/.derivedData/Build/Intermediates.noindex/SnapKit.build/Debug-watchos/SnapKit-t.build/Objects-normal/arm64_32/SnapKit-dependency-scan.dia -validate-clang-modules-once -clang-build-session-file /Users/admin/builder/spi-builder-workspace/.derivedData/ModuleCache.noindex/Session.modulevalidation -Xcc -fmodules-prune-interval\=86400 -Xcc -fmodules-prune-after\=345600 -emit-const-values -const-gather-protocols-list /Users/admin/builder/spi-builder-workspace/.derivedData/Build/Intermediates.noindex/SnapKit.build/Debug-watchos/SnapKit-t.build/Objects-normal/arm64_32/SnapKit_const_extract_protocols.json -Xcc -I/Users/admin/builder/spi-builder-workspace/.derivedData/Build/Products/Debug-watchos/include -Xcc -I/Users/admin/builder/spi-builder-workspace/.derivedData/Build/Intermediates.noindex/SnapKit.build/Debug-watchos/SnapKit-t.build/DerivedSources-normal/arm64_32 -Xcc -I/Users/admin/builder/spi-builder-workspace/.derivedData/Build/Intermediates.noindex/SnapKit.build/Debug-watchos/SnapKit-t.build/DerivedSources/arm64_32 -Xcc -I/Users/admin/builder/spi-builder-workspace/.derivedData/Build/Intermediates.noindex/SnapKit.build/Debug-watchos/SnapKit-t.build/DerivedSources -Xcc -DSWIFT_PACKAGE -Xcc -DDEBUG\=1 -emit-objc-header -emit-objc-header-path /Users/admin/builder/spi-builder-workspace/.derivedData/Build/Intermediates.noindex/SnapKit.build/Debug-watchos/SnapKit-t.build/Objects-normal/arm64_32/SnapKit-Swift.h -working-directory /Users/admin/builder/spi-builder-workspace/.swiftpm/xcode -experimental-emit-module-separately -disable-cmo
/Users/admin/builder/spi-builder-workspace/.dependencies/checkouts/SnapKit/Sources/Constraint.swift:27:12: error: Unable to resolve module dependency: 'AppKit' (in target 'SnapKit' from project 'SnapKit')
note: A dependency of main module 'SnapKit'
/Users/admin/builder/spi-builder-workspace/.dependencies/checkouts/SnapKit/Sources/ConstraintAttributes.swift:27:12: note: Also imported here
/Users/admin/builder/spi-builder-workspace/.dependencies/checkouts/SnapKit/Sources/ConstraintConfig.swift:28:12: note: Also imported here
/Users/admin/builder/spi-builder-workspace/.dependencies/checkouts/SnapKit/Sources/ConstraintConstantTarget.swift:27:12: note: Also imported here
/Users/admin/builder/spi-builder-workspace/.dependencies/checkouts/SnapKit/Sources/ConstraintDSL.swift:27:12: note: Also imported here
/Users/admin/builder/spi-builder-workspace/.dependencies/checkouts/SnapKit/Sources/ConstraintDescription.swift:27:12: note: Also imported here
/Users/admin/builder/spi-builder-workspace/.dependencies/checkouts/SnapKit/Sources/ConstraintDirectionalInsetTarget.swift:27:8: note: Also imported here
/Users/admin/builder/spi-builder-workspace/.dependencies/checkouts/SnapKit/Sources/ConstraintDirectionalInsets.swift:27:12: note: Also imported here
/Users/admin/builder/spi-builder-workspace/.dependencies/checkouts/SnapKit/Sources/ConstraintInsetTarget.swift:27:12: note: Also imported here
/Users/admin/builder/spi-builder-workspace/.dependencies/checkouts/SnapKit/Sources/ConstraintInsets.swift:27:12: note: Also imported here
/Users/admin/builder/spi-builder-workspace/.dependencies/checkouts/SnapKit/Sources/ConstraintItem.swift:27:12: note: Also imported here
/Users/admin/builder/spi-builder-workspace/.dependencies/checkouts/SnapKit/Sources/ConstraintLayoutGuide.swift:27:12: note: Also imported here
/Users/admin/builder/spi-builder-workspace/.dependencies/checkouts/SnapKit/Sources/ConstraintLayoutGuideDSL.swift:27:12: note: Also imported here
/Users/admin/builder/spi-builder-workspace/.dependencies/checkouts/SnapKit/Sources/ConstraintLayoutSupport.swift:27:12: note: Also imported here
/Users/admin/builder/spi-builder-workspace/.dependencies/checkouts/SnapKit/Sources/ConstraintLayoutSupportDSL.swift:27:12: note: Also imported here
/Users/admin/builder/spi-builder-workspace/.dependencies/checkouts/SnapKit/Sources/ConstraintMaker.swift:27:12: note: Also imported here
/Users/admin/builder/spi-builder-workspace/.dependencies/checkouts/SnapKit/Sources/ConstraintMakerEditable.swift:27:12: note: Also imported here
/Users/admin/builder/spi-builder-workspace/.dependencies/checkouts/SnapKit/Sources/ConstraintMakerExtendable.swift:27:12: note: Also imported here
/Users/admin/builder/spi-builder-workspace/.dependencies/checkouts/SnapKit/Sources/ConstraintMakerFinalizable.swift:27:12: note: Also imported here
/Users/admin/builder/spi-builder-workspace/.dependencies/checkouts/SnapKit/Sources/ConstraintMakerPrioritizable.swift:27:12: note: Also imported here
/Users/admin/builder/spi-builder-workspace/.dependencies/checkouts/SnapKit/Sources/ConstraintMakerRelatable+Extensions.swift:27:12: note: Also imported here
/Users/admin/builder/spi-builder-workspace/.dependencies/checkouts/SnapKit/Sources/ConstraintMakerRelatable.swift:27:12: note: Also imported here
/Users/admin/builder/spi-builder-workspace/.dependencies/checkouts/SnapKit/Sources/ConstraintMultiplierTarget.swift:27:12: note: Also imported here
/Users/admin/builder/spi-builder-workspace/.dependencies/checkouts/SnapKit/Sources/ConstraintOffsetTarget.swift:27:12: note: Also imported here
/Users/admin/builder/spi-builder-workspace/.dependencies/checkouts/SnapKit/Sources/ConstraintPriority.swift:27:12: note: Also imported here
/Users/admin/builder/spi-builder-workspace/.dependencies/checkouts/SnapKit/Sources/ConstraintPriorityTarget.swift:27:12: note: Also imported here
/Users/admin/builder/spi-builder-workspace/.dependencies/checkouts/SnapKit/Sources/ConstraintRelatableTarget.swift:27:12: note: Also imported here
/Users/admin/builder/spi-builder-workspace/.dependencies/checkouts/SnapKit/Sources/ConstraintRelation.swift:27:12: note: Also imported here
/Users/admin/builder/spi-builder-workspace/.dependencies/checkouts/SnapKit/Sources/ConstraintView+Extensions.swift:27:12: note: Also imported here
/Users/admin/builder/spi-builder-workspace/.dependencies/checkouts/SnapKit/Sources/ConstraintView.swift:27:12: note: Also imported here
/Users/admin/builder/spi-builder-workspace/.dependencies/checkouts/SnapKit/Sources/ConstraintViewDSL.swift:27:12: note: Also imported here
/Users/admin/builder/spi-builder-workspace/.dependencies/checkouts/SnapKit/Sources/Debugging.swift:27:12: note: Also imported here
/Users/admin/builder/spi-builder-workspace/.dependencies/checkouts/SnapKit/Sources/LayoutConstraint.swift:27:12: note: Also imported here
/Users/admin/builder/spi-builder-workspace/.dependencies/checkouts/SnapKit/Sources/LayoutConstraintItem.swift:27:12: note: Also imported here
/Users/admin/builder/spi-builder-workspace/.dependencies/checkouts/SnapKit/Sources/Typealiases.swift:37:12: note: Also imported here
/Users/admin/builder/spi-builder-workspace/.dependencies/checkouts/SnapKit/Sources/Constraint.swift:27:12: note: A dependency of main module 'SnapKit'
import AppKit
^ (in target 'SnapKit' from project 'SnapKit')
/Users/admin/builder/spi-builder-workspace/.dependencies/checkouts/SnapKit/Sources/ConstraintAttributes.swift:27:12: note: Also imported here
import AppKit
^ (in target 'SnapKit' from project 'SnapKit')
/Users/admin/builder/spi-builder-workspace/.dependencies/checkouts/SnapKit/Sources/ConstraintConfig.swift:28:12: note: Also imported here
import AppKit
^ (in target 'SnapKit' from project 'SnapKit')
/Users/admin/builder/spi-builder-workspace/.dependencies/checkouts/SnapKit/Sources/ConstraintConstantTarget.swift:27:12: note: Also imported here
import AppKit
^ (in target 'SnapKit' from project 'SnapKit')
/Users/admin/builder/spi-builder-workspace/.dependencies/checkouts/SnapKit/Sources/ConstraintDSL.swift:27:12: note: Also imported here
import AppKit
^ (in target 'SnapKit' from project 'SnapKit')
/Users/admin/builder/spi-builder-workspace/.dependencies/checkouts/SnapKit/Sources/ConstraintDescription.swift:27:12: note: Also imported here
import AppKit
^ (in target 'SnapKit' from project 'SnapKit')
/Users/admin/builder/spi-builder-workspace/.dependencies/checkouts/SnapKit/Sources/ConstraintDirectionalInsetTarget.swift:27:8: note: Also imported here
import AppKit
^ (in target 'SnapKit' from project 'SnapKit')
/Users/admin/builder/spi-builder-workspace/.dependencies/checkouts/SnapKit/Sources/ConstraintDirectionalInsets.swift:27:12: note: Also imported here
import AppKit
^ (in target 'SnapKit' from project 'SnapKit')
/Users/admin/builder/spi-builder-workspace/.dependencies/checkouts/SnapKit/Sources/ConstraintInsetTarget.swift:27:12: note: Also imported here
import AppKit
^ (in target 'SnapKit' from project 'SnapKit')
/Users/admin/builder/spi-builder-workspace/.dependencies/checkouts/SnapKit/Sources/ConstraintInsets.swift:27:12: note: Also imported here
import AppKit
^ (in target 'SnapKit' from project 'SnapKit')
/Users/admin/builder/spi-builder-workspace/.dependencies/checkouts/SnapKit/Sources/ConstraintItem.swift:27:12: note: Also imported here
import AppKit
^ (in target 'SnapKit' from project 'SnapKit')
/Users/admin/builder/spi-builder-workspace/.dependencies/checkouts/SnapKit/Sources/ConstraintLayoutGuide.swift:27:12: note: Also imported here
import AppKit
^ (in target 'SnapKit' from project 'SnapKit')
/Users/admin/builder/spi-builder-workspace/.dependencies/checkouts/SnapKit/Sources/ConstraintLayoutGuideDSL.swift:27:12: note: Also imported here
import AppKit
^ (in target 'SnapKit' from project 'SnapKit')
/Users/admin/builder/spi-builder-workspace/.dependencies/checkouts/SnapKit/Sources/ConstraintLayoutSupport.swift:27:12: note: Also imported here
import AppKit
^ (in target 'SnapKit' from project 'SnapKit')
/Users/admin/builder/spi-builder-workspace/.dependencies/checkouts/SnapKit/Sources/ConstraintLayoutSupportDSL.swift:27:12: note: Also imported here
import AppKit
^ (in target 'SnapKit' from project 'SnapKit')
/Users/admin/builder/spi-builder-workspace/.dependencies/checkouts/SnapKit/Sources/ConstraintMaker.swift:27:12: note: Also imported here
import AppKit
^ (in target 'SnapKit' from project 'SnapKit')
/Users/admin/builder/spi-builder-workspace/.dependencies/checkouts/SnapKit/Sources/ConstraintMakerEditable.swift:27:12: note: Also imported here
import AppKit
^ (in target 'SnapKit' from project 'SnapKit')
/Users/admin/builder/spi-builder-workspace/.dependencies/checkouts/SnapKit/Sources/ConstraintMakerExtendable.swift:27:12: note: Also imported here
import AppKit
^ (in target 'SnapKit' from project 'SnapKit')
/Users/admin/builder/spi-builder-workspace/.dependencies/checkouts/SnapKit/Sources/ConstraintMakerFinalizable.swift:27:12: note: Also imported here
import AppKit
^ (in target 'SnapKit' from project 'SnapKit')
/Users/admin/builder/spi-builder-workspace/.dependencies/checkouts/SnapKit/Sources/ConstraintMakerPrioritizable.swift:27:12: note: Also imported here
import AppKit
^ (in target 'SnapKit' from project 'SnapKit')
/Users/admin/builder/spi-builder-workspace/.dependencies/checkouts/SnapKit/Sources/ConstraintMakerRelatable+Extensions.swift:27:12: note: Also imported here
import AppKit
^ (in target 'SnapKit' from project 'SnapKit')
/Users/admin/builder/spi-builder-workspace/.dependencies/checkouts/SnapKit/Sources/ConstraintMakerRelatable.swift:27:12: note: Also imported here
import AppKit
^ (in target 'SnapKit' from project 'SnapKit')
/Users/admin/builder/spi-builder-workspace/.dependencies/checkouts/SnapKit/Sources/ConstraintMultiplierTarget.swift:27:12: note: Also imported here
import AppKit
^ (in target 'SnapKit' from project 'SnapKit')
/Users/admin/builder/spi-builder-workspace/.dependencies/checkouts/SnapKit/Sources/ConstraintOffsetTarget.swift:27:12: note: Also imported here
import AppKit
^ (in target 'SnapKit' from project 'SnapKit')
/Users/admin/builder/spi-builder-workspace/.dependencies/checkouts/SnapKit/Sources/ConstraintPriority.swift:27:12: note: Also imported here
import AppKit
^ (in target 'SnapKit' from project 'SnapKit')
/Users/admin/builder/spi-builder-workspace/.dependencies/checkouts/SnapKit/Sources/ConstraintPriorityTarget.swift:27:12: note: Also imported here
import AppKit
^ (in target 'SnapKit' from project 'SnapKit')
/Users/admin/builder/spi-builder-workspace/.dependencies/checkouts/SnapKit/Sources/ConstraintRelatableTarget.swift:27:12: note: Also imported here
import AppKit
^ (in target 'SnapKit' from project 'SnapKit')
/Users/admin/builder/spi-builder-workspace/.dependencies/checkouts/SnapKit/Sources/ConstraintRelation.swift:27:12: note: Also imported here
import AppKit
^ (in target 'SnapKit' from project 'SnapKit')
/Users/admin/builder/spi-builder-workspace/.dependencies/checkouts/SnapKit/Sources/ConstraintView+Extensions.swift:27:12: note: Also imported here
import AppKit
^ (in target 'SnapKit' from project 'SnapKit')
/Users/admin/builder/spi-builder-workspace/.dependencies/checkouts/SnapKit/Sources/ConstraintView.swift:27:12: note: Also imported here
import AppKit
^ (in target 'SnapKit' from project 'SnapKit')
/Users/admin/builder/spi-builder-workspace/.dependencies/checkouts/SnapKit/Sources/ConstraintViewDSL.swift:27:12: note: Also imported here
import AppKit
^ (in target 'SnapKit' from project 'SnapKit')
/Users/admin/builder/spi-builder-workspace/.dependencies/checkouts/SnapKit/Sources/Debugging.swift:27:12: note: Also imported here
import AppKit
^ (in target 'SnapKit' from project 'SnapKit')
/Users/admin/builder/spi-builder-workspace/.dependencies/checkouts/SnapKit/Sources/LayoutConstraint.swift:27:12: note: Also imported here
import AppKit
^ (in target 'SnapKit' from project 'SnapKit')
/Users/admin/builder/spi-builder-workspace/.dependencies/checkouts/SnapKit/Sources/LayoutConstraintItem.swift:27:12: note: Also imported here
import AppKit
^ (in target 'SnapKit' from project 'SnapKit')
/Users/admin/builder/spi-builder-workspace/.dependencies/checkouts/SnapKit/Sources/Typealiases.swift:37:12: note: Also imported here
import AppKit
^ (in target 'SnapKit' from project 'SnapKit')
SwiftExplicitDependencyGeneratePcm arm64_32 /Users/admin/builder/spi-builder-workspace/.derivedData/SDKExplicitPrecompiledModules/_SwiftConcurrencyShims-6RTBPQ03V7BM9SPRK8SUE055H.pcm
SwiftExplicitDependencyGeneratePcm arm64_32 /Users/admin/builder/spi-builder-workspace/.derivedData/SDKExplicitPrecompiledModules/SwiftShims-9CQQGWTSNTN9EB5NSHDWUJICH.pcm
SwiftExplicitDependencyGeneratePcm arm64 /Users/admin/builder/spi-builder-workspace/.derivedData/SDKExplicitPrecompiledModules/_SwiftConcurrencyShims-659N52XSKR5F0QSB880BH2FJR.pcm
SwiftExplicitDependencyGeneratePcm arm64 /Users/admin/builder/spi-builder-workspace/.derivedData/SDKExplicitPrecompiledModules/SwiftShims-4MXFZPV6FEB0XBYXCGPWAMQGL.pcm
SwiftCompile normal arm64_32 Compiling\ PanModalPresentable+LayoutHelpers.swift /Users/admin/builder/spi-builder-workspace/.dependencies/checkouts/PanModal/PanModal/Presentable/PanModalPresentable+LayoutHelpers.swift (in target 'PanModal' from project 'PanModal')
SwiftCompile normal arm64_32 /Users/admin/builder/spi-builder-workspace/.dependencies/checkouts/PanModal/PanModal/Presentable/PanModalPresentable+LayoutHelpers.swift (in target 'PanModal' from project 'PanModal')
cd /Users/admin/builder/spi-builder-workspace/.swiftpm/xcode
builtin-SwiftPerFileCompile PanModalPresentable+LayoutHelpers.swift
SwiftCompile normal arm64_32 Compiling\ PanModalHeight.swift,\ PanModalPresentable+Defaults.swift /Users/admin/builder/spi-builder-workspace/.dependencies/checkouts/PanModal/PanModal/Presentable/PanModalHeight.swift /Users/admin/builder/spi-builder-workspace/.dependencies/checkouts/PanModal/PanModal/Presentable/PanModalPresentable+Defaults.swift (in target 'PanModal' from project 'PanModal')
SwiftCompile normal arm64_32 /Users/admin/builder/spi-builder-workspace/.dependencies/checkouts/PanModal/PanModal/Presentable/PanModalHeight.swift (in target 'PanModal' from project 'PanModal')
cd /Users/admin/builder/spi-builder-workspace/.swiftpm/xcode
builtin-SwiftPerFileCompile PanModalHeight.swift
SwiftCompile normal arm64_32 /Users/admin/builder/spi-builder-workspace/.dependencies/checkouts/PanModal/PanModal/Presentable/PanModalPresentable+Defaults.swift (in target 'PanModal' from project 'PanModal')
cd /Users/admin/builder/spi-builder-workspace/.swiftpm/xcode
builtin-SwiftPerFileCompile PanModalPresentable+Defaults.swift
SwiftEmitModule normal arm64_32 Emitting\ module\ for\ PanModal (in target 'PanModal' from project 'PanModal')
SwiftCompile normal arm64_32 (in target 'PanModal' from project 'PanModal')
cd /Users/admin/builder/spi-builder-workspace/.swiftpm/xcode
SwiftCompile normal arm64_32 Compiling\ PanModalPresentable+UIViewController.swift /Users/admin/builder/spi-builder-workspace/.dependencies/checkouts/PanModal/PanModal/Presentable/PanModalPresentable+UIViewController.swift (in target 'PanModal' from project 'PanModal')
SwiftCompile normal arm64_32 /Users/admin/builder/spi-builder-workspace/.dependencies/checkouts/PanModal/PanModal/Presentable/PanModalPresentable+UIViewController.swift (in target 'PanModal' from project 'PanModal')
cd /Users/admin/builder/spi-builder-workspace/.swiftpm/xcode
builtin-SwiftPerFileCompile PanModalPresentable+UIViewController.swift
SwiftCompile normal arm64_32 Compiling\ PanContainerView.swift /Users/admin/builder/spi-builder-workspace/.dependencies/checkouts/PanModal/PanModal/View/PanContainerView.swift (in target 'PanModal' from project 'PanModal')
SwiftCompile normal arm64_32 /Users/admin/builder/spi-builder-workspace/.dependencies/checkouts/PanModal/PanModal/View/PanContainerView.swift (in target 'PanModal' from project 'PanModal')
cd /Users/admin/builder/spi-builder-workspace/.swiftpm/xcode
builtin-SwiftPerFileCompile PanContainerView.swift
SwiftEmitModule normal arm64 Emitting\ module\ for\ PanModal (in target 'PanModal' from project 'PanModal')
SwiftCompile normal arm64 (in target 'PanModal' from project 'PanModal')
cd /Users/admin/builder/spi-builder-workspace/.swiftpm/xcode
SwiftDriverJobDiscovery normal arm64_32 Emitting module for PanModal (in target 'PanModal' from project 'PanModal')
SwiftDriver\ Compilation\ Requirements PanModal normal arm64_32 com.apple.xcode.tools.swift.compiler (in target 'PanModal' from project 'PanModal')
cd /Users/admin/builder/spi-builder-workspace/.swiftpm/xcode
builtin-Swift-Compilation-Requirements -- /Applications/Xcode-27.0.0-Release.Candidate.app/Contents/Developer/Toolchains/XcodeDefault.xctoolchain/usr/bin/swiftc -parse-as-library -module-name PanModal -Onone @/Users/admin/builder/spi-builder-workspace/.derivedData/Build/Intermediates.noindex/PanModal.build/Debug-watchos/PanModal-t.build/Objects-normal/arm64_32/PanModal.SwiftFileList -DSWIFT_PACKAGE -DDEBUG -DSWIFT_MODULE_RESOURCE_BUNDLE_UNAVAILABLE -DXcode -plugin-path /Applications/Xcode-27.0.0-Release.Candidate.app/Contents/Developer/Toolchains/XcodeDefault.xctoolchain/usr/lib/swift/host/plugins/testing -enable-experimental-feature DebugDescriptionMacro -sdk /Applications/Xcode-27.0.0-Release.Candidate.app/Contents/Developer/Platforms/WatchOS.platform/Developer/SDKs/WatchOS27.0.sdk -target arm64_32-apple-watchos9.0 -g -module-cache-path /Users/admin/builder/spi-builder-workspace/.derivedData/ModuleCache.noindex -Xfrontend -serialize-debugging-options -enable-testing -suppress-warnings -index-store-path /Users/admin/builder/spi-builder-workspace/.derivedData/Index.noindex/DataStore -Xcc -D_LIBCPP_HARDENING_MODE\=_LIBCPP_HARDENING_MODE_DEBUG -swift-version 5 -I /Users/admin/builder/spi-builder-workspace/.derivedData/Build/Products/Debug-watchos -Isystem /Applications/Xcode-27.0.0-Release.Candidate.app/Contents/Developer/Platforms/WatchOS.platform/Developer/usr/lib -F /Users/admin/builder/spi-builder-workspace/.derivedData/Build/Products/Debug-watchos -F /Applications/Xcode-27.0.0-Release.Candidate.app/Contents/Developer/Platforms/WatchOS.platform/Developer/Library/Frameworks -F /Applications/Xcode-27.0.0-Release.Candidate.app/Contents/Developer/Platforms/WatchOS.platform/Developer/SDKs/WatchOS27.0.sdk/Developer/Library/Frameworks -c -j10 -enable-batch-mode -incremental -Xcc -ivfsstatcache -Xcc /Users/admin/builder/spi-builder-workspace/.derivedData/SDKStatCaches.noindex/watchos27.0-24R360-e829b21a6f8c9b70876ba0858053c04477534ef55a1706bf4c1112bbb242f0a2.sdkstatcache -output-file-map /Users/admin/builder/spi-builder-workspace/.derivedData/Build/Intermediates.noindex/PanModal.build/Debug-watchos/PanModal-t.build/Objects-normal/arm64_32/PanModal-OutputFileMap.json -save-temps -no-color-diagnostics -explicit-module-build -module-cache-path /Users/admin/builder/spi-builder-workspace/.derivedData/Build/Intermediates.noindex/SwiftExplicitPrecompiledModules -clang-scanner-module-cache-path /Users/admin/builder/spi-builder-workspace/.derivedData/ModuleCache.noindex -sdk-module-cache-path /Users/admin/builder/spi-builder-workspace/.derivedData/SDKExplicitPrecompiledModules -emit-dependencies -emit-module -emit-module-path /Users/admin/builder/spi-builder-workspace/.derivedData/Build/Intermediates.noindex/PanModal.build/Debug-watchos/PanModal-t.build/Objects-normal/arm64_32/PanModal.swiftmodule -serialize-diagnostics -dependency-scan-serialize-diagnostics-path /Users/admin/builder/spi-builder-workspace/.derivedData/Build/Intermediates.noindex/PanModal.build/Debug-watchos/PanModal-t.build/Objects-normal/arm64_32/PanModal-dependency-scan.dia -validate-clang-modules-once -clang-build-session-file /Users/admin/builder/spi-builder-workspace/.derivedData/ModuleCache.noindex/Session.modulevalidation -Xcc -fmodules-prune-interval\=86400 -Xcc -fmodules-prune-after\=345600 -emit-const-values -const-gather-protocols-list /Users/admin/builder/spi-builder-workspace/.derivedData/Build/Intermediates.noindex/PanModal.build/Debug-watchos/PanModal-t.build/Objects-normal/arm64_32/PanModal_const_extract_protocols.json -Xcc -I/Users/admin/builder/spi-builder-workspace/.derivedData/Build/Products/Debug-watchos/include -Xcc -I/Users/admin/builder/spi-builder-workspace/.derivedData/Build/Intermediates.noindex/PanModal.build/Debug-watchos/PanModal-t.build/DerivedSources-normal/arm64_32 -Xcc -I/Users/admin/builder/spi-builder-workspace/.derivedData/Build/Intermediates.noindex/PanModal.build/Debug-watchos/PanModal-t.build/DerivedSources/arm64_32 -Xcc -I/Users/admin/builder/spi-builder-workspace/.derivedData/Build/Intermediates.noindex/PanModal.build/Debug-watchos/PanModal-t.build/DerivedSources -Xcc -DSWIFT_PACKAGE -Xcc -DDEBUG\=1 -emit-objc-header -emit-objc-header-path /Users/admin/builder/spi-builder-workspace/.derivedData/Build/Intermediates.noindex/PanModal.build/Debug-watchos/PanModal-t.build/Objects-normal/arm64_32/PanModal-Swift.h -working-directory /Users/admin/builder/spi-builder-workspace/.swiftpm/xcode -experimental-emit-module-separately -disable-cmo
SwiftDriverJobDiscovery normal arm64 Emitting module for PanModal (in target 'PanModal' from project 'PanModal')
SwiftDriver\ Compilation\ Requirements PanModal normal arm64 com.apple.xcode.tools.swift.compiler (in target 'PanModal' from project 'PanModal')
cd /Users/admin/builder/spi-builder-workspace/.swiftpm/xcode
builtin-Swift-Compilation-Requirements -- /Applications/Xcode-27.0.0-Release.Candidate.app/Contents/Developer/Toolchains/XcodeDefault.xctoolchain/usr/bin/swiftc -parse-as-library -module-name PanModal -Onone @/Users/admin/builder/spi-builder-workspace/.derivedData/Build/Intermediates.noindex/PanModal.build/Debug-watchos/PanModal-t.build/Objects-normal/arm64/PanModal.SwiftFileList -DSWIFT_PACKAGE -DDEBUG -DSWIFT_MODULE_RESOURCE_BUNDLE_UNAVAILABLE -DXcode -plugin-path /Applications/Xcode-27.0.0-Release.Candidate.app/Contents/Developer/Toolchains/XcodeDefault.xctoolchain/usr/lib/swift/host/plugins/testing -enable-experimental-feature DebugDescriptionMacro -sdk /Applications/Xcode-27.0.0-Release.Candidate.app/Contents/Developer/Platforms/WatchOS.platform/Developer/SDKs/WatchOS27.0.sdk -target arm64-apple-watchos9.0 -g -module-cache-path /Users/admin/builder/spi-builder-workspace/.derivedData/ModuleCache.noindex -Xfrontend -serialize-debugging-options -enable-testing -suppress-warnings -index-store-path /Users/admin/builder/spi-builder-workspace/.derivedData/Index.noindex/DataStore -Xcc -D_LIBCPP_HARDENING_MODE\=_LIBCPP_HARDENING_MODE_DEBUG -swift-version 5 -I /Users/admin/builder/spi-builder-workspace/.derivedData/Build/Products/Debug-watchos -Isystem /Applications/Xcode-27.0.0-Release.Candidate.app/Contents/Developer/Platforms/WatchOS.platform/Developer/usr/lib -F /Users/admin/builder/spi-builder-workspace/.derivedData/Build/Products/Debug-watchos -F /Applications/Xcode-27.0.0-Release.Candidate.app/Contents/Developer/Platforms/WatchOS.platform/Developer/Library/Frameworks -F /Applications/Xcode-27.0.0-Release.Candidate.app/Contents/Developer/Platforms/WatchOS.platform/Developer/SDKs/WatchOS27.0.sdk/Developer/Library/Frameworks -c -j10 -enable-batch-mode -incremental -Xcc -ivfsstatcache -Xcc /Users/admin/builder/spi-builder-workspace/.derivedData/SDKStatCaches.noindex/watchos27.0-24R360-e829b21a6f8c9b70876ba0858053c04477534ef55a1706bf4c1112bbb242f0a2.sdkstatcache -output-file-map /Users/admin/builder/spi-builder-workspace/.derivedData/Build/Intermediates.noindex/PanModal.build/Debug-watchos/PanModal-t.build/Objects-normal/arm64/PanModal-OutputFileMap.json -save-temps -no-color-diagnostics -explicit-module-build -module-cache-path /Users/admin/builder/spi-builder-workspace/.derivedData/Build/Intermediates.noindex/SwiftExplicitPrecompiledModules -clang-scanner-module-cache-path /Users/admin/builder/spi-builder-workspace/.derivedData/ModuleCache.noindex -sdk-module-cache-path /Users/admin/builder/spi-builder-workspace/.derivedData/SDKExplicitPrecompiledModules -emit-dependencies -emit-module -emit-module-path /Users/admin/builder/spi-builder-workspace/.derivedData/Build/Intermediates.noindex/PanModal.build/Debug-watchos/PanModal-t.build/Objects-normal/arm64/PanModal.swiftmodule -serialize-diagnostics -dependency-scan-serialize-diagnostics-path /Users/admin/builder/spi-builder-workspace/.derivedData/Build/Intermediates.noindex/PanModal.build/Debug-watchos/PanModal-t.build/Objects-normal/arm64/PanModal-dependency-scan.dia -validate-clang-modules-once -clang-build-session-file /Users/admin/builder/spi-builder-workspace/.derivedData/ModuleCache.noindex/Session.modulevalidation -Xcc -fmodules-prune-interval\=86400 -Xcc -fmodules-prune-after\=345600 -emit-const-values -const-gather-protocols-list /Users/admin/builder/spi-builder-workspace/.derivedData/Build/Intermediates.noindex/PanModal.build/Debug-watchos/PanModal-t.build/Objects-normal/arm64/PanModal_const_extract_protocols.json -Xcc -I/Users/admin/builder/spi-builder-workspace/.derivedData/Build/Products/Debug-watchos/include -Xcc -I/Users/admin/builder/spi-builder-workspace/.derivedData/Build/Intermediates.noindex/PanModal.build/Debug-watchos/PanModal-t.build/DerivedSources-normal/arm64 -Xcc -I/Users/admin/builder/spi-builder-workspace/.derivedData/Build/Intermediates.noindex/PanModal.build/Debug-watchos/PanModal-t.build/DerivedSources/arm64 -Xcc -I/Users/admin/builder/spi-builder-workspace/.derivedData/Build/Intermediates.noindex/PanModal.build/Debug-watchos/PanModal-t.build/DerivedSources -Xcc -DSWIFT_PACKAGE -Xcc -DDEBUG\=1 -emit-objc-header -emit-objc-header-path /Users/admin/builder/spi-builder-workspace/.derivedData/Build/Intermediates.noindex/PanModal.build/Debug-watchos/PanModal-t.build/Objects-normal/arm64/PanModal-Swift.h -working-directory /Users/admin/builder/spi-builder-workspace/.swiftpm/xcode -experimental-emit-module-separately -disable-cmo
Copy /Users/admin/builder/spi-builder-workspace/.derivedData/Build/Products/Debug-watchos/PanModal.swiftmodule/arm64_32-apple-watchos.swiftmodule /Users/admin/builder/spi-builder-workspace/.derivedData/Build/Intermediates.noindex/PanModal.build/Debug-watchos/PanModal-t.build/Objects-normal/arm64_32/PanModal.swiftmodule (in target 'PanModal' from project 'PanModal')
cd /Users/admin/builder/spi-builder-workspace/.dependencies/checkouts/PanModal
builtin-copy -exclude .DS_Store -exclude CVS -exclude .svn -exclude .git -exclude .hg -resolve-src-symlinks -rename /Users/admin/builder/spi-builder-workspace/.derivedData/Build/Intermediates.noindex/PanModal.build/Debug-watchos/PanModal-t.build/Objects-normal/arm64_32/PanModal.swiftmodule /Users/admin/builder/spi-builder-workspace/.derivedData/Build/Products/Debug-watchos/PanModal.swiftmodule/arm64_32-apple-watchos.swiftmodule
SwiftMergeGeneratedHeaders /Users/admin/builder/spi-builder-workspace/.derivedData/Build/Intermediates.noindex/GeneratedModuleMaps-watchos/PanModal-Swift.h /Users/admin/builder/spi-builder-workspace/.derivedData/Build/Intermediates.noindex/PanModal.build/Debug-watchos/PanModal-t.build/Objects-normal/arm64/PanModal-Swift.h /Users/admin/builder/spi-builder-workspace/.derivedData/Build/Intermediates.noindex/PanModal.build/Debug-watchos/PanModal-t.build/Objects-normal/arm64_32/PanModal-Swift.h (in target 'PanModal' from project 'PanModal')
cd /Users/admin/builder/spi-builder-workspace/.dependencies/checkouts/PanModal
builtin-swiftHeaderTool -arch arm64 /Users/admin/builder/spi-builder-workspace/.derivedData/Build/Intermediates.noindex/PanModal.build/Debug-watchos/PanModal-t.build/Objects-normal/arm64/PanModal-Swift.h -arch arm64_32 /Users/admin/builder/spi-builder-workspace/.derivedData/Build/Intermediates.noindex/PanModal.build/Debug-watchos/PanModal-t.build/Objects-normal/arm64_32/PanModal-Swift.h -o /Users/admin/builder/spi-builder-workspace/.derivedData/Build/Intermediates.noindex/GeneratedModuleMaps-watchos/PanModal-Swift.h
Copy /Users/admin/builder/spi-builder-workspace/.derivedData/Build/Products/Debug-watchos/PanModal.swiftmodule/arm64_32-apple-watchos.swiftdoc /Users/admin/builder/spi-builder-workspace/.derivedData/Build/Intermediates.noindex/PanModal.build/Debug-watchos/PanModal-t.build/Objects-normal/arm64_32/PanModal.swiftdoc (in target 'PanModal' from project 'PanModal')
cd /Users/admin/builder/spi-builder-workspace/.dependencies/checkouts/PanModal
builtin-copy -exclude .DS_Store -exclude CVS -exclude .svn -exclude .git -exclude .hg -resolve-src-symlinks -rename /Users/admin/builder/spi-builder-workspace/.derivedData/Build/Intermediates.noindex/PanModal.build/Debug-watchos/PanModal-t.build/Objects-normal/arm64_32/PanModal.swiftdoc /Users/admin/builder/spi-builder-workspace/.derivedData/Build/Products/Debug-watchos/PanModal.swiftmodule/arm64_32-apple-watchos.swiftdoc
Copy /Users/admin/builder/spi-builder-workspace/.derivedData/Build/Products/Debug-watchos/PanModal.swiftmodule/arm64_32-apple-watchos.abi.json /Users/admin/builder/spi-builder-workspace/.derivedData/Build/Intermediates.noindex/PanModal.build/Debug-watchos/PanModal-t.build/Objects-normal/arm64_32/PanModal.abi.json (in target 'PanModal' from project 'PanModal')
cd /Users/admin/builder/spi-builder-workspace/.dependencies/checkouts/PanModal
builtin-copy -exclude .DS_Store -exclude CVS -exclude .svn -exclude .git -exclude .hg -resolve-src-symlinks -rename /Users/admin/builder/spi-builder-workspace/.derivedData/Build/Intermediates.noindex/PanModal.build/Debug-watchos/PanModal-t.build/Objects-normal/arm64_32/PanModal.abi.json /Users/admin/builder/spi-builder-workspace/.derivedData/Build/Products/Debug-watchos/PanModal.swiftmodule/arm64_32-apple-watchos.abi.json
Copy /Users/admin/builder/spi-builder-workspace/.derivedData/Build/Products/Debug-watchos/PanModal.swiftmodule/arm64-apple-watchos.swiftmodule /Users/admin/builder/spi-builder-workspace/.derivedData/Build/Intermediates.noindex/PanModal.build/Debug-watchos/PanModal-t.build/Objects-normal/arm64/PanModal.swiftmodule (in target 'PanModal' from project 'PanModal')
cd /Users/admin/builder/spi-builder-workspace/.dependencies/checkouts/PanModal
builtin-copy -exclude .DS_Store -exclude CVS -exclude .svn -exclude .git -exclude .hg -resolve-src-symlinks -rename /Users/admin/builder/spi-builder-workspace/.derivedData/Build/Intermediates.noindex/PanModal.build/Debug-watchos/PanModal-t.build/Objects-normal/arm64/PanModal.swiftmodule /Users/admin/builder/spi-builder-workspace/.derivedData/Build/Products/Debug-watchos/PanModal.swiftmodule/arm64-apple-watchos.swiftmodule
Copy /Users/admin/builder/spi-builder-workspace/.derivedData/Build/Products/Debug-watchos/PanModal.swiftmodule/arm64-apple-watchos.swiftdoc /Users/admin/builder/spi-builder-workspace/.derivedData/Build/Intermediates.noindex/PanModal.build/Debug-watchos/PanModal-t.build/Objects-normal/arm64/PanModal.swiftdoc (in target 'PanModal' from project 'PanModal')
cd /Users/admin/builder/spi-builder-workspace/.dependencies/checkouts/PanModal
builtin-copy -exclude .DS_Store -exclude CVS -exclude .svn -exclude .git -exclude .hg -resolve-src-symlinks -rename /Users/admin/builder/spi-builder-workspace/.derivedData/Build/Intermediates.noindex/PanModal.build/Debug-watchos/PanModal-t.build/Objects-normal/arm64/PanModal.swiftdoc /Users/admin/builder/spi-builder-workspace/.derivedData/Build/Products/Debug-watchos/PanModal.swiftmodule/arm64-apple-watchos.swiftdoc
Copy /Users/admin/builder/spi-builder-workspace/.derivedData/Build/Products/Debug-watchos/PanModal.swiftmodule/arm64-apple-watchos.abi.json /Users/admin/builder/spi-builder-workspace/.derivedData/Build/Intermediates.noindex/PanModal.build/Debug-watchos/PanModal-t.build/Objects-normal/arm64/PanModal.abi.json (in target 'PanModal' from project 'PanModal')
cd /Users/admin/builder/spi-builder-workspace/.dependencies/checkouts/PanModal
builtin-copy -exclude .DS_Store -exclude CVS -exclude .svn -exclude .git -exclude .hg -resolve-src-symlinks -rename /Users/admin/builder/spi-builder-workspace/.derivedData/Build/Intermediates.noindex/PanModal.build/Debug-watchos/PanModal-t.build/Objects-normal/arm64/PanModal.abi.json /Users/admin/builder/spi-builder-workspace/.derivedData/Build/Products/Debug-watchos/PanModal.swiftmodule/arm64-apple-watchos.abi.json
Copy /Users/admin/builder/spi-builder-workspace/.derivedData/Build/Products/Debug-watchos/PanModal.swiftmodule/Project/arm64_32-apple-watchos.swiftsourceinfo /Users/admin/builder/spi-builder-workspace/.derivedData/Build/Intermediates.noindex/PanModal.build/Debug-watchos/PanModal-t.build/Objects-normal/arm64_32/PanModal.swiftsourceinfo (in target 'PanModal' from project 'PanModal')
cd /Users/admin/builder/spi-builder-workspace/.dependencies/checkouts/PanModal
builtin-copy -exclude .DS_Store -exclude CVS -exclude .svn -exclude .git -exclude .hg -resolve-src-symlinks -rename /Users/admin/builder/spi-builder-workspace/.derivedData/Build/Intermediates.noindex/PanModal.build/Debug-watchos/PanModal-t.build/Objects-normal/arm64_32/PanModal.swiftsourceinfo /Users/admin/builder/spi-builder-workspace/.derivedData/Build/Products/Debug-watchos/PanModal.swiftmodule/Project/arm64_32-apple-watchos.swiftsourceinfo
Copy /Users/admin/builder/spi-builder-workspace/.derivedData/Build/Products/Debug-watchos/PanModal.swiftmodule/Project/arm64-apple-watchos.swiftsourceinfo /Users/admin/builder/spi-builder-workspace/.derivedData/Build/Intermediates.noindex/PanModal.build/Debug-watchos/PanModal-t.build/Objects-normal/arm64/PanModal.swiftsourceinfo (in target 'PanModal' from project 'PanModal')
cd /Users/admin/builder/spi-builder-workspace/.dependencies/checkouts/PanModal
builtin-copy -exclude .DS_Store -exclude CVS -exclude .svn -exclude .git -exclude .hg -resolve-src-symlinks -rename /Users/admin/builder/spi-builder-workspace/.derivedData/Build/Intermediates.noindex/PanModal.build/Debug-watchos/PanModal-t.build/Objects-normal/arm64/PanModal.swiftsourceinfo /Users/admin/builder/spi-builder-workspace/.derivedData/Build/Products/Debug-watchos/PanModal.swiftmodule/Project/arm64-apple-watchos.swiftsourceinfo
SwiftCompile normal arm64 Compiling\ PanModalPresenter.swift /Users/admin/builder/spi-builder-workspace/.dependencies/checkouts/PanModal/PanModal/Presenter/PanModalPresenter.swift (in target 'PanModal' from project 'PanModal')
SwiftCompile normal arm64 /Users/admin/builder/spi-builder-workspace/.dependencies/checkouts/PanModal/PanModal/Presenter/PanModalPresenter.swift (in target 'PanModal' from project 'PanModal')
cd /Users/admin/builder/spi-builder-workspace/.swiftpm/xcode
builtin-SwiftPerFileCompile PanModalPresenter.swift
PruneExplicitPrecompiledModules /Users/admin/builder/spi-builder-workspace/.derivedData/Build/Intermediates.noindex/ExplicitPrecompiledModules
PruneExplicitPrecompiledModules /Users/admin/builder/spi-builder-workspace/.derivedData/SDKExplicitPrecompiledModules
PruneExplicitPrecompiledModules /Users/admin/builder/spi-builder-workspace/.derivedData/Build/Intermediates.noindex/SwiftExplicitPrecompiledModules
2026-09-21 06:09:16.247 xcodebuild[853:5207] [MT] IDERunDestination: Supported platforms for the buildables in the current scheme is empty.
** BUILD FAILED **
The following build commands failed:
SwiftDriver SnapKit normal arm64 com.apple.xcode.tools.swift.compiler (in target 'SnapKit' from project 'SnapKit')
SwiftDriver SnapKit normal arm64_32 com.apple.xcode.tools.swift.compiler (in target 'SnapKit' from project 'SnapKit')
Building workspace YDS with scheme YDS-Package
(3 failures)
Command line invocation:
/Applications/Xcode-27.0.0-Release.Candidate.app/Contents/Developer/usr/bin/xcodebuild -IDEClonedSourcePackagesDirPathOverride=/Users/admin/builder/spi-builder-workspace/.dependencies -resolvePackageDependencies
Resolve Package Graph
Resolved source packages:
PanModal: https://github.com/slackhq/PanModal @ 1.2.7
SnapKit: https://github.com/SnapKit/SnapKit @ 5.6.0
YDS: /Users/admin/builder/spi-builder-workspace
Parchment: https://github.com/yourssu/Parchment @ 3.7.2
resolved source packages: PanModal, SnapKit, YDS, Parchment
2026-09-21 06:09:21.882 xcodebuild[910:5755] [MT] IDERunDestination: Supported platforms for the buildables in the current scheme is empty.
{
"dependencies" : [
{
"identity" : "panmodal",
"requirement" : {
"range" : [
{
"lower_bound" : "1.0.0",
"upper_bound" : "2.0.0"
}
]
},
"type" : "sourceControl",
"url" : "https://github.com/slackhq/PanModal.git"
},
{
"identity" : "snapkit",
"requirement" : {
"range" : [
{
"lower_bound" : "5.0.0",
"upper_bound" : "6.0.0"
}
]
},
"type" : "sourceControl",
"url" : "https://github.com/SnapKit/SnapKit"
},
{
"identity" : "parchment",
"requirement" : {
"range" : [
{
"lower_bound" : "3.7.2",
"upper_bound" : "4.0.0"
}
]
},
"type" : "sourceControl",
"url" : "https://github.com/yourssu/Parchment"
}
],
"manifest_display_name" : "YDS",
"name" : "YDS",
"path" : "/Users/admin/builder/spi-builder-workspace",
"platforms" : [
{
"name" : "ios",
"version" : "16.0"
}
],
"products" : [
{
"name" : "YDS",
"targets" : [
"YDS"
],
"type" : {
"library" : [
"automatic"
]
}
},
{
"name" : "YDS-SwiftUI",
"targets" : [
"YDS-SwiftUI"
],
"type" : {
"library" : [
"automatic"
]
}
}
],
"targets" : [
{
"c99name" : "YDS_SwiftUI",
"module_type" : "SwiftTarget",
"name" : "YDS-SwiftUI",
"path" : "YDS-SwiftUI/Source",
"product_memberships" : [
"YDS-SwiftUI"
],
"sources" : [
"Atom/YDSBadge.swift",
"Atom/YDSBottomSheet.swift",
"Atom/YDSBoxButton.swift",
"Atom/YDSChip.swift",
"Atom/YDSEmojiButton.swift",
"Atom/YDSLabel.swift",
"Atom/YDSPlainButton.swift",
"Atom/YDSProfileImageView.swift",
"Atom/YDSTextField/YDSPasswordTextField.swift",
"Atom/YDSTextField/YDSSearchTextField.swift",
"Atom/YDSTextField/YDSSimpleTextField.swift",
"Atom/YDSTextField/YDSSuffixTextField.swift",
"Atom/YDSTextField/YDSTextFieldBase.swift",
"Atom/YDSTextField/YDSTextFieldProtocol.swift",
"Atom/YDSTextView.swift",
"Component/TopBar/YDSDoubleTitleTopBar.swift",
"Component/TopBar/YDSSingleTitleTopBar.swift",
"Component/TopBar/YDSTopBar.swift",
"Component/TopBar/YDSTopBarIconButton.swift",
"Component/YDSBottomBarController.swift",
"Component/YDSList.swift",
"Component/YDSListItem.swift",
"Component/YDSToast.swift",
"Exported.swift",
"Foundation/YDSBasicColor.swift",
"Foundation/YDSFont.swift",
"Foundation/YDSIcon.swift",
"Foundation/YDSItemColor.swift",
"Foundation/YDSSemanticColor.swift",
"Foundation/YDSTypoStyle.swift"
],
"target_dependencies" : [
"YDS-Essential"
],
"type" : "library"
},
{
"c99name" : "YDS_Essential",
"module_type" : "SwiftTarget",
"name" : "YDS-Essential",
"path" : "YDS-Essential/Source",
"product_memberships" : [
"YDS",
"YDS-SwiftUI"
],
"resources" : [
{
"path" : "/Users/admin/builder/spi-builder-workspace/YDS-Essential/Source/Foundation/YDSBasicColor.xcassets",
"rule" : {
"process" : {
}
}
},
{
"path" : "/Users/admin/builder/spi-builder-workspace/YDS-Essential/Source/Foundation/YDSIcon.xcassets",
"rule" : {
"process" : {
}
}
}
],
"sources" : [
"HapticManager.swift",
"Rule/YDSAnimation.swift",
"Rule/YDSConstant.swift",
"Rule/YDSScreenSize.swift",
"YDSBundle.swift"
],
"type" : "library"
},
{
"c99name" : "YDS",
"module_type" : "SwiftTarget",
"name" : "YDS",
"path" : "YDS/Source",
"product_dependencies" : [
"PanModal",
"SnapKit",
"Parchment"
],
"product_memberships" : [
"YDS"
],
"sources" : [
"Atom/YDSBadge.swift",
"Atom/YDSBottomSheet.swift",
"Atom/YDSButton/YDSBoxButton.swift",
"Atom/YDSButton/YDSButtonProtocol.swift",
"Atom/YDSButton/YDSPlainButton.swift",
"Atom/YDSCheckbox.swift",
"Atom/YDSChip.swift",
"Atom/YDSDivider.swift",
"Atom/YDSEmojiButton.swift",
"Atom/YDSIconView.swift",
"Atom/YDSLabel.swift",
"Atom/YDSProfileImageView.swift",
"Atom/YDSSearchBar.swift",
"Atom/YDSTextField/YDSPasswordTextField/YDSPasswordTextField.swift",
"Atom/YDSTextField/YDSPasswordTextField/YDSPasswordTextFieldView.swift",
"Atom/YDSTextField/YDSSearchTextField.swift",
"Atom/YDSTextField/YDSSimpleTextField/YDSSimpleTextField.swift",
"Atom/YDSTextField/YDSSimpleTextField/YDSSimpleTextFieldView.swift",
"Atom/YDSTextField/YDSSuffixTextField/YDSSuffixTextField.swift",
"Atom/YDSTextField/YDSSuffixTextField/YDSSuffixTextFieldView.swift",
"Atom/YDSTextField/YDSTextField.swift",
"Atom/YDSTextField/YDSTextFieldView.swift",
"Atom/YDSTextView.swift",
"Atom/YDSToggle.swift",
"Component/List/YDSList.swift",
"Component/List/YDSListItem.swift",
"Component/List/YDSListToggleItem.swift",
"Component/TopBar/UINavigationBar+Extension.swift",
"Component/TopBar/YDSDoubleTitleTopBar.swift",
"Component/TopBar/YDSNavigationController.swift",
"Component/TopBar/YDSSingleTitleTopBar.swift",
"Component/TopBar/YDSTopBar.swift",
"Component/TopBar/YDSTopBarButton.swift",
"Component/YDSBottomBarController.swift",
"Component/YDSTabBarViewController.swift",
"Component/YDSToast.swift",
"Component/YDSTooltip.swift",
"Exported.swift",
"Extension/Optional+isEmpty.swift",
"Extension/UIApplication+findWindow.swift",
"Foundation/YDSBasicColor.swift",
"Foundation/YDSFont.swift",
"Foundation/YDSIcon.swift",
"Foundation/YDSItemColor.swift",
"Foundation/YDSSemanticColor.swift",
"Foundation/YDSTypoStyle.swift",
"SetNeeds.swift"
],
"target_dependencies" : [
"YDS-Essential"
],
"type" : "library"
}
],
"tools_version" : "5.7"
}
{
"workspace" : {
"name" : "YDS",
"schemes" : [
"YDS",
"YDS-Package",
"YDS-SwiftUI"
]
}
}
2026-09-21 06:09:23.172 xcodebuild[918:5821] [MT] IDERunDestination: Supported platforms for the buildables in the current scheme is empty.
Running build ...
env DEVELOPER_DIR=/Applications/Xcode-27.0.0-Release.Candidate.app xcrun xcodebuild -IDEClonedSourcePackagesDirPathOverride=$PWD/.dependencies -skipMacroValidation -skipPackagePluginValidation -derivedDataPath $PWD/.derivedData build -scheme YDS-Package -destination generic/platform=watchOS
Command line invocation:
/Applications/Xcode-27.0.0-Release.Candidate.app/Contents/Developer/usr/bin/xcodebuild -IDEClonedSourcePackagesDirPathOverride=/Users/admin/builder/spi-builder-workspace/.dependencies -skipMacroValidation -skipPackagePluginValidation -derivedDataPath /Users/admin/builder/spi-builder-workspace/.derivedData build -scheme YDS-Package -destination generic/platform=watchOS
Resolve Package Graph
Resolved source packages:
SnapKit: https://github.com/SnapKit/SnapKit @ 5.6.0
Parchment: https://github.com/yourssu/Parchment @ 3.7.2
PanModal: https://github.com/slackhq/PanModal @ 1.2.7
YDS: /Users/admin/builder/spi-builder-workspace
ComputePackagePrebuildTargetDependencyGraph
Prepare packages
CreateBuildRequest
SendProjectDescription
CreateBuildOperation
ComputeTargetDependencyGraph
note: Building targets in dependency order
note: Target dependency graph (12 targets)
Target 'YDS-SwiftUI-product' in project 'YDS'
➜ Explicit dependency on target 'YDS-SwiftUI' in project 'YDS'
➜ Explicit dependency on target 'YDS-Essential' in project 'YDS'
Target 'YDS-SwiftUI' in project 'YDS'
➜ Explicit dependency on target 'YDS-Essential' in project 'YDS'
Target 'YDS-product' in project 'YDS'
➜ Explicit dependency on target 'YDS' in project 'YDS'
➜ Explicit dependency on target 'YDS-Essential' in project 'YDS'
➜ Explicit dependency on target 'PanModal-product' in project 'PanModal'
➜ Explicit dependency on target 'SnapKit-product' in project 'SnapKit'
➜ Explicit dependency on target 'Parchment-product' in project 'Parchment'
Target 'YDS' in project 'YDS'
➜ Explicit dependency on target 'YDS-Essential' in project 'YDS'
➜ Explicit dependency on target 'PanModal-product' in project 'PanModal'
➜ Explicit dependency on target 'SnapKit-product' in project 'SnapKit'
➜ Explicit dependency on target 'Parchment-product' in project 'Parchment'
Target 'Parchment-product' in project 'Parchment'
➜ Explicit dependency on target 'Parchment' in project 'Parchment'
➜ Explicit dependency on target 'SnapKit-product' in project 'SnapKit'
Target 'Parchment' in project 'Parchment'
➜ Explicit dependency on target 'SnapKit-product' in project 'SnapKit'
Target 'SnapKit-product' in project 'SnapKit'
➜ Explicit dependency on target 'SnapKit' in project 'SnapKit'
Target 'SnapKit' in project 'SnapKit' (no dependencies)
Target 'PanModal-product' in project 'PanModal'
➜ Explicit dependency on target 'PanModal' in project 'PanModal'
Target 'PanModal' in project 'PanModal' (no dependencies)
Target 'YDS-Essential' in project 'YDS'
➜ Explicit dependency on target 'YDS_YDS-Essential' in project 'YDS'
Target 'YDS_YDS-Essential' in project 'YDS' (no dependencies)
GatherProvisioningInputs
CreateBuildDescription
ClangStatCache /Applications/Xcode-27.0.0-Release.Candidate.app/Contents/Developer/Toolchains/XcodeDefault.xctoolchain/usr/bin/clang-stat-cache /Applications/Xcode-27.0.0-Release.Candidate.app/Contents/Developer/Platforms/WatchOS.platform/Developer/SDKs/WatchOS27.0.sdk /Users/admin/builder/spi-builder-workspace/.derivedData/SDKStatCaches.noindex/watchos27.0-24R360-e829b21a6f8c9b70876ba0858053c04477534ef55a1706bf4c1112bbb242f0a2.sdkstatcache
cd /Users/admin/builder/spi-builder-workspace/.swiftpm/xcode
/Applications/Xcode-27.0.0-Release.Candidate.app/Contents/Developer/Toolchains/XcodeDefault.xctoolchain/usr/bin/clang-stat-cache /Applications/Xcode-27.0.0-Release.Candidate.app/Contents/Developer/Platforms/WatchOS.platform/Developer/SDKs/WatchOS27.0.sdk -o /Users/admin/builder/spi-builder-workspace/.derivedData/SDKStatCaches.noindex/watchos27.0-24R360-e829b21a6f8c9b70876ba0858053c04477534ef55a1706bf4c1112bbb242f0a2.sdkstatcache
CompileAssetCatalogVariant thinned /Users/admin/builder/spi-builder-workspace/.derivedData/Build/Products/Debug-watchos/YDS_YDS-Essential.bundle /Users/admin/builder/spi-builder-workspace/YDS-Essential/Source/Foundation/YDSBasicColor.xcassets /Users/admin/builder/spi-builder-workspace/YDS-Essential/Source/Foundation/YDSIcon.xcassets (in target 'YDS_YDS-Essential' from project 'YDS')
cd /Users/admin/builder/spi-builder-workspace
/Applications/Xcode-27.0.0-Release.Candidate.app/Contents/Developer/usr/bin/actool /Users/admin/builder/spi-builder-workspace/YDS-Essential/Source/Foundation/YDSBasicColor.xcassets /Users/admin/builder/spi-builder-workspace/YDS-Essential/Source/Foundation/YDSIcon.xcassets --compile /Users/admin/builder/spi-builder-workspace/.derivedData/Build/Intermediates.noindex/YDS.build/Debug-watchos/YDS_YDS-Essential-b.build/assetcatalog_output/thinned --output-format human-readable-text --notices --warnings --export-dependency-info /Users/admin/builder/spi-builder-workspace/.derivedData/Build/Intermediates.noindex/YDS.build/Debug-watchos/YDS_YDS-Essential-b.build/assetcatalog_dependencies_thinned --output-partial-info-plist /Users/admin/builder/spi-builder-workspace/.derivedData/Build/Intermediates.noindex/YDS.build/Debug-watchos/YDS_YDS-Essential-b.build/assetcatalog_generated_info.plist_thinned --compress-pngs --enable-on-demand-resources NO --development-region en --target-device watch --minimum-deployment-target 9.0 --platform watchos
SwiftDriver YDS-Essential normal arm64_32 com.apple.xcode.tools.swift.compiler (in target 'YDS-Essential' from project 'YDS')
cd /Users/admin/builder/spi-builder-workspace/.swiftpm/xcode
builtin-SwiftDriver -- /Applications/Xcode-27.0.0-Release.Candidate.app/Contents/Developer/Toolchains/XcodeDefault.xctoolchain/usr/bin/swiftc -parse-as-library -module-name YDS_Essential -Onone @/Users/admin/builder/spi-builder-workspace/.derivedData/Build/Intermediates.noindex/YDS.build/Debug-watchos/YDS-Essential-t.build/Objects-normal/arm64_32/YDS-Essential.SwiftFileList -DSWIFT_PACKAGE -DDEBUG -DSWIFT_MODULE_RESOURCE_BUNDLE_AVAILABLE -DXcode -plugin-path /Applications/Xcode-27.0.0-Release.Candidate.app/Contents/Developer/Toolchains/XcodeDefault.xctoolchain/usr/lib/swift/host/plugins/testing -enable-experimental-feature DebugDescriptionMacro -sdk /Applications/Xcode-27.0.0-Release.Candidate.app/Contents/Developer/Platforms/WatchOS.platform/Developer/SDKs/WatchOS27.0.sdk -target arm64_32-apple-watchos9.0 -g -module-cache-path /Users/admin/builder/spi-builder-workspace/.derivedData/ModuleCache.noindex -Xfrontend -serialize-debugging-options -enable-testing -index-store-path /Users/admin/builder/spi-builder-workspace/.derivedData/Index.noindex/DataStore -Xcc -D_LIBCPP_HARDENING_MODE\=_LIBCPP_HARDENING_MODE_DEBUG -swift-version 5 -I /Users/admin/builder/spi-builder-workspace/.derivedData/Build/Products/Debug-watchos -Isystem /Applications/Xcode-27.0.0-Release.Candidate.app/Contents/Developer/Platforms/WatchOS.platform/Developer/usr/lib -F /Users/admin/builder/spi-builder-workspace/.derivedData/Build/Products/Debug-watchos -F /Applications/Xcode-27.0.0-Release.Candidate.app/Contents/Developer/Platforms/WatchOS.platform/Developer/Library/Frameworks -F /Applications/Xcode-27.0.0-Release.Candidate.app/Contents/Developer/Platforms/WatchOS.platform/Developer/SDKs/WatchOS27.0.sdk/Developer/Library/Frameworks -c -j10 -enable-batch-mode -incremental -Xcc -ivfsstatcache -Xcc /Users/admin/builder/spi-builder-workspace/.derivedData/SDKStatCaches.noindex/watchos27.0-24R360-e829b21a6f8c9b70876ba0858053c04477534ef55a1706bf4c1112bbb242f0a2.sdkstatcache -output-file-map /Users/admin/builder/spi-builder-workspace/.derivedData/Build/Intermediates.noindex/YDS.build/Debug-watchos/YDS-Essential-t.build/Objects-normal/arm64_32/YDS-Essential-OutputFileMap.json -save-temps -no-color-diagnostics -explicit-module-build -module-cache-path /Users/admin/builder/spi-builder-workspace/.derivedData/Build/Intermediates.noindex/SwiftExplicitPrecompiledModules -clang-scanner-module-cache-path /Users/admin/builder/spi-builder-workspace/.derivedData/ModuleCache.noindex -sdk-module-cache-path /Users/admin/builder/spi-builder-workspace/.derivedData/SDKExplicitPrecompiledModules -emit-dependencies -emit-module -emit-module-path /Users/admin/builder/spi-builder-workspace/.derivedData/Build/Intermediates.noindex/YDS.build/Debug-watchos/YDS-Essential-t.build/Objects-normal/arm64_32/YDS_Essential.swiftmodule -serialize-diagnostics -dependency-scan-serialize-diagnostics-path /Users/admin/builder/spi-builder-workspace/.derivedData/Build/Intermediates.noindex/YDS.build/Debug-watchos/YDS-Essential-t.build/Objects-normal/arm64_32/YDS_Essential-dependency-scan.dia -validate-clang-modules-once -clang-build-session-file /Users/admin/builder/spi-builder-workspace/.derivedData/ModuleCache.noindex/Session.modulevalidation -Xcc -fmodules-prune-interval\=86400 -Xcc -fmodules-prune-after\=345600 -emit-const-values -const-gather-protocols-list /Users/admin/builder/spi-builder-workspace/.derivedData/Build/Intermediates.noindex/YDS.build/Debug-watchos/YDS-Essential-t.build/Objects-normal/arm64_32/YDS-Essential_const_extract_protocols.json -Xcc -I/Users/admin/builder/spi-builder-workspace/.derivedData/Build/Products/Debug-watchos/include -Xcc -I/Users/admin/builder/spi-builder-workspace/.derivedData/Build/Intermediates.noindex/YDS.build/Debug-watchos/YDS-Essential-t.build/DerivedSources-normal/arm64_32 -Xcc -I/Users/admin/builder/spi-builder-workspace/.derivedData/Build/Intermediates.noindex/YDS.build/Debug-watchos/YDS-Essential-t.build/DerivedSources/arm64_32 -Xcc -I/Users/admin/builder/spi-builder-workspace/.derivedData/Build/Intermediates.noindex/YDS.build/Debug-watchos/YDS-Essential-t.build/DerivedSources -Xcc -DSWIFT_PACKAGE -Xcc -DDEBUG\=1 -emit-objc-header -emit-objc-header-path /Users/admin/builder/spi-builder-workspace/.derivedData/Build/Intermediates.noindex/YDS.build/Debug-watchos/YDS-Essential-t.build/Objects-normal/arm64_32/YDS-Essential-Swift.h -working-directory /Users/admin/builder/spi-builder-workspace/.swiftpm/xcode -experimental-emit-module-separately -disable-cmo
SwiftDriver SnapKit normal arm64 com.apple.xcode.tools.swift.compiler (in target 'SnapKit' from project 'SnapKit')
cd /Users/admin/builder/spi-builder-workspace/.swiftpm/xcode
builtin-SwiftDriver -- /Applications/Xcode-27.0.0-Release.Candidate.app/Contents/Developer/Toolchains/XcodeDefault.xctoolchain/usr/bin/swiftc -parse-as-library -module-name SnapKit -Onone @/Users/admin/builder/spi-builder-workspace/.derivedData/Build/Intermediates.noindex/SnapKit.build/Debug-watchos/SnapKit-t.build/Objects-normal/arm64/SnapKit.SwiftFileList -DSWIFT_PACKAGE -DDEBUG -DSWIFT_MODULE_RESOURCE_BUNDLE_UNAVAILABLE -DXcode -plugin-path /Applications/Xcode-27.0.0-Release.Candidate.app/Contents/Developer/Toolchains/XcodeDefault.xctoolchain/usr/lib/swift/host/plugins/testing -enable-experimental-feature DebugDescriptionMacro -sdk /Applications/Xcode-27.0.0-Release.Candidate.app/Contents/Developer/Platforms/WatchOS.platform/Developer/SDKs/WatchOS27.0.sdk -target arm64-apple-watchos9.0 -g -module-cache-path /Users/admin/builder/spi-builder-workspace/.derivedData/ModuleCache.noindex -Xfrontend -serialize-debugging-options -enable-testing -suppress-warnings -index-store-path /Users/admin/builder/spi-builder-workspace/.derivedData/Index.noindex/DataStore -Xcc -D_LIBCPP_HARDENING_MODE\=_LIBCPP_HARDENING_MODE_DEBUG -swift-version 5 -I /Users/admin/builder/spi-builder-workspace/.derivedData/Build/Products/Debug-watchos -Isystem /Applications/Xcode-27.0.0-Release.Candidate.app/Contents/Developer/Platforms/WatchOS.platform/Developer/usr/lib -F /Users/admin/builder/spi-builder-workspace/.derivedData/Build/Products/Debug-watchos -F /Applications/Xcode-27.0.0-Release.Candidate.app/Contents/Developer/Platforms/WatchOS.platform/Developer/Library/Frameworks -F /Applications/Xcode-27.0.0-Release.Candidate.app/Contents/Developer/Platforms/WatchOS.platform/Developer/SDKs/WatchOS27.0.sdk/Developer/Library/Frameworks -c -j10 -enable-batch-mode -incremental -Xcc -ivfsstatcache -Xcc /Users/admin/builder/spi-builder-workspace/.derivedData/SDKStatCaches.noindex/watchos27.0-24R360-e829b21a6f8c9b70876ba0858053c04477534ef55a1706bf4c1112bbb242f0a2.sdkstatcache -output-file-map /Users/admin/builder/spi-builder-workspace/.derivedData/Build/Intermediates.noindex/SnapKit.build/Debug-watchos/SnapKit-t.build/Objects-normal/arm64/SnapKit-OutputFileMap.json -save-temps -no-color-diagnostics -explicit-module-build -module-cache-path /Users/admin/builder/spi-builder-workspace/.derivedData/Build/Intermediates.noindex/SwiftExplicitPrecompiledModules -clang-scanner-module-cache-path /Users/admin/builder/spi-builder-workspace/.derivedData/ModuleCache.noindex -sdk-module-cache-path /Users/admin/builder/spi-builder-workspace/.derivedData/SDKExplicitPrecompiledModules -emit-dependencies -emit-module -emit-module-path /Users/admin/builder/spi-builder-workspace/.derivedData/Build/Intermediates.noindex/SnapKit.build/Debug-watchos/SnapKit-t.build/Objects-normal/arm64/SnapKit.swiftmodule -serialize-diagnostics -dependency-scan-serialize-diagnostics-path /Users/admin/builder/spi-builder-workspace/.derivedData/Build/Intermediates.noindex/SnapKit.build/Debug-watchos/SnapKit-t.build/Objects-normal/arm64/SnapKit-dependency-scan.dia -validate-clang-modules-once -clang-build-session-file /Users/admin/builder/spi-builder-workspace/.derivedData/ModuleCache.noindex/Session.modulevalidation -Xcc -fmodules-prune-interval\=86400 -Xcc -fmodules-prune-after\=345600 -emit-const-values -const-gather-protocols-list /Users/admin/builder/spi-builder-workspace/.derivedData/Build/Intermediates.noindex/SnapKit.build/Debug-watchos/SnapKit-t.build/Objects-normal/arm64/SnapKit_const_extract_protocols.json -Xcc -I/Users/admin/builder/spi-builder-workspace/.derivedData/Build/Products/Debug-watchos/include -Xcc -I/Users/admin/builder/spi-builder-workspace/.derivedData/Build/Intermediates.noindex/SnapKit.build/Debug-watchos/SnapKit-t.build/DerivedSources-normal/arm64 -Xcc -I/Users/admin/builder/spi-builder-workspace/.derivedData/Build/Intermediates.noindex/SnapKit.build/Debug-watchos/SnapKit-t.build/DerivedSources/arm64 -Xcc -I/Users/admin/builder/spi-builder-workspace/.derivedData/Build/Intermediates.noindex/SnapKit.build/Debug-watchos/SnapKit-t.build/DerivedSources -Xcc -DSWIFT_PACKAGE -Xcc -DDEBUG\=1 -emit-objc-header -emit-objc-header-path /Users/admin/builder/spi-builder-workspace/.derivedData/Build/Intermediates.noindex/SnapKit.build/Debug-watchos/SnapKit-t.build/Objects-normal/arm64/SnapKit-Swift.h -working-directory /Users/admin/builder/spi-builder-workspace/.swiftpm/xcode -experimental-emit-module-separately -disable-cmo
/Users/admin/builder/spi-builder-workspace/.dependencies/checkouts/SnapKit/Sources/Constraint.swift:27:12: error: Unable to resolve module dependency: 'AppKit' (in target 'SnapKit' from project 'SnapKit')
note: A dependency of main module 'SnapKit'
/Users/admin/builder/spi-builder-workspace/.dependencies/checkouts/SnapKit/Sources/ConstraintAttributes.swift:27:12: note: Also imported here
/Users/admin/builder/spi-builder-workspace/.dependencies/checkouts/SnapKit/Sources/ConstraintConfig.swift:28:12: note: Also imported here
/Users/admin/builder/spi-builder-workspace/.dependencies/checkouts/SnapKit/Sources/ConstraintConstantTarget.swift:27:12: note: Also imported here
/Users/admin/builder/spi-builder-workspace/.dependencies/checkouts/SnapKit/Sources/ConstraintDSL.swift:27:12: note: Also imported here
/Users/admin/builder/spi-builder-workspace/.dependencies/checkouts/SnapKit/Sources/ConstraintDescription.swift:27:12: note: Also imported here
/Users/admin/builder/spi-builder-workspace/.dependencies/checkouts/SnapKit/Sources/ConstraintDirectionalInsetTarget.swift:27:8: note: Also imported here
/Users/admin/builder/spi-builder-workspace/.dependencies/checkouts/SnapKit/Sources/ConstraintDirectionalInsets.swift:27:12: note: Also imported here
/Users/admin/builder/spi-builder-workspace/.dependencies/checkouts/SnapKit/Sources/ConstraintInsetTarget.swift:27:12: note: Also imported here
/Users/admin/builder/spi-builder-workspace/.dependencies/checkouts/SnapKit/Sources/ConstraintInsets.swift:27:12: note: Also imported here
/Users/admin/builder/spi-builder-workspace/.dependencies/checkouts/SnapKit/Sources/ConstraintItem.swift:27:12: note: Also imported here
/Users/admin/builder/spi-builder-workspace/.dependencies/checkouts/SnapKit/Sources/ConstraintLayoutGuide.swift:27:12: note: Also imported here
/Users/admin/builder/spi-builder-workspace/.dependencies/checkouts/SnapKit/Sources/ConstraintLayoutGuideDSL.swift:27:12: note: Also imported here
/Users/admin/builder/spi-builder-workspace/.dependencies/checkouts/SnapKit/Sources/ConstraintLayoutSupport.swift:27:12: note: Also imported here
/Users/admin/builder/spi-builder-workspace/.dependencies/checkouts/SnapKit/Sources/ConstraintLayoutSupportDSL.swift:27:12: note: Also imported here
/Users/admin/builder/spi-builder-workspace/.dependencies/checkouts/SnapKit/Sources/ConstraintMaker.swift:27:12: note: Also imported here
/Users/admin/builder/spi-builder-workspace/.dependencies/checkouts/SnapKit/Sources/ConstraintMakerEditable.swift:27:12: note: Also imported here
/Users/admin/builder/spi-builder-workspace/.dependencies/checkouts/SnapKit/Sources/ConstraintMakerExtendable.swift:27:12: note: Also imported here
/Users/admin/builder/spi-builder-workspace/.dependencies/checkouts/SnapKit/Sources/ConstraintMakerFinalizable.swift:27:12: note: Also imported here
/Users/admin/builder/spi-builder-workspace/.dependencies/checkouts/SnapKit/Sources/ConstraintMakerPrioritizable.swift:27:12: note: Also imported here
/Users/admin/builder/spi-builder-workspace/.dependencies/checkouts/SnapKit/Sources/ConstraintMakerRelatable+Extensions.swift:27:12: note: Also imported here
/Users/admin/builder/spi-builder-workspace/.dependencies/checkouts/SnapKit/Sources/ConstraintMakerRelatable.swift:27:12: note: Also imported here
/Users/admin/builder/spi-builder-workspace/.dependencies/checkouts/SnapKit/Sources/ConstraintMultiplierTarget.swift:27:12: note: Also imported here
/Users/admin/builder/spi-builder-workspace/.dependencies/checkouts/SnapKit/Sources/ConstraintOffsetTarget.swift:27:12: note: Also imported here
/Users/admin/builder/spi-builder-workspace/.dependencies/checkouts/SnapKit/Sources/ConstraintPriority.swift:27:12: note: Also imported here
/Users/admin/builder/spi-builder-workspace/.dependencies/checkouts/SnapKit/Sources/ConstraintPriorityTarget.swift:27:12: note: Also imported here
/Users/admin/builder/spi-builder-workspace/.dependencies/checkouts/SnapKit/Sources/ConstraintRelatableTarget.swift:27:12: note: Also imported here
/Users/admin/builder/spi-builder-workspace/.dependencies/checkouts/SnapKit/Sources/ConstraintRelation.swift:27:12: note: Also imported here
/Users/admin/builder/spi-builder-workspace/.dependencies/checkouts/SnapKit/Sources/ConstraintView+Extensions.swift:27:12: note: Also imported here
/Users/admin/builder/spi-builder-workspace/.dependencies/checkouts/SnapKit/Sources/ConstraintView.swift:27:12: note: Also imported here
/Users/admin/builder/spi-builder-workspace/.dependencies/checkouts/SnapKit/Sources/ConstraintViewDSL.swift:27:12: note: Also imported here
/Users/admin/builder/spi-builder-workspace/.dependencies/checkouts/SnapKit/Sources/Debugging.swift:27:12: note: Also imported here
/Users/admin/builder/spi-builder-workspace/.dependencies/checkouts/SnapKit/Sources/LayoutConstraint.swift:27:12: note: Also imported here
/Users/admin/builder/spi-builder-workspace/.dependencies/checkouts/SnapKit/Sources/LayoutConstraintItem.swift:27:12: note: Also imported here
/Users/admin/builder/spi-builder-workspace/.dependencies/checkouts/SnapKit/Sources/Typealiases.swift:37:12: note: Also imported here
/Users/admin/builder/spi-builder-workspace/.dependencies/checkouts/SnapKit/Sources/Constraint.swift:27:12: note: A dependency of main module 'SnapKit'
import AppKit
^ (in target 'SnapKit' from project 'SnapKit')
/Users/admin/builder/spi-builder-workspace/.dependencies/checkouts/SnapKit/Sources/ConstraintAttributes.swift:27:12: note: Also imported here
import AppKit
^ (in target 'SnapKit' from project 'SnapKit')
/Users/admin/builder/spi-builder-workspace/.dependencies/checkouts/SnapKit/Sources/ConstraintConfig.swift:28:12: note: Also imported here
import AppKit
^ (in target 'SnapKit' from project 'SnapKit')
/Users/admin/builder/spi-builder-workspace/.dependencies/checkouts/SnapKit/Sources/ConstraintConstantTarget.swift:27:12: note: Also imported here
import AppKit
^ (in target 'SnapKit' from project 'SnapKit')
/Users/admin/builder/spi-builder-workspace/.dependencies/checkouts/SnapKit/Sources/ConstraintDSL.swift:27:12: note: Also imported here
import AppKit
^ (in target 'SnapKit' from project 'SnapKit')
/Users/admin/builder/spi-builder-workspace/.dependencies/checkouts/SnapKit/Sources/ConstraintDescription.swift:27:12: note: Also imported here
import AppKit
^ (in target 'SnapKit' from project 'SnapKit')
/Users/admin/builder/spi-builder-workspace/.dependencies/checkouts/SnapKit/Sources/ConstraintDirectionalInsetTarget.swift:27:8: note: Also imported here
import AppKit
^ (in target 'SnapKit' from project 'SnapKit')
/Users/admin/builder/spi-builder-workspace/.dependencies/checkouts/SnapKit/Sources/ConstraintDirectionalInsets.swift:27:12: note: Also imported here
import AppKit
^ (in target 'SnapKit' from project 'SnapKit')
/Users/admin/builder/spi-builder-workspace/.dependencies/checkouts/SnapKit/Sources/ConstraintInsetTarget.swift:27:12: note: Also imported here
import AppKit
^ (in target 'SnapKit' from project 'SnapKit')
/Users/admin/builder/spi-builder-workspace/.dependencies/checkouts/SnapKit/Sources/ConstraintInsets.swift:27:12: note: Also imported here
import AppKit
^ (in target 'SnapKit' from project 'SnapKit')
/Users/admin/builder/spi-builder-workspace/.dependencies/checkouts/SnapKit/Sources/ConstraintItem.swift:27:12: note: Also imported here
import AppKit
^ (in target 'SnapKit' from project 'SnapKit')
/Users/admin/builder/spi-builder-workspace/.dependencies/checkouts/SnapKit/Sources/ConstraintLayoutGuide.swift:27:12: note: Also imported here
import AppKit
^ (in target 'SnapKit' from project 'SnapKit')
/Users/admin/builder/spi-builder-workspace/.dependencies/checkouts/SnapKit/Sources/ConstraintLayoutGuideDSL.swift:27:12: note: Also imported here
import AppKit
^ (in target 'SnapKit' from project 'SnapKit')
/Users/admin/builder/spi-builder-workspace/.dependencies/checkouts/SnapKit/Sources/ConstraintLayoutSupport.swift:27:12: note: Also imported here
import AppKit
^ (in target 'SnapKit' from project 'SnapKit')
/Users/admin/builder/spi-builder-workspace/.dependencies/checkouts/SnapKit/Sources/ConstraintLayoutSupportDSL.swift:27:12: note: Also imported here
import AppKit
^ (in target 'SnapKit' from project 'SnapKit')
/Users/admin/builder/spi-builder-workspace/.dependencies/checkouts/SnapKit/Sources/ConstraintMaker.swift:27:12: note: Also imported here
import AppKit
^ (in target 'SnapKit' from project 'SnapKit')
/Users/admin/builder/spi-builder-workspace/.dependencies/checkouts/SnapKit/Sources/ConstraintMakerEditable.swift:27:12: note: Also imported here
import AppKit
^ (in target 'SnapKit' from project 'SnapKit')
/Users/admin/builder/spi-builder-workspace/.dependencies/checkouts/SnapKit/Sources/ConstraintMakerExtendable.swift:27:12: note: Also imported here
import AppKit
^ (in target 'SnapKit' from project 'SnapKit')
/Users/admin/builder/spi-builder-workspace/.dependencies/checkouts/SnapKit/Sources/ConstraintMakerFinalizable.swift:27:12: note: Also imported here
import AppKit
^ (in target 'SnapKit' from project 'SnapKit')
/Users/admin/builder/spi-builder-workspace/.dependencies/checkouts/SnapKit/Sources/ConstraintMakerPrioritizable.swift:27:12: note: Also imported here
import AppKit
^ (in target 'SnapKit' from project 'SnapKit')
/Users/admin/builder/spi-builder-workspace/.dependencies/checkouts/SnapKit/Sources/ConstraintMakerRelatable+Extensions.swift:27:12: note: Also imported here
import AppKit
^ (in target 'SnapKit' from project 'SnapKit')
/Users/admin/builder/spi-builder-workspace/.dependencies/checkouts/SnapKit/Sources/ConstraintMakerRelatable.swift:27:12: note: Also imported here
import AppKit
^ (in target 'SnapKit' from project 'SnapKit')
/Users/admin/builder/spi-builder-workspace/.dependencies/checkouts/SnapKit/Sources/ConstraintMultiplierTarget.swift:27:12: note: Also imported here
import AppKit
^ (in target 'SnapKit' from project 'SnapKit')
/Users/admin/builder/spi-builder-workspace/.dependencies/checkouts/SnapKit/Sources/ConstraintOffsetTarget.swift:27:12: note: Also imported here
import AppKit
^ (in target 'SnapKit' from project 'SnapKit')
/Users/admin/builder/spi-builder-workspace/.dependencies/checkouts/SnapKit/Sources/ConstraintPriority.swift:27:12: note: Also imported here
import AppKit
^ (in target 'SnapKit' from project 'SnapKit')
/Users/admin/builder/spi-builder-workspace/.dependencies/checkouts/SnapKit/Sources/ConstraintPriorityTarget.swift:27:12: note: Also imported here
import AppKit
^ (in target 'SnapKit' from project 'SnapKit')
/Users/admin/builder/spi-builder-workspace/.dependencies/checkouts/SnapKit/Sources/ConstraintRelatableTarget.swift:27:12: note: Also imported here
import AppKit
^ (in target 'SnapKit' from project 'SnapKit')
/Users/admin/builder/spi-builder-workspace/.dependencies/checkouts/SnapKit/Sources/ConstraintRelation.swift:27:12: note: Also imported here
import AppKit
^ (in target 'SnapKit' from project 'SnapKit')
/Users/admin/builder/spi-builder-workspace/.dependencies/checkouts/SnapKit/Sources/ConstraintView+Extensions.swift:27:12: note: Also imported here
import AppKit
^ (in target 'SnapKit' from project 'SnapKit')
/Users/admin/builder/spi-builder-workspace/.dependencies/checkouts/SnapKit/Sources/ConstraintView.swift:27:12: note: Also imported here
import AppKit
^ (in target 'SnapKit' from project 'SnapKit')
/Users/admin/builder/spi-builder-workspace/.dependencies/checkouts/SnapKit/Sources/ConstraintViewDSL.swift:27:12: note: Also imported here
import AppKit
^ (in target 'SnapKit' from project 'SnapKit')
/Users/admin/builder/spi-builder-workspace/.dependencies/checkouts/SnapKit/Sources/Debugging.swift:27:12: note: Also imported here
import AppKit
^ (in target 'SnapKit' from project 'SnapKit')
/Users/admin/builder/spi-builder-workspace/.dependencies/checkouts/SnapKit/Sources/LayoutConstraint.swift:27:12: note: Also imported here
import AppKit
^ (in target 'SnapKit' from project 'SnapKit')
/Users/admin/builder/spi-builder-workspace/.dependencies/checkouts/SnapKit/Sources/LayoutConstraintItem.swift:27:12: note: Also imported here
import AppKit
^ (in target 'SnapKit' from project 'SnapKit')
/Users/admin/builder/spi-builder-workspace/.dependencies/checkouts/SnapKit/Sources/Typealiases.swift:37:12: note: Also imported here
import AppKit
^ (in target 'SnapKit' from project 'SnapKit')
SwiftDriver SnapKit normal arm64_32 com.apple.xcode.tools.swift.compiler (in target 'SnapKit' from project 'SnapKit')
cd /Users/admin/builder/spi-builder-workspace/.swiftpm/xcode
builtin-SwiftDriver -- /Applications/Xcode-27.0.0-Release.Candidate.app/Contents/Developer/Toolchains/XcodeDefault.xctoolchain/usr/bin/swiftc -parse-as-library -module-name SnapKit -Onone @/Users/admin/builder/spi-builder-workspace/.derivedData/Build/Intermediates.noindex/SnapKit.build/Debug-watchos/SnapKit-t.build/Objects-normal/arm64_32/SnapKit.SwiftFileList -DSWIFT_PACKAGE -DDEBUG -DSWIFT_MODULE_RESOURCE_BUNDLE_UNAVAILABLE -DXcode -plugin-path /Applications/Xcode-27.0.0-Release.Candidate.app/Contents/Developer/Toolchains/XcodeDefault.xctoolchain/usr/lib/swift/host/plugins/testing -enable-experimental-feature DebugDescriptionMacro -sdk /Applications/Xcode-27.0.0-Release.Candidate.app/Contents/Developer/Platforms/WatchOS.platform/Developer/SDKs/WatchOS27.0.sdk -target arm64_32-apple-watchos9.0 -g -module-cache-path /Users/admin/builder/spi-builder-workspace/.derivedData/ModuleCache.noindex -Xfrontend -serialize-debugging-options -enable-testing -suppress-warnings -index-store-path /Users/admin/builder/spi-builder-workspace/.derivedData/Index.noindex/DataStore -Xcc -D_LIBCPP_HARDENING_MODE\=_LIBCPP_HARDENING_MODE_DEBUG -swift-version 5 -I /Users/admin/builder/spi-builder-workspace/.derivedData/Build/Products/Debug-watchos -Isystem /Applications/Xcode-27.0.0-Release.Candidate.app/Contents/Developer/Platforms/WatchOS.platform/Developer/usr/lib -F /Users/admin/builder/spi-builder-workspace/.derivedData/Build/Products/Debug-watchos -F /Applications/Xcode-27.0.0-Release.Candidate.app/Contents/Developer/Platforms/WatchOS.platform/Developer/Library/Frameworks -F /Applications/Xcode-27.0.0-Release.Candidate.app/Contents/Developer/Platforms/WatchOS.platform/Developer/SDKs/WatchOS27.0.sdk/Developer/Library/Frameworks -c -j10 -enable-batch-mode -incremental -Xcc -ivfsstatcache -Xcc /Users/admin/builder/spi-builder-workspace/.derivedData/SDKStatCaches.noindex/watchos27.0-24R360-e829b21a6f8c9b70876ba0858053c04477534ef55a1706bf4c1112bbb242f0a2.sdkstatcache -output-file-map /Users/admin/builder/spi-builder-workspace/.derivedData/Build/Intermediates.noindex/SnapKit.build/Debug-watchos/SnapKit-t.build/Objects-normal/arm64_32/SnapKit-OutputFileMap.json -save-temps -no-color-diagnostics -explicit-module-build -module-cache-path /Users/admin/builder/spi-builder-workspace/.derivedData/Build/Intermediates.noindex/SwiftExplicitPrecompiledModules -clang-scanner-module-cache-path /Users/admin/builder/spi-builder-workspace/.derivedData/ModuleCache.noindex -sdk-module-cache-path /Users/admin/builder/spi-builder-workspace/.derivedData/SDKExplicitPrecompiledModules -emit-dependencies -emit-module -emit-module-path /Users/admin/builder/spi-builder-workspace/.derivedData/Build/Intermediates.noindex/SnapKit.build/Debug-watchos/SnapKit-t.build/Objects-normal/arm64_32/SnapKit.swiftmodule -serialize-diagnostics -dependency-scan-serialize-diagnostics-path /Users/admin/builder/spi-builder-workspace/.derivedData/Build/Intermediates.noindex/SnapKit.build/Debug-watchos/SnapKit-t.build/Objects-normal/arm64_32/SnapKit-dependency-scan.dia -validate-clang-modules-once -clang-build-session-file /Users/admin/builder/spi-builder-workspace/.derivedData/ModuleCache.noindex/Session.modulevalidation -Xcc -fmodules-prune-interval\=86400 -Xcc -fmodules-prune-after\=345600 -emit-const-values -const-gather-protocols-list /Users/admin/builder/spi-builder-workspace/.derivedData/Build/Intermediates.noindex/SnapKit.build/Debug-watchos/SnapKit-t.build/Objects-normal/arm64_32/SnapKit_const_extract_protocols.json -Xcc -I/Users/admin/builder/spi-builder-workspace/.derivedData/Build/Products/Debug-watchos/include -Xcc -I/Users/admin/builder/spi-builder-workspace/.derivedData/Build/Intermediates.noindex/SnapKit.build/Debug-watchos/SnapKit-t.build/DerivedSources-normal/arm64_32 -Xcc -I/Users/admin/builder/spi-builder-workspace/.derivedData/Build/Intermediates.noindex/SnapKit.build/Debug-watchos/SnapKit-t.build/DerivedSources/arm64_32 -Xcc -I/Users/admin/builder/spi-builder-workspace/.derivedData/Build/Intermediates.noindex/SnapKit.build/Debug-watchos/SnapKit-t.build/DerivedSources -Xcc -DSWIFT_PACKAGE -Xcc -DDEBUG\=1 -emit-objc-header -emit-objc-header-path /Users/admin/builder/spi-builder-workspace/.derivedData/Build/Intermediates.noindex/SnapKit.build/Debug-watchos/SnapKit-t.build/Objects-normal/arm64_32/SnapKit-Swift.h -working-directory /Users/admin/builder/spi-builder-workspace/.swiftpm/xcode -experimental-emit-module-separately -disable-cmo
/Users/admin/builder/spi-builder-workspace/.dependencies/checkouts/SnapKit/Sources/Constraint.swift:27:12: error: Unable to resolve module dependency: 'AppKit' (in target 'SnapKit' from project 'SnapKit')
note: A dependency of main module 'SnapKit'
/Users/admin/builder/spi-builder-workspace/.dependencies/checkouts/SnapKit/Sources/ConstraintAttributes.swift:27:12: note: Also imported here
/Users/admin/builder/spi-builder-workspace/.dependencies/checkouts/SnapKit/Sources/ConstraintConfig.swift:28:12: note: Also imported here
/Users/admin/builder/spi-builder-workspace/.dependencies/checkouts/SnapKit/Sources/ConstraintConstantTarget.swift:27:12: note: Also imported here
/Users/admin/builder/spi-builder-workspace/.dependencies/checkouts/SnapKit/Sources/ConstraintDSL.swift:27:12: note: Also imported here
/Users/admin/builder/spi-builder-workspace/.dependencies/checkouts/SnapKit/Sources/ConstraintDescription.swift:27:12: note: Also imported here
/Users/admin/builder/spi-builder-workspace/.dependencies/checkouts/SnapKit/Sources/ConstraintDirectionalInsetTarget.swift:27:8: note: Also imported here
/Users/admin/builder/spi-builder-workspace/.dependencies/checkouts/SnapKit/Sources/ConstraintDirectionalInsets.swift:27:12: note: Also imported here
/Users/admin/builder/spi-builder-workspace/.dependencies/checkouts/SnapKit/Sources/ConstraintInsetTarget.swift:27:12: note: Also imported here
/Users/admin/builder/spi-builder-workspace/.dependencies/checkouts/SnapKit/Sources/ConstraintInsets.swift:27:12: note: Also imported here
/Users/admin/builder/spi-builder-workspace/.dependencies/checkouts/SnapKit/Sources/ConstraintItem.swift:27:12: note: Also imported here
/Users/admin/builder/spi-builder-workspace/.dependencies/checkouts/SnapKit/Sources/ConstraintLayoutGuide.swift:27:12: note: Also imported here
/Users/admin/builder/spi-builder-workspace/.dependencies/checkouts/SnapKit/Sources/ConstraintLayoutGuideDSL.swift:27:12: note: Also imported here
/Users/admin/builder/spi-builder-workspace/.dependencies/checkouts/SnapKit/Sources/ConstraintLayoutSupport.swift:27:12: note: Also imported here
/Users/admin/builder/spi-builder-workspace/.dependencies/checkouts/SnapKit/Sources/ConstraintLayoutSupportDSL.swift:27:12: note: Also imported here
/Users/admin/builder/spi-builder-workspace/.dependencies/checkouts/SnapKit/Sources/ConstraintMaker.swift:27:12: note: Also imported here
/Users/admin/builder/spi-builder-workspace/.dependencies/checkouts/SnapKit/Sources/ConstraintMakerEditable.swift:27:12: note: Also imported here
/Users/admin/builder/spi-builder-workspace/.dependencies/checkouts/SnapKit/Sources/ConstraintMakerExtendable.swift:27:12: note: Also imported here
/Users/admin/builder/spi-builder-workspace/.dependencies/checkouts/SnapKit/Sources/ConstraintMakerFinalizable.swift:27:12: note: Also imported here
/Users/admin/builder/spi-builder-workspace/.dependencies/checkouts/SnapKit/Sources/ConstraintMakerPrioritizable.swift:27:12: note: Also imported here
/Users/admin/builder/spi-builder-workspace/.dependencies/checkouts/SnapKit/Sources/ConstraintMakerRelatable+Extensions.swift:27:12: note: Also imported here
/Users/admin/builder/spi-builder-workspace/.dependencies/checkouts/SnapKit/Sources/ConstraintMakerRelatable.swift:27:12: note: Also imported here
/Users/admin/builder/spi-builder-workspace/.dependencies/checkouts/SnapKit/Sources/ConstraintMultiplierTarget.swift:27:12: note: Also imported here
/Users/admin/builder/spi-builder-workspace/.dependencies/checkouts/SnapKit/Sources/ConstraintOffsetTarget.swift:27:12: note: Also imported here
/Users/admin/builder/spi-builder-workspace/.dependencies/checkouts/SnapKit/Sources/ConstraintPriority.swift:27:12: note: Also imported here
/Users/admin/builder/spi-builder-workspace/.dependencies/checkouts/SnapKit/Sources/ConstraintPriorityTarget.swift:27:12: note: Also imported here
/Users/admin/builder/spi-builder-workspace/.dependencies/checkouts/SnapKit/Sources/ConstraintRelatableTarget.swift:27:12: note: Also imported here
/Users/admin/builder/spi-builder-workspace/.dependencies/checkouts/SnapKit/Sources/ConstraintRelation.swift:27:12: note: Also imported here
/Users/admin/builder/spi-builder-workspace/.dependencies/checkouts/SnapKit/Sources/ConstraintView+Extensions.swift:27:12: note: Also imported here
/Users/admin/builder/spi-builder-workspace/.dependencies/checkouts/SnapKit/Sources/ConstraintView.swift:27:12: note: Also imported here
/Users/admin/builder/spi-builder-workspace/.dependencies/checkouts/SnapKit/Sources/ConstraintViewDSL.swift:27:12: note: Also imported here
/Users/admin/builder/spi-builder-workspace/.dependencies/checkouts/SnapKit/Sources/Debugging.swift:27:12: note: Also imported here
/Users/admin/builder/spi-builder-workspace/.dependencies/checkouts/SnapKit/Sources/LayoutConstraint.swift:27:12: note: Also imported here
/Users/admin/builder/spi-builder-workspace/.dependencies/checkouts/SnapKit/Sources/LayoutConstraintItem.swift:27:12: note: Also imported here
/Users/admin/builder/spi-builder-workspace/.dependencies/checkouts/SnapKit/Sources/Typealiases.swift:37:12: note: Also imported here
/Users/admin/builder/spi-builder-workspace/.dependencies/checkouts/SnapKit/Sources/Constraint.swift:27:12: note: A dependency of main module 'SnapKit'
import AppKit
^ (in target 'SnapKit' from project 'SnapKit')
/Users/admin/builder/spi-builder-workspace/.dependencies/checkouts/SnapKit/Sources/ConstraintAttributes.swift:27:12: note: Also imported here
import AppKit
^ (in target 'SnapKit' from project 'SnapKit')
/Users/admin/builder/spi-builder-workspace/.dependencies/checkouts/SnapKit/Sources/ConstraintConfig.swift:28:12: note: Also imported here
import AppKit
^ (in target 'SnapKit' from project 'SnapKit')
/Users/admin/builder/spi-builder-workspace/.dependencies/checkouts/SnapKit/Sources/ConstraintConstantTarget.swift:27:12: note: Also imported here
import AppKit
^ (in target 'SnapKit' from project 'SnapKit')
/Users/admin/builder/spi-builder-workspace/.dependencies/checkouts/SnapKit/Sources/ConstraintDSL.swift:27:12: note: Also imported here
import AppKit
^ (in target 'SnapKit' from project 'SnapKit')
/Users/admin/builder/spi-builder-workspace/.dependencies/checkouts/SnapKit/Sources/ConstraintDescription.swift:27:12: note: Also imported here
import AppKit
^ (in target 'SnapKit' from project 'SnapKit')
/Users/admin/builder/spi-builder-workspace/.dependencies/checkouts/SnapKit/Sources/ConstraintDirectionalInsetTarget.swift:27:8: note: Also imported here
import AppKit
^ (in target 'SnapKit' from project 'SnapKit')
/Users/admin/builder/spi-builder-workspace/.dependencies/checkouts/SnapKit/Sources/ConstraintDirectionalInsets.swift:27:12: note: Also imported here
import AppKit
^ (in target 'SnapKit' from project 'SnapKit')
/Users/admin/builder/spi-builder-workspace/.dependencies/checkouts/SnapKit/Sources/ConstraintInsetTarget.swift:27:12: note: Also imported here
import AppKit
^ (in target 'SnapKit' from project 'SnapKit')
/Users/admin/builder/spi-builder-workspace/.dependencies/checkouts/SnapKit/Sources/ConstraintInsets.swift:27:12: note: Also imported here
import AppKit
^ (in target 'SnapKit' from project 'SnapKit')
/Users/admin/builder/spi-builder-workspace/.dependencies/checkouts/SnapKit/Sources/ConstraintItem.swift:27:12: note: Also imported here
import AppKit
^ (in target 'SnapKit' from project 'SnapKit')
/Users/admin/builder/spi-builder-workspace/.dependencies/checkouts/SnapKit/Sources/ConstraintLayoutGuide.swift:27:12: note: Also imported here
import AppKit
^ (in target 'SnapKit' from project 'SnapKit')
/Users/admin/builder/spi-builder-workspace/.dependencies/checkouts/SnapKit/Sources/ConstraintLayoutGuideDSL.swift:27:12: note: Also imported here
import AppKit
^ (in target 'SnapKit' from project 'SnapKit')
/Users/admin/builder/spi-builder-workspace/.dependencies/checkouts/SnapKit/Sources/ConstraintLayoutSupport.swift:27:12: note: Also imported here
import AppKit
^ (in target 'SnapKit' from project 'SnapKit')
/Users/admin/builder/spi-builder-workspace/.dependencies/checkouts/SnapKit/Sources/ConstraintLayoutSupportDSL.swift:27:12: note: Also imported here
import AppKit
^ (in target 'SnapKit' from project 'SnapKit')
/Users/admin/builder/spi-builder-workspace/.dependencies/checkouts/SnapKit/Sources/ConstraintMaker.swift:27:12: note: Also imported here
import AppKit
^ (in target 'SnapKit' from project 'SnapKit')
/Users/admin/builder/spi-builder-workspace/.dependencies/checkouts/SnapKit/Sources/ConstraintMakerEditable.swift:27:12: note: Also imported here
import AppKit
^ (in target 'SnapKit' from project 'SnapKit')
/Users/admin/builder/spi-builder-workspace/.dependencies/checkouts/SnapKit/Sources/ConstraintMakerExtendable.swift:27:12: note: Also imported here
import AppKit
^ (in target 'SnapKit' from project 'SnapKit')
/Users/admin/builder/spi-builder-workspace/.dependencies/checkouts/SnapKit/Sources/ConstraintMakerFinalizable.swift:27:12: note: Also imported here
import AppKit
^ (in target 'SnapKit' from project 'SnapKit')
/Users/admin/builder/spi-builder-workspace/.dependencies/checkouts/SnapKit/Sources/ConstraintMakerPrioritizable.swift:27:12: note: Also imported here
import AppKit
^ (in target 'SnapKit' from project 'SnapKit')
/Users/admin/builder/spi-builder-workspace/.dependencies/checkouts/SnapKit/Sources/ConstraintMakerRelatable+Extensions.swift:27:12: note: Also imported here
import AppKit
^ (in target 'SnapKit' from project 'SnapKit')
/Users/admin/builder/spi-builder-workspace/.dependencies/checkouts/SnapKit/Sources/ConstraintMakerRelatable.swift:27:12: note: Also imported here
import AppKit
^ (in target 'SnapKit' from project 'SnapKit')
/Users/admin/builder/spi-builder-workspace/.dependencies/checkouts/SnapKit/Sources/ConstraintMultiplierTarget.swift:27:12: note: Also imported here
import AppKit
^ (in target 'SnapKit' from project 'SnapKit')
/Users/admin/builder/spi-builder-workspace/.dependencies/checkouts/SnapKit/Sources/ConstraintOffsetTarget.swift:27:12: note: Also imported here
import AppKit
^ (in target 'SnapKit' from project 'SnapKit')
/Users/admin/builder/spi-builder-workspace/.dependencies/checkouts/SnapKit/Sources/ConstraintPriority.swift:27:12: note: Also imported here
import AppKit
^ (in target 'SnapKit' from project 'SnapKit')
/Users/admin/builder/spi-builder-workspace/.dependencies/checkouts/SnapKit/Sources/ConstraintPriorityTarget.swift:27:12: note: Also imported here
import AppKit
^ (in target 'SnapKit' from project 'SnapKit')
/Users/admin/builder/spi-builder-workspace/.dependencies/checkouts/SnapKit/Sources/ConstraintRelatableTarget.swift:27:12: note: Also imported here
import AppKit
^ (in target 'SnapKit' from project 'SnapKit')
/Users/admin/builder/spi-builder-workspace/.dependencies/checkouts/SnapKit/Sources/ConstraintRelation.swift:27:12: note: Also imported here
import AppKit
^ (in target 'SnapKit' from project 'SnapKit')
/Users/admin/builder/spi-builder-workspace/.dependencies/checkouts/SnapKit/Sources/ConstraintView+Extensions.swift:27:12: note: Also imported here
import AppKit
^ (in target 'SnapKit' from project 'SnapKit')
/Users/admin/builder/spi-builder-workspace/.dependencies/checkouts/SnapKit/Sources/ConstraintView.swift:27:12: note: Also imported here
import AppKit
^ (in target 'SnapKit' from project 'SnapKit')
/Users/admin/builder/spi-builder-workspace/.dependencies/checkouts/SnapKit/Sources/ConstraintViewDSL.swift:27:12: note: Also imported here
import AppKit
^ (in target 'SnapKit' from project 'SnapKit')
/Users/admin/builder/spi-builder-workspace/.dependencies/checkouts/SnapKit/Sources/Debugging.swift:27:12: note: Also imported here
import AppKit
^ (in target 'SnapKit' from project 'SnapKit')
/Users/admin/builder/spi-builder-workspace/.dependencies/checkouts/SnapKit/Sources/LayoutConstraint.swift:27:12: note: Also imported here
import AppKit
^ (in target 'SnapKit' from project 'SnapKit')
/Users/admin/builder/spi-builder-workspace/.dependencies/checkouts/SnapKit/Sources/LayoutConstraintItem.swift:27:12: note: Also imported here
import AppKit
^ (in target 'SnapKit' from project 'SnapKit')
/Users/admin/builder/spi-builder-workspace/.dependencies/checkouts/SnapKit/Sources/Typealiases.swift:37:12: note: Also imported here
import AppKit
^ (in target 'SnapKit' from project 'SnapKit')
SwiftDriver YDS-Essential normal arm64 com.apple.xcode.tools.swift.compiler (in target 'YDS-Essential' from project 'YDS')
cd /Users/admin/builder/spi-builder-workspace/.swiftpm/xcode
builtin-SwiftDriver -- /Applications/Xcode-27.0.0-Release.Candidate.app/Contents/Developer/Toolchains/XcodeDefault.xctoolchain/usr/bin/swiftc -parse-as-library -module-name YDS_Essential -Onone @/Users/admin/builder/spi-builder-workspace/.derivedData/Build/Intermediates.noindex/YDS.build/Debug-watchos/YDS-Essential-t.build/Objects-normal/arm64/YDS-Essential.SwiftFileList -DSWIFT_PACKAGE -DDEBUG -DSWIFT_MODULE_RESOURCE_BUNDLE_AVAILABLE -DXcode -plugin-path /Applications/Xcode-27.0.0-Release.Candidate.app/Contents/Developer/Toolchains/XcodeDefault.xctoolchain/usr/lib/swift/host/plugins/testing -enable-experimental-feature DebugDescriptionMacro -sdk /Applications/Xcode-27.0.0-Release.Candidate.app/Contents/Developer/Platforms/WatchOS.platform/Developer/SDKs/WatchOS27.0.sdk -target arm64-apple-watchos9.0 -g -module-cache-path /Users/admin/builder/spi-builder-workspace/.derivedData/ModuleCache.noindex -Xfrontend -serialize-debugging-options -enable-testing -index-store-path /Users/admin/builder/spi-builder-workspace/.derivedData/Index.noindex/DataStore -Xcc -D_LIBCPP_HARDENING_MODE\=_LIBCPP_HARDENING_MODE_DEBUG -swift-version 5 -I /Users/admin/builder/spi-builder-workspace/.derivedData/Build/Products/Debug-watchos -Isystem /Applications/Xcode-27.0.0-Release.Candidate.app/Contents/Developer/Platforms/WatchOS.platform/Developer/usr/lib -F /Users/admin/builder/spi-builder-workspace/.derivedData/Build/Products/Debug-watchos -F /Applications/Xcode-27.0.0-Release.Candidate.app/Contents/Developer/Platforms/WatchOS.platform/Developer/Library/Frameworks -F /Applications/Xcode-27.0.0-Release.Candidate.app/Contents/Developer/Platforms/WatchOS.platform/Developer/SDKs/WatchOS27.0.sdk/Developer/Library/Frameworks -c -j10 -enable-batch-mode -incremental -Xcc -ivfsstatcache -Xcc /Users/admin/builder/spi-builder-workspace/.derivedData/SDKStatCaches.noindex/watchos27.0-24R360-e829b21a6f8c9b70876ba0858053c04477534ef55a1706bf4c1112bbb242f0a2.sdkstatcache -output-file-map /Users/admin/builder/spi-builder-workspace/.derivedData/Build/Intermediates.noindex/YDS.build/Debug-watchos/YDS-Essential-t.build/Objects-normal/arm64/YDS-Essential-OutputFileMap.json -save-temps -no-color-diagnostics -explicit-module-build -module-cache-path /Users/admin/builder/spi-builder-workspace/.derivedData/Build/Intermediates.noindex/SwiftExplicitPrecompiledModules -clang-scanner-module-cache-path /Users/admin/builder/spi-builder-workspace/.derivedData/ModuleCache.noindex -sdk-module-cache-path /Users/admin/builder/spi-builder-workspace/.derivedData/SDKExplicitPrecompiledModules -emit-dependencies -emit-module -emit-module-path /Users/admin/builder/spi-builder-workspace/.derivedData/Build/Intermediates.noindex/YDS.build/Debug-watchos/YDS-Essential-t.build/Objects-normal/arm64/YDS_Essential.swiftmodule -serialize-diagnostics -dependency-scan-serialize-diagnostics-path /Users/admin/builder/spi-builder-workspace/.derivedData/Build/Intermediates.noindex/YDS.build/Debug-watchos/YDS-Essential-t.build/Objects-normal/arm64/YDS_Essential-dependency-scan.dia -validate-clang-modules-once -clang-build-session-file /Users/admin/builder/spi-builder-workspace/.derivedData/ModuleCache.noindex/Session.modulevalidation -Xcc -fmodules-prune-interval\=86400 -Xcc -fmodules-prune-after\=345600 -emit-const-values -const-gather-protocols-list /Users/admin/builder/spi-builder-workspace/.derivedData/Build/Intermediates.noindex/YDS.build/Debug-watchos/YDS-Essential-t.build/Objects-normal/arm64/YDS-Essential_const_extract_protocols.json -Xcc -I/Users/admin/builder/spi-builder-workspace/.derivedData/Build/Products/Debug-watchos/include -Xcc -I/Users/admin/builder/spi-builder-workspace/.derivedData/Build/Intermediates.noindex/YDS.build/Debug-watchos/YDS-Essential-t.build/DerivedSources-normal/arm64 -Xcc -I/Users/admin/builder/spi-builder-workspace/.derivedData/Build/Intermediates.noindex/YDS.build/Debug-watchos/YDS-Essential-t.build/DerivedSources/arm64 -Xcc -I/Users/admin/builder/spi-builder-workspace/.derivedData/Build/Intermediates.noindex/YDS.build/Debug-watchos/YDS-Essential-t.build/DerivedSources -Xcc -DSWIFT_PACKAGE -Xcc -DDEBUG\=1 -emit-objc-header -emit-objc-header-path /Users/admin/builder/spi-builder-workspace/.derivedData/Build/Intermediates.noindex/YDS.build/Debug-watchos/YDS-Essential-t.build/Objects-normal/arm64/YDS-Essential-Swift.h -working-directory /Users/admin/builder/spi-builder-workspace/.swiftpm/xcode -experimental-emit-module-separately -disable-cmo
SwiftDriver PanModal normal arm64 com.apple.xcode.tools.swift.compiler (in target 'PanModal' from project 'PanModal')
cd /Users/admin/builder/spi-builder-workspace/.swiftpm/xcode
builtin-SwiftDriver -- /Applications/Xcode-27.0.0-Release.Candidate.app/Contents/Developer/Toolchains/XcodeDefault.xctoolchain/usr/bin/swiftc -parse-as-library -module-name PanModal -Onone @/Users/admin/builder/spi-builder-workspace/.derivedData/Build/Intermediates.noindex/PanModal.build/Debug-watchos/PanModal-t.build/Objects-normal/arm64/PanModal.SwiftFileList -DSWIFT_PACKAGE -DDEBUG -DSWIFT_MODULE_RESOURCE_BUNDLE_UNAVAILABLE -DXcode -plugin-path /Applications/Xcode-27.0.0-Release.Candidate.app/Contents/Developer/Toolchains/XcodeDefault.xctoolchain/usr/lib/swift/host/plugins/testing -enable-experimental-feature DebugDescriptionMacro -sdk /Applications/Xcode-27.0.0-Release.Candidate.app/Contents/Developer/Platforms/WatchOS.platform/Developer/SDKs/WatchOS27.0.sdk -target arm64-apple-watchos9.0 -g -module-cache-path /Users/admin/builder/spi-builder-workspace/.derivedData/ModuleCache.noindex -Xfrontend -serialize-debugging-options -enable-testing -suppress-warnings -index-store-path /Users/admin/builder/spi-builder-workspace/.derivedData/Index.noindex/DataStore -Xcc -D_LIBCPP_HARDENING_MODE\=_LIBCPP_HARDENING_MODE_DEBUG -swift-version 5 -I /Users/admin/builder/spi-builder-workspace/.derivedData/Build/Products/Debug-watchos -Isystem /Applications/Xcode-27.0.0-Release.Candidate.app/Contents/Developer/Platforms/WatchOS.platform/Developer/usr/lib -F /Users/admin/builder/spi-builder-workspace/.derivedData/Build/Products/Debug-watchos -F /Applications/Xcode-27.0.0-Release.Candidate.app/Contents/Developer/Platforms/WatchOS.platform/Developer/Library/Frameworks -F /Applications/Xcode-27.0.0-Release.Candidate.app/Contents/Developer/Platforms/WatchOS.platform/Developer/SDKs/WatchOS27.0.sdk/Developer/Library/Frameworks -c -j10 -enable-batch-mode -incremental -Xcc -ivfsstatcache -Xcc /Users/admin/builder/spi-builder-workspace/.derivedData/SDKStatCaches.noindex/watchos27.0-24R360-e829b21a6f8c9b70876ba0858053c04477534ef55a1706bf4c1112bbb242f0a2.sdkstatcache -output-file-map /Users/admin/builder/spi-builder-workspace/.derivedData/Build/Intermediates.noindex/PanModal.build/Debug-watchos/PanModal-t.build/Objects-normal/arm64/PanModal-OutputFileMap.json -save-temps -no-color-diagnostics -explicit-module-build -module-cache-path /Users/admin/builder/spi-builder-workspace/.derivedData/Build/Intermediates.noindex/SwiftExplicitPrecompiledModules -clang-scanner-module-cache-path /Users/admin/builder/spi-builder-workspace/.derivedData/ModuleCache.noindex -sdk-module-cache-path /Users/admin/builder/spi-builder-workspace/.derivedData/SDKExplicitPrecompiledModules -emit-dependencies -emit-module -emit-module-path /Users/admin/builder/spi-builder-workspace/.derivedData/Build/Intermediates.noindex/PanModal.build/Debug-watchos/PanModal-t.build/Objects-normal/arm64/PanModal.swiftmodule -serialize-diagnostics -dependency-scan-serialize-diagnostics-path /Users/admin/builder/spi-builder-workspace/.derivedData/Build/Intermediates.noindex/PanModal.build/Debug-watchos/PanModal-t.build/Objects-normal/arm64/PanModal-dependency-scan.dia -validate-clang-modules-once -clang-build-session-file /Users/admin/builder/spi-builder-workspace/.derivedData/ModuleCache.noindex/Session.modulevalidation -Xcc -fmodules-prune-interval\=86400 -Xcc -fmodules-prune-after\=345600 -emit-const-values -const-gather-protocols-list /Users/admin/builder/spi-builder-workspace/.derivedData/Build/Intermediates.noindex/PanModal.build/Debug-watchos/PanModal-t.build/Objects-normal/arm64/PanModal_const_extract_protocols.json -Xcc -I/Users/admin/builder/spi-builder-workspace/.derivedData/Build/Products/Debug-watchos/include -Xcc -I/Users/admin/builder/spi-builder-workspace/.derivedData/Build/Intermediates.noindex/PanModal.build/Debug-watchos/PanModal-t.build/DerivedSources-normal/arm64 -Xcc -I/Users/admin/builder/spi-builder-workspace/.derivedData/Build/Intermediates.noindex/PanModal.build/Debug-watchos/PanModal-t.build/DerivedSources/arm64 -Xcc -I/Users/admin/builder/spi-builder-workspace/.derivedData/Build/Intermediates.noindex/PanModal.build/Debug-watchos/PanModal-t.build/DerivedSources -Xcc -DSWIFT_PACKAGE -Xcc -DDEBUG\=1 -emit-objc-header -emit-objc-header-path /Users/admin/builder/spi-builder-workspace/.derivedData/Build/Intermediates.noindex/PanModal.build/Debug-watchos/PanModal-t.build/Objects-normal/arm64/PanModal-Swift.h -working-directory /Users/admin/builder/spi-builder-workspace/.swiftpm/xcode -experimental-emit-module-separately -disable-cmo
SwiftDriver PanModal normal arm64_32 com.apple.xcode.tools.swift.compiler (in target 'PanModal' from project 'PanModal')
cd /Users/admin/builder/spi-builder-workspace/.swiftpm/xcode
builtin-SwiftDriver -- /Applications/Xcode-27.0.0-Release.Candidate.app/Contents/Developer/Toolchains/XcodeDefault.xctoolchain/usr/bin/swiftc -parse-as-library -module-name PanModal -Onone @/Users/admin/builder/spi-builder-workspace/.derivedData/Build/Intermediates.noindex/PanModal.build/Debug-watchos/PanModal-t.build/Objects-normal/arm64_32/PanModal.SwiftFileList -DSWIFT_PACKAGE -DDEBUG -DSWIFT_MODULE_RESOURCE_BUNDLE_UNAVAILABLE -DXcode -plugin-path /Applications/Xcode-27.0.0-Release.Candidate.app/Contents/Developer/Toolchains/XcodeDefault.xctoolchain/usr/lib/swift/host/plugins/testing -enable-experimental-feature DebugDescriptionMacro -sdk /Applications/Xcode-27.0.0-Release.Candidate.app/Contents/Developer/Platforms/WatchOS.platform/Developer/SDKs/WatchOS27.0.sdk -target arm64_32-apple-watchos9.0 -g -module-cache-path /Users/admin/builder/spi-builder-workspace/.derivedData/ModuleCache.noindex -Xfrontend -serialize-debugging-options -enable-testing -suppress-warnings -index-store-path /Users/admin/builder/spi-builder-workspace/.derivedData/Index.noindex/DataStore -Xcc -D_LIBCPP_HARDENING_MODE\=_LIBCPP_HARDENING_MODE_DEBUG -swift-version 5 -I /Users/admin/builder/spi-builder-workspace/.derivedData/Build/Products/Debug-watchos -Isystem /Applications/Xcode-27.0.0-Release.Candidate.app/Contents/Developer/Platforms/WatchOS.platform/Developer/usr/lib -F /Users/admin/builder/spi-builder-workspace/.derivedData/Build/Products/Debug-watchos -F /Applications/Xcode-27.0.0-Release.Candidate.app/Contents/Developer/Platforms/WatchOS.platform/Developer/Library/Frameworks -F /Applications/Xcode-27.0.0-Release.Candidate.app/Contents/Developer/Platforms/WatchOS.platform/Developer/SDKs/WatchOS27.0.sdk/Developer/Library/Frameworks -c -j10 -enable-batch-mode -incremental -Xcc -ivfsstatcache -Xcc /Users/admin/builder/spi-builder-workspace/.derivedData/SDKStatCaches.noindex/watchos27.0-24R360-e829b21a6f8c9b70876ba0858053c04477534ef55a1706bf4c1112bbb242f0a2.sdkstatcache -output-file-map /Users/admin/builder/spi-builder-workspace/.derivedData/Build/Intermediates.noindex/PanModal.build/Debug-watchos/PanModal-t.build/Objects-normal/arm64_32/PanModal-OutputFileMap.json -save-temps -no-color-diagnostics -explicit-module-build -module-cache-path /Users/admin/builder/spi-builder-workspace/.derivedData/Build/Intermediates.noindex/SwiftExplicitPrecompiledModules -clang-scanner-module-cache-path /Users/admin/builder/spi-builder-workspace/.derivedData/ModuleCache.noindex -sdk-module-cache-path /Users/admin/builder/spi-builder-workspace/.derivedData/SDKExplicitPrecompiledModules -emit-dependencies -emit-module -emit-module-path /Users/admin/builder/spi-builder-workspace/.derivedData/Build/Intermediates.noindex/PanModal.build/Debug-watchos/PanModal-t.build/Objects-normal/arm64_32/PanModal.swiftmodule -serialize-diagnostics -dependency-scan-serialize-diagnostics-path /Users/admin/builder/spi-builder-workspace/.derivedData/Build/Intermediates.noindex/PanModal.build/Debug-watchos/PanModal-t.build/Objects-normal/arm64_32/PanModal-dependency-scan.dia -validate-clang-modules-once -clang-build-session-file /Users/admin/builder/spi-builder-workspace/.derivedData/ModuleCache.noindex/Session.modulevalidation -Xcc -fmodules-prune-interval\=86400 -Xcc -fmodules-prune-after\=345600 -emit-const-values -const-gather-protocols-list /Users/admin/builder/spi-builder-workspace/.derivedData/Build/Intermediates.noindex/PanModal.build/Debug-watchos/PanModal-t.build/Objects-normal/arm64_32/PanModal_const_extract_protocols.json -Xcc -I/Users/admin/builder/spi-builder-workspace/.derivedData/Build/Products/Debug-watchos/include -Xcc -I/Users/admin/builder/spi-builder-workspace/.derivedData/Build/Intermediates.noindex/PanModal.build/Debug-watchos/PanModal-t.build/DerivedSources-normal/arm64_32 -Xcc -I/Users/admin/builder/spi-builder-workspace/.derivedData/Build/Intermediates.noindex/PanModal.build/Debug-watchos/PanModal-t.build/DerivedSources/arm64_32 -Xcc -I/Users/admin/builder/spi-builder-workspace/.derivedData/Build/Intermediates.noindex/PanModal.build/Debug-watchos/PanModal-t.build/DerivedSources -Xcc -DSWIFT_PACKAGE -Xcc -DDEBUG\=1 -emit-objc-header -emit-objc-header-path /Users/admin/builder/spi-builder-workspace/.derivedData/Build/Intermediates.noindex/PanModal.build/Debug-watchos/PanModal-t.build/Objects-normal/arm64_32/PanModal-Swift.h -working-directory /Users/admin/builder/spi-builder-workspace/.swiftpm/xcode -experimental-emit-module-separately -disable-cmo
SwiftEmitModule normal arm64 Emitting\ module\ for\ PanModal (in target 'PanModal' from project 'PanModal')
SwiftCompile normal arm64 (in target 'PanModal' from project 'PanModal')
cd /Users/admin/builder/spi-builder-workspace/.swiftpm/xcode
SwiftEmitModule normal arm64_32 Emitting\ module\ for\ PanModal (in target 'PanModal' from project 'PanModal')
SwiftCompile normal arm64_32 (in target 'PanModal' from project 'PanModal')
cd /Users/admin/builder/spi-builder-workspace/.swiftpm/xcode
SwiftCompile normal arm64_32 Compiling\ PanModalPresentable+UIViewController.swift /Users/admin/builder/spi-builder-workspace/.dependencies/checkouts/PanModal/PanModal/Presentable/PanModalPresentable+UIViewController.swift (in target 'PanModal' from project 'PanModal')
SwiftCompile normal arm64_32 /Users/admin/builder/spi-builder-workspace/.dependencies/checkouts/PanModal/PanModal/Presentable/PanModalPresentable+UIViewController.swift (in target 'PanModal' from project 'PanModal')
cd /Users/admin/builder/spi-builder-workspace/.swiftpm/xcode
builtin-SwiftPerFileCompile PanModalPresentable+UIViewController.swift
SwiftCompile normal arm64 Compiling\ PanModalHeight.swift,\ PanModalPresentable+Defaults.swift /Users/admin/builder/spi-builder-workspace/.dependencies/checkouts/PanModal/PanModal/Presentable/PanModalHeight.swift /Users/admin/builder/spi-builder-workspace/.dependencies/checkouts/PanModal/PanModal/Presentable/PanModalPresentable+Defaults.swift (in target 'PanModal' from project 'PanModal')
SwiftCompile normal arm64 /Users/admin/builder/spi-builder-workspace/.dependencies/checkouts/PanModal/PanModal/Presentable/PanModalHeight.swift (in target 'PanModal' from project 'PanModal')
cd /Users/admin/builder/spi-builder-workspace/.swiftpm/xcode
builtin-SwiftPerFileCompile PanModalHeight.swift
SwiftCompile normal arm64 /Users/admin/builder/spi-builder-workspace/.dependencies/checkouts/PanModal/PanModal/Presentable/PanModalPresentable+Defaults.swift (in target 'PanModal' from project 'PanModal')
cd /Users/admin/builder/spi-builder-workspace/.swiftpm/xcode
builtin-SwiftPerFileCompile PanModalPresentable+Defaults.swift
SwiftCompile normal arm64_32 Compiling\ DimmedView.swift /Users/admin/builder/spi-builder-workspace/.dependencies/checkouts/PanModal/PanModal/View/DimmedView.swift (in target 'PanModal' from project 'PanModal')
SwiftCompile normal arm64_32 /Users/admin/builder/spi-builder-workspace/.dependencies/checkouts/PanModal/PanModal/View/DimmedView.swift (in target 'PanModal' from project 'PanModal')
cd /Users/admin/builder/spi-builder-workspace/.swiftpm/xcode
builtin-SwiftPerFileCompile DimmedView.swift
SwiftCompile normal arm64_32 Compiling\ PanModalPresentable+LayoutHelpers.swift /Users/admin/builder/spi-builder-workspace/.dependencies/checkouts/PanModal/PanModal/Presentable/PanModalPresentable+LayoutHelpers.swift (in target 'PanModal' from project 'PanModal')
SwiftCompile normal arm64_32 /Users/admin/builder/spi-builder-workspace/.dependencies/checkouts/PanModal/PanModal/Presentable/PanModalPresentable+LayoutHelpers.swift (in target 'PanModal' from project 'PanModal')
cd /Users/admin/builder/spi-builder-workspace/.swiftpm/xcode
builtin-SwiftPerFileCompile PanModalPresentable+LayoutHelpers.swift
SwiftCompile normal arm64 Compiling\ PanModalPresentationController.swift,\ PanModalPresentationDelegate.swift /Users/admin/builder/spi-builder-workspace/.dependencies/checkouts/PanModal/PanModal/Controller/PanModalPresentationController.swift /Users/admin/builder/spi-builder-workspace/.dependencies/checkouts/PanModal/PanModal/Delegate/PanModalPresentationDelegate.swift (in target 'PanModal' from project 'PanModal')
SwiftCompile normal arm64 /Users/admin/builder/spi-builder-workspace/.dependencies/checkouts/PanModal/PanModal/Controller/PanModalPresentationController.swift (in target 'PanModal' from project 'PanModal')
cd /Users/admin/builder/spi-builder-workspace/.swiftpm/xcode
builtin-SwiftPerFileCompile PanModalPresentationController.swift
SwiftCompile normal arm64 /Users/admin/builder/spi-builder-workspace/.dependencies/checkouts/PanModal/PanModal/Delegate/PanModalPresentationDelegate.swift (in target 'PanModal' from project 'PanModal')
cd /Users/admin/builder/spi-builder-workspace/.swiftpm/xcode
builtin-SwiftPerFileCompile PanModalPresentationDelegate.swift
SwiftCompile normal arm64 Compiling\ PanModalPresentable.swift /Users/admin/builder/spi-builder-workspace/.dependencies/checkouts/PanModal/PanModal/Presentable/PanModalPresentable.swift (in target 'PanModal' from project 'PanModal')
SwiftCompile normal arm64 /Users/admin/builder/spi-builder-workspace/.dependencies/checkouts/PanModal/PanModal/Presentable/PanModalPresentable.swift (in target 'PanModal' from project 'PanModal')
cd /Users/admin/builder/spi-builder-workspace/.swiftpm/xcode
builtin-SwiftPerFileCompile PanModalPresentable.swift
PruneExplicitPrecompiledModules /Users/admin/builder/spi-builder-workspace/.derivedData/Build/Intermediates.noindex/SwiftExplicitPrecompiledModules
PruneExplicitPrecompiledModules /Users/admin/builder/spi-builder-workspace/.derivedData/SDKExplicitPrecompiledModules
PruneExplicitPrecompiledModules /Users/admin/builder/spi-builder-workspace/.derivedData/Build/Intermediates.noindex/ExplicitPrecompiledModules
2026-09-21 06:09:24.198 xcodebuild[919:5846] [MT] IDERunDestination: Supported platforms for the buildables in the current scheme is empty.
** BUILD FAILED **
The following build commands failed:
SwiftDriver SnapKit normal arm64 com.apple.xcode.tools.swift.compiler (in target 'SnapKit' from project 'SnapKit')
SwiftDriver SnapKit normal arm64_32 com.apple.xcode.tools.swift.compiler (in target 'SnapKit' from project 'SnapKit')
Building workspace YDS with scheme YDS-Package
(3 failures)
BUILD FAILURE 6.4 watchOS