The Swift Package Index logo.Swift Package Index

Build Information

Failed to build skip-android-bridge, reference main (19e858), with Swift 6.1 for Wasm on 14 Oct 2026 19:11:56 UTC.

Build Command

bash -c docker run --pull=always --rm -v "checkouts-54344849-1":/host -w "$PWD" -e JAVA_HOME="/root/.sdkman/candidates/java/current" -e SPI_BUILD="1" -e SPI_PROCESSING="1" registry.gitlab.com/saguaro1/spi-images:wasm-6.1-latest swift build --swift-sdk wasm32-unknown-wasi 2>&1

Build Log

========================================
RunAll
========================================
Builder version: 5.1.3
Interrupt handler set up.
========================================
Checkout
========================================
Clone URL: https://github.com/skiptools/skip-android-bridge.git
Reference: main
Initialized empty Git repository in /host/spi-builder-workspace/.git/
hint: Using 'master' as the name for the initial branch. This default branch name
hint: is subject to change. To configure the initial branch name to use in all
hint: of your new repositories, which will suppress this warning, call:
hint:
hint: 	git config --global init.defaultBranch <name>
hint:
hint: Names commonly chosen instead of 'master' are 'main', 'trunk' and
hint: 'development'. The just-created branch can be renamed via this command:
hint:
hint: 	git branch -m <name>
From https://github.com/skiptools/skip-android-bridge
 * branch            main       -> FETCH_HEAD
 * [new branch]      main       -> origin/main
HEAD is now at 19e8588 Merge pull request #41 from piercifani/skip-cacerts-swift-6.3
Cloned https://github.com/skiptools/skip-android-bridge.git
Revision (git rev-parse @):
19e85888165f952421b11d90f11793b33d2d75a4
SPI manifest file found: $PWD/.spi.yml
SUCCESS checkout https://github.com/skiptools/skip-android-bridge.git at main
========================================
Build
========================================
Selected platform:         wasm
Swift version:             6.1
Building package at path:  $PWD
https://github.com/skiptools/skip-android-bridge.git
https://github.com/skiptools/skip-android-bridge.git
WARNING: environment variable SUPPRESS_SWIFT_6_FLAGS is not set
Running build ...
bash -c docker run --pull=always --rm -v "checkouts-54344849-1":/host -w "$PWD" -e JAVA_HOME="/root/.sdkman/candidates/java/current" -e SPI_BUILD="1" -e SPI_PROCESSING="1" registry.gitlab.com/saguaro1/spi-images:wasm-6.1-latest swift build --swift-sdk wasm32-unknown-wasi -Xswiftc -Xfrontend -Xswiftc -stats-output-dir -Xswiftc -Xfrontend -Xswiftc .stats -Xswiftc -strict-concurrency=complete -Xswiftc -enable-upcoming-feature -Xswiftc StrictConcurrency -Xswiftc -enable-upcoming-feature -Xswiftc DisableOutwardActorInference -Xswiftc -enable-upcoming-feature -Xswiftc GlobalActorIsolatedTypesUsability -Xswiftc -enable-upcoming-feature -Xswiftc InferSendableFromCaptures 2>&1
wasm-6.1-latest: Pulling from saguaro1/spi-images
Digest: sha256:8209621f35c5a12749e7df75bbcb99eccb508d0196da99f6ac3bcf5f4827df31
Status: Image is up to date for registry.gitlab.com/saguaro1/spi-images:wasm-6.1-latest
Fetching https://github.com/skiptools/swift-jni.git
Fetching https://github.com/skiptools/swift-android-native.git
Fetching https://github.com/skiptools/skip-foundation.git
Fetching https://github.com/skiptools/skip.git
[1/292] Fetching swift-jni
Fetching https://github.com/skiptools/skip-bridge.git
[293/4726] Fetching swift-jni, skip-foundation
[4727/7627] Fetching swift-jni, skip-foundation, skip-bridge
Fetched https://github.com/skiptools/skip-bridge.git from cache (0.47s)
[1/926] Fetching swift-android-native
Fetched https://github.com/skiptools/swift-jni.git from cache (1.17s)
Fetched https://github.com/skiptools/swift-android-native.git from cache (1.17s)
[1/9391] Fetching skip
Fetched https://github.com/skiptools/skip-foundation.git from cache (2.48s)
Fetched https://github.com/skiptools/skip.git from cache (2.49s)
Computing version for https://github.com/skiptools/skip-foundation.git
Computed https://github.com/skiptools/skip-foundation.git at 1.4.7 (2.89s)
Fetching https://github.com/skiptools/skip-lib.git
[1/1871] Fetching skip-lib
Fetched https://github.com/skiptools/skip-lib.git from cache (0.40s)
Computing version for https://github.com/skiptools/skip-bridge.git
Computed https://github.com/skiptools/skip-bridge.git at 0.18.0 (0.67s)
Computing version for https://github.com/skiptools/swift-jni.git
Computed https://github.com/skiptools/swift-jni.git at 0.5.1 (0.35s)
Computing version for https://github.com/skiptools/swift-android-native.git
Computed https://github.com/skiptools/swift-android-native.git at 1.5.3 (0.28s)
Computing version for https://github.com/skiptools/skip-lib.git
Computed https://github.com/skiptools/skip-lib.git at 1.4.3 (0.34s)
Fetching https://github.com/skiptools/skip-unit.git
[1/1152] Fetching skip-unit
Fetched https://github.com/skiptools/skip-unit.git from cache (3.51s)
Computing version for https://github.com/skiptools/skip-unit.git
Computed https://github.com/skiptools/skip-unit.git at 1.7.2 (3.84s)
Computing version for https://github.com/skiptools/skip.git
Computed https://github.com/skiptools/skip.git at 1.9.16 (0.25s)
Creating working copy for https://github.com/skiptools/swift-android-native.git
Working copy of https://github.com/skiptools/swift-android-native.git resolved at 1.5.3
Creating working copy for https://github.com/skiptools/skip.git
Working copy of https://github.com/skiptools/skip.git resolved at 1.9.16
Creating working copy for https://github.com/skiptools/skip-bridge.git
Working copy of https://github.com/skiptools/skip-bridge.git resolved at 0.18.0
Creating working copy for https://github.com/skiptools/skip-foundation.git
Working copy of https://github.com/skiptools/skip-foundation.git resolved at 1.4.7
Creating working copy for https://github.com/skiptools/skip-unit.git
Working copy of https://github.com/skiptools/skip-unit.git resolved at 1.7.2
Creating working copy for https://github.com/skiptools/skip-lib.git
Working copy of https://github.com/skiptools/skip-lib.git resolved at 1.4.3
Creating working copy for https://github.com/skiptools/swift-jni.git
Working copy of https://github.com/skiptools/swift-jni.git resolved at 0.5.1
Downloading binary artifact https://github.com/skiptools/skip/releases/download/1.9.16/skip-linux.zip
[9106/150441283] Downloading https://github.com/skiptools/skip/releases/download/1.9.16/skip-linux.zip
Downloaded https://github.com/skiptools/skip/releases/download/1.9.16/skip-linux.zip (9.58s)
[1/1] Compiling plugin Create SkipLink
[2/2] Compiling plugin skipstone
Building for debugging...
[2/44] Write sources
[8/44] Copying Info.plist
[9/44] Copying Localizable.stringsdict
[10/44] Copying Localizable.strings
[11/44] Copying SkipAndroidBridgeSamples.json
[12/44] Copying Info.plist
[14/44] Write sources
[15/44] Compiling CJNI cjni.c
[16/44] Write swift-version-24593BA9C3E375BF.txt
note: Skip 1.9.16: skipstone plugin to: /host/spi-builder-workspace/.build/plugins/outputs/skip-unit/SkipUnit/destination/skipstone/SkipUnit/src/main at 19:11:39
/host/spi-builder-workspace/.build/checkouts/skip-unit/Sources/SkipUnit/Skip/skip.yml: note: loading skip.yml from /host/spi-builder-workspace/.build/checkouts/skip-unit/Sources/SkipUnit/Skip/skip.yml
note: skip.yml aggregate created (96 ms) for modules: ["SkipUnit"]
/host/spi-builder-workspace/.build/checkouts/skip-unit/Sources/SkipUnit/Skip/XCTest.kt: note: SkipUnit/src/main/kotlin/skip/unit/XCTest.kt override linked from project source /host/spi-builder-workspace/.build/checkouts/skip-unit/Sources/SkipUnit/Skip/XCTest.kt
/host/spi-builder-workspace/.build/plugins/outputs/skip-unit/SkipUnit/destination/skipstone/SkipUnit.skipcode.json: note: SkipUnit.skipcode.json (24 KB) codebase written
/host/spi-builder-workspace/.build/plugins/outputs/skip-unit/SkipUnit/destination/skipstone/gradle/wrapper/gradle-wrapper.properties: note: gradle/wrapper/gradle-wrapper.properties (80 bytes) gradle wrapper written
/host/spi-builder-workspace/.build/plugins/outputs/skip-unit/SkipUnit/destination/skipstone/SkipUnit/proguard-rules.pro: note: SkipUnit/proguard-rules.pro (450 bytes) proguard written
/host/spi-builder-workspace/.build/plugins/outputs/skip-unit/SkipUnit/destination/skipstone/SkipUnit/build.gradle.kts: note: SkipUnit/build.gradle.kts (3 KB) gradle project written
/host/spi-builder-workspace/.build/plugins/outputs/skip-unit/SkipUnit/destination/skipstone/gradle.properties: note: gradle.properties (79 bytes) gradle config written
/host/spi-builder-workspace/.build/plugins/outputs/skip-unit/SkipUnit/destination/skipstone/settings.gradle.kts: note: settings.gradle.kts (3 KB) gradle settings written
/host/spi-builder-workspace/.build/plugins/outputs/skip-unit/SkipUnit/destination/skipstone/.SkipUnit.sourcehash: note: .SkipUnit.sourcehash (288 bytes) sourcehash written
[17/46] Skip SkipUnit
[18/46] Copying .SkipUnit.sourcehash
error: emit-module command failed with exit code 1 (use -v to see invocation)
[20/49] Emitting module SwiftJNI
<unknown>:0: warning: upcoming feature 'InferSendableFromCaptures' is already enabled as of Swift version 6
<unknown>:0: warning: upcoming feature 'GlobalActorIsolatedTypesUsability' is already enabled as of Swift version 6
<unknown>:0: warning: upcoming feature 'DisableOutwardActorInference' is already enabled as of Swift version 6
/host/spi-builder-workspace/.build/checkouts/swift-jni/Sources/SwiftJNI/SwiftJNI.swift:1491:23: error: cannot find 'dlopen' in scope
1489 |         for libname in [nil, "libnativehelper.so", "libart.so", "libdvm.so"] {
1490 |             // Windows TODO: need to use LoadLibraryW (see https://github.com/swiftlang/sourcekit-lsp/blob/main/Sources/SourceKitD/dlopen.swift)
1491 |             let lib = dlopen(libname, RTLD_NOW)
     |                       `- error: cannot find 'dlopen' in scope
1492 |             typealias JavaVMPtr = UnsafeMutablePointer<JavaVM?>
1493 |             typealias GetCreatedJavaVMs = @convention(c) (_ pvm: UnsafeMutablePointer<JavaVMPtr?>, _ count: Int32, _ num: UnsafeMutablePointer<Int32>) -> jint
/host/spi-builder-workspace/.build/checkouts/swift-jni/Sources/SwiftJNI/SwiftJNI.swift:1491:39: error: cannot find 'RTLD_NOW' in scope
1489 |         for libname in [nil, "libnativehelper.so", "libart.so", "libdvm.so"] {
1490 |             // Windows TODO: need to use LoadLibraryW (see https://github.com/swiftlang/sourcekit-lsp/blob/main/Sources/SourceKitD/dlopen.swift)
1491 |             let lib = dlopen(libname, RTLD_NOW)
     |                                       `- error: cannot find 'RTLD_NOW' in scope
1492 |             typealias JavaVMPtr = UnsafeMutablePointer<JavaVM?>
1493 |             typealias GetCreatedJavaVMs = @convention(c) (_ pvm: UnsafeMutablePointer<JavaVMPtr?>, _ count: Int32, _ num: UnsafeMutablePointer<Int32>) -> jint
/host/spi-builder-workspace/.build/checkouts/swift-jni/Sources/SwiftJNI/SwiftJNI.swift:1496:43: error: cannot find 'dlsym' in scope
1494 |
1495 |             // Windows TODO: need to use GetProcAddress
1496 |             guard let getCreatedJavaVMs = dlsym(lib, "JNI_GetCreatedJavaVMs").map({ unsafeBitCast($0, to: (GetCreatedJavaVMs).self) }) else {
     |                                           `- error: cannot find 'dlsym' in scope
1497 |                 continue
1498 |             }
/host/spi-builder-workspace/.build/checkouts/swift-jni/Sources/SwiftJNI/SwiftJNI.swift:1531:44: error: cannot find 'dlsym' in scope
1529 |         typealias CreateJavaVM = @convention(c) (_ pvm: UnsafeMutablePointer<UnsafeMutablePointer<JavaVM?>?>?, _ penv: UnsafeMutablePointer<UnsafeMutablePointer<JNIEnv?>?>?, _ args: UnsafeMutableRawPointer) -> jint
1530 |
1531 |         guard let JNI_CreateJavaVM_dlsym = dlsym(library, "JNI_CreateJavaVM").map({ unsafeBitCast($0, to: (CreateJavaVM).self) }) else {
     |                                            `- error: cannot find 'dlsym' in scope
1532 |             throw JVMError(description: "Unable to dlsym JNI_CreateJavaVM")
1533 |         }
[21/49] Compiling SwiftJNI SwiftJNI.swift
<unknown>:0: warning: upcoming feature 'InferSendableFromCaptures' is already enabled as of Swift version 6
<unknown>:0: warning: upcoming feature 'GlobalActorIsolatedTypesUsability' is already enabled as of Swift version 6
<unknown>:0: warning: upcoming feature 'DisableOutwardActorInference' is already enabled as of Swift version 6
/host/spi-builder-workspace/.build/checkouts/swift-jni/Sources/SwiftJNI/SwiftJNI.swift:1491:23: error: cannot find 'dlopen' in scope
1489 |         for libname in [nil, "libnativehelper.so", "libart.so", "libdvm.so"] {
1490 |             // Windows TODO: need to use LoadLibraryW (see https://github.com/swiftlang/sourcekit-lsp/blob/main/Sources/SourceKitD/dlopen.swift)
1491 |             let lib = dlopen(libname, RTLD_NOW)
     |                       `- error: cannot find 'dlopen' in scope
1492 |             typealias JavaVMPtr = UnsafeMutablePointer<JavaVM?>
1493 |             typealias GetCreatedJavaVMs = @convention(c) (_ pvm: UnsafeMutablePointer<JavaVMPtr?>, _ count: Int32, _ num: UnsafeMutablePointer<Int32>) -> jint
/host/spi-builder-workspace/.build/checkouts/swift-jni/Sources/SwiftJNI/SwiftJNI.swift:1491:39: error: cannot find 'RTLD_NOW' in scope
1489 |         for libname in [nil, "libnativehelper.so", "libart.so", "libdvm.so"] {
1490 |             // Windows TODO: need to use LoadLibraryW (see https://github.com/swiftlang/sourcekit-lsp/blob/main/Sources/SourceKitD/dlopen.swift)
1491 |             let lib = dlopen(libname, RTLD_NOW)
     |                                       `- error: cannot find 'RTLD_NOW' in scope
1492 |             typealias JavaVMPtr = UnsafeMutablePointer<JavaVM?>
1493 |             typealias GetCreatedJavaVMs = @convention(c) (_ pvm: UnsafeMutablePointer<JavaVMPtr?>, _ count: Int32, _ num: UnsafeMutablePointer<Int32>) -> jint
/host/spi-builder-workspace/.build/checkouts/swift-jni/Sources/SwiftJNI/SwiftJNI.swift:1496:43: error: cannot find 'dlsym' in scope
1494 |
1495 |             // Windows TODO: need to use GetProcAddress
1496 |             guard let getCreatedJavaVMs = dlsym(lib, "JNI_GetCreatedJavaVMs").map({ unsafeBitCast($0, to: (GetCreatedJavaVMs).self) }) else {
     |                                           `- error: cannot find 'dlsym' in scope
1497 |                 continue
1498 |             }
/host/spi-builder-workspace/.build/checkouts/swift-jni/Sources/SwiftJNI/SwiftJNI.swift:1531:44: error: cannot find 'dlsym' in scope
1529 |         typealias CreateJavaVM = @convention(c) (_ pvm: UnsafeMutablePointer<UnsafeMutablePointer<JavaVM?>?>?, _ penv: UnsafeMutablePointer<UnsafeMutablePointer<JNIEnv?>?>?, _ args: UnsafeMutableRawPointer) -> jint
1530 |
1531 |         guard let JNI_CreateJavaVM_dlsym = dlsym(library, "JNI_CreateJavaVM").map({ unsafeBitCast($0, to: (CreateJavaVM).self) }) else {
     |                                            `- error: cannot find 'dlsym' in scope
1532 |             throw JVMError(description: "Unable to dlsym JNI_CreateJavaVM")
1533 |         }
/host/spi-builder-workspace/.build/checkouts/swift-jni/Sources/SwiftJNI/SwiftJNI.swift:1580:12: error: cannot find 'getenv' in scope
1578 |
1579 |         // if JAVA_HOME is unset, default to the Homebrew installation
1580 |         if getenv("JAVA_HOME") == nil {
     |            `- error: cannot find 'getenv' in scope
1581 |             if FileManager.default.fileExists(atPath: "/opt/homebrew/opt/java") {
1582 |                 setenv("JAVA_HOME", "/opt/homebrew/opt/java", 0) // Homebrew ARM location
/host/spi-builder-workspace/.build/checkouts/swift-jni/Sources/SwiftJNI/SwiftJNI.swift:1582:17: error: cannot find 'setenv' in scope
1580 |         if getenv("JAVA_HOME") == nil {
1581 |             if FileManager.default.fileExists(atPath: "/opt/homebrew/opt/java") {
1582 |                 setenv("JAVA_HOME", "/opt/homebrew/opt/java", 0) // Homebrew ARM location
     |                 `- error: cannot find 'setenv' in scope
1583 |             } else if FileManager.default.fileExists(atPath: "/usr/local/opt/java") {
1584 |                 setenv("JAVA_HOME", "/usr/local/opt/java", 0) // Homebrew Intel location
/host/spi-builder-workspace/.build/checkouts/swift-jni/Sources/SwiftJNI/SwiftJNI.swift:1584:17: error: cannot find 'setenv' in scope
1582 |                 setenv("JAVA_HOME", "/opt/homebrew/opt/java", 0) // Homebrew ARM location
1583 |             } else if FileManager.default.fileExists(atPath: "/usr/local/opt/java") {
1584 |                 setenv("JAVA_HOME", "/usr/local/opt/java", 0) // Homebrew Intel location
     |                 `- error: cannot find 'setenv' in scope
1585 |             } else {
1586 |                 throw JVMError(description: "No JAVA_HOME set, and could not locate default Java installation")
/host/spi-builder-workspace/.build/checkouts/swift-jni/Sources/SwiftJNI/SwiftJNI.swift:1589:25: error: cannot find 'getenv' in scope
1587 |             }
1588 |         }
1589 |         let JAVA_HOME = getenv("JAVA_HOME")!
     |                         `- error: cannot find 'getenv' in scope
1590 |         let javaHome = URL(fileURLWithPath: String(validatingUTF8: JAVA_HOME)!)
1591 |
/host/spi-builder-workspace/.build/checkouts/swift-jni/Sources/SwiftJNI/SwiftJNI.swift:1610:79: error: cannot infer key path type from context; consider explicitly specifying a root type
1608 |
1609 |         guard let lib = libs.first(where: { FileManager.default.isReadableFile(atPath: $0.path) }) else {
1610 |             throw JVMError(description: "Could not find libjvm in: \(libs.map(\.path))")
     |                                                                               `- error: cannot infer key path type from context; consider explicitly specifying a root type
1611 |         }
1612 |
/host/spi-builder-workspace/.build/checkouts/swift-jni/Sources/SwiftJNI/SwiftJNI.swift:1614:27: error: cannot find 'dlopen' in scope
1612 |
1613 |         // TODO: on macOS, reduce signal interception debugging issues by locating libjsig.dylib and adding it to DYLD_INSERT_LIBRARIES
1614 |         guard let dylib = dlopen(lib.path, RTLD_NOW) else {
     |                           `- error: cannot find 'dlopen' in scope
1615 |             if let error = dlerror() {
1616 |                 throw JVMError(description: "dlopen error: \(String(cString: error))")
/host/spi-builder-workspace/.build/checkouts/swift-jni/Sources/SwiftJNI/SwiftJNI.swift:1614:44: error: cannot find 'RTLD_NOW' in scope
1612 |
1613 |         // TODO: on macOS, reduce signal interception debugging issues by locating libjsig.dylib and adding it to DYLD_INSERT_LIBRARIES
1614 |         guard let dylib = dlopen(lib.path, RTLD_NOW) else {
     |                                            `- error: cannot find 'RTLD_NOW' in scope
1615 |             if let error = dlerror() {
1616 |                 throw JVMError(description: "dlopen error: \(String(cString: error))")
/host/spi-builder-workspace/.build/checkouts/swift-jni/Sources/SwiftJNI/SwiftJNI.swift:1615:28: error: cannot find 'dlerror' in scope
1613 |         // TODO: on macOS, reduce signal interception debugging issues by locating libjsig.dylib and adding it to DYLD_INSERT_LIBRARIES
1614 |         guard let dylib = dlopen(lib.path, RTLD_NOW) else {
1615 |             if let error = dlerror() {
     |                            `- error: cannot find 'dlerror' in scope
1616 |                 throw JVMError(description: "dlopen error: \(String(cString: error))")
1617 |             } else {
/host/spi-builder-workspace/.build/checkouts/swift-jni/Sources/SwiftJNI/SwiftJNI.swift:1633:27: error: cannot find 'strlen' in scope
1631 |     init(_ string: String) {
1632 |         (length, buffer) = string.withCString {
1633 |             let len = Int(strlen($0) + 1)
     |                           `- error: cannot find 'strlen' in scope
1634 |             let dst = UnsafePointer(strcpy(UnsafeMutablePointer<CChar>.allocate(capacity: len), $0))
1635 |             return (len, dst!)
/host/spi-builder-workspace/.build/checkouts/swift-jni/Sources/SwiftJNI/SwiftJNI.swift:1634:37: error: cannot find 'strcpy' in scope
1632 |         (length, buffer) = string.withCString {
1633 |             let len = Int(strlen($0) + 1)
1634 |             let dst = UnsafePointer(strcpy(UnsafeMutablePointer<CChar>.allocate(capacity: len), $0))
     |                                     `- error: cannot find 'strcpy' in scope
1635 |             return (len, dst!)
1636 |         }
[22/49] Compiling SkipUnit XCTest.swift
<unknown>:0: warning: upcoming feature 'InferSendableFromCaptures' is already enabled as of Swift version 6
<unknown>:0: warning: upcoming feature 'GlobalActorIsolatedTypesUsability' is already enabled as of Swift version 6
<unknown>:0: warning: upcoming feature 'DisableOutwardActorInference' is already enabled as of Swift version 6
[23/49] Emitting module SkipUnit
<unknown>:0: warning: upcoming feature 'InferSendableFromCaptures' is already enabled as of Swift version 6
<unknown>:0: warning: upcoming feature 'GlobalActorIsolatedTypesUsability' is already enabled as of Swift version 6
<unknown>:0: warning: upcoming feature 'DisableOutwardActorInference' is already enabled as of Swift version 6
<unknown>:0: warning: upcoming feature 'InferSendableFromCaptures' is already enabled as of Swift version 6
<unknown>:0: warning: upcoming feature 'GlobalActorIsolatedTypesUsability' is already enabled as of Swift version 6
<unknown>:0: warning: upcoming feature 'DisableOutwardActorInference' is already enabled as of Swift version 6
note: Skip 1.9.16: skipstone plugin to: /host/spi-builder-workspace/.build/plugins/outputs/skip-lib/SkipLib/destination/skipstone/SkipLib/src/main at 19:11:41
/host/spi-builder-workspace/.build/checkouts/skip-lib/Sources/SkipLib/Skip/skip.yml: note: loading skip.yml from /host/spi-builder-workspace/.build/checkouts/skip-lib/Sources/SkipLib/Skip/skip.yml
/host/spi-builder-workspace/.build/checkouts/skip-unit/Sources/SkipUnit/Skip/skip.yml: note: SkipUnit skip.yml config loaded (108 ms)
note: skip.yml aggregate created (126 ms) for modules: ["SkipLib", "SkipUnit"]
/host/spi-builder-workspace/.build/plugins/outputs/skip-unit/SkipUnit/destination/skipstone/SkipUnit.skipcode.json: note: SkipUnit.skipcode.json codebase (24 KB) loaded (11 ms) for SkipUnit
/host/spi-builder-workspace/.build/checkouts/skip-lib/Sources/SkipLib/Skip/Hashable.kt: note: SkipLib/src/main/kotlin/skip/lib/Hashable.kt override linked from project source /host/spi-builder-workspace/.build/checkouts/skip-lib/Sources/SkipLib/Skip/Hashable.kt
/host/spi-builder-workspace/.build/checkouts/skip-lib/Sources/SkipLib/Skip/Duration.kt: note: SkipLib/src/main/kotlin/skip/lib/Duration.kt override linked from project source /host/spi-builder-workspace/.build/checkouts/skip-lib/Sources/SkipLib/Skip/Duration.kt
/host/spi-builder-workspace/.build/checkouts/skip-lib/Sources/SkipLib/Skip/Codable.kt: note: SkipLib/src/main/kotlin/skip/lib/Codable.kt override linked from project source /host/spi-builder-workspace/.build/checkouts/skip-lib/Sources/SkipLib/Skip/Codable.kt
/host/spi-builder-workspace/.build/checkouts/skip-lib/Sources/SkipLib/Skip/CaseIterable.kt: note: SkipLib/src/main/kotlin/skip/lib/CaseIterable.kt override linked from project source /host/spi-builder-workspace/.build/checkouts/skip-lib/Sources/SkipLib/Skip/CaseIterable.kt
/host/spi-builder-workspace/.build/checkouts/skip-lib/Sources/SkipLib/Skip/SetAlgebra.kt: note: SkipLib/src/main/kotlin/skip/lib/SetAlgebra.kt override linked from project source /host/spi-builder-workspace/.build/checkouts/skip-lib/Sources/SkipLib/Skip/SetAlgebra.kt
/host/spi-builder-workspace/.build/checkouts/skip-lib/Sources/SkipLib/Skip/Copyable.kt: note: SkipLib/src/main/kotlin/skip/lib/Copyable.kt override linked from project source /host/spi-builder-workspace/.build/checkouts/skip-lib/Sources/SkipLib/Skip/Copyable.kt
/host/spi-builder-workspace/.build/checkouts/skip-lib/Sources/SkipLib/Skip/InOut.kt: note: SkipLib/src/main/kotlin/skip/lib/InOut.kt override linked from project source /host/spi-builder-workspace/.build/checkouts/skip-lib/Sources/SkipLib/Skip/InOut.kt
/host/spi-builder-workspace/.build/checkouts/skip-lib/Sources/SkipLib/Skip/Error.kt: note: SkipLib/src/main/kotlin/skip/lib/Error.kt override linked from project source /host/spi-builder-workspace/.build/checkouts/skip-lib/Sources/SkipLib/Skip/Error.kt
/host/spi-builder-workspace/.build/checkouts/skip-lib/Sources/SkipLib/Skip/Dictionary.kt: note: SkipLib/src/main/kotlin/skip/lib/Dictionary.kt override linked from project source /host/spi-builder-workspace/.build/checkouts/skip-lib/Sources/SkipLib/Skip/Dictionary.kt
/host/spi-builder-workspace/.build/checkouts/skip-lib/Sources/SkipLib/Skip/IntSet.kt: note: SkipLib/src/main/kotlin/skip/lib/IntSet.kt override linked from project source /host/spi-builder-workspace/.build/checkouts/skip-lib/Sources/SkipLib/Skip/IntSet.kt
/host/spi-builder-workspace/.build/checkouts/skip-lib/Sources/SkipLib/Skip/Equatable.kt: note: SkipLib/src/main/kotlin/skip/lib/Equatable.kt override linked from project source /host/spi-builder-workspace/.build/checkouts/skip-lib/Sources/SkipLib/Skip/Equatable.kt
/host/spi-builder-workspace/.build/checkouts/skip-lib/Sources/SkipLib/Skip/Lambda.kt: note: SkipLib/src/main/kotlin/skip/lib/Lambda.kt override linked from project source /host/spi-builder-workspace/.build/checkouts/skip-lib/Sources/SkipLib/Skip/Lambda.kt
/host/spi-builder-workspace/.build/checkouts/skip-lib/Sources/SkipLib/Skip/Numbers.kt: note: SkipLib/src/main/kotlin/skip/lib/Numbers.kt override linked from project source /host/spi-builder-workspace/.build/checkouts/skip-lib/Sources/SkipLib/Skip/Numbers.kt
/host/spi-builder-workspace/.build/checkouts/skip-lib/Sources/SkipLib/Skip/Tuple.kt: note: SkipLib/src/main/kotlin/skip/lib/Tuple.kt override linked from project source /host/spi-builder-workspace/.build/checkouts/skip-lib/Sources/SkipLib/Skip/Tuple.kt
/host/spi-builder-workspace/.build/checkouts/skip-lib/Sources/SkipLib/Skip/KotlinSupport.kt: note: SkipLib/src/main/kotlin/skip/lib/KotlinSupport.kt override linked from project source /host/spi-builder-workspace/.build/checkouts/skip-lib/Sources/SkipLib/Skip/KotlinSupport.kt
/host/spi-builder-workspace/.build/checkouts/skip-lib/Sources/SkipLib/Skip/Set.kt: note: SkipLib/src/main/kotlin/skip/lib/Set.kt override linked from project source /host/spi-builder-workspace/.build/checkouts/skip-lib/Sources/SkipLib/Skip/Set.kt
/host/spi-builder-workspace/.build/checkouts/skip-lib/Sources/SkipLib/Skip/Optional.kt: note: SkipLib/src/main/kotlin/skip/lib/Optional.kt override linked from project source /host/spi-builder-workspace/.build/checkouts/skip-lib/Sources/SkipLib/Skip/Optional.kt
/host/spi-builder-workspace/.build/checkouts/skip-lib/Sources/SkipLib/Skip/StringInterpolationProtocol.kt: note: SkipLib/src/main/kotlin/skip/lib/StringInterpolationProtocol.kt override linked from project source /host/spi-builder-workspace/.build/checkouts/skip-lib/Sources/SkipLib/Skip/StringInterpolationProtocol.kt
/host/spi-builder-workspace/.build/checkouts/skip-lib/Sources/SkipLib/Skip/Bool.kt: note: SkipLib/src/main/kotlin/skip/lib/Bool.kt override linked from project source /host/spi-builder-workspace/.build/checkouts/skip-lib/Sources/SkipLib/Skip/Bool.kt
/host/spi-builder-workspace/.build/checkouts/skip-lib/Sources/SkipLib/Skip/Struct.kt: note: SkipLib/src/main/kotlin/skip/lib/Struct.kt override linked from project source /host/spi-builder-workspace/.build/checkouts/skip-lib/Sources/SkipLib/Skip/Struct.kt
/host/spi-builder-workspace/.build/checkouts/skip-lib/Sources/SkipLib/Skip/Clock.kt: note: SkipLib/src/main/kotlin/skip/lib/Clock.kt override linked from project source /host/spi-builder-workspace/.build/checkouts/skip-lib/Sources/SkipLib/Skip/Clock.kt
/host/spi-builder-workspace/.build/checkouts/skip-lib/Sources/SkipLib/Skip/Concurrency.kt: note: SkipLib/src/main/kotlin/skip/lib/Concurrency.kt override linked from project source /host/spi-builder-workspace/.build/checkouts/skip-lib/Sources/SkipLib/Skip/Concurrency.kt
/host/spi-builder-workspace/.build/checkouts/skip-lib/Sources/SkipLib/Skip/CustomStringConvertible.kt: note: SkipLib/src/main/kotlin/skip/lib/CustomStringConvertible.kt override linked from project source /host/spi-builder-workspace/.build/checkouts/skip-lib/Sources/SkipLib/Skip/CustomStringConvertible.kt
/host/spi-builder-workspace/.build/checkouts/skip-lib/Sources/SkipLib/Skip/String.kt: note: SkipLib/src/main/kotlin/skip/lib/String.kt override linked from project source /host/spi-builder-workspace/.build/checkouts/skip-lib/Sources/SkipLib/Skip/String.kt
/host/spi-builder-workspace/.build/checkouts/skip-lib/Sources/SkipLib/Skip/OptionSet.kt: note: SkipLib/src/main/kotlin/skip/lib/OptionSet.kt override linked from project source /host/spi-builder-workspace/.build/checkouts/skip-lib/Sources/SkipLib/Skip/OptionSet.kt
/host/spi-builder-workspace/.build/checkouts/skip-lib/Sources/SkipLib/Skip/Array.kt: note: SkipLib/src/main/kotlin/skip/lib/Array.kt override linked from project source /host/spi-builder-workspace/.build/checkouts/skip-lib/Sources/SkipLib/Skip/Array.kt
/host/spi-builder-workspace/.build/checkouts/skip-lib/Sources/SkipLib/Skip/Globals.kt: note: SkipLib/src/main/kotlin/skip/lib/Globals.kt override linked from project source /host/spi-builder-workspace/.build/checkouts/skip-lib/Sources/SkipLib/Skip/Globals.kt
/host/spi-builder-workspace/.build/checkouts/skip-lib/Sources/SkipLib/Skip/Collections.kt: note: SkipLib/src/main/kotlin/skip/lib/Collections.kt override linked from project source /host/spi-builder-workspace/.build/checkouts/skip-lib/Sources/SkipLib/Skip/Collections.kt
/host/spi-builder-workspace/.build/plugins/outputs/skip-lib/SkipLib/destination/skipstone/SkipLib/src/main/kotlin/skip/lib/RawRepresentable.kt: note: SkipLib/src/main/kotlin/skip/lib/RawRepresentable.kt (207 bytes) transpilation saved from RawRepresentable.swift (237 bytes) in 1 ms
/host/spi-builder-workspace/.build/plugins/outputs/skip-lib/SkipLib/destination/skipstone/SkipLib/src/main/kotlin/skip/lib/Identifiable.kt: note: SkipLib/src/main/kotlin/skip/lib/Identifiable.kt (228 bytes) transpilation saved from Identifiable.swift (320 bytes) in 1 ms
/host/spi-builder-workspace/.build/plugins/outputs/skip-lib/SkipLib/destination/skipstone/SkipLib/src/main/kotlin/skip/lib/SkipLib.kt: note: SkipLib/src/main/kotlin/skip/lib/SkipLib.kt (196 bytes) transpilation saved from SkipLib.swift (217 bytes) in 0 ms
/host/spi-builder-workspace/.build/plugins/outputs/skip-lib/SkipLib/destination/skipstone/SkipLib/src/main/kotlin/skip/lib/ObjectIdentifier.kt: note: SkipLib/src/main/kotlin/skip/lib/ObjectIdentifier.kt (647 bytes) transpilation saved from ObjectIdentifier.swift (282 bytes) in 0 ms
/host/spi-builder-workspace/.build/plugins/outputs/skip-lib/SkipLib/destination/skipstone/SkipLib/src/main/kotlin/skip/lib/BridgeSupport.kt: note: SkipLib/src/main/kotlin/skip/lib/BridgeSupport.kt (849 bytes) transpilation saved from BridgeSupport.swift (845 bytes) in 2 ms
/host/spi-builder-workspace/.build/plugins/outputs/skip-lib/SkipLib/destination/skipstone/SkipLib/src/main/kotlin/skip/lib/Pointer.kt: note: SkipLib/src/main/kotlin/skip/lib/Pointer.kt (5 KB) transpilation saved from Pointer.swift (2 KB) in 5 ms
/host/spi-builder-workspace/.build/plugins/outputs/skip-lib/SkipLib/destination/skipstone/SkipLib/src/main/kotlin/skip/lib/CodableSupport.kt: note: SkipLib/src/main/kotlin/skip/lib/CodableSupport.kt (4 KB) transpilation saved from CodableSupport.swift (3 KB) in 5 ms
/host/spi-builder-workspace/.build/plugins/outputs/skip-lib/SkipLib/destination/skipstone/SkipLib/src/main/kotlin/skip/lib/Random.kt: note: SkipLib/src/main/kotlin/skip/lib/Random.kt (1 KB) transpilation saved from Random.swift (3 KB) in 6 ms
/host/spi-builder-workspace/.build/plugins/outputs/skip-lib/SkipLib/destination/skipstone/SkipLib/src/main/kotlin/skip/lib/Regex.kt: note: SkipLib/src/main/kotlin/skip/lib/Regex.kt (3 KB) transpilation saved from Regex.swift (3 KB) in 9 ms
[23/49] Skip SkipLib
Running build ...
bash -c docker run --pull=always --rm -v "checkouts-54344849-1":/host -w "$PWD" -e JAVA_HOME="/root/.sdkman/candidates/java/current" -e SPI_BUILD="1" -e SPI_PROCESSING="1" registry.gitlab.com/saguaro1/spi-images:wasm-6.1-latest swift build --swift-sdk wasm32-unknown-wasi 2>&1
wasm-6.1-latest: Pulling from saguaro1/spi-images
Digest: sha256:8209621f35c5a12749e7df75bbcb99eccb508d0196da99f6ac3bcf5f4827df31
Status: Image is up to date for registry.gitlab.com/saguaro1/spi-images:wasm-6.1-latest
[0/1] Planning build
[1/1] Compiling plugin Create SkipLink
[2/2] Compiling plugin skipstone
Building for debugging...
[2/28] Write swift-version-24593BA9C3E375BF.txt
[4/33] Emitting module SkipUnit
[5/33] Compiling SkipUnit XCTest.swift
[6/33] Compiling SkipUnit resource_bundle_accessor.swift
note: Skip 1.9.16: skipstone plugin to: /host/spi-builder-workspace/.build/plugins/outputs/skip-lib/SkipLib/destination/skipstone/SkipLib/src/main at 19:11:55
/host/spi-builder-workspace/.build/checkouts/skip-lib/Sources/SkipLib/Skip/skip.yml: note: loading skip.yml from /host/spi-builder-workspace/.build/checkouts/skip-lib/Sources/SkipLib/Skip/skip.yml
/host/spi-builder-workspace/.build/checkouts/skip-unit/Sources/SkipUnit/Skip/skip.yml: note: SkipUnit skip.yml config loaded (86 ms)
note: skip.yml aggregate created (91 ms) for modules: ["SkipLib", "SkipUnit"]
/host/spi-builder-workspace/.build/plugins/outputs/skip-unit/SkipUnit/destination/skipstone/SkipUnit.skipcode.json: note: SkipUnit.skipcode.json codebase (24 KB) loaded (3 ms) for SkipUnit
/host/spi-builder-workspace/.build/checkouts/skip-lib/Sources/SkipLib/Skip/Hashable.kt: note: SkipLib/src/main/kotlin/skip/lib/Hashable.kt override linked from project source /host/spi-builder-workspace/.build/checkouts/skip-lib/Sources/SkipLib/Skip/Hashable.kt
/host/spi-builder-workspace/.build/checkouts/skip-lib/Sources/SkipLib/Skip/Duration.kt: note: SkipLib/src/main/kotlin/skip/lib/Duration.kt override linked from project source /host/spi-builder-workspace/.build/checkouts/skip-lib/Sources/SkipLib/Skip/Duration.kt
/host/spi-builder-workspace/.build/checkouts/skip-lib/Sources/SkipLib/Skip/Codable.kt: note: SkipLib/src/main/kotlin/skip/lib/Codable.kt override linked from project source /host/spi-builder-workspace/.build/checkouts/skip-lib/Sources/SkipLib/Skip/Codable.kt
/host/spi-builder-workspace/.build/checkouts/skip-lib/Sources/SkipLib/Skip/CaseIterable.kt: note: SkipLib/src/main/kotlin/skip/lib/CaseIterable.kt override linked from project source /host/spi-builder-workspace/.build/checkouts/skip-lib/Sources/SkipLib/Skip/CaseIterable.kt
/host/spi-builder-workspace/.build/checkouts/skip-lib/Sources/SkipLib/Skip/SetAlgebra.kt: note: SkipLib/src/main/kotlin/skip/lib/SetAlgebra.kt override linked from project source /host/spi-builder-workspace/.build/checkouts/skip-lib/Sources/SkipLib/Skip/SetAlgebra.kt
/host/spi-builder-workspace/.build/checkouts/skip-lib/Sources/SkipLib/Skip/Copyable.kt: note: SkipLib/src/main/kotlin/skip/lib/Copyable.kt override linked from project source /host/spi-builder-workspace/.build/checkouts/skip-lib/Sources/SkipLib/Skip/Copyable.kt
/host/spi-builder-workspace/.build/checkouts/skip-lib/Sources/SkipLib/Skip/InOut.kt: note: SkipLib/src/main/kotlin/skip/lib/InOut.kt override linked from project source /host/spi-builder-workspace/.build/checkouts/skip-lib/Sources/SkipLib/Skip/InOut.kt
/host/spi-builder-workspace/.build/checkouts/skip-lib/Sources/SkipLib/Skip/Error.kt: note: SkipLib/src/main/kotlin/skip/lib/Error.kt override linked from project source /host/spi-builder-workspace/.build/checkouts/skip-lib/Sources/SkipLib/Skip/Error.kt
/host/spi-builder-workspace/.build/checkouts/skip-lib/Sources/SkipLib/Skip/Dictionary.kt: note: SkipLib/src/main/kotlin/skip/lib/Dictionary.kt override linked from project source /host/spi-builder-workspace/.build/checkouts/skip-lib/Sources/SkipLib/Skip/Dictionary.kt
/host/spi-builder-workspace/.build/checkouts/skip-lib/Sources/SkipLib/Skip/IntSet.kt: note: SkipLib/src/main/kotlin/skip/lib/IntSet.kt override linked from project source /host/spi-builder-workspace/.build/checkouts/skip-lib/Sources/SkipLib/Skip/IntSet.kt
/host/spi-builder-workspace/.build/checkouts/skip-lib/Sources/SkipLib/Skip/Equatable.kt: note: SkipLib/src/main/kotlin/skip/lib/Equatable.kt override linked from project source /host/spi-builder-workspace/.build/checkouts/skip-lib/Sources/SkipLib/Skip/Equatable.kt
/host/spi-builder-workspace/.build/checkouts/skip-lib/Sources/SkipLib/Skip/Lambda.kt: note: SkipLib/src/main/kotlin/skip/lib/Lambda.kt override linked from project source /host/spi-builder-workspace/.build/checkouts/skip-lib/Sources/SkipLib/Skip/Lambda.kt
/host/spi-builder-workspace/.build/checkouts/skip-lib/Sources/SkipLib/Skip/Numbers.kt: note: SkipLib/src/main/kotlin/skip/lib/Numbers.kt override linked from project source /host/spi-builder-workspace/.build/checkouts/skip-lib/Sources/SkipLib/Skip/Numbers.kt
/host/spi-builder-workspace/.build/checkouts/skip-lib/Sources/SkipLib/Skip/Tuple.kt: note: SkipLib/src/main/kotlin/skip/lib/Tuple.kt override linked from project source /host/spi-builder-workspace/.build/checkouts/skip-lib/Sources/SkipLib/Skip/Tuple.kt
/host/spi-builder-workspace/.build/checkouts/skip-lib/Sources/SkipLib/Skip/KotlinSupport.kt: note: SkipLib/src/main/kotlin/skip/lib/KotlinSupport.kt override linked from project source /host/spi-builder-workspace/.build/checkouts/skip-lib/Sources/SkipLib/Skip/KotlinSupport.kt
/host/spi-builder-workspace/.build/checkouts/skip-lib/Sources/SkipLib/Skip/Set.kt: note: SkipLib/src/main/kotlin/skip/lib/Set.kt override linked from project source /host/spi-builder-workspace/.build/checkouts/skip-lib/Sources/SkipLib/Skip/Set.kt
/host/spi-builder-workspace/.build/checkouts/skip-lib/Sources/SkipLib/Skip/Optional.kt: note: SkipLib/src/main/kotlin/skip/lib/Optional.kt override linked from project source /host/spi-builder-workspace/.build/checkouts/skip-lib/Sources/SkipLib/Skip/Optional.kt
/host/spi-builder-workspace/.build/checkouts/skip-lib/Sources/SkipLib/Skip/StringInterpolationProtocol.kt: note: SkipLib/src/main/kotlin/skip/lib/StringInterpolationProtocol.kt override linked from project source /host/spi-builder-workspace/.build/checkouts/skip-lib/Sources/SkipLib/Skip/StringInterpolationProtocol.kt
/host/spi-builder-workspace/.build/checkouts/skip-lib/Sources/SkipLib/Skip/Bool.kt: note: SkipLib/src/main/kotlin/skip/lib/Bool.kt override linked from project source /host/spi-builder-workspace/.build/checkouts/skip-lib/Sources/SkipLib/Skip/Bool.kt
/host/spi-builder-workspace/.build/checkouts/skip-lib/Sources/SkipLib/Skip/Struct.kt: note: SkipLib/src/main/kotlin/skip/lib/Struct.kt override linked from project source /host/spi-builder-workspace/.build/checkouts/skip-lib/Sources/SkipLib/Skip/Struct.kt
/host/spi-builder-workspace/.build/checkouts/skip-lib/Sources/SkipLib/Skip/Clock.kt: note: SkipLib/src/main/kotlin/skip/lib/Clock.kt override linked from project source /host/spi-builder-workspace/.build/checkouts/skip-lib/Sources/SkipLib/Skip/Clock.kt
/host/spi-builder-workspace/.build/checkouts/skip-lib/Sources/SkipLib/Skip/Concurrency.kt: note: SkipLib/src/main/kotlin/skip/lib/Concurrency.kt override linked from project source /host/spi-builder-workspace/.build/checkouts/skip-lib/Sources/SkipLib/Skip/Concurrency.kt
/host/spi-builder-workspace/.build/checkouts/skip-lib/Sources/SkipLib/Skip/CustomStringConvertible.kt: note: SkipLib/src/main/kotlin/skip/lib/CustomStringConvertible.kt override linked from project source /host/spi-builder-workspace/.build/checkouts/skip-lib/Sources/SkipLib/Skip/CustomStringConvertible.kt
/host/spi-builder-workspace/.build/checkouts/skip-lib/Sources/SkipLib/Skip/String.kt: note: SkipLib/src/main/kotlin/skip/lib/String.kt override linked from project source /host/spi-builder-workspace/.build/checkouts/skip-lib/Sources/SkipLib/Skip/String.kt
/host/spi-builder-workspace/.build/checkouts/skip-lib/Sources/SkipLib/Skip/OptionSet.kt: note: SkipLib/src/main/kotlin/skip/lib/OptionSet.kt override linked from project source /host/spi-builder-workspace/.build/checkouts/skip-lib/Sources/SkipLib/Skip/OptionSet.kt
/host/spi-builder-workspace/.build/checkouts/skip-lib/Sources/SkipLib/Skip/Array.kt: note: SkipLib/src/main/kotlin/skip/lib/Array.kt override linked from project source /host/spi-builder-workspace/.build/checkouts/skip-lib/Sources/SkipLib/Skip/Array.kt
/host/spi-builder-workspace/.build/checkouts/skip-lib/Sources/SkipLib/Skip/Globals.kt: note: SkipLib/src/main/kotlin/skip/lib/Globals.kt override linked from project source /host/spi-builder-workspace/.build/checkouts/skip-lib/Sources/SkipLib/Skip/Globals.kt
/host/spi-builder-workspace/.build/checkouts/skip-lib/Sources/SkipLib/Skip/Collections.kt: note: SkipLib/src/main/kotlin/skip/lib/Collections.kt override linked from project source /host/spi-builder-workspace/.build/checkouts/skip-lib/Sources/SkipLib/Skip/Collections.kt
/host/spi-builder-workspace/.build/plugins/outputs/skip-lib/SkipLib/destination/skipstone/SkipLib/src/main/kotlin/skip/lib/BridgeSupport.kt: note: SkipLib/src/main/kotlin/skip/lib/BridgeSupport.kt (849 bytes) transpilation unchanged from BridgeSupport.swift (845 bytes) in 1 ms
/host/spi-builder-workspace/.build/plugins/outputs/skip-lib/SkipLib/destination/skipstone/SkipLib/src/main/kotlin/skip/lib/RawRepresentable.kt: note: SkipLib/src/main/kotlin/skip/lib/RawRepresentable.kt (207 bytes) transpilation unchanged from RawRepresentable.swift (237 bytes) in 0 ms
/host/spi-builder-workspace/.build/plugins/outputs/skip-lib/SkipLib/destination/skipstone/SkipLib/src/main/kotlin/skip/lib/ObjectIdentifier.kt: note: SkipLib/src/main/kotlin/skip/lib/ObjectIdentifier.kt (647 bytes) transpilation unchanged from ObjectIdentifier.swift (282 bytes) in 1 ms
/host/spi-builder-workspace/.build/plugins/outputs/skip-lib/SkipLib/destination/skipstone/SkipLib/src/main/kotlin/skip/lib/Identifiable.kt: note: SkipLib/src/main/kotlin/skip/lib/Identifiable.kt (228 bytes) transpilation unchanged from Identifiable.swift (320 bytes) in 1 ms
/host/spi-builder-workspace/.build/plugins/outputs/skip-lib/SkipLib/destination/skipstone/SkipLib/src/main/kotlin/skip/lib/Pointer.kt: note: SkipLib/src/main/kotlin/skip/lib/Pointer.kt (5 KB) transpilation unchanged from Pointer.swift (2 KB) in 1 ms
/host/spi-builder-workspace/.build/plugins/outputs/skip-lib/SkipLib/destination/skipstone/SkipLib/src/main/kotlin/skip/lib/SkipLib.kt: note: SkipLib/src/main/kotlin/skip/lib/SkipLib.kt (196 bytes) transpilation unchanged from SkipLib.swift (217 bytes) in 0 ms
/host/spi-builder-workspace/.build/plugins/outputs/skip-lib/SkipLib/destination/skipstone/SkipLib/src/main/kotlin/skip/lib/Random.kt: note: SkipLib/src/main/kotlin/skip/lib/Random.kt (1 KB) transpilation unchanged from Random.swift (3 KB) in 2 ms
/host/spi-builder-workspace/.build/plugins/outputs/skip-lib/SkipLib/destination/skipstone/SkipLib/src/main/kotlin/skip/lib/CodableSupport.kt: note: SkipLib/src/main/kotlin/skip/lib/CodableSupport.kt (4 KB) transpilation unchanged from CodableSupport.swift (3 KB) in 5 ms
/host/spi-builder-workspace/.build/plugins/outputs/skip-lib/SkipLib/destination/skipstone/SkipLib/src/main/kotlin/skip/lib/Result.kt: note: SkipLib/src/main/kotlin/skip/lib/Result.kt (3 KB) transpilation unchanged from Result.swift (2 KB) in 4 ms
/host/spi-builder-workspace/.build/plugins/outputs/skip-lib/SkipLib/destination/skipstone/SkipLib/src/main/kotlin/skip/lib/Regex.kt: note: SkipLib/src/main/kotlin/skip/lib/Regex.kt (3 KB) transpilation unchanged from Regex.swift (3 KB) in 5 ms
/host/spi-builder-workspace/.build/plugins/outputs/skip-lib/SkipLib/destination/skipstone/SkipLib/src/main/kotlin/skip/lib/Math.kt: note: SkipLib/src/main/kotlin/skip/lib/Math.kt (28 KB) transpilation saved from Math.swift (15 KB) in 20 ms
/host/spi-builder-workspace/.build/plugins/outputs/skip-lib/SkipLib/destination/skipstone/SkipLib/src/main/kotlin/skip/lib/CoreGraphics.kt: note: SkipLib/src/main/kotlin/skip/lib/CoreGraphics.kt (15 KB) transpilation saved from CoreGraphics.swift (9 KB) in 27 ms
/host/spi-builder-workspace/.build/plugins/outputs/skip-lib/SkipLib/destination/skipstone/SkipLib/src/main/kotlin/skip/lib/AsyncStream.kt: note: SkipLib/src/main/kotlin/skip/lib/AsyncStream.kt (26 KB) transpilation saved from AsyncStream.swift (18 KB) in 31 ms
/host/spi-builder-workspace/.build/plugins/outputs/skip-lib/SkipLib/destination/skipstone/SkipLib/src/main/kotlin/skip/lib/PackageSupport.kt: note: SkipLib/src/main/kotlin/skip/lib/PackageSupport.kt (740 bytes) transpilation saved from PackageSupport.swift (Zero KB) in 0 ms
/host/spi-builder-workspace/.build/plugins/outputs/skip-lib/SkipLib/destination/skipstone/SkipLib.skipcode.json: note: SkipLib.skipcode.json (717 KB) codebase written
/host/spi-builder-workspace/.build/plugins/outputs/skip-lib/SkipLib/destination/skipstone/gradle/wrapper/gradle-wrapper.properties: note: gradle/wrapper/gradle-wrapper.properties (80 bytes) gradle wrapper written
/host/spi-builder-workspace/.build/plugins/outputs/skip-lib/SkipLib/destination/skipstone/SkipLib/proguard-rules.pro: note: SkipLib/proguard-rules.pro (449 bytes) proguard written
/host/spi-builder-workspace/.build/plugins/outputs/skip-lib/SkipLib/destination/skipstone/SkipLib/build.gradle.kts: note: SkipLib/build.gradle.kts (3 KB) gradle project written
/host/spi-builder-workspace/.build/plugins/outputs/skip-lib/SkipLib/destination/skipstone/gradle.properties: note: gradle.properties (79 bytes) gradle config written
/host/spi-builder-workspace/.build/plugins/outputs/skip-lib/SkipLib/destination/skipstone/settings.gradle.kts: note: settings.gradle.kts (3 KB) gradle settings written
/host/spi-builder-workspace/.build/plugins/outputs/skip-lib/SkipLib/destination/skipstone/.SkipLib.sourcehash: note: .SkipLib.sourcehash (6 KB) sourcehash written
[7/34] Skip SkipLib
[8/34] Copying .SkipLib.sourcehash
[9/34] Wrapping AST for SkipUnit for debugging
error: emit-module command failed with exit code 1 (use -v to see invocation)
[11/67] Emitting module SwiftJNI
/host/spi-builder-workspace/.build/checkouts/swift-jni/Sources/SwiftJNI/SwiftJNI.swift:1491:23: error: cannot find 'dlopen' in scope
1489 |         for libname in [nil, "libnativehelper.so", "libart.so", "libdvm.so"] {
1490 |             // Windows TODO: need to use LoadLibraryW (see https://github.com/swiftlang/sourcekit-lsp/blob/main/Sources/SourceKitD/dlopen.swift)
1491 |             let lib = dlopen(libname, RTLD_NOW)
     |                       `- error: cannot find 'dlopen' in scope
1492 |             typealias JavaVMPtr = UnsafeMutablePointer<JavaVM?>
1493 |             typealias GetCreatedJavaVMs = @convention(c) (_ pvm: UnsafeMutablePointer<JavaVMPtr?>, _ count: Int32, _ num: UnsafeMutablePointer<Int32>) -> jint
/host/spi-builder-workspace/.build/checkouts/swift-jni/Sources/SwiftJNI/SwiftJNI.swift:1491:39: error: cannot find 'RTLD_NOW' in scope
1489 |         for libname in [nil, "libnativehelper.so", "libart.so", "libdvm.so"] {
1490 |             // Windows TODO: need to use LoadLibraryW (see https://github.com/swiftlang/sourcekit-lsp/blob/main/Sources/SourceKitD/dlopen.swift)
1491 |             let lib = dlopen(libname, RTLD_NOW)
     |                                       `- error: cannot find 'RTLD_NOW' in scope
1492 |             typealias JavaVMPtr = UnsafeMutablePointer<JavaVM?>
1493 |             typealias GetCreatedJavaVMs = @convention(c) (_ pvm: UnsafeMutablePointer<JavaVMPtr?>, _ count: Int32, _ num: UnsafeMutablePointer<Int32>) -> jint
/host/spi-builder-workspace/.build/checkouts/swift-jni/Sources/SwiftJNI/SwiftJNI.swift:1496:43: error: cannot find 'dlsym' in scope
1494 |
1495 |             // Windows TODO: need to use GetProcAddress
1496 |             guard let getCreatedJavaVMs = dlsym(lib, "JNI_GetCreatedJavaVMs").map({ unsafeBitCast($0, to: (GetCreatedJavaVMs).self) }) else {
     |                                           `- error: cannot find 'dlsym' in scope
1497 |                 continue
1498 |             }
/host/spi-builder-workspace/.build/checkouts/swift-jni/Sources/SwiftJNI/SwiftJNI.swift:1531:44: error: cannot find 'dlsym' in scope
1529 |         typealias CreateJavaVM = @convention(c) (_ pvm: UnsafeMutablePointer<UnsafeMutablePointer<JavaVM?>?>?, _ penv: UnsafeMutablePointer<UnsafeMutablePointer<JNIEnv?>?>?, _ args: UnsafeMutableRawPointer) -> jint
1530 |
1531 |         guard let JNI_CreateJavaVM_dlsym = dlsym(library, "JNI_CreateJavaVM").map({ unsafeBitCast($0, to: (CreateJavaVM).self) }) else {
     |                                            `- error: cannot find 'dlsym' in scope
1532 |             throw JVMError(description: "Unable to dlsym JNI_CreateJavaVM")
1533 |         }
[12/67] Compiling SwiftJNI SwiftJNI.swift
/host/spi-builder-workspace/.build/checkouts/swift-jni/Sources/SwiftJNI/SwiftJNI.swift:1491:23: error: cannot find 'dlopen' in scope
1489 |         for libname in [nil, "libnativehelper.so", "libart.so", "libdvm.so"] {
1490 |             // Windows TODO: need to use LoadLibraryW (see https://github.com/swiftlang/sourcekit-lsp/blob/main/Sources/SourceKitD/dlopen.swift)
1491 |             let lib = dlopen(libname, RTLD_NOW)
     |                       `- error: cannot find 'dlopen' in scope
1492 |             typealias JavaVMPtr = UnsafeMutablePointer<JavaVM?>
1493 |             typealias GetCreatedJavaVMs = @convention(c) (_ pvm: UnsafeMutablePointer<JavaVMPtr?>, _ count: Int32, _ num: UnsafeMutablePointer<Int32>) -> jint
/host/spi-builder-workspace/.build/checkouts/swift-jni/Sources/SwiftJNI/SwiftJNI.swift:1491:39: error: cannot find 'RTLD_NOW' in scope
1489 |         for libname in [nil, "libnativehelper.so", "libart.so", "libdvm.so"] {
1490 |             // Windows TODO: need to use LoadLibraryW (see https://github.com/swiftlang/sourcekit-lsp/blob/main/Sources/SourceKitD/dlopen.swift)
1491 |             let lib = dlopen(libname, RTLD_NOW)
     |                                       `- error: cannot find 'RTLD_NOW' in scope
1492 |             typealias JavaVMPtr = UnsafeMutablePointer<JavaVM?>
1493 |             typealias GetCreatedJavaVMs = @convention(c) (_ pvm: UnsafeMutablePointer<JavaVMPtr?>, _ count: Int32, _ num: UnsafeMutablePointer<Int32>) -> jint
/host/spi-builder-workspace/.build/checkouts/swift-jni/Sources/SwiftJNI/SwiftJNI.swift:1496:43: error: cannot find 'dlsym' in scope
1494 |
1495 |             // Windows TODO: need to use GetProcAddress
1496 |             guard let getCreatedJavaVMs = dlsym(lib, "JNI_GetCreatedJavaVMs").map({ unsafeBitCast($0, to: (GetCreatedJavaVMs).self) }) else {
     |                                           `- error: cannot find 'dlsym' in scope
1497 |                 continue
1498 |             }
/host/spi-builder-workspace/.build/checkouts/swift-jni/Sources/SwiftJNI/SwiftJNI.swift:1531:44: error: cannot find 'dlsym' in scope
1529 |         typealias CreateJavaVM = @convention(c) (_ pvm: UnsafeMutablePointer<UnsafeMutablePointer<JavaVM?>?>?, _ penv: UnsafeMutablePointer<UnsafeMutablePointer<JNIEnv?>?>?, _ args: UnsafeMutableRawPointer) -> jint
1530 |
1531 |         guard let JNI_CreateJavaVM_dlsym = dlsym(library, "JNI_CreateJavaVM").map({ unsafeBitCast($0, to: (CreateJavaVM).self) }) else {
     |                                            `- error: cannot find 'dlsym' in scope
1532 |             throw JVMError(description: "Unable to dlsym JNI_CreateJavaVM")
1533 |         }
/host/spi-builder-workspace/.build/checkouts/swift-jni/Sources/SwiftJNI/SwiftJNI.swift:1580:12: error: cannot find 'getenv' in scope
1578 |
1579 |         // if JAVA_HOME is unset, default to the Homebrew installation
1580 |         if getenv("JAVA_HOME") == nil {
     |            `- error: cannot find 'getenv' in scope
1581 |             if FileManager.default.fileExists(atPath: "/opt/homebrew/opt/java") {
1582 |                 setenv("JAVA_HOME", "/opt/homebrew/opt/java", 0) // Homebrew ARM location
/host/spi-builder-workspace/.build/checkouts/swift-jni/Sources/SwiftJNI/SwiftJNI.swift:1582:17: error: cannot find 'setenv' in scope
1580 |         if getenv("JAVA_HOME") == nil {
1581 |             if FileManager.default.fileExists(atPath: "/opt/homebrew/opt/java") {
1582 |                 setenv("JAVA_HOME", "/opt/homebrew/opt/java", 0) // Homebrew ARM location
     |                 `- error: cannot find 'setenv' in scope
1583 |             } else if FileManager.default.fileExists(atPath: "/usr/local/opt/java") {
1584 |                 setenv("JAVA_HOME", "/usr/local/opt/java", 0) // Homebrew Intel location
/host/spi-builder-workspace/.build/checkouts/swift-jni/Sources/SwiftJNI/SwiftJNI.swift:1584:17: error: cannot find 'setenv' in scope
1582 |                 setenv("JAVA_HOME", "/opt/homebrew/opt/java", 0) // Homebrew ARM location
1583 |             } else if FileManager.default.fileExists(atPath: "/usr/local/opt/java") {
1584 |                 setenv("JAVA_HOME", "/usr/local/opt/java", 0) // Homebrew Intel location
     |                 `- error: cannot find 'setenv' in scope
1585 |             } else {
1586 |                 throw JVMError(description: "No JAVA_HOME set, and could not locate default Java installation")
/host/spi-builder-workspace/.build/checkouts/swift-jni/Sources/SwiftJNI/SwiftJNI.swift:1589:25: error: cannot find 'getenv' in scope
1587 |             }
1588 |         }
1589 |         let JAVA_HOME = getenv("JAVA_HOME")!
     |                         `- error: cannot find 'getenv' in scope
1590 |         let javaHome = URL(fileURLWithPath: String(validatingUTF8: JAVA_HOME)!)
1591 |
/host/spi-builder-workspace/.build/checkouts/swift-jni/Sources/SwiftJNI/SwiftJNI.swift:1610:79: error: cannot infer key path type from context; consider explicitly specifying a root type
1608 |
1609 |         guard let lib = libs.first(where: { FileManager.default.isReadableFile(atPath: $0.path) }) else {
1610 |             throw JVMError(description: "Could not find libjvm in: \(libs.map(\.path))")
     |                                                                               `- error: cannot infer key path type from context; consider explicitly specifying a root type
1611 |         }
1612 |
/host/spi-builder-workspace/.build/checkouts/swift-jni/Sources/SwiftJNI/SwiftJNI.swift:1614:27: error: cannot find 'dlopen' in scope
1612 |
1613 |         // TODO: on macOS, reduce signal interception debugging issues by locating libjsig.dylib and adding it to DYLD_INSERT_LIBRARIES
1614 |         guard let dylib = dlopen(lib.path, RTLD_NOW) else {
     |                           `- error: cannot find 'dlopen' in scope
1615 |             if let error = dlerror() {
1616 |                 throw JVMError(description: "dlopen error: \(String(cString: error))")
/host/spi-builder-workspace/.build/checkouts/swift-jni/Sources/SwiftJNI/SwiftJNI.swift:1614:44: error: cannot find 'RTLD_NOW' in scope
1612 |
1613 |         // TODO: on macOS, reduce signal interception debugging issues by locating libjsig.dylib and adding it to DYLD_INSERT_LIBRARIES
1614 |         guard let dylib = dlopen(lib.path, RTLD_NOW) else {
     |                                            `- error: cannot find 'RTLD_NOW' in scope
1615 |             if let error = dlerror() {
1616 |                 throw JVMError(description: "dlopen error: \(String(cString: error))")
/host/spi-builder-workspace/.build/checkouts/swift-jni/Sources/SwiftJNI/SwiftJNI.swift:1615:28: error: cannot find 'dlerror' in scope
1613 |         // TODO: on macOS, reduce signal interception debugging issues by locating libjsig.dylib and adding it to DYLD_INSERT_LIBRARIES
1614 |         guard let dylib = dlopen(lib.path, RTLD_NOW) else {
1615 |             if let error = dlerror() {
     |                            `- error: cannot find 'dlerror' in scope
1616 |                 throw JVMError(description: "dlopen error: \(String(cString: error))")
1617 |             } else {
/host/spi-builder-workspace/.build/checkouts/swift-jni/Sources/SwiftJNI/SwiftJNI.swift:1633:27: error: cannot find 'strlen' in scope
1631 |     init(_ string: String) {
1632 |         (length, buffer) = string.withCString {
1633 |             let len = Int(strlen($0) + 1)
     |                           `- error: cannot find 'strlen' in scope
1634 |             let dst = UnsafePointer(strcpy(UnsafeMutablePointer<CChar>.allocate(capacity: len), $0))
1635 |             return (len, dst!)
/host/spi-builder-workspace/.build/checkouts/swift-jni/Sources/SwiftJNI/SwiftJNI.swift:1634:37: error: cannot find 'strcpy' in scope
1632 |         (length, buffer) = string.withCString {
1633 |             let len = Int(strlen($0) + 1)
1634 |             let dst = UnsafePointer(strcpy(UnsafeMutablePointer<CChar>.allocate(capacity: len), $0))
     |                                     `- error: cannot find 'strcpy' in scope
1635 |             return (len, dst!)
1636 |         }
note: Skip 1.9.16: skipstone plugin to: /host/spi-builder-workspace/.build/plugins/outputs/skip-foundation/SkipFoundation/destination/skipstone/SkipFoundation/src/main at 19:11:56
/host/spi-builder-workspace/.build/checkouts/skip-foundation/Sources/SkipFoundation/Skip/skip.yml: note: loading skip.yml from /host/spi-builder-workspace/.build/checkouts/skip-foundation/Sources/SkipFoundation/Skip/skip.yml
/host/spi-builder-workspace/.build/checkouts/skip-lib/Sources/SkipLib/Skip/skip.yml: note: SkipLib skip.yml config loaded (2 ms)
/host/spi-builder-workspace/.build/checkouts/skip-unit/Sources/SkipUnit/Skip/skip.yml: note: SkipUnit skip.yml config loaded (117 ms)
note: skip.yml aggregate created (126 ms) for modules: ["SkipFoundation", "SkipLib", "SkipUnit"]
[12/67] Skip SkipFoundation
note: Skip 1.9.16: skipstone plugin to: /host/spi-builder-workspace/.build/plugins/outputs/skip-bridge/SkipBridge/destination/skipstone/SkipBridge/src/main at 19:11:56
/host/spi-builder-workspace/.build/checkouts/skip-bridge/Sources/SkipBridge/Skip/skip.yml: note: loading skip.yml from /host/spi-builder-workspace/.build/checkouts/skip-bridge/Sources/SkipBridge/Skip/skip.yml
/host/spi-builder-workspace/.build/checkouts/skip-lib/Sources/SkipLib/Skip/skip.yml: note: SkipLib skip.yml config loaded (3 ms)
[12/67] Skip SkipBridge
BUILD FAILURE 6.1 wasm