The Swift Package Index logo.Swift Package Index

Build Information

Failed to build ExtendedSwiftMath, reference main (5bdedf), with Swift 6.3 for watchOS using Xcode 26.4 on 13 Jul 2026 18:25:39 UTC.

Build Command

env DEVELOPER_DIR=/Applications/Xcode-26.4.0.app xcrun xcodebuild -IDEClonedSourcePackagesDirPathOverride=$PWD/.dependencies -skipMacroValidation -skipPackagePluginValidation -derivedDataPath $PWD/.derivedData build -scheme ExtendedSwiftMath -destination generic/platform=watchOS

Build Log

========================================
RunAll
========================================
Builder version: undefined version: run 'make version' to update
Interrupt handler set up.
========================================
Checkout
========================================
Clone URL: https://github.com/ChrisGVE/ExtendedSwiftMath.git
Reference: main
Initialized empty Git repository in /Users/admin/builder/spi-builder-workspace/.git/
From https://github.com/ChrisGVE/ExtendedSwiftMath
 * branch            main       -> FETCH_HEAD
 * [new branch]      main       -> origin/main
HEAD is now at 5bdedf2 chore: various housekeepings
Cloned https://github.com/ChrisGVE/ExtendedSwiftMath.git
Revision (git rev-parse @):
5bdedf2f72af92b8c77422bf704c9c41615bb9f1
SPI manifest file found: $PWD/.spi.yml
SUCCESS checkout https://github.com/ChrisGVE/ExtendedSwiftMath.git at main
========================================
Build
========================================
Selected platform:         watchOS
Swift version:             6.3
Building package at path:  $PWD
https://github.com/ChrisGVE/ExtendedSwiftMath.git
Command line invocation:
    /Applications/Xcode-26.4.0.app/Contents/Developer/usr/bin/xcodebuild -IDEClonedSourcePackagesDirPathOverride=/Users/admin/builder/spi-builder-workspace/.dependencies -resolvePackageDependencies
Resolve Package Graph
Resolve Package Graph
Resolved source packages:
  ExtendedSwiftMath: /Users/admin/builder/spi-builder-workspace
resolved source packages: ExtendedSwiftMath
2026-07-13 14:25:07.233 xcodebuild[574:3137] [MT] IDERunDestination: Supported platforms for the buildables in the current scheme is empty.
{
  "default_localization" : "en",
  "dependencies" : [
  ],
  "manifest_display_name" : "ExtendedSwiftMath",
  "name" : "ExtendedSwiftMath",
  "path" : "/Users/admin/builder/spi-builder-workspace",
  "platforms" : [
    {
      "name" : "ios",
      "version" : "11.0"
    },
    {
      "name" : "macos",
      "version" : "12.0"
    }
  ],
  "products" : [
    {
      "name" : "ExtendedSwiftMath",
      "targets" : [
        "ExtendedSwiftMath"
      ],
      "type" : {
        "library" : [
          "automatic"
        ]
      }
    }
  ],
  "targets" : [
    {
      "c99name" : "ExtendedSwiftMathTests",
      "module_type" : "SwiftTarget",
      "name" : "ExtendedSwiftMathTests",
      "path" : "Tests/ExtendedSwiftMathTests",
      "sources" : [
        "AccentSpacingComparisonTest.swift",
        "ArrowStretchingTest.swift",
        "ConcurrencyThreadsafeTests.swift",
        "DebugOverlapTest.swift",
        "ExtendedFeatureTests.swift",
        "GlyphBoundsTest.swift",
        "MTFontMathTableV2Tests.swift",
        "MTFontV2Tests.swift",
        "MTMathListBuilderTests.swift",
        "MTMathListTests.swift",
        "MTMathUILabelLineWrappingTests.swift",
        "MTTypesetterTests.swift",
        "MathDelimiterTests.swift",
        "MathFontTests.swift",
        "MathImageTests.swift",
        "WidehatGlyphTest.swift",
        "WidehatTests.swift"
      ],
      "target_dependencies" : [
        "ExtendedSwiftMath"
      ],
      "type" : "test"
    },
    {
      "c99name" : "ExtendedSwiftMath",
      "module_type" : "SwiftTarget",
      "name" : "ExtendedSwiftMath",
      "path" : "Sources/ExtendedSwiftMath",
      "product_memberships" : [
        "ExtendedSwiftMath"
      ],
      "resources" : [
        {
          "path" : "/Users/admin/builder/spi-builder-workspace/Sources/ExtendedSwiftMath/mathFonts.bundle",
          "rule" : {
            "copy" : {
            }
          }
        }
      ],
      "sources" : [
        "MathBundle/MTFontMathTableV2.swift",
        "MathBundle/MTFontV2.swift",
        "MathBundle/MathFont.swift",
        "MathBundle/MathImage.swift",
        "MathRender/MTBezierPath.swift",
        "MathRender/MTColor.swift",
        "MathRender/MTConfig.swift",
        "MathRender/MTFont.swift",
        "MathRender/MTFontManager.swift",
        "MathRender/MTFontMathTable.swift",
        "MathRender/MTLabel.swift",
        "MathRender/MTMathAtomFactory.swift",
        "MathRender/MTMathImage.swift",
        "MathRender/MTMathList.swift",
        "MathRender/MTMathListBuilder.swift",
        "MathRender/MTMathListDisplay.swift",
        "MathRender/MTMathListIndex.swift",
        "MathRender/MTMathUILabel.swift",
        "MathRender/MTTypesetter.swift",
        "MathRender/MTUnicode.swift",
        "MathRender/RWLock.swift"
      ],
      "type" : "library"
    }
  ],
  "tools_version" : "5.7"
}
{
  "workspace" : {
    "name" : "spi-builder-workspace",
    "schemes" : [
      "ExtendedSwiftMath"
    ]
  }
}
2026-07-13 14:25:30.040 xcodebuild[765:4585] [MT] IDERunDestination: Supported platforms for the buildables in the current scheme is empty.
Running build ...
env DEVELOPER_DIR=/Applications/Xcode-26.4.0.app xcrun xcodebuild -IDEClonedSourcePackagesDirPathOverride=$PWD/.dependencies -skipMacroValidation -skipPackagePluginValidation -derivedDataPath $PWD/.derivedData build -scheme ExtendedSwiftMath -destination generic/platform=watchOS
Command line invocation:
    /Applications/Xcode-26.4.0.app/Contents/Developer/usr/bin/xcodebuild -IDEClonedSourcePackagesDirPathOverride=/Users/admin/builder/spi-builder-workspace/.dependencies -skipMacroValidation -skipPackagePluginValidation -derivedDataPath /Users/admin/builder/spi-builder-workspace/.derivedData build -scheme ExtendedSwiftMath -destination generic/platform=watchOS
Resolve Package Graph
Resolved source packages:
  ExtendedSwiftMath: /Users/admin/builder/spi-builder-workspace
ComputePackagePrebuildTargetDependencyGraph
Prepare packages
CreateBuildRequest
SendProjectDescription
CreateBuildOperation
ComputeTargetDependencyGraph
note: Building targets in dependency order
note: Target dependency graph (3 targets)
    Target 'ExtendedSwiftMath' in project 'ExtendedSwiftMath'
        ➜ Explicit dependency on target 'ExtendedSwiftMath' in project 'ExtendedSwiftMath'
        ➜ Explicit dependency on target 'ExtendedSwiftMath_ExtendedSwiftMath' in project 'ExtendedSwiftMath'
    Target 'ExtendedSwiftMath' in project 'ExtendedSwiftMath'
        ➜ Explicit dependency on target 'ExtendedSwiftMath_ExtendedSwiftMath' in project 'ExtendedSwiftMath'
    Target 'ExtendedSwiftMath_ExtendedSwiftMath' in project 'ExtendedSwiftMath' (no dependencies)
GatherProvisioningInputs
CreateBuildDescription
ExecuteExternalTool /Applications/Xcode-26.4.0.app/Contents/Developer/Toolchains/XcodeDefault.xctoolchain/usr/bin/clang -v -E -dM -isysroot /Applications/Xcode-26.4.0.app/Contents/Developer/Platforms/WatchOS.platform/Developer/SDKs/WatchOS26.4.sdk -x c -c /dev/null
ExecuteExternalTool /Applications/Xcode-26.4.0.app/Contents/Developer/Toolchains/XcodeDefault.xctoolchain/usr/bin/swiftc --version
ExecuteExternalTool /Applications/Xcode-26.4.0.app/Contents/Developer/Toolchains/XcodeDefault.xctoolchain/usr/bin/ld -version_details
ReadFileContents /Applications/Xcode-26.4.0.app/Contents/Developer/Toolchains/XcodeDefault.xctoolchain/usr/share/docc/features.json
Build description signature: cea237573817cf0bec0286988640faa2
Build description path: /Users/admin/builder/spi-builder-workspace/.derivedData/Build/Intermediates.noindex/XCBuildData/cea237573817cf0bec0286988640faa2.xcbuilddata
ClangStatCache /Applications/Xcode-26.4.0.app/Contents/Developer/Toolchains/XcodeDefault.xctoolchain/usr/bin/clang-stat-cache /Applications/Xcode-26.4.0.app/Contents/Developer/Platforms/WatchOS.platform/Developer/SDKs/WatchOS26.4.sdk /Users/admin/builder/spi-builder-workspace/.derivedData/SDKStatCaches.noindex/watchos26.4-23T238-688ef53f1462e2c8f657fdc38a81448f9e51884a582f42380855760c9d4cc599.sdkstatcache
    cd /Users/admin/builder/spi-builder-workspace/.swiftpm/xcode
    /Applications/Xcode-26.4.0.app/Contents/Developer/Toolchains/XcodeDefault.xctoolchain/usr/bin/clang-stat-cache /Applications/Xcode-26.4.0.app/Contents/Developer/Platforms/WatchOS.platform/Developer/SDKs/WatchOS26.4.sdk -o /Users/admin/builder/spi-builder-workspace/.derivedData/SDKStatCaches.noindex/watchos26.4-23T238-688ef53f1462e2c8f657fdc38a81448f9e51884a582f42380855760c9d4cc599.sdkstatcache
CreateBuildDirectory /Users/admin/builder/spi-builder-workspace/.derivedData/Build/Products
    cd /Users/admin/builder/spi-builder-workspace/.swiftpm/xcode
    builtin-create-build-directory /Users/admin/builder/spi-builder-workspace/.derivedData/Build/Products
CreateBuildDirectory /Users/admin/builder/spi-builder-workspace/.derivedData/Build/Intermediates.noindex
    cd /Users/admin/builder/spi-builder-workspace/.swiftpm/xcode
    builtin-create-build-directory /Users/admin/builder/spi-builder-workspace/.derivedData/Build/Intermediates.noindex
CreateBuildDirectory /Users/admin/builder/spi-builder-workspace/.derivedData/Build/Intermediates.noindex/ExplicitPrecompiledModules
    cd /Users/admin/builder/spi-builder-workspace/.swiftpm/xcode
    builtin-create-build-directory /Users/admin/builder/spi-builder-workspace/.derivedData/Build/Intermediates.noindex/ExplicitPrecompiledModules
CreateBuildDirectory /Users/admin/builder/spi-builder-workspace/.derivedData/Build/Intermediates.noindex/SwiftExplicitPrecompiledModules
    cd /Users/admin/builder/spi-builder-workspace/.swiftpm/xcode
    builtin-create-build-directory /Users/admin/builder/spi-builder-workspace/.derivedData/Build/Intermediates.noindex/SwiftExplicitPrecompiledModules
CreateBuildDirectory /Users/admin/builder/spi-builder-workspace/.derivedData/Build/Intermediates.noindex/EagerLinkingTBDs/Debug-watchos
    cd /Users/admin/builder/spi-builder-workspace/.swiftpm/xcode
    builtin-create-build-directory /Users/admin/builder/spi-builder-workspace/.derivedData/Build/Intermediates.noindex/EagerLinkingTBDs/Debug-watchos
CreateBuildDirectory /Users/admin/builder/spi-builder-workspace/.derivedData/Build/Products/Debug-watchos
    cd /Users/admin/builder/spi-builder-workspace/.swiftpm/xcode
    builtin-create-build-directory /Users/admin/builder/spi-builder-workspace/.derivedData/Build/Products/Debug-watchos
CreateBuildDirectory /Users/admin/builder/spi-builder-workspace/.derivedData/Build/Products/Debug-watchos/PackageFrameworks
    cd /Users/admin/builder/spi-builder-workspace/.swiftpm/xcode
    builtin-create-build-directory /Users/admin/builder/spi-builder-workspace/.derivedData/Build/Products/Debug-watchos/PackageFrameworks
MkDir /Users/admin/builder/spi-builder-workspace/.derivedData/Build/Products/Debug-watchos/ExtendedSwiftMath_ExtendedSwiftMath.bundle (in target 'ExtendedSwiftMath_ExtendedSwiftMath' from project 'ExtendedSwiftMath')
    cd /Users/admin/builder/spi-builder-workspace
    /bin/mkdir -p /Users/admin/builder/spi-builder-workspace/.derivedData/Build/Products/Debug-watchos/ExtendedSwiftMath_ExtendedSwiftMath.bundle
WriteAuxiliaryFile /Users/admin/builder/spi-builder-workspace/.derivedData/Build/Intermediates.noindex/ExtendedSwiftMath.build/Debug-watchos/ExtendedSwiftMath_ExtendedSwiftMath.build/ExtendedSwiftMath_ExtendedSwiftMath.DependencyMetadataFileList (in target 'ExtendedSwiftMath_ExtendedSwiftMath' from project 'ExtendedSwiftMath')
    cd /Users/admin/builder/spi-builder-workspace
    write-file /Users/admin/builder/spi-builder-workspace/.derivedData/Build/Intermediates.noindex/ExtendedSwiftMath.build/Debug-watchos/ExtendedSwiftMath_ExtendedSwiftMath.build/ExtendedSwiftMath_ExtendedSwiftMath.DependencyMetadataFileList
WriteAuxiliaryFile /Users/admin/builder/spi-builder-workspace/.derivedData/Build/Intermediates.noindex/ExtendedSwiftMath.build/Debug-watchos/ExtendedSwiftMath_ExtendedSwiftMath.build/ExtendedSwiftMath_ExtendedSwiftMath.DependencyStaticMetadataFileList (in target 'ExtendedSwiftMath_ExtendedSwiftMath' from project 'ExtendedSwiftMath')
    cd /Users/admin/builder/spi-builder-workspace
    write-file /Users/admin/builder/spi-builder-workspace/.derivedData/Build/Intermediates.noindex/ExtendedSwiftMath.build/Debug-watchos/ExtendedSwiftMath_ExtendedSwiftMath.build/ExtendedSwiftMath_ExtendedSwiftMath.DependencyStaticMetadataFileList
WriteAuxiliaryFile /Users/admin/builder/spi-builder-workspace/.derivedData/Build/Intermediates.noindex/ExtendedSwiftMath.build/Debug-watchos/ExtendedSwiftMath_ExtendedSwiftMath.build/empty-ExtendedSwiftMath_ExtendedSwiftMath.plist (in target 'ExtendedSwiftMath_ExtendedSwiftMath' from project 'ExtendedSwiftMath')
    cd /Users/admin/builder/spi-builder-workspace
    write-file /Users/admin/builder/spi-builder-workspace/.derivedData/Build/Intermediates.noindex/ExtendedSwiftMath.build/Debug-watchos/ExtendedSwiftMath_ExtendedSwiftMath.build/empty-ExtendedSwiftMath_ExtendedSwiftMath.plist
WriteAuxiliaryFile /Users/admin/builder/spi-builder-workspace/.derivedData/Build/Intermediates.noindex/ExtendedSwiftMath.build/Debug-watchos/ExtendedSwiftMath.build/Objects-normal/armv7k/ExtendedSwiftMath-OutputFileMap.json (in target 'ExtendedSwiftMath' from project 'ExtendedSwiftMath')
    cd /Users/admin/builder/spi-builder-workspace
    write-file /Users/admin/builder/spi-builder-workspace/.derivedData/Build/Intermediates.noindex/ExtendedSwiftMath.build/Debug-watchos/ExtendedSwiftMath.build/Objects-normal/armv7k/ExtendedSwiftMath-OutputFileMap.json
WriteAuxiliaryFile /Users/admin/builder/spi-builder-workspace/.derivedData/Build/Intermediates.noindex/ExtendedSwiftMath.build/Debug-watchos/ExtendedSwiftMath.build/Objects-normal/armv7k/ExtendedSwiftMath_const_extract_protocols.json (in target 'ExtendedSwiftMath' from project 'ExtendedSwiftMath')
    cd /Users/admin/builder/spi-builder-workspace
    write-file /Users/admin/builder/spi-builder-workspace/.derivedData/Build/Intermediates.noindex/ExtendedSwiftMath.build/Debug-watchos/ExtendedSwiftMath.build/Objects-normal/armv7k/ExtendedSwiftMath_const_extract_protocols.json
WriteAuxiliaryFile /Users/admin/builder/spi-builder-workspace/.derivedData/Build/Intermediates.noindex/ExtendedSwiftMath.build/Debug-watchos/ExtendedSwiftMath.build/Objects-normal/armv7k/ExtendedSwiftMath.LinkFileList (in target 'ExtendedSwiftMath' from project 'ExtendedSwiftMath')
    cd /Users/admin/builder/spi-builder-workspace
    write-file /Users/admin/builder/spi-builder-workspace/.derivedData/Build/Intermediates.noindex/ExtendedSwiftMath.build/Debug-watchos/ExtendedSwiftMath.build/Objects-normal/armv7k/ExtendedSwiftMath.LinkFileList
WriteAuxiliaryFile /Users/admin/builder/spi-builder-workspace/.derivedData/Build/Intermediates.noindex/ExtendedSwiftMath.build/Debug-watchos/ExtendedSwiftMath.build/Objects-normal/armv7k/ExtendedSwiftMath.SwiftFileList (in target 'ExtendedSwiftMath' from project 'ExtendedSwiftMath')
    cd /Users/admin/builder/spi-builder-workspace
    write-file /Users/admin/builder/spi-builder-workspace/.derivedData/Build/Intermediates.noindex/ExtendedSwiftMath.build/Debug-watchos/ExtendedSwiftMath.build/Objects-normal/armv7k/ExtendedSwiftMath.SwiftFileList
WriteAuxiliaryFile /Users/admin/builder/spi-builder-workspace/.derivedData/Build/Intermediates.noindex/ExtendedSwiftMath.build/Debug-watchos/ExtendedSwiftMath.build/Objects-normal/armv7k/ExtendedSwiftMath.SwiftConstValuesFileList (in target 'ExtendedSwiftMath' from project 'ExtendedSwiftMath')
    cd /Users/admin/builder/spi-builder-workspace
    write-file /Users/admin/builder/spi-builder-workspace/.derivedData/Build/Intermediates.noindex/ExtendedSwiftMath.build/Debug-watchos/ExtendedSwiftMath.build/Objects-normal/armv7k/ExtendedSwiftMath.SwiftConstValuesFileList
WriteAuxiliaryFile /Users/admin/builder/spi-builder-workspace/.derivedData/Build/Intermediates.noindex/ExtendedSwiftMath.build/Debug-watchos/ExtendedSwiftMath.build/Objects-normal/arm64_32/ExtendedSwiftMath_const_extract_protocols.json (in target 'ExtendedSwiftMath' from project 'ExtendedSwiftMath')
    cd /Users/admin/builder/spi-builder-workspace
    write-file /Users/admin/builder/spi-builder-workspace/.derivedData/Build/Intermediates.noindex/ExtendedSwiftMath.build/Debug-watchos/ExtendedSwiftMath.build/Objects-normal/arm64_32/ExtendedSwiftMath_const_extract_protocols.json
WriteAuxiliaryFile /Users/admin/builder/spi-builder-workspace/.derivedData/Build/Intermediates.noindex/ExtendedSwiftMath.build/Debug-watchos/ExtendedSwiftMath.build/Objects-normal/arm64_32/ExtendedSwiftMath.SwiftFileList (in target 'ExtendedSwiftMath' from project 'ExtendedSwiftMath')
    cd /Users/admin/builder/spi-builder-workspace
    write-file /Users/admin/builder/spi-builder-workspace/.derivedData/Build/Intermediates.noindex/ExtendedSwiftMath.build/Debug-watchos/ExtendedSwiftMath.build/Objects-normal/arm64_32/ExtendedSwiftMath.SwiftFileList
WriteAuxiliaryFile /Users/admin/builder/spi-builder-workspace/.derivedData/Build/Intermediates.noindex/ExtendedSwiftMath.build/Debug-watchos/ExtendedSwiftMath.build/Objects-normal/arm64_32/ExtendedSwiftMath.SwiftConstValuesFileList (in target 'ExtendedSwiftMath' from project 'ExtendedSwiftMath')
    cd /Users/admin/builder/spi-builder-workspace
    write-file /Users/admin/builder/spi-builder-workspace/.derivedData/Build/Intermediates.noindex/ExtendedSwiftMath.build/Debug-watchos/ExtendedSwiftMath.build/Objects-normal/arm64_32/ExtendedSwiftMath.SwiftConstValuesFileList
WriteAuxiliaryFile /Users/admin/builder/spi-builder-workspace/.derivedData/Build/Intermediates.noindex/ExtendedSwiftMath.build/Debug-watchos/ExtendedSwiftMath.build/Objects-normal/arm64_32/ExtendedSwiftMath.LinkFileList (in target 'ExtendedSwiftMath' from project 'ExtendedSwiftMath')
    cd /Users/admin/builder/spi-builder-workspace
    write-file /Users/admin/builder/spi-builder-workspace/.derivedData/Build/Intermediates.noindex/ExtendedSwiftMath.build/Debug-watchos/ExtendedSwiftMath.build/Objects-normal/arm64_32/ExtendedSwiftMath.LinkFileList
WriteAuxiliaryFile /Users/admin/builder/spi-builder-workspace/.derivedData/Build/Intermediates.noindex/ExtendedSwiftMath.build/Debug-watchos/ExtendedSwiftMath.build/Objects-normal/arm64_32/ExtendedSwiftMath-OutputFileMap.json (in target 'ExtendedSwiftMath' from project 'ExtendedSwiftMath')
    cd /Users/admin/builder/spi-builder-workspace
    write-file /Users/admin/builder/spi-builder-workspace/.derivedData/Build/Intermediates.noindex/ExtendedSwiftMath.build/Debug-watchos/ExtendedSwiftMath.build/Objects-normal/arm64_32/ExtendedSwiftMath-OutputFileMap.json
WriteAuxiliaryFile /Users/admin/builder/spi-builder-workspace/.derivedData/Build/Intermediates.noindex/ExtendedSwiftMath.build/Debug-watchos/ExtendedSwiftMath.build/Objects-normal/arm64/ExtendedSwiftMath_const_extract_protocols.json (in target 'ExtendedSwiftMath' from project 'ExtendedSwiftMath')
    cd /Users/admin/builder/spi-builder-workspace
    write-file /Users/admin/builder/spi-builder-workspace/.derivedData/Build/Intermediates.noindex/ExtendedSwiftMath.build/Debug-watchos/ExtendedSwiftMath.build/Objects-normal/arm64/ExtendedSwiftMath_const_extract_protocols.json
WriteAuxiliaryFile /Users/admin/builder/spi-builder-workspace/.derivedData/Build/Intermediates.noindex/ExtendedSwiftMath.build/Debug-watchos/ExtendedSwiftMath.build/Objects-normal/arm64/ExtendedSwiftMath.SwiftFileList (in target 'ExtendedSwiftMath' from project 'ExtendedSwiftMath')
    cd /Users/admin/builder/spi-builder-workspace
    write-file /Users/admin/builder/spi-builder-workspace/.derivedData/Build/Intermediates.noindex/ExtendedSwiftMath.build/Debug-watchos/ExtendedSwiftMath.build/Objects-normal/arm64/ExtendedSwiftMath.SwiftFileList
WriteAuxiliaryFile /Users/admin/builder/spi-builder-workspace/.derivedData/Build/Intermediates.noindex/ExtendedSwiftMath.build/Debug-watchos/ExtendedSwiftMath.build/Objects-normal/arm64/ExtendedSwiftMath.SwiftConstValuesFileList (in target 'ExtendedSwiftMath' from project 'ExtendedSwiftMath')
    cd /Users/admin/builder/spi-builder-workspace
    write-file /Users/admin/builder/spi-builder-workspace/.derivedData/Build/Intermediates.noindex/ExtendedSwiftMath.build/Debug-watchos/ExtendedSwiftMath.build/Objects-normal/arm64/ExtendedSwiftMath.SwiftConstValuesFileList
WriteAuxiliaryFile /Users/admin/builder/spi-builder-workspace/.derivedData/Build/Intermediates.noindex/ExtendedSwiftMath.build/Debug-watchos/ExtendedSwiftMath.build/Objects-normal/arm64/ExtendedSwiftMath.LinkFileList (in target 'ExtendedSwiftMath' from project 'ExtendedSwiftMath')
    cd /Users/admin/builder/spi-builder-workspace
    write-file /Users/admin/builder/spi-builder-workspace/.derivedData/Build/Intermediates.noindex/ExtendedSwiftMath.build/Debug-watchos/ExtendedSwiftMath.build/Objects-normal/arm64/ExtendedSwiftMath.LinkFileList
WriteAuxiliaryFile /Users/admin/builder/spi-builder-workspace/.derivedData/Build/Intermediates.noindex/ExtendedSwiftMath.build/Debug-watchos/ExtendedSwiftMath.build/Objects-normal/arm64/ExtendedSwiftMath-OutputFileMap.json (in target 'ExtendedSwiftMath' from project 'ExtendedSwiftMath')
    cd /Users/admin/builder/spi-builder-workspace
    write-file /Users/admin/builder/spi-builder-workspace/.derivedData/Build/Intermediates.noindex/ExtendedSwiftMath.build/Debug-watchos/ExtendedSwiftMath.build/Objects-normal/arm64/ExtendedSwiftMath-OutputFileMap.json
WriteAuxiliaryFile /Users/admin/builder/spi-builder-workspace/.derivedData/Build/Intermediates.noindex/ExtendedSwiftMath.build/Debug-watchos/ExtendedSwiftMath.build/ExtendedSwiftMath.modulemap (in target 'ExtendedSwiftMath' from project 'ExtendedSwiftMath')
    cd /Users/admin/builder/spi-builder-workspace
    write-file /Users/admin/builder/spi-builder-workspace/.derivedData/Build/Intermediates.noindex/ExtendedSwiftMath.build/Debug-watchos/ExtendedSwiftMath.build/ExtendedSwiftMath.modulemap
WriteAuxiliaryFile /Users/admin/builder/spi-builder-workspace/.derivedData/Build/Intermediates.noindex/ExtendedSwiftMath.build/Debug-watchos/ExtendedSwiftMath.build/ExtendedSwiftMath.DependencyStaticMetadataFileList (in target 'ExtendedSwiftMath' from project 'ExtendedSwiftMath')
    cd /Users/admin/builder/spi-builder-workspace
    write-file /Users/admin/builder/spi-builder-workspace/.derivedData/Build/Intermediates.noindex/ExtendedSwiftMath.build/Debug-watchos/ExtendedSwiftMath.build/ExtendedSwiftMath.DependencyStaticMetadataFileList
WriteAuxiliaryFile /Users/admin/builder/spi-builder-workspace/.derivedData/Build/Intermediates.noindex/ExtendedSwiftMath.build/Debug-watchos/ExtendedSwiftMath.build/ExtendedSwiftMath.DependencyMetadataFileList (in target 'ExtendedSwiftMath' from project 'ExtendedSwiftMath')
    cd /Users/admin/builder/spi-builder-workspace
    write-file /Users/admin/builder/spi-builder-workspace/.derivedData/Build/Intermediates.noindex/ExtendedSwiftMath.build/Debug-watchos/ExtendedSwiftMath.build/ExtendedSwiftMath.DependencyMetadataFileList
WriteAuxiliaryFile /Users/admin/builder/spi-builder-workspace/.derivedData/Build/Intermediates.noindex/ExtendedSwiftMath.build/Debug-watchos/ExtendedSwiftMath.build/DerivedSources/resource_bundle_accessor.swift (in target 'ExtendedSwiftMath' from project 'ExtendedSwiftMath')
    cd /Users/admin/builder/spi-builder-workspace
    write-file /Users/admin/builder/spi-builder-workspace/.derivedData/Build/Intermediates.noindex/ExtendedSwiftMath.build/Debug-watchos/ExtendedSwiftMath.build/DerivedSources/resource_bundle_accessor.swift
Copy /Users/admin/builder/spi-builder-workspace/.derivedData/Build/Intermediates.noindex/GeneratedModuleMaps-watchos/ExtendedSwiftMath.modulemap /Users/admin/builder/spi-builder-workspace/.derivedData/Build/Intermediates.noindex/ExtendedSwiftMath.build/Debug-watchos/ExtendedSwiftMath.build/ExtendedSwiftMath.modulemap (in target 'ExtendedSwiftMath' from project 'ExtendedSwiftMath')
    cd /Users/admin/builder/spi-builder-workspace
    builtin-copy -exclude .DS_Store -exclude CVS -exclude .svn -exclude .git -exclude .hg -resolve-src-symlinks /Users/admin/builder/spi-builder-workspace/.derivedData/Build/Intermediates.noindex/ExtendedSwiftMath.build/Debug-watchos/ExtendedSwiftMath.build/ExtendedSwiftMath.modulemap /Users/admin/builder/spi-builder-workspace/.derivedData/Build/Intermediates.noindex/GeneratedModuleMaps-watchos
ProcessInfoPlistFile /Users/admin/builder/spi-builder-workspace/.derivedData/Build/Products/Debug-watchos/ExtendedSwiftMath_ExtendedSwiftMath.bundle/Info.plist /Users/admin/builder/spi-builder-workspace/.derivedData/Build/Intermediates.noindex/ExtendedSwiftMath.build/Debug-watchos/ExtendedSwiftMath_ExtendedSwiftMath.build/empty-ExtendedSwiftMath_ExtendedSwiftMath.plist (in target 'ExtendedSwiftMath_ExtendedSwiftMath' from project 'ExtendedSwiftMath')
    cd /Users/admin/builder/spi-builder-workspace
    builtin-infoPlistUtility /Users/admin/builder/spi-builder-workspace/.derivedData/Build/Intermediates.noindex/ExtendedSwiftMath.build/Debug-watchos/ExtendedSwiftMath_ExtendedSwiftMath.build/empty-ExtendedSwiftMath_ExtendedSwiftMath.plist -producttype com.apple.product-type.bundle -expandbuildsettings -format binary -platform watchos -o /Users/admin/builder/spi-builder-workspace/.derivedData/Build/Products/Debug-watchos/ExtendedSwiftMath_ExtendedSwiftMath.bundle/Info.plist
CpResource /Users/admin/builder/spi-builder-workspace/.derivedData/Build/Products/Debug-watchos/ExtendedSwiftMath_ExtendedSwiftMath.bundle/mathFonts.bundle /Users/admin/builder/spi-builder-workspace/Sources/ExtendedSwiftMath/mathFonts.bundle (in target 'ExtendedSwiftMath_ExtendedSwiftMath' from project 'ExtendedSwiftMath')
    cd /Users/admin/builder/spi-builder-workspace
    builtin-copy -exclude .DS_Store -exclude CVS -exclude .svn -exclude .git -exclude .hg -resolve-src-symlinks /Users/admin/builder/spi-builder-workspace/Sources/ExtendedSwiftMath/mathFonts.bundle /Users/admin/builder/spi-builder-workspace/.derivedData/Build/Products/Debug-watchos/ExtendedSwiftMath_ExtendedSwiftMath.bundle
RegisterExecutionPolicyException /Users/admin/builder/spi-builder-workspace/.derivedData/Build/Products/Debug-watchos/ExtendedSwiftMath_ExtendedSwiftMath.bundle (in target 'ExtendedSwiftMath_ExtendedSwiftMath' from project 'ExtendedSwiftMath')
    cd /Users/admin/builder/spi-builder-workspace
    builtin-RegisterExecutionPolicyException /Users/admin/builder/spi-builder-workspace/.derivedData/Build/Products/Debug-watchos/ExtendedSwiftMath_ExtendedSwiftMath.bundle
Touch /Users/admin/builder/spi-builder-workspace/.derivedData/Build/Products/Debug-watchos/ExtendedSwiftMath_ExtendedSwiftMath.bundle (in target 'ExtendedSwiftMath_ExtendedSwiftMath' from project 'ExtendedSwiftMath')
    cd /Users/admin/builder/spi-builder-workspace
    /usr/bin/touch -c /Users/admin/builder/spi-builder-workspace/.derivedData/Build/Products/Debug-watchos/ExtendedSwiftMath_ExtendedSwiftMath.bundle
SwiftDriver ExtendedSwiftMath normal armv7k com.apple.xcode.tools.swift.compiler (in target 'ExtendedSwiftMath' from project 'ExtendedSwiftMath')
    cd /Users/admin/builder/spi-builder-workspace/.swiftpm/xcode
    builtin-SwiftDriver -- /Applications/Xcode-26.4.0.app/Contents/Developer/Toolchains/XcodeDefault.xctoolchain/usr/bin/swiftc -module-name ExtendedSwiftMath -Onone @/Users/admin/builder/spi-builder-workspace/.derivedData/Build/Intermediates.noindex/ExtendedSwiftMath.build/Debug-watchos/ExtendedSwiftMath.build/Objects-normal/armv7k/ExtendedSwiftMath.SwiftFileList -DSWIFT_PACKAGE -DDEBUG -DSWIFT_MODULE_RESOURCE_BUNDLE_AVAILABLE -DXcode -plugin-path /Applications/Xcode-26.4.0.app/Contents/Developer/Toolchains/XcodeDefault.xctoolchain/usr/lib/swift/host/plugins/testing -enable-experimental-feature DebugDescriptionMacro -sdk /Applications/Xcode-26.4.0.app/Contents/Developer/Platforms/WatchOS.platform/Developer/SDKs/WatchOS26.4.sdk -target armv7k-apple-watchos5.0 -g -module-cache-path /Users/admin/builder/spi-builder-workspace/.derivedData/ModuleCache.noindex -Xfrontend -serialize-debugging-options -profile-coverage-mapping -profile-generate -enable-testing -index-store-path /Users/admin/builder/spi-builder-workspace/.derivedData/Index.noindex/DataStore -Xcc -D_LIBCPP_HARDENING_MODE\=_LIBCPP_HARDENING_MODE_DEBUG -swift-version 5 -I /Users/admin/builder/spi-builder-workspace/.derivedData/Build/Products/Debug-watchos -Isystem /Applications/Xcode-26.4.0.app/Contents/Developer/Platforms/WatchOS.platform/Developer/usr/lib -F /Users/admin/builder/spi-builder-workspace/.derivedData/Build/Products/Debug-watchos -F /Applications/Xcode-26.4.0.app/Contents/Developer/Platforms/WatchOS.platform/Developer/Library/Frameworks -F /Applications/Xcode-26.4.0.app/Contents/Developer/Platforms/WatchOS.platform/Developer/SDKs/WatchOS26.4.sdk/Developer/Library/Frameworks -emit-localized-strings -emit-localized-strings-path /Users/admin/builder/spi-builder-workspace/.derivedData/Build/Intermediates.noindex/ExtendedSwiftMath.build/Debug-watchos/ExtendedSwiftMath.build/Objects-normal/armv7k -c -j10 -enable-batch-mode -incremental -Xcc -ivfsstatcache -Xcc /Users/admin/builder/spi-builder-workspace/.derivedData/SDKStatCaches.noindex/watchos26.4-23T238-688ef53f1462e2c8f657fdc38a81448f9e51884a582f42380855760c9d4cc599.sdkstatcache -output-file-map /Users/admin/builder/spi-builder-workspace/.derivedData/Build/Intermediates.noindex/ExtendedSwiftMath.build/Debug-watchos/ExtendedSwiftMath.build/Objects-normal/armv7k/ExtendedSwiftMath-OutputFileMap.json -use-frontend-parseable-output -save-temps -no-color-diagnostics -explicit-module-build -module-cache-path /Users/admin/builder/spi-builder-workspace/.derivedData/Build/Intermediates.noindex/SwiftExplicitPrecompiledModules -clang-scanner-module-cache-path /Users/admin/builder/spi-builder-workspace/.derivedData/ModuleCache.noindex -sdk-module-cache-path /Users/admin/builder/spi-builder-workspace/.derivedData/ModuleCache.noindex -serialize-diagnostics -emit-dependencies -emit-module -emit-module-path /Users/admin/builder/spi-builder-workspace/.derivedData/Build/Intermediates.noindex/ExtendedSwiftMath.build/Debug-watchos/ExtendedSwiftMath.build/Objects-normal/armv7k/ExtendedSwiftMath.swiftmodule -validate-clang-modules-once -clang-build-session-file /Users/admin/builder/spi-builder-workspace/.derivedData/ModuleCache.noindex/Session.modulevalidation -Xcc -I/Users/admin/builder/spi-builder-workspace/.derivedData/Build/Intermediates.noindex/ExtendedSwiftMath.build/Debug-watchos/ExtendedSwiftMath.build/swift-overrides.hmap -emit-const-values -Xfrontend -const-gather-protocols-file -Xfrontend /Users/admin/builder/spi-builder-workspace/.derivedData/Build/Intermediates.noindex/ExtendedSwiftMath.build/Debug-watchos/ExtendedSwiftMath.build/Objects-normal/armv7k/ExtendedSwiftMath_const_extract_protocols.json -Xcc -I/Users/admin/builder/spi-builder-workspace/.derivedData/Build/Products/Debug-watchos/include -Xcc -I/Users/admin/builder/spi-builder-workspace/.derivedData/Build/Intermediates.noindex/ExtendedSwiftMath.build/Debug-watchos/ExtendedSwiftMath.build/DerivedSources-normal/armv7k -Xcc -I/Users/admin/builder/spi-builder-workspace/.derivedData/Build/Intermediates.noindex/ExtendedSwiftMath.build/Debug-watchos/ExtendedSwiftMath.build/DerivedSources/armv7k -Xcc -I/Users/admin/builder/spi-builder-workspace/.derivedData/Build/Intermediates.noindex/ExtendedSwiftMath.build/Debug-watchos/ExtendedSwiftMath.build/DerivedSources -Xcc -DSWIFT_PACKAGE -Xcc -DDEBUG\=1 -emit-objc-header -emit-objc-header-path /Users/admin/builder/spi-builder-workspace/.derivedData/Build/Intermediates.noindex/ExtendedSwiftMath.build/Debug-watchos/ExtendedSwiftMath.build/Objects-normal/armv7k/ExtendedSwiftMath-Swift.h -working-directory /Users/admin/builder/spi-builder-workspace/.swiftpm/xcode -experimental-emit-module-separately -disable-cmo
/Users/admin/builder/spi-builder-workspace/Sources/ExtendedSwiftMath/MathRender/MTConfig.swift:28:8: error: Unable to resolve module dependency: 'AppKit'
import AppKit
       ^ (in target 'ExtendedSwiftMath' from project 'ExtendedSwiftMath')
/Users/admin/builder/spi-builder-workspace/Sources/ExtendedSwiftMath/MathRender/MTConfig.swift:28:8: note: A dependency of main module 'ExtendedSwiftMath'
import AppKit
       ^ (in target 'ExtendedSwiftMath' from project 'ExtendedSwiftMath')
SwiftDriver ExtendedSwiftMath normal arm64_32 com.apple.xcode.tools.swift.compiler (in target 'ExtendedSwiftMath' from project 'ExtendedSwiftMath')
    cd /Users/admin/builder/spi-builder-workspace/.swiftpm/xcode
    builtin-SwiftDriver -- /Applications/Xcode-26.4.0.app/Contents/Developer/Toolchains/XcodeDefault.xctoolchain/usr/bin/swiftc -module-name ExtendedSwiftMath -Onone @/Users/admin/builder/spi-builder-workspace/.derivedData/Build/Intermediates.noindex/ExtendedSwiftMath.build/Debug-watchos/ExtendedSwiftMath.build/Objects-normal/arm64_32/ExtendedSwiftMath.SwiftFileList -DSWIFT_PACKAGE -DDEBUG -DSWIFT_MODULE_RESOURCE_BUNDLE_AVAILABLE -DXcode -plugin-path /Applications/Xcode-26.4.0.app/Contents/Developer/Toolchains/XcodeDefault.xctoolchain/usr/lib/swift/host/plugins/testing -enable-experimental-feature DebugDescriptionMacro -sdk /Applications/Xcode-26.4.0.app/Contents/Developer/Platforms/WatchOS.platform/Developer/SDKs/WatchOS26.4.sdk -target arm64_32-apple-watchos5.0 -g -module-cache-path /Users/admin/builder/spi-builder-workspace/.derivedData/ModuleCache.noindex -Xfrontend -serialize-debugging-options -profile-coverage-mapping -profile-generate -enable-testing -index-store-path /Users/admin/builder/spi-builder-workspace/.derivedData/Index.noindex/DataStore -Xcc -D_LIBCPP_HARDENING_MODE\=_LIBCPP_HARDENING_MODE_DEBUG -swift-version 5 -I /Users/admin/builder/spi-builder-workspace/.derivedData/Build/Products/Debug-watchos -Isystem /Applications/Xcode-26.4.0.app/Contents/Developer/Platforms/WatchOS.platform/Developer/usr/lib -F /Users/admin/builder/spi-builder-workspace/.derivedData/Build/Products/Debug-watchos -F /Applications/Xcode-26.4.0.app/Contents/Developer/Platforms/WatchOS.platform/Developer/Library/Frameworks -F /Applications/Xcode-26.4.0.app/Contents/Developer/Platforms/WatchOS.platform/Developer/SDKs/WatchOS26.4.sdk/Developer/Library/Frameworks -emit-localized-strings -emit-localized-strings-path /Users/admin/builder/spi-builder-workspace/.derivedData/Build/Intermediates.noindex/ExtendedSwiftMath.build/Debug-watchos/ExtendedSwiftMath.build/Objects-normal/arm64_32 -c -j10 -enable-batch-mode -incremental -Xcc -ivfsstatcache -Xcc /Users/admin/builder/spi-builder-workspace/.derivedData/SDKStatCaches.noindex/watchos26.4-23T238-688ef53f1462e2c8f657fdc38a81448f9e51884a582f42380855760c9d4cc599.sdkstatcache -output-file-map /Users/admin/builder/spi-builder-workspace/.derivedData/Build/Intermediates.noindex/ExtendedSwiftMath.build/Debug-watchos/ExtendedSwiftMath.build/Objects-normal/arm64_32/ExtendedSwiftMath-OutputFileMap.json -use-frontend-parseable-output -save-temps -no-color-diagnostics -explicit-module-build -module-cache-path /Users/admin/builder/spi-builder-workspace/.derivedData/Build/Intermediates.noindex/SwiftExplicitPrecompiledModules -clang-scanner-module-cache-path /Users/admin/builder/spi-builder-workspace/.derivedData/ModuleCache.noindex -sdk-module-cache-path /Users/admin/builder/spi-builder-workspace/.derivedData/ModuleCache.noindex -serialize-diagnostics -emit-dependencies -emit-module -emit-module-path /Users/admin/builder/spi-builder-workspace/.derivedData/Build/Intermediates.noindex/ExtendedSwiftMath.build/Debug-watchos/ExtendedSwiftMath.build/Objects-normal/arm64_32/ExtendedSwiftMath.swiftmodule -validate-clang-modules-once -clang-build-session-file /Users/admin/builder/spi-builder-workspace/.derivedData/ModuleCache.noindex/Session.modulevalidation -Xcc -I/Users/admin/builder/spi-builder-workspace/.derivedData/Build/Intermediates.noindex/ExtendedSwiftMath.build/Debug-watchos/ExtendedSwiftMath.build/swift-overrides.hmap -emit-const-values -Xfrontend -const-gather-protocols-file -Xfrontend /Users/admin/builder/spi-builder-workspace/.derivedData/Build/Intermediates.noindex/ExtendedSwiftMath.build/Debug-watchos/ExtendedSwiftMath.build/Objects-normal/arm64_32/ExtendedSwiftMath_const_extract_protocols.json -Xcc -I/Users/admin/builder/spi-builder-workspace/.derivedData/Build/Products/Debug-watchos/include -Xcc -I/Users/admin/builder/spi-builder-workspace/.derivedData/Build/Intermediates.noindex/ExtendedSwiftMath.build/Debug-watchos/ExtendedSwiftMath.build/DerivedSources-normal/arm64_32 -Xcc -I/Users/admin/builder/spi-builder-workspace/.derivedData/Build/Intermediates.noindex/ExtendedSwiftMath.build/Debug-watchos/ExtendedSwiftMath.build/DerivedSources/arm64_32 -Xcc -I/Users/admin/builder/spi-builder-workspace/.derivedData/Build/Intermediates.noindex/ExtendedSwiftMath.build/Debug-watchos/ExtendedSwiftMath.build/DerivedSources -Xcc -DSWIFT_PACKAGE -Xcc -DDEBUG\=1 -emit-objc-header -emit-objc-header-path /Users/admin/builder/spi-builder-workspace/.derivedData/Build/Intermediates.noindex/ExtendedSwiftMath.build/Debug-watchos/ExtendedSwiftMath.build/Objects-normal/arm64_32/ExtendedSwiftMath-Swift.h -working-directory /Users/admin/builder/spi-builder-workspace/.swiftpm/xcode -experimental-emit-module-separately -disable-cmo
/Users/admin/builder/spi-builder-workspace/Sources/ExtendedSwiftMath/MathRender/MTConfig.swift:28:8: error: Unable to resolve module dependency: 'AppKit'
import AppKit
       ^ (in target 'ExtendedSwiftMath' from project 'ExtendedSwiftMath')
/Users/admin/builder/spi-builder-workspace/Sources/ExtendedSwiftMath/MathRender/MTConfig.swift:28:8: note: A dependency of main module 'ExtendedSwiftMath'
import AppKit
       ^ (in target 'ExtendedSwiftMath' from project 'ExtendedSwiftMath')
SwiftDriver ExtendedSwiftMath normal arm64 com.apple.xcode.tools.swift.compiler (in target 'ExtendedSwiftMath' from project 'ExtendedSwiftMath')
    cd /Users/admin/builder/spi-builder-workspace/.swiftpm/xcode
    builtin-SwiftDriver -- /Applications/Xcode-26.4.0.app/Contents/Developer/Toolchains/XcodeDefault.xctoolchain/usr/bin/swiftc -module-name ExtendedSwiftMath -Onone @/Users/admin/builder/spi-builder-workspace/.derivedData/Build/Intermediates.noindex/ExtendedSwiftMath.build/Debug-watchos/ExtendedSwiftMath.build/Objects-normal/arm64/ExtendedSwiftMath.SwiftFileList -DSWIFT_PACKAGE -DDEBUG -DSWIFT_MODULE_RESOURCE_BUNDLE_AVAILABLE -DXcode -plugin-path /Applications/Xcode-26.4.0.app/Contents/Developer/Toolchains/XcodeDefault.xctoolchain/usr/lib/swift/host/plugins/testing -enable-experimental-feature DebugDescriptionMacro -sdk /Applications/Xcode-26.4.0.app/Contents/Developer/Platforms/WatchOS.platform/Developer/SDKs/WatchOS26.4.sdk -target arm64-apple-watchos5.0 -g -module-cache-path /Users/admin/builder/spi-builder-workspace/.derivedData/ModuleCache.noindex -Xfrontend -serialize-debugging-options -profile-coverage-mapping -profile-generate -enable-testing -index-store-path /Users/admin/builder/spi-builder-workspace/.derivedData/Index.noindex/DataStore -Xcc -D_LIBCPP_HARDENING_MODE\=_LIBCPP_HARDENING_MODE_DEBUG -swift-version 5 -I /Users/admin/builder/spi-builder-workspace/.derivedData/Build/Products/Debug-watchos -Isystem /Applications/Xcode-26.4.0.app/Contents/Developer/Platforms/WatchOS.platform/Developer/usr/lib -F /Users/admin/builder/spi-builder-workspace/.derivedData/Build/Products/Debug-watchos -F /Applications/Xcode-26.4.0.app/Contents/Developer/Platforms/WatchOS.platform/Developer/Library/Frameworks -F /Applications/Xcode-26.4.0.app/Contents/Developer/Platforms/WatchOS.platform/Developer/SDKs/WatchOS26.4.sdk/Developer/Library/Frameworks -emit-localized-strings -emit-localized-strings-path /Users/admin/builder/spi-builder-workspace/.derivedData/Build/Intermediates.noindex/ExtendedSwiftMath.build/Debug-watchos/ExtendedSwiftMath.build/Objects-normal/arm64 -c -j10 -enable-batch-mode -incremental -Xcc -ivfsstatcache -Xcc /Users/admin/builder/spi-builder-workspace/.derivedData/SDKStatCaches.noindex/watchos26.4-23T238-688ef53f1462e2c8f657fdc38a81448f9e51884a582f42380855760c9d4cc599.sdkstatcache -output-file-map /Users/admin/builder/spi-builder-workspace/.derivedData/Build/Intermediates.noindex/ExtendedSwiftMath.build/Debug-watchos/ExtendedSwiftMath.build/Objects-normal/arm64/ExtendedSwiftMath-OutputFileMap.json -use-frontend-parseable-output -save-temps -no-color-diagnostics -explicit-module-build -module-cache-path /Users/admin/builder/spi-builder-workspace/.derivedData/Build/Intermediates.noindex/SwiftExplicitPrecompiledModules -clang-scanner-module-cache-path /Users/admin/builder/spi-builder-workspace/.derivedData/ModuleCache.noindex -sdk-module-cache-path /Users/admin/builder/spi-builder-workspace/.derivedData/ModuleCache.noindex -serialize-diagnostics -emit-dependencies -emit-module -emit-module-path /Users/admin/builder/spi-builder-workspace/.derivedData/Build/Intermediates.noindex/ExtendedSwiftMath.build/Debug-watchos/ExtendedSwiftMath.build/Objects-normal/arm64/ExtendedSwiftMath.swiftmodule -validate-clang-modules-once -clang-build-session-file /Users/admin/builder/spi-builder-workspace/.derivedData/ModuleCache.noindex/Session.modulevalidation -Xcc -I/Users/admin/builder/spi-builder-workspace/.derivedData/Build/Intermediates.noindex/ExtendedSwiftMath.build/Debug-watchos/ExtendedSwiftMath.build/swift-overrides.hmap -emit-const-values -Xfrontend -const-gather-protocols-file -Xfrontend /Users/admin/builder/spi-builder-workspace/.derivedData/Build/Intermediates.noindex/ExtendedSwiftMath.build/Debug-watchos/ExtendedSwiftMath.build/Objects-normal/arm64/ExtendedSwiftMath_const_extract_protocols.json -Xcc -I/Users/admin/builder/spi-builder-workspace/.derivedData/Build/Products/Debug-watchos/include -Xcc -I/Users/admin/builder/spi-builder-workspace/.derivedData/Build/Intermediates.noindex/ExtendedSwiftMath.build/Debug-watchos/ExtendedSwiftMath.build/DerivedSources-normal/arm64 -Xcc -I/Users/admin/builder/spi-builder-workspace/.derivedData/Build/Intermediates.noindex/ExtendedSwiftMath.build/Debug-watchos/ExtendedSwiftMath.build/DerivedSources/arm64 -Xcc -I/Users/admin/builder/spi-builder-workspace/.derivedData/Build/Intermediates.noindex/ExtendedSwiftMath.build/Debug-watchos/ExtendedSwiftMath.build/DerivedSources -Xcc -DSWIFT_PACKAGE -Xcc -DDEBUG\=1 -emit-objc-header -emit-objc-header-path /Users/admin/builder/spi-builder-workspace/.derivedData/Build/Intermediates.noindex/ExtendedSwiftMath.build/Debug-watchos/ExtendedSwiftMath.build/Objects-normal/arm64/ExtendedSwiftMath-Swift.h -working-directory /Users/admin/builder/spi-builder-workspace/.swiftpm/xcode -experimental-emit-module-separately -disable-cmo
/Users/admin/builder/spi-builder-workspace/Sources/ExtendedSwiftMath/MathRender/MTConfig.swift:28:8: error: Unable to resolve module dependency: 'AppKit'
import AppKit
       ^ (in target 'ExtendedSwiftMath' from project 'ExtendedSwiftMath')
/Users/admin/builder/spi-builder-workspace/Sources/ExtendedSwiftMath/MathRender/MTConfig.swift:28:8: note: A dependency of main module 'ExtendedSwiftMath'
import AppKit
       ^ (in target 'ExtendedSwiftMath' from project 'ExtendedSwiftMath')
2026-07-13 14:25:31.558 xcodebuild[773:4667] [MT] IDERunDestination: Supported platforms for the buildables in the current scheme is empty.
/Users/admin/builder/spi-builder-workspace/Sources/ExtendedSwiftMath/MathRender/MTConfig.swift:28:8: error: unable to resolve module dependency: 'AppKit'
import AppKit
       ^
/Users/admin/builder/spi-builder-workspace/Sources/ExtendedSwiftMath/MathRender/MTConfig.swift:28:8: note: a dependency of main module 'ExtendedSwiftMath'
import AppKit
       ^
/Users/admin/builder/spi-builder-workspace/Sources/ExtendedSwiftMath/MathRender/MTConfig.swift:28:8: error: unable to resolve module dependency: 'AppKit'
import AppKit
       ^
/Users/admin/builder/spi-builder-workspace/Sources/ExtendedSwiftMath/MathRender/MTConfig.swift:28:8: note: a dependency of main module 'ExtendedSwiftMath'
import AppKit
       ^
/Users/admin/builder/spi-builder-workspace/Sources/ExtendedSwiftMath/MathRender/MTConfig.swift:28:8: error: unable to resolve module dependency: 'AppKit'
import AppKit
       ^
/Users/admin/builder/spi-builder-workspace/Sources/ExtendedSwiftMath/MathRender/MTConfig.swift:28:8: note: a dependency of main module 'ExtendedSwiftMath'
import AppKit
       ^
** BUILD FAILED **
The following build commands failed:
	SwiftDriver ExtendedSwiftMath normal armv7k com.apple.xcode.tools.swift.compiler (in target 'ExtendedSwiftMath' from project 'ExtendedSwiftMath')
	SwiftDriver ExtendedSwiftMath normal arm64_32 com.apple.xcode.tools.swift.compiler (in target 'ExtendedSwiftMath' from project 'ExtendedSwiftMath')
	SwiftDriver ExtendedSwiftMath normal arm64 com.apple.xcode.tools.swift.compiler (in target 'ExtendedSwiftMath' from project 'ExtendedSwiftMath')
	Building workspace spi-builder-workspace with scheme ExtendedSwiftMath
(4 failures)
Command line invocation:
    /Applications/Xcode-26.4.0.app/Contents/Developer/usr/bin/xcodebuild -IDEClonedSourcePackagesDirPathOverride=/Users/admin/builder/spi-builder-workspace/.dependencies -resolvePackageDependencies
Resolve Package Graph
Resolved source packages:
  ExtendedSwiftMath: /Users/admin/builder/spi-builder-workspace
resolved source packages: ExtendedSwiftMath
2026-07-13 14:25:36.526 xcodebuild[791:4988] [MT] IDERunDestination: Supported platforms for the buildables in the current scheme is empty.
{
  "default_localization" : "en",
  "dependencies" : [
  ],
  "manifest_display_name" : "ExtendedSwiftMath",
  "name" : "ExtendedSwiftMath",
  "path" : "/Users/admin/builder/spi-builder-workspace",
  "platforms" : [
    {
      "name" : "ios",
      "version" : "11.0"
    },
    {
      "name" : "macos",
      "version" : "12.0"
    }
  ],
  "products" : [
    {
      "name" : "ExtendedSwiftMath",
      "targets" : [
        "ExtendedSwiftMath"
      ],
      "type" : {
        "library" : [
          "automatic"
        ]
      }
    }
  ],
  "targets" : [
    {
      "c99name" : "ExtendedSwiftMathTests",
      "module_type" : "SwiftTarget",
      "name" : "ExtendedSwiftMathTests",
      "path" : "Tests/ExtendedSwiftMathTests",
      "sources" : [
        "AccentSpacingComparisonTest.swift",
        "ArrowStretchingTest.swift",
        "ConcurrencyThreadsafeTests.swift",
        "DebugOverlapTest.swift",
        "ExtendedFeatureTests.swift",
        "GlyphBoundsTest.swift",
        "MTFontMathTableV2Tests.swift",
        "MTFontV2Tests.swift",
        "MTMathListBuilderTests.swift",
        "MTMathListTests.swift",
        "MTMathUILabelLineWrappingTests.swift",
        "MTTypesetterTests.swift",
        "MathDelimiterTests.swift",
        "MathFontTests.swift",
        "MathImageTests.swift",
        "WidehatGlyphTest.swift",
        "WidehatTests.swift"
      ],
      "target_dependencies" : [
        "ExtendedSwiftMath"
      ],
      "type" : "test"
    },
    {
      "c99name" : "ExtendedSwiftMath",
      "module_type" : "SwiftTarget",
      "name" : "ExtendedSwiftMath",
      "path" : "Sources/ExtendedSwiftMath",
      "product_memberships" : [
        "ExtendedSwiftMath"
      ],
      "resources" : [
        {
          "path" : "/Users/admin/builder/spi-builder-workspace/Sources/ExtendedSwiftMath/mathFonts.bundle",
          "rule" : {
            "copy" : {
            }
          }
        }
      ],
      "sources" : [
        "MathBundle/MTFontMathTableV2.swift",
        "MathBundle/MTFontV2.swift",
        "MathBundle/MathFont.swift",
        "MathBundle/MathImage.swift",
        "MathRender/MTBezierPath.swift",
        "MathRender/MTColor.swift",
        "MathRender/MTConfig.swift",
        "MathRender/MTFont.swift",
        "MathRender/MTFontManager.swift",
        "MathRender/MTFontMathTable.swift",
        "MathRender/MTLabel.swift",
        "MathRender/MTMathAtomFactory.swift",
        "MathRender/MTMathImage.swift",
        "MathRender/MTMathList.swift",
        "MathRender/MTMathListBuilder.swift",
        "MathRender/MTMathListDisplay.swift",
        "MathRender/MTMathListIndex.swift",
        "MathRender/MTMathUILabel.swift",
        "MathRender/MTTypesetter.swift",
        "MathRender/MTUnicode.swift",
        "MathRender/RWLock.swift"
      ],
      "type" : "library"
    }
  ],
  "tools_version" : "5.7"
}
{
  "workspace" : {
    "name" : "spi-builder-workspace",
    "schemes" : [
      "ExtendedSwiftMath"
    ]
  }
}
2026-07-13 14:25:37.643 xcodebuild[801:5062] [MT] IDERunDestination: Supported platforms for the buildables in the current scheme is empty.
Running build ...
env DEVELOPER_DIR=/Applications/Xcode-26.4.0.app xcrun xcodebuild -IDEClonedSourcePackagesDirPathOverride=$PWD/.dependencies -skipMacroValidation -skipPackagePluginValidation -derivedDataPath $PWD/.derivedData build -scheme ExtendedSwiftMath -destination generic/platform=watchOS
Command line invocation:
    /Applications/Xcode-26.4.0.app/Contents/Developer/usr/bin/xcodebuild -IDEClonedSourcePackagesDirPathOverride=/Users/admin/builder/spi-builder-workspace/.dependencies -skipMacroValidation -skipPackagePluginValidation -derivedDataPath /Users/admin/builder/spi-builder-workspace/.derivedData build -scheme ExtendedSwiftMath -destination generic/platform=watchOS
Resolve Package Graph
Resolved source packages:
  ExtendedSwiftMath: /Users/admin/builder/spi-builder-workspace
ComputePackagePrebuildTargetDependencyGraph
Prepare packages
CreateBuildRequest
SendProjectDescription
CreateBuildOperation
ComputeTargetDependencyGraph
note: Building targets in dependency order
note: Target dependency graph (3 targets)
    Target 'ExtendedSwiftMath' in project 'ExtendedSwiftMath'
        ➜ Explicit dependency on target 'ExtendedSwiftMath' in project 'ExtendedSwiftMath'
        ➜ Explicit dependency on target 'ExtendedSwiftMath_ExtendedSwiftMath' in project 'ExtendedSwiftMath'
    Target 'ExtendedSwiftMath' in project 'ExtendedSwiftMath'
        ➜ Explicit dependency on target 'ExtendedSwiftMath_ExtendedSwiftMath' in project 'ExtendedSwiftMath'
    Target 'ExtendedSwiftMath_ExtendedSwiftMath' in project 'ExtendedSwiftMath' (no dependencies)
GatherProvisioningInputs
CreateBuildDescription
ClangStatCache /Applications/Xcode-26.4.0.app/Contents/Developer/Toolchains/XcodeDefault.xctoolchain/usr/bin/clang-stat-cache /Applications/Xcode-26.4.0.app/Contents/Developer/Platforms/WatchOS.platform/Developer/SDKs/WatchOS26.4.sdk /Users/admin/builder/spi-builder-workspace/.derivedData/SDKStatCaches.noindex/watchos26.4-23T238-688ef53f1462e2c8f657fdc38a81448f9e51884a582f42380855760c9d4cc599.sdkstatcache
    cd /Users/admin/builder/spi-builder-workspace/.swiftpm/xcode
    /Applications/Xcode-26.4.0.app/Contents/Developer/Toolchains/XcodeDefault.xctoolchain/usr/bin/clang-stat-cache /Applications/Xcode-26.4.0.app/Contents/Developer/Platforms/WatchOS.platform/Developer/SDKs/WatchOS26.4.sdk -o /Users/admin/builder/spi-builder-workspace/.derivedData/SDKStatCaches.noindex/watchos26.4-23T238-688ef53f1462e2c8f657fdc38a81448f9e51884a582f42380855760c9d4cc599.sdkstatcache
SwiftDriver ExtendedSwiftMath normal arm64_32 com.apple.xcode.tools.swift.compiler (in target 'ExtendedSwiftMath' from project 'ExtendedSwiftMath')
    cd /Users/admin/builder/spi-builder-workspace/.swiftpm/xcode
    builtin-SwiftDriver -- /Applications/Xcode-26.4.0.app/Contents/Developer/Toolchains/XcodeDefault.xctoolchain/usr/bin/swiftc -module-name ExtendedSwiftMath -Onone @/Users/admin/builder/spi-builder-workspace/.derivedData/Build/Intermediates.noindex/ExtendedSwiftMath.build/Debug-watchos/ExtendedSwiftMath.build/Objects-normal/arm64_32/ExtendedSwiftMath.SwiftFileList -DSWIFT_PACKAGE -DDEBUG -DSWIFT_MODULE_RESOURCE_BUNDLE_AVAILABLE -DXcode -plugin-path /Applications/Xcode-26.4.0.app/Contents/Developer/Toolchains/XcodeDefault.xctoolchain/usr/lib/swift/host/plugins/testing -enable-experimental-feature DebugDescriptionMacro -sdk /Applications/Xcode-26.4.0.app/Contents/Developer/Platforms/WatchOS.platform/Developer/SDKs/WatchOS26.4.sdk -target arm64_32-apple-watchos5.0 -g -module-cache-path /Users/admin/builder/spi-builder-workspace/.derivedData/ModuleCache.noindex -Xfrontend -serialize-debugging-options -profile-coverage-mapping -profile-generate -enable-testing -index-store-path /Users/admin/builder/spi-builder-workspace/.derivedData/Index.noindex/DataStore -Xcc -D_LIBCPP_HARDENING_MODE\=_LIBCPP_HARDENING_MODE_DEBUG -swift-version 5 -I /Users/admin/builder/spi-builder-workspace/.derivedData/Build/Products/Debug-watchos -Isystem /Applications/Xcode-26.4.0.app/Contents/Developer/Platforms/WatchOS.platform/Developer/usr/lib -F /Users/admin/builder/spi-builder-workspace/.derivedData/Build/Products/Debug-watchos -F /Applications/Xcode-26.4.0.app/Contents/Developer/Platforms/WatchOS.platform/Developer/Library/Frameworks -F /Applications/Xcode-26.4.0.app/Contents/Developer/Platforms/WatchOS.platform/Developer/SDKs/WatchOS26.4.sdk/Developer/Library/Frameworks -emit-localized-strings -emit-localized-strings-path /Users/admin/builder/spi-builder-workspace/.derivedData/Build/Intermediates.noindex/ExtendedSwiftMath.build/Debug-watchos/ExtendedSwiftMath.build/Objects-normal/arm64_32 -c -j10 -enable-batch-mode -incremental -Xcc -ivfsstatcache -Xcc /Users/admin/builder/spi-builder-workspace/.derivedData/SDKStatCaches.noindex/watchos26.4-23T238-688ef53f1462e2c8f657fdc38a81448f9e51884a582f42380855760c9d4cc599.sdkstatcache -output-file-map /Users/admin/builder/spi-builder-workspace/.derivedData/Build/Intermediates.noindex/ExtendedSwiftMath.build/Debug-watchos/ExtendedSwiftMath.build/Objects-normal/arm64_32/ExtendedSwiftMath-OutputFileMap.json -use-frontend-parseable-output -save-temps -no-color-diagnostics -explicit-module-build -module-cache-path /Users/admin/builder/spi-builder-workspace/.derivedData/Build/Intermediates.noindex/SwiftExplicitPrecompiledModules -clang-scanner-module-cache-path /Users/admin/builder/spi-builder-workspace/.derivedData/ModuleCache.noindex -sdk-module-cache-path /Users/admin/builder/spi-builder-workspace/.derivedData/ModuleCache.noindex -serialize-diagnostics -emit-dependencies -emit-module -emit-module-path /Users/admin/builder/spi-builder-workspace/.derivedData/Build/Intermediates.noindex/ExtendedSwiftMath.build/Debug-watchos/ExtendedSwiftMath.build/Objects-normal/arm64_32/ExtendedSwiftMath.swiftmodule -validate-clang-modules-once -clang-build-session-file /Users/admin/builder/spi-builder-workspace/.derivedData/ModuleCache.noindex/Session.modulevalidation -Xcc -I/Users/admin/builder/spi-builder-workspace/.derivedData/Build/Intermediates.noindex/ExtendedSwiftMath.build/Debug-watchos/ExtendedSwiftMath.build/swift-overrides.hmap -emit-const-values -Xfrontend -const-gather-protocols-file -Xfrontend /Users/admin/builder/spi-builder-workspace/.derivedData/Build/Intermediates.noindex/ExtendedSwiftMath.build/Debug-watchos/ExtendedSwiftMath.build/Objects-normal/arm64_32/ExtendedSwiftMath_const_extract_protocols.json -Xcc -I/Users/admin/builder/spi-builder-workspace/.derivedData/Build/Products/Debug-watchos/include -Xcc -I/Users/admin/builder/spi-builder-workspace/.derivedData/Build/Intermediates.noindex/ExtendedSwiftMath.build/Debug-watchos/ExtendedSwiftMath.build/DerivedSources-normal/arm64_32 -Xcc -I/Users/admin/builder/spi-builder-workspace/.derivedData/Build/Intermediates.noindex/ExtendedSwiftMath.build/Debug-watchos/ExtendedSwiftMath.build/DerivedSources/arm64_32 -Xcc -I/Users/admin/builder/spi-builder-workspace/.derivedData/Build/Intermediates.noindex/ExtendedSwiftMath.build/Debug-watchos/ExtendedSwiftMath.build/DerivedSources -Xcc -DSWIFT_PACKAGE -Xcc -DDEBUG\=1 -emit-objc-header -emit-objc-header-path /Users/admin/builder/spi-builder-workspace/.derivedData/Build/Intermediates.noindex/ExtendedSwiftMath.build/Debug-watchos/ExtendedSwiftMath.build/Objects-normal/arm64_32/ExtendedSwiftMath-Swift.h -working-directory /Users/admin/builder/spi-builder-workspace/.swiftpm/xcode -experimental-emit-module-separately -disable-cmo
/Users/admin/builder/spi-builder-workspace/Sources/ExtendedSwiftMath/MathRender/MTConfig.swift:28:8: error: Unable to resolve module dependency: 'AppKit'
import AppKit
       ^ (in target 'ExtendedSwiftMath' from project 'ExtendedSwiftMath')
/Users/admin/builder/spi-builder-workspace/Sources/ExtendedSwiftMath/MathRender/MTConfig.swift:28:8: note: A dependency of main module 'ExtendedSwiftMath'
import AppKit
       ^ (in target 'ExtendedSwiftMath' from project 'ExtendedSwiftMath')
SwiftDriver ExtendedSwiftMath normal armv7k com.apple.xcode.tools.swift.compiler (in target 'ExtendedSwiftMath' from project 'ExtendedSwiftMath')
    cd /Users/admin/builder/spi-builder-workspace/.swiftpm/xcode
    builtin-SwiftDriver -- /Applications/Xcode-26.4.0.app/Contents/Developer/Toolchains/XcodeDefault.xctoolchain/usr/bin/swiftc -module-name ExtendedSwiftMath -Onone @/Users/admin/builder/spi-builder-workspace/.derivedData/Build/Intermediates.noindex/ExtendedSwiftMath.build/Debug-watchos/ExtendedSwiftMath.build/Objects-normal/armv7k/ExtendedSwiftMath.SwiftFileList -DSWIFT_PACKAGE -DDEBUG -DSWIFT_MODULE_RESOURCE_BUNDLE_AVAILABLE -DXcode -plugin-path /Applications/Xcode-26.4.0.app/Contents/Developer/Toolchains/XcodeDefault.xctoolchain/usr/lib/swift/host/plugins/testing -enable-experimental-feature DebugDescriptionMacro -sdk /Applications/Xcode-26.4.0.app/Contents/Developer/Platforms/WatchOS.platform/Developer/SDKs/WatchOS26.4.sdk -target armv7k-apple-watchos5.0 -g -module-cache-path /Users/admin/builder/spi-builder-workspace/.derivedData/ModuleCache.noindex -Xfrontend -serialize-debugging-options -profile-coverage-mapping -profile-generate -enable-testing -index-store-path /Users/admin/builder/spi-builder-workspace/.derivedData/Index.noindex/DataStore -Xcc -D_LIBCPP_HARDENING_MODE\=_LIBCPP_HARDENING_MODE_DEBUG -swift-version 5 -I /Users/admin/builder/spi-builder-workspace/.derivedData/Build/Products/Debug-watchos -Isystem /Applications/Xcode-26.4.0.app/Contents/Developer/Platforms/WatchOS.platform/Developer/usr/lib -F /Users/admin/builder/spi-builder-workspace/.derivedData/Build/Products/Debug-watchos -F /Applications/Xcode-26.4.0.app/Contents/Developer/Platforms/WatchOS.platform/Developer/Library/Frameworks -F /Applications/Xcode-26.4.0.app/Contents/Developer/Platforms/WatchOS.platform/Developer/SDKs/WatchOS26.4.sdk/Developer/Library/Frameworks -emit-localized-strings -emit-localized-strings-path /Users/admin/builder/spi-builder-workspace/.derivedData/Build/Intermediates.noindex/ExtendedSwiftMath.build/Debug-watchos/ExtendedSwiftMath.build/Objects-normal/armv7k -c -j10 -enable-batch-mode -incremental -Xcc -ivfsstatcache -Xcc /Users/admin/builder/spi-builder-workspace/.derivedData/SDKStatCaches.noindex/watchos26.4-23T238-688ef53f1462e2c8f657fdc38a81448f9e51884a582f42380855760c9d4cc599.sdkstatcache -output-file-map /Users/admin/builder/spi-builder-workspace/.derivedData/Build/Intermediates.noindex/ExtendedSwiftMath.build/Debug-watchos/ExtendedSwiftMath.build/Objects-normal/armv7k/ExtendedSwiftMath-OutputFileMap.json -use-frontend-parseable-output -save-temps -no-color-diagnostics -explicit-module-build -module-cache-path /Users/admin/builder/spi-builder-workspace/.derivedData/Build/Intermediates.noindex/SwiftExplicitPrecompiledModules -clang-scanner-module-cache-path /Users/admin/builder/spi-builder-workspace/.derivedData/ModuleCache.noindex -sdk-module-cache-path /Users/admin/builder/spi-builder-workspace/.derivedData/ModuleCache.noindex -serialize-diagnostics -emit-dependencies -emit-module -emit-module-path /Users/admin/builder/spi-builder-workspace/.derivedData/Build/Intermediates.noindex/ExtendedSwiftMath.build/Debug-watchos/ExtendedSwiftMath.build/Objects-normal/armv7k/ExtendedSwiftMath.swiftmodule -validate-clang-modules-once -clang-build-session-file /Users/admin/builder/spi-builder-workspace/.derivedData/ModuleCache.noindex/Session.modulevalidation -Xcc -I/Users/admin/builder/spi-builder-workspace/.derivedData/Build/Intermediates.noindex/ExtendedSwiftMath.build/Debug-watchos/ExtendedSwiftMath.build/swift-overrides.hmap -emit-const-values -Xfrontend -const-gather-protocols-file -Xfrontend /Users/admin/builder/spi-builder-workspace/.derivedData/Build/Intermediates.noindex/ExtendedSwiftMath.build/Debug-watchos/ExtendedSwiftMath.build/Objects-normal/armv7k/ExtendedSwiftMath_const_extract_protocols.json -Xcc -I/Users/admin/builder/spi-builder-workspace/.derivedData/Build/Products/Debug-watchos/include -Xcc -I/Users/admin/builder/spi-builder-workspace/.derivedData/Build/Intermediates.noindex/ExtendedSwiftMath.build/Debug-watchos/ExtendedSwiftMath.build/DerivedSources-normal/armv7k -Xcc -I/Users/admin/builder/spi-builder-workspace/.derivedData/Build/Intermediates.noindex/ExtendedSwiftMath.build/Debug-watchos/ExtendedSwiftMath.build/DerivedSources/armv7k -Xcc -I/Users/admin/builder/spi-builder-workspace/.derivedData/Build/Intermediates.noindex/ExtendedSwiftMath.build/Debug-watchos/ExtendedSwiftMath.build/DerivedSources -Xcc -DSWIFT_PACKAGE -Xcc -DDEBUG\=1 -emit-objc-header -emit-objc-header-path /Users/admin/builder/spi-builder-workspace/.derivedData/Build/Intermediates.noindex/ExtendedSwiftMath.build/Debug-watchos/ExtendedSwiftMath.build/Objects-normal/armv7k/ExtendedSwiftMath-Swift.h -working-directory /Users/admin/builder/spi-builder-workspace/.swiftpm/xcode -experimental-emit-module-separately -disable-cmo
/Users/admin/builder/spi-builder-workspace/Sources/ExtendedSwiftMath/MathRender/MTConfig.swift:28:8: error: Unable to resolve module dependency: 'AppKit'
import AppKit
       ^ (in target 'ExtendedSwiftMath' from project 'ExtendedSwiftMath')
/Users/admin/builder/spi-builder-workspace/Sources/ExtendedSwiftMath/MathRender/MTConfig.swift:28:8: note: A dependency of main module 'ExtendedSwiftMath'
import AppKit
       ^ (in target 'ExtendedSwiftMath' from project 'ExtendedSwiftMath')
SwiftDriver ExtendedSwiftMath normal arm64 com.apple.xcode.tools.swift.compiler (in target 'ExtendedSwiftMath' from project 'ExtendedSwiftMath')
    cd /Users/admin/builder/spi-builder-workspace/.swiftpm/xcode
    builtin-SwiftDriver -- /Applications/Xcode-26.4.0.app/Contents/Developer/Toolchains/XcodeDefault.xctoolchain/usr/bin/swiftc -module-name ExtendedSwiftMath -Onone @/Users/admin/builder/spi-builder-workspace/.derivedData/Build/Intermediates.noindex/ExtendedSwiftMath.build/Debug-watchos/ExtendedSwiftMath.build/Objects-normal/arm64/ExtendedSwiftMath.SwiftFileList -DSWIFT_PACKAGE -DDEBUG -DSWIFT_MODULE_RESOURCE_BUNDLE_AVAILABLE -DXcode -plugin-path /Applications/Xcode-26.4.0.app/Contents/Developer/Toolchains/XcodeDefault.xctoolchain/usr/lib/swift/host/plugins/testing -enable-experimental-feature DebugDescriptionMacro -sdk /Applications/Xcode-26.4.0.app/Contents/Developer/Platforms/WatchOS.platform/Developer/SDKs/WatchOS26.4.sdk -target arm64-apple-watchos5.0 -g -module-cache-path /Users/admin/builder/spi-builder-workspace/.derivedData/ModuleCache.noindex -Xfrontend -serialize-debugging-options -profile-coverage-mapping -profile-generate -enable-testing -index-store-path /Users/admin/builder/spi-builder-workspace/.derivedData/Index.noindex/DataStore -Xcc -D_LIBCPP_HARDENING_MODE\=_LIBCPP_HARDENING_MODE_DEBUG -swift-version 5 -I /Users/admin/builder/spi-builder-workspace/.derivedData/Build/Products/Debug-watchos -Isystem /Applications/Xcode-26.4.0.app/Contents/Developer/Platforms/WatchOS.platform/Developer/usr/lib -F /Users/admin/builder/spi-builder-workspace/.derivedData/Build/Products/Debug-watchos -F /Applications/Xcode-26.4.0.app/Contents/Developer/Platforms/WatchOS.platform/Developer/Library/Frameworks -F /Applications/Xcode-26.4.0.app/Contents/Developer/Platforms/WatchOS.platform/Developer/SDKs/WatchOS26.4.sdk/Developer/Library/Frameworks -emit-localized-strings -emit-localized-strings-path /Users/admin/builder/spi-builder-workspace/.derivedData/Build/Intermediates.noindex/ExtendedSwiftMath.build/Debug-watchos/ExtendedSwiftMath.build/Objects-normal/arm64 -c -j10 -enable-batch-mode -incremental -Xcc -ivfsstatcache -Xcc /Users/admin/builder/spi-builder-workspace/.derivedData/SDKStatCaches.noindex/watchos26.4-23T238-688ef53f1462e2c8f657fdc38a81448f9e51884a582f42380855760c9d4cc599.sdkstatcache -output-file-map /Users/admin/builder/spi-builder-workspace/.derivedData/Build/Intermediates.noindex/ExtendedSwiftMath.build/Debug-watchos/ExtendedSwiftMath.build/Objects-normal/arm64/ExtendedSwiftMath-OutputFileMap.json -use-frontend-parseable-output -save-temps -no-color-diagnostics -explicit-module-build -module-cache-path /Users/admin/builder/spi-builder-workspace/.derivedData/Build/Intermediates.noindex/SwiftExplicitPrecompiledModules -clang-scanner-module-cache-path /Users/admin/builder/spi-builder-workspace/.derivedData/ModuleCache.noindex -sdk-module-cache-path /Users/admin/builder/spi-builder-workspace/.derivedData/ModuleCache.noindex -serialize-diagnostics -emit-dependencies -emit-module -emit-module-path /Users/admin/builder/spi-builder-workspace/.derivedData/Build/Intermediates.noindex/ExtendedSwiftMath.build/Debug-watchos/ExtendedSwiftMath.build/Objects-normal/arm64/ExtendedSwiftMath.swiftmodule -validate-clang-modules-once -clang-build-session-file /Users/admin/builder/spi-builder-workspace/.derivedData/ModuleCache.noindex/Session.modulevalidation -Xcc -I/Users/admin/builder/spi-builder-workspace/.derivedData/Build/Intermediates.noindex/ExtendedSwiftMath.build/Debug-watchos/ExtendedSwiftMath.build/swift-overrides.hmap -emit-const-values -Xfrontend -const-gather-protocols-file -Xfrontend /Users/admin/builder/spi-builder-workspace/.derivedData/Build/Intermediates.noindex/ExtendedSwiftMath.build/Debug-watchos/ExtendedSwiftMath.build/Objects-normal/arm64/ExtendedSwiftMath_const_extract_protocols.json -Xcc -I/Users/admin/builder/spi-builder-workspace/.derivedData/Build/Products/Debug-watchos/include -Xcc -I/Users/admin/builder/spi-builder-workspace/.derivedData/Build/Intermediates.noindex/ExtendedSwiftMath.build/Debug-watchos/ExtendedSwiftMath.build/DerivedSources-normal/arm64 -Xcc -I/Users/admin/builder/spi-builder-workspace/.derivedData/Build/Intermediates.noindex/ExtendedSwiftMath.build/Debug-watchos/ExtendedSwiftMath.build/DerivedSources/arm64 -Xcc -I/Users/admin/builder/spi-builder-workspace/.derivedData/Build/Intermediates.noindex/ExtendedSwiftMath.build/Debug-watchos/ExtendedSwiftMath.build/DerivedSources -Xcc -DSWIFT_PACKAGE -Xcc -DDEBUG\=1 -emit-objc-header -emit-objc-header-path /Users/admin/builder/spi-builder-workspace/.derivedData/Build/Intermediates.noindex/ExtendedSwiftMath.build/Debug-watchos/ExtendedSwiftMath.build/Objects-normal/arm64/ExtendedSwiftMath-Swift.h -working-directory /Users/admin/builder/spi-builder-workspace/.swiftpm/xcode -experimental-emit-module-separately -disable-cmo
/Users/admin/builder/spi-builder-workspace/Sources/ExtendedSwiftMath/MathRender/MTConfig.swift:28:8: error: Unable to resolve module dependency: 'AppKit'
import AppKit
       ^ (in target 'ExtendedSwiftMath' from project 'ExtendedSwiftMath')
/Users/admin/builder/spi-builder-workspace/Sources/ExtendedSwiftMath/MathRender/MTConfig.swift:28:8: note: A dependency of main module 'ExtendedSwiftMath'
import AppKit
       ^ (in target 'ExtendedSwiftMath' from project 'ExtendedSwiftMath')
2026-07-13 14:25:38.485 xcodebuild[804:5098] [MT] IDERunDestination: Supported platforms for the buildables in the current scheme is empty.
/Users/admin/builder/spi-builder-workspace/Sources/ExtendedSwiftMath/MathRender/MTConfig.swift:28:8: error: unable to resolve module dependency: 'AppKit'
import AppKit
       ^
/Users/admin/builder/spi-builder-workspace/Sources/ExtendedSwiftMath/MathRender/MTConfig.swift:28:8: note: a dependency of main module 'ExtendedSwiftMath'
import AppKit
       ^
/Users/admin/builder/spi-builder-workspace/Sources/ExtendedSwiftMath/MathRender/MTConfig.swift:28:8: error: unable to resolve module dependency: 'AppKit'
import AppKit
       ^
/Users/admin/builder/spi-builder-workspace/Sources/ExtendedSwiftMath/MathRender/MTConfig.swift:28:8: note: a dependency of main module 'ExtendedSwiftMath'
import AppKit
       ^
/Users/admin/builder/spi-builder-workspace/Sources/ExtendedSwiftMath/MathRender/MTConfig.swift:28:8: error: unable to resolve module dependency: 'AppKit'
import AppKit
       ^
/Users/admin/builder/spi-builder-workspace/Sources/ExtendedSwiftMath/MathRender/MTConfig.swift:28:8: note: a dependency of main module 'ExtendedSwiftMath'
import AppKit
       ^
** BUILD FAILED **
The following build commands failed:
	SwiftDriver ExtendedSwiftMath normal arm64_32 com.apple.xcode.tools.swift.compiler (in target 'ExtendedSwiftMath' from project 'ExtendedSwiftMath')
	SwiftDriver ExtendedSwiftMath normal armv7k com.apple.xcode.tools.swift.compiler (in target 'ExtendedSwiftMath' from project 'ExtendedSwiftMath')
	SwiftDriver ExtendedSwiftMath normal arm64 com.apple.xcode.tools.swift.compiler (in target 'ExtendedSwiftMath' from project 'ExtendedSwiftMath')
	Building workspace spi-builder-workspace with scheme ExtendedSwiftMath
(4 failures)
BUILD FAILURE 6.3 watchOS