Build Information
Failed to build GoogleCloudComputeV1, reference main (a65503), with Swift 6.2 for Android on 11 Oct 2026 21:44:38 UTC.
Build Command
bash -c docker run --pull=always --rm -v "checkouts-54344847-0":/host -w "$PWD" -e JAVA_HOME="/root/.sdkman/candidates/java/current" -e SPI_BUILD="1" -e SPI_PROCESSING="1" registry.gitlab.com/saguaro1/spi-images:android-6.2-latest swift build --swift-sdk aarch64-unknown-linux-android28 2>&1Build Log
========================================
RunAll
========================================
Builder version: 5.1.1
Interrupt handler set up.
========================================
Checkout
========================================
Clone URL: https://github.com/googleapis/swift-google-cloud-compute-v1.git
Reference: main
Initialized empty Git repository in /host/spi-builder-workspace/.git/
hint: Using 'master' as the name for the initial branch. This default branch name
hint: is subject to change. To configure the initial branch name to use in all
hint: of your new repositories, which will suppress this warning, call:
hint:
hint: git config --global init.defaultBranch <name>
hint:
hint: Names commonly chosen instead of 'master' are 'main', 'trunk' and
hint: 'development'. The just-created branch can be renamed via this command:
hint:
hint: git branch -m <name>
From https://github.com/googleapis/swift-google-cloud-compute-v1
* branch main -> FETCH_HEAD
* [new branch] main -> origin/main
HEAD is now at a655037 chore: release circa 2026-10-07 (#1382)
Cloned https://github.com/googleapis/swift-google-cloud-compute-v1.git
Revision (git rev-parse @):
a6550378462e29cd9da2fbaaf360b27702da575e
SPI manifest file found: $PWD/.spi.yml
SUCCESS checkout https://github.com/googleapis/swift-google-cloud-compute-v1.git at main
========================================
Build
========================================
Selected platform: android
Swift version: 6.2
Building package at path: $PWD
https://github.com/googleapis/swift-google-cloud-compute-v1.git
Running build ...
bash -c docker run --pull=always --rm -v "checkouts-54344847-0":/host -w "$PWD" -e JAVA_HOME="/root/.sdkman/candidates/java/current" -e SPI_BUILD="1" -e SPI_PROCESSING="1" registry.gitlab.com/saguaro1/spi-images:android-6.2-latest swift build --swift-sdk aarch64-unknown-linux-android28 2>&1
android-6.2-latest: Pulling from saguaro1/spi-images
Digest: sha256:a839c9ce201f1dacc8eb056626ec7ab0a1c6d53d7b77c83feda395f4507c51be
Status: Image is up to date for registry.gitlab.com/saguaro1/spi-images:android-6.2-latest
Fetching https://github.com/googleapis/swift-google-wkt
Fetching https://github.com/googleapis/swift-google-gax
Fetching https://github.com/googleapis/swift-google-auth
Fetching https://github.com/apple/swift-log
[1/1748] Fetching swift-google-gax
[1260/2771] Fetching swift-google-gax, swift-google-wkt
[2128/11028] Fetching swift-google-gax, swift-google-wkt, swift-log
Fetched https://github.com/googleapis/swift-google-wkt from cache (0.46s)
[1831/10005] Fetching swift-google-gax, swift-log
[3401/11028] Fetching swift-google-gax, swift-log, swift-google-auth
Fetched https://github.com/googleapis/swift-google-gax from cache (0.87s)
Fetched https://github.com/apple/swift-log from cache (0.88s)
[625/1023] Fetching swift-google-auth
Fetched https://github.com/googleapis/swift-google-auth from cache (1.05s)
Computing version for https://github.com/googleapis/swift-google-wkt
Computed https://github.com/googleapis/swift-google-wkt at 0.5.0 (1.20s)
Fetching https://github.com/swift-extras/swift-extras-base64
[1/954] Fetching swift-extras-base64
Fetched https://github.com/swift-extras/swift-extras-base64 from cache (0.43s)
Computing version for https://github.com/googleapis/swift-google-gax
Computed https://github.com/googleapis/swift-google-gax at 0.5.0 (0.59s)
Fetching https://github.com/swift-server/async-http-client.git
Fetching https://github.com/googleapis/swift-google-rpc
Fetching https://github.com/apple/swift-nio
[1/422] Fetching swift-google-rpc
[423/16886] Fetching swift-google-rpc, async-http-client
[424/103260] Fetching swift-google-rpc, async-http-client, swift-nio
Fetched https://github.com/googleapis/swift-google-rpc from cache (1.57s)
Fetched https://github.com/swift-server/async-http-client.git from cache (1.58s)
[58735/86374] Fetching swift-nio
Fetched https://github.com/apple/swift-nio from cache (4.05s)
Computing version for https://github.com/googleapis/swift-google-auth
Computed https://github.com/googleapis/swift-google-auth at 0.5.0 (4.25s)
Fetching https://github.com/apple/swift-system.git
Fetching https://github.com/vapor/jwt-kit.git
[1/7241] Fetching swift-system
[7242/17495] Fetching swift-system, jwt-kit
Fetched https://github.com/apple/swift-system.git from cache (0.70s)
[1846/10254] Fetching jwt-kit
Fetched https://github.com/vapor/jwt-kit.git from cache (1.00s)
Computing version for https://github.com/googleapis/swift-google-rpc
Computed https://github.com/googleapis/swift-google-rpc at 0.5.0 (1.19s)
Computing version for https://github.com/swift-extras/swift-extras-base64
Computed https://github.com/swift-extras/swift-extras-base64 at 1.2.0 (0.16s)
Computing version for https://github.com/swift-server/async-http-client.git
Computed https://github.com/swift-server/async-http-client.git at 1.36.2 (0.19s)
Fetching https://github.com/apple/swift-configuration.git
Fetching https://github.com/apple/swift-service-context.git
Fetching https://github.com/apple/swift-nio-extras.git
Fetching https://github.com/apple/swift-nio-transport-services.git
Fetching https://github.com/apple/swift-atomics.git
Fetching https://github.com/apple/swift-distributed-tracing.git
[1/1501] Fetching swift-service-context
[467/5429] Fetching swift-service-context, swift-configuration
[660/8296] Fetching swift-service-context, swift-configuration, swift-nio-transport-services
[2118/10185] Fetching swift-service-context, swift-configuration, swift-nio-transport-services, swift-atomics
[2613/16888] Fetching swift-service-context, swift-configuration, swift-nio-transport-services, swift-atomics, swift-nio-extras
Fetched https://github.com/apple/swift-service-context.git from cache (0.40s)
[3025/15387] Fetching swift-configuration, swift-nio-transport-services, swift-atomics, swift-nio-extras
Fetching https://github.com/apple/swift-nio-ssl.git
[6544/21938] Fetching swift-configuration, swift-nio-transport-services, swift-atomics, swift-nio-extras, swift-distributed-tracing
Fetched https://github.com/apple/swift-configuration.git from cache (0.54s)
[17477/18010] Fetching swift-nio-transport-services, swift-atomics, swift-nio-extras, swift-distributed-tracing
Fetching https://github.com/apple/swift-nio-http2.git
Fetched https://github.com/apple/swift-atomics.git from cache (0.60s)
Fetching https://github.com/apple/swift-algorithms.git
Fetched https://github.com/apple/swift-nio-transport-services.git from cache (0.72s)
Fetched https://github.com/apple/swift-distributed-tracing.git from cache (0.72s)
Fetched https://github.com/apple/swift-nio-extras.git from cache (0.75s)
[1/16871] Fetching swift-nio-ssl
[2532/23035] Fetching swift-nio-ssl, swift-algorithms
[10889/35329] Fetching swift-nio-ssl, swift-algorithms, swift-nio-http2
Fetched https://github.com/apple/swift-algorithms.git from cache (0.59s)
[7459/29165] Fetching swift-nio-ssl, swift-nio-http2
Fetched https://github.com/apple/swift-nio-http2.git from cache (1.33s)
Fetched https://github.com/apple/swift-nio-ssl.git from cache (1.57s)
Computing version for https://github.com/apple/swift-service-context.git
Computed https://github.com/apple/swift-service-context.git at 1.3.0 (2.19s)
Computing version for https://github.com/apple/swift-algorithms.git
Computed https://github.com/apple/swift-algorithms.git at 1.2.1 (1.15s)
Fetching https://github.com/apple/swift-numerics.git
[1/6742] Fetching swift-numerics
Fetched https://github.com/apple/swift-numerics.git from cache (0.57s)
Computing version for https://github.com/apple/swift-log
Computed https://github.com/apple/swift-log at 1.16.1 (0.73s)
Computing version for https://github.com/apple/swift-distributed-tracing.git
Computed https://github.com/apple/swift-distributed-tracing.git at 1.5.0 (0.14s)
Computing version for https://github.com/apple/swift-atomics.git
Computed https://github.com/apple/swift-atomics.git at 1.3.1 (0.14s)
Computing version for https://github.com/apple/swift-numerics.git
Computed https://github.com/apple/swift-numerics.git at 1.1.1 (0.13s)
Computing version for https://github.com/apple/swift-nio
Computed https://github.com/apple/swift-nio at 2.104.0 (0.35s)
Fetching https://github.com/apple/swift-collections.git
[1/28703] Fetching swift-collections
Fetched https://github.com/apple/swift-collections.git from cache (1.34s)
Computing version for https://github.com/apple/swift-configuration.git
Computed https://github.com/apple/swift-configuration.git at 1.2.2 (2.15s)
Fetching https://github.com/swift-server/swift-service-lifecycle
[1/2867] Fetching swift-service-lifecycle
Fetched https://github.com/swift-server/swift-service-lifecycle from cache (0.44s)
Computing version for https://github.com/apple/swift-nio-transport-services.git
Computed https://github.com/apple/swift-nio-transport-services.git at 1.28.0 (0.67s)
Computing version for https://github.com/swift-server/swift-service-lifecycle
Computed https://github.com/swift-server/swift-service-lifecycle at 2.12.1 (0.17s)
Fetching https://github.com/apple/swift-async-algorithms.git
[1/6820] Fetching swift-async-algorithms
Fetched https://github.com/apple/swift-async-algorithms.git from cache (0.57s)
Computing version for https://github.com/apple/swift-async-algorithms.git
Computed https://github.com/apple/swift-async-algorithms.git at 1.1.7 (0.78s)
Computing version for https://github.com/apple/swift-collections.git
Computed https://github.com/apple/swift-collections.git at 1.7.2 (0.24s)
Computing version for https://github.com/apple/swift-nio-http2.git
Computed https://github.com/apple/swift-nio-http2.git at 1.46.0 (0.18s)
Computing version for https://github.com/vapor/jwt-kit.git
Computed https://github.com/vapor/jwt-kit.git at 5.7.1 (0.15s)
Fetching https://github.com/apple/swift-crypto.git
Fetching https://github.com/apple/swift-certificates.git
[1/18629] Fetching swift-crypto
[2/26242] Fetching swift-crypto, swift-certificates
Fetched https://github.com/apple/swift-certificates.git from cache (0.57s)
[2050/18629] Fetching swift-crypto
Fetched https://github.com/apple/swift-crypto.git from cache (1.36s)
Computing version for https://github.com/apple/swift-crypto.git
Computed https://github.com/apple/swift-crypto.git at 4.5.2 (1.99s)
Fetching https://github.com/apple/swift-asn1.git
[1/2009] Fetching swift-asn1
Fetched https://github.com/apple/swift-asn1.git from cache (0.44s)
Computing version for https://github.com/apple/swift-asn1.git
Computed https://github.com/apple/swift-asn1.git at 1.7.3 (0.65s)
Computing version for https://github.com/apple/swift-certificates.git
Computed https://github.com/apple/swift-certificates.git at 1.21.0 (0.25s)
Computing version for https://github.com/apple/swift-nio-ssl.git
Computed https://github.com/apple/swift-nio-ssl.git at 2.37.5 (0.22s)
Computing version for https://github.com/apple/swift-system.git
Computed https://github.com/apple/swift-system.git at 1.8.1 (0.22s)
Computing version for https://github.com/apple/swift-nio-extras.git
Computed https://github.com/apple/swift-nio-extras.git at 1.35.1 (0.28s)
Fetching https://github.com/apple/swift-http-types.git
Fetching https://github.com/apple/swift-http-structured-headers.git
[1/1253] Fetching swift-http-structured-headers
[14/3192] Fetching swift-http-structured-headers, swift-http-types
Fetched https://github.com/apple/swift-http-structured-headers.git from cache (0.48s)
Fetched https://github.com/apple/swift-http-types.git from cache (0.48s)
Computing version for https://github.com/apple/swift-http-structured-headers.git
Computed https://github.com/apple/swift-http-structured-headers.git at 1.7.0 (0.64s)
Computing version for https://github.com/apple/swift-http-types.git
Computed https://github.com/apple/swift-http-types.git at 1.8.0 (0.18s)
Creating working copy for https://github.com/apple/swift-asn1.git
Working copy of https://github.com/apple/swift-asn1.git resolved at 1.7.3
Creating working copy for https://github.com/apple/swift-nio-transport-services.git
Working copy of https://github.com/apple/swift-nio-transport-services.git resolved at 1.28.0
Creating working copy for https://github.com/googleapis/swift-google-wkt
Working copy of https://github.com/googleapis/swift-google-wkt resolved at 0.5.0
Creating working copy for https://github.com/swift-extras/swift-extras-base64
Working copy of https://github.com/swift-extras/swift-extras-base64 resolved at 1.2.0
Creating working copy for https://github.com/apple/swift-algorithms.git
Working copy of https://github.com/apple/swift-algorithms.git resolved at 1.2.1
Creating working copy for https://github.com/googleapis/swift-google-rpc
Working copy of https://github.com/googleapis/swift-google-rpc resolved at 0.5.0
Creating working copy for https://github.com/googleapis/swift-google-gax
Working copy of https://github.com/googleapis/swift-google-gax resolved at 0.5.0
Creating working copy for https://github.com/apple/swift-numerics.git
Working copy of https://github.com/apple/swift-numerics.git resolved at 1.1.1
Creating working copy for https://github.com/apple/swift-collections.git
Working copy of https://github.com/apple/swift-collections.git resolved at 1.7.2
Creating working copy for https://github.com/apple/swift-atomics.git
Working copy of https://github.com/apple/swift-atomics.git resolved at 1.3.1
Creating working copy for https://github.com/apple/swift-distributed-tracing.git
Working copy of https://github.com/apple/swift-distributed-tracing.git resolved at 1.5.0
Creating working copy for https://github.com/apple/swift-certificates.git
Working copy of https://github.com/apple/swift-certificates.git resolved at 1.21.0
Creating working copy for https://github.com/googleapis/swift-google-auth
Working copy of https://github.com/googleapis/swift-google-auth resolved at 0.5.0
Creating working copy for https://github.com/vapor/jwt-kit.git
Working copy of https://github.com/vapor/jwt-kit.git resolved at 5.7.1
Creating working copy for https://github.com/apple/swift-nio-http2.git
Working copy of https://github.com/apple/swift-nio-http2.git resolved at 1.46.0
Creating working copy for https://github.com/swift-server/swift-service-lifecycle
Working copy of https://github.com/swift-server/swift-service-lifecycle resolved at 2.12.1
Creating working copy for https://github.com/apple/swift-crypto.git
Working copy of https://github.com/apple/swift-crypto.git resolved at 4.5.2
Creating working copy for https://github.com/apple/swift-service-context.git
Working copy of https://github.com/apple/swift-service-context.git resolved at 1.3.0
Creating working copy for https://github.com/apple/swift-log
Working copy of https://github.com/apple/swift-log resolved at 1.16.1
Creating working copy for https://github.com/apple/swift-nio-extras.git
Working copy of https://github.com/apple/swift-nio-extras.git resolved at 1.35.1
Creating working copy for https://github.com/apple/swift-system.git
Working copy of https://github.com/apple/swift-system.git resolved at 1.8.1
Creating working copy for https://github.com/apple/swift-async-algorithms.git
Working copy of https://github.com/apple/swift-async-algorithms.git resolved at 1.1.7
Creating working copy for https://github.com/apple/swift-configuration.git
Working copy of https://github.com/apple/swift-configuration.git resolved at 1.2.2
Creating working copy for https://github.com/apple/swift-http-types.git
Working copy of https://github.com/apple/swift-http-types.git resolved at 1.8.0
Creating working copy for https://github.com/apple/swift-http-structured-headers.git
Working copy of https://github.com/apple/swift-http-structured-headers.git resolved at 1.7.0
Creating working copy for https://github.com/apple/swift-nio
Working copy of https://github.com/apple/swift-nio resolved at 2.104.0
Creating working copy for https://github.com/apple/swift-nio-ssl.git
Working copy of https://github.com/apple/swift-nio-ssl.git resolved at 2.37.5
Creating working copy for https://github.com/swift-server/async-http-client.git
Working copy of https://github.com/swift-server/async-http-client.git resolved at 1.36.2
Building for debugging...
[0/5486] Write sources
[1190/5486] Compiling _NumericsShims _NumericsShims.c
[1191/5486] Compiling _AtomicsShims.c
[1192/5486] Compiling SimpleFIPS202.c
[1193/5486] Compiling KeccakSponge.c
[1194/5486] Compiling CXKCPShims shims.c
[1195/5486] Compiling KeccakHash.c
[1196/5486] Compiling CNIOWindows WSAStartup.c
[1197/5486] Compiling CNIOWindows shim.c
[1198/5486] Compiling CNIOWASI CNIOWASI.c
[1199/5486] Compiling CNIOOpenBSD shim.c
[1200/5486] Compiling CNIOPosix event_loop_id.c
[1201/5486] Compiling CNIOLinux liburing_shims.c
[1202/5486] Compiling CSystem shims.c
[1203/5486] Compiling CNIOFreeBSD shim.c
[1204/5486] Compiling CNIOLLHTTP c_nio_http.c
[1205/5486] Compiling CNIOLLHTTP c_nio_api.c
[1206/5486] Compiling KeccakP-1600-opt64.c
[1207/5486] Compiling CNIOExtrasZlib inftrees.c
[1208/5486] Compiling CNIOExtrasZlib inffast.c
[1209/5486] Compiling CNIOExtrasZlib zutil.c
[1210/5486] Compiling CNIOLinux shim.c
[1211/5486] Compiling CNIOExtrasZlib trees.c
[1212/5486] Compiling CNIODarwin shim.c
[1213/5486] Compiling CNIOExtrasZlib inflate.c
[1214/5486] Compiling CNIOExtrasZlib adler32.c
[1215/5486] Compiling CNIOLLHTTP c_nio_llhttp.c
[1216/5486] Compiling CNIOExtrasZlib crc32.c
[1217/5486] Compiling CNIOExtrasZlib deflate.c
[1218/5486] Compiling fiat_p256_adx_sqr.S
[1219/5486] Compiling fiat_curve25519_adx_mul.S
[1219/5486] Compiling fiat_p256_adx_mul.S
[1219/5486] Compiling fiat_curve25519_adx_square.S
[1222/5486] Compiling CNIOBoringSSLShims shims.c
[1223/5486] Write swift-version--11D90AFD9DD3AB2.txt
[1224/5486] Compiling tls13_both.cc
[1225/5486] Compiling tls13_server.cc
[1225/5486] Compiling tls_method.cc
[1227/5486] Compiling tls13_client.cc
[1227/5486] Compiling tls13_enc.cc
[1227/5486] Compiling t1_enc.cc
[1227/5486] Compiling tls_record.cc
[1231/5500] Compiling ssl_x509.cc
[1233/5573] Compiling SystemPackage Stat.swift
[1234/5573] Compiling SystemPackage FilePathComponentView.swift
[1235/5575] Compiling Logging LogEvent.swift
[1236/5575] Compiling Logging LogHandler.swift
[1237/5576] Compiling Logging LoggingSystem.swift
[1238/5576] Compiling RealModule Float80+Real.swift
[1239/5577] Compiling RealModule Float16+Real.swift
[1240/5577] Compiling SystemPackage FilePathComponents.swift
[1241/5577] Compiling SystemPackage FilePathParsing.swift
[1242/5577] Compiling _CertificateInternals _TinyArray.swift
[1243/5577] Emitting module _CertificateInternals
[1244/5578] Compiling ServiceContextModule ServiceContextKey.swift
[1249/5578] Compiling SystemPackage FilePathString.swift
[1250/5578] Compiling SystemPackage FilePathSyntax.swift
[1251/5578] Compiling RealModule RelaxedArithmetic.swift
[1252/5583] Emitting module _NIOBase64
[1253/5583] Compiling _NIOBase64 Base64.swift
[1254/5584] Compiling RealModule RealFunctions.swift
[1255/5584] Emitting module ServiceContextModule
[1256/5584] Compiling RealModule Real.swift
[1257/5584] Compiling ServiceContextModule ServiceContext.swift
[1258/5584] Compiling Logging Logger.swift
[1260/5585] Compiling Logging StreamLogHandler.swift
[1261/5585] Compiling SystemPackage FileFlags.swift
[1264/5585] Compiling Logging SwiftLogNoOpLogHandler.swift
[1265/5585] Compiling Logging Locks.swift
[1266/5585] Compiling Logging MultiplexLogHandler.swift
[1268/5590] Emitting module RealModule
[1269/5590] Compiling InternalCollectionsUtilities Debugging.swift
[1270/5590] Compiling InternalCollectionsUtilities Descriptions.swift
[1273/5612] Compiling InternalCollectionsUtilities BorrowingIteratorProtocol+Equality.swift
[1274/5612] Compiling InternalCollectionsUtilities BorrowingIteratorProtocol+Extras.swift
[1277/5612] Compiling InternalCollectionsUtilities _UnsafeBitSet+_Word.swift
[1278/5612] Compiling InternalCollectionsUtilities _UnsafeBitSet.swift
[1279/5612] Emitting module SystemPackage
[1281/5614] Compiling _NIODataStructures PriorityQueue.swift
[1282/5614] Compiling _NIODataStructures _TinyArray.swift
[1283/5614] Compiling InternalCollectionsUtilities UnsafeMutableBufferPointer+Extras.swift
[1284/5614] Compiling InternalCollectionsUtilities FixedWidthInteger+roundUpToPowerOfTwo.swift
[1285/5614] Compiling InternalCollectionsUtilities Integer rank.swift
[1286/5614] Compiling _NIODataStructures Heap.swift
[1287/5614] Emitting module _NIODataStructures
[1287/5619] Wrapping AST for _NIOBase64 for debugging
[1289/5620] Wrapping AST for _CertificateInternals for debugging
[1290/5620] Wrapping AST for ServiceContextModule for debugging
[1292/5625] Compiling InternalCollectionsUtilities MutableSpan+Extras.swift
[1293/5625] Compiling InternalCollectionsUtilities OutputSpan+Extras.swift
[1293/5626] Wrapping AST for RealModule for debugging
[1294/5626] Wrapping AST for _NIODataStructures for debugging
[1300/5629] Compiling InternalCollectionsUtilities Iterable+CopyContents.swift
[1301/5629] Compiling InternalCollectionsUtilities Iterable+Equality.swift
[1302/5629] Compiling InternalCollectionsUtilities LifetimeOverride.swift
[1303/5629] Compiling InternalCollectionsUtilities MutableRef.swift
[1306/5629] Compiling InternalCollectionsUtilities UInt+first and last set bit.swift
[1307/5629] Compiling InternalCollectionsUtilities UInt+reversed.swift
[1308/5629] Compiling Instrumentation Instrument.swift
[1309/5629] Compiling Instrumentation NoOpInstrument.swift
[1310/5629] Compiling ExtrasBase64 Base64+Span.swift
[1311/5629] Compiling InternalCollectionsUtilities UnsafeRawBufferPointer+Extras.swift
[1312/5629] Compiling InternalCollectionsUtilities _SortedCollection.swift
[1313/5629] Compiling InternalCollectionsUtilities _UniqueCollection.swift
[1314/5629] Compiling InternalCollectionsUtilities UnsafeMutablePointer+Extras.swift
[1315/5629] Compiling InternalCollectionsUtilities UnsafeMutableRawBufferPointer+Extras.swift
[1316/5629] Compiling InternalCollectionsUtilities UnsafePointer+Extras.swift
[1317/5629] Compiling Instrumentation MultiplexInstrument.swift
[1318/5629] Compiling InternalCollectionsUtilities Strideable+LimitHelpers.swift
[1319/5629] Compiling InternalCollectionsUtilities String+Padding.swift
[1320/5629] Compiling InternalCollectionsUtilities TemporaryAllocation.swift
[1321/5629] Compiling InternalCollectionsUtilities _UnsafeBitSet+Index.swift
[1324/5629] Compiling InternalCollectionsUtilities RandomAccessCollection+Offsets.swift
[1325/5629] Compiling InternalCollectionsUtilities Span+Extras.swift
[1326/5629] Compiling SystemPackage SystemString.swift
[1327/5629] Compiling SystemPackage Util+StringArray.swift
[1328/5629] Compiling SystemPackage Util.swift
[1329/5629] Compiling SystemPackage UtilConsumers.swift
[1330/5629] Compiling SystemPackage WinSDK+Overlay.swift
[1331/5629] Emitting module SwiftASN1
[1331/5629] Compiling ssl_versions.cc
[1332/5629] Compiling ssl_transcript.cc
[1334/5629] Compiling ExtrasBase64 Base32.swift
[1335/5629] Emitting module InternalCollectionsUtilities
[1338/5629] Compiling InternalCollectionsUtilities UnsafeBufferPointer+Extras.swift
[1341/5630] Emitting module Logging
[1359/5630] Compiling Instrumentation InstrumentationSystem.swift
[1360/5630] Emitting module Instrumentation
[1361/5630] Compiling Instrumentation Locks.swift
[1362/5631] Compiling Logging Logger+With.swift
[1365/5631] Compiling Logging Logger+Attributes.swift
[1369/5631] Compiling Logging MetadataProvider.swift
[1371/5636] Compiling SystemPackage Backcompat.swift
[1372/5636] Compiling SystemPackage CInterop.swift
[1373/5636] Compiling SystemPackage Constants.swift
[1374/5636] Compiling SystemPackage Exports.swift
[1375/5636] Compiling SystemPackage Mocking.swift
[1380/5636] Compiling SystemPackage RawIORequest.swift
[1383/5637] Compiling SpanPreview MutableSpan+InputSpanHelpers.swift
[1384/5637] Emitting module SpanPreview
[1385/5637] Compiling SpanPreview InputSpan.swift
[1386/5637] Compiling SpanPreview OutputSpan+InputSpanHelpers.swift
[1389/5647] Wrapping AST for Logging for debugging
[1389/5647] Wrapping AST for InternalCollectionsUtilities for debugging
[1391/5647] Wrapping AST for Instrumentation for debugging
[1392/5647] Wrapping AST for SystemPackage for debugging
[1393/5647] Wrapping AST for SwiftASN1 for debugging
[1394/5647] Wrapping AST for SpanPreview for debugging
[1396/5647] Compiling Tracing TracingTime.swift
[1397/5648] Compiling Tracing InstrumentationSystem+Tracing.swift
[1398/5686] Emitting module Tracing
[1399/5690] Compiling Tracing WithTracer.swift
[1399/5690] Compiling ssl_stat.cc
[1401/5690] Compiling Tracing TracerProtocol.swift
[1402/5690] Compiling Tracing TracerProtocol+Legacy.swift
[1402/5690] Compiling ssl_session.cc
[1404/5690] Compiling Tracing Tracer.swift
[1405/5690] Compiling Tracing NoOpTracer.swift
[1406/5690] Compiling Tracing SpanProtocol.swift
[1408/5691] Compiling DequeModule UniqueDeque+Consumption.swift
[1409/5691] Compiling DequeModule UniqueDeque+ContainerOperations.swift
[1410/5691] Compiling DequeModule UniqueDeque+Deprecations.swift
[1411/5691] Compiling DequeModule UniqueDeque+Descriptions.swift
[1412/5691] Compiling DequeModule UniqueDeque+Equatable.swift
[1413/5691] Compiling DequeModule UniqueDeque+Hashable.swift
[1414/5691] Compiling DequeModule UniqueDeque+Initializers.swift
[1415/5691] Compiling DequeModule UniqueDeque+Insertions.swift
[1416/5691] Compiling DequeModule UniqueDeque+Iterable.swift
[1417/5691] Compiling DequeModule UniqueDeque+Prepend.swift
[1418/5691] Compiling DequeModule UniqueDeque+Removals.swift
[1419/5696] Compiling DequeModule RigidDeque+Descriptions.swift
[1420/5696] Compiling DequeModule RigidDeque+Equatable.swift
[1421/5696] Compiling DequeModule RigidDeque+Hashable.swift
[1422/5696] Compiling DequeModule RigidDeque+Initializers.swift
[1423/5696] Compiling DequeModule RigidDeque+Insertions.swift
[1424/5696] Compiling DequeModule RigidDeque+Iterable.swift
[1425/5696] Compiling DequeModule RigidDeque+Prepend.swift
[1426/5696] Compiling DequeModule RigidDeque+Removals.swift
[1427/5696] Compiling DequeModule RigidDeque+Replacements.swift
[1428/5696] Compiling DequeModule RigidDeque+Testing.swift
[1429/5696] Compiling DequeModule RigidDeque.swift
[1430/5696] Compiling DequeModule UniqueDeque+Append.swift
[1431/5696] Compiling DequeModule _DequeBuffer.swift
[1432/5696] Compiling DequeModule _DequeBufferHeader.swift
[1433/5696] Compiling DequeModule RigidDeque+Append.swift
[1434/5696] Compiling DequeModule RigidDeque+Consumption.swift
[1435/5696] Compiling DequeModule RigidDeque+ContainerOperations.swift
[1436/5696] Compiling DequeModule RigidDeque+Deprecations.swift
[1436/5696] Compiling ssl_privkey.cc
[1437/5696] Compiling ssl_file.cc
[1438/5696] Wrapping AST for Tracing for debugging
[1439/5696] Compiling ssl_key_share.cc
[1440/5696] Compiling ssl_lib.cc
[1442/5696] Compiling DequeModule Deque+Codable.swift
[1443/5696] Compiling DequeModule Deque+Collection.swift
[1444/5696] Compiling DequeModule Deque+CustomReflectable.swift
[1445/5696] Compiling DequeModule Deque+Descriptions.swift
[1446/5696] Compiling DequeModule Deque+Equatable.swift
[1447/5696] Compiling DequeModule Deque+ExpressibleByArrayLiteral.swift
[1448/5696] Compiling DequeModule Deque+Extras.swift
[1449/5696] Compiling DequeModule Deque+Hashable.swift
[1450/5696] Compiling DequeModule Deque+Testing.swift
[1451/5696] Compiling DequeModule Deque._Storage.swift
[1452/5696] Compiling DequeModule Deque._UnsafeHandle.swift
[1453/5696] Compiling DequeModule Deque.swift
[1453/5696] Compiling ssl_buffer.cc
[1455/5696] Emitting module DequeModule
[1455/5696] Compiling ssl_aead_ctx.cc
[1456/5696] Compiling ssl_cert.cc
[1457/5696] Compiling ssl_credential.cc
[1458/5696] Compiling ssl_cipher.cc
[1459/5696] Compiling ssl_asn1.cc
[1461/5696] Compiling ExtrasBase64 Base64.swift
[1462/5696] Compiling DequeModule UniqueDeque+Replacements.swift
[1463/5696] Compiling DequeModule UniqueDeque.swift
[1464/5696] Compiling DequeModule _DequeSlot.swift
[1465/5696] Compiling DequeModule _UnsafeDequeHandle.swift
[1466/5696] Compiling DequeModule _UnsafeDequeSegments.swift
[1467/5697] Compiling s3_pkt.cc
[1468/5697] Compiling s3_lib.cc
[1470/5697] Emitting module ExtrasBase64
[1471/5697] Compiling ExtrasBase64 Base32+Span.swift
[1471/5698] Compiling s3_both.cc
[1473/5698] Wrapping AST for DequeModule for debugging
[1474/5698] Compiling handshake_server.cc
[1475/5741] Compiling handshake.cc
[1476/5741] Compiling handshake_client.cc
[1477/5772] Wrapping AST for ExtrasBase64 for debugging
[1479/5772] Compiling GoogleWKT ProtoJSONDecoder.swift
[1480/5772] Compiling GoogleWKT ProtoJSONEncoder.swift
[1481/5772] Compiling GoogleWKT WKTFloatValue.swift
[1482/5772] Compiling GoogleWKT WKTInt32Value.swift
[1483/5772] Compiling GoogleWKT WKTInt64Value.swift
[1484/5772] Compiling GoogleWKT WKTRecursive.swift
[1484/5777] Compiling dtls_record.cc
[1485/5777] Compiling dtls_method.cc
[1487/5777] Emitting module Configuration
[1487/5777] Compiling extensions.cc
[1488/5777] Compiling encrypted_client_hello.cc
[1489/5777] Compiling handoff.cc
[1490/5777] Compiling md5-x86_64-linux.S
[1491/5777] Compiling md5-x86_64-apple.S
[1492/5777] Compiling d1_srtp.cc
[1493/5777] Compiling md5-586-linux.S
[1494/5777] Compiling md5-586-apple.S
[1495/5777] Compiling chacha20_poly1305_x86_64-linux.S
[1496/5777] Compiling chacha20_poly1305_x86_64-apple.S
[1497/5777] Compiling chacha20_poly1305_armv8-win.S
[1498/5777] Compiling chacha20_poly1305_armv8-linux.S
[1499/5777] Compiling chacha20_poly1305_armv8-apple.S
[1500/5777] Compiling chacha-x86_64-linux.S
[1501/5777] Compiling chacha-x86_64-apple.S
[1502/5777] Compiling d1_lib.cc
[1503/5777] Compiling chacha-x86-linux.S
[1504/5777] Compiling chacha-x86-apple.S
[1505/5777] Compiling chacha-armv8-win.S
[1506/5777] Compiling chacha-armv8-apple.S
[1507/5777] Compiling chacha-armv8-linux.S
[1508/5777] Compiling d1_both.cc
[1509/5777] Compiling err_data.cc
[1510/5777] Compiling aes128gcmsiv-x86_64-apple.S
[1511/5777] Compiling aes128gcmsiv-x86_64-linux.S
[1512/5777] Compiling x86_64-mont-linux.S
[1513/5777] Compiling chacha-armv4-linux.S
[1513/5777] Compiling x86_64-mont5-apple.S
[1515/5777] Compiling bio_ssl.cc
[1515/5777] Compiling x86_64-mont-apple.S
[1521/5781] Compiling x86-mont-linux.S
[1522/5781] Compiling vpaes-x86_64-apple.S
[1523/5781] Compiling vpaes-x86_64-linux.S
[1524/5781] Compiling x86_64-mont5-linux.S
[1525/5781] Compiling vpaes-x86-apple.S
[1525/5781] Compiling x86-mont-apple.S
[1528/5781] Compiling GoogleWKT WKTField.swift
[1529/5781] Compiling GoogleWKT WKTMethod.swift
[1530/5781] Compiling GoogleWKT WKTMixin.swift
[1531/5781] Compiling GoogleWKT WKTOption.swift
[1531/5781] Compiling vpaes-x86-linux.S
[1532/5781] Compiling vpaes-armv8-win.S
[1533/5781] Compiling vpaes-armv7-linux.S
[1534/5781] Compiling vpaes-armv8-apple.S
[1535/5781] Compiling sha512-x86_64-linux.S
[1536/5781] Compiling vpaes-armv8-linux.S
[1537/5781] Compiling sha512-armv8-win.S
[1538/5781] Compiling sha512-586-linux.S
[1539/5781] Compiling sha512-x86_64-apple.S
[1540/5781] Compiling sha512-armv4-linux.S
[1541/5781] Compiling sha512-armv8-linux.S
[1543/5781] Compiling GoogleWKT WKTDoubleValue.swift
[1544/5781] Compiling GoogleWKT WKTDuration.swift
[1545/5781] Compiling GoogleWKT WKTEmpty.swift
[1546/5781] Compiling GoogleWKT WKTFieldMask.swift
[1546/5781] Compiling sha512-armv8-apple.S
[1547/5781] Compiling sha512-586-apple.S
[1548/5781] Compiling sha256-x86_64-linux.S
[1548/5781] Compiling sha256-armv8-win.S
[1550/5781] Compiling sha256-armv8-apple.S
[1551/5781] Compiling sha256-armv4-linux.S
[1552/5781] Compiling sha256-586-linux.S
[1552/5781] Compiling sha256-armv8-linux.S
[1552/5781] Compiling sha256-x86_64-apple.S
[1556/5781] Compiling GoogleWKT WKTStringValue.swift
[1557/5781] Compiling GoogleWKT WKTTimestamp.swift
[1558/5781] Compiling GoogleWKT WKTUInt32Value.swift
[1559/5781] Compiling GoogleWKT WKTUInt64Value.swift
[1560/5781] Compiling GoogleWKT WKTValue.swift
[1561/5781] Compiling GoogleWKT WKTApi.swift
[1562/5781] Compiling GoogleWKT WKTEnum.swift
[1563/5781] Compiling GoogleWKT WKTEnumValue.swift
[1563/5781] Compiling sha1-x86_64-apple.S
[1564/5781] Compiling sha1-x86_64-linux.S
[1565/5781] Compiling sha256-586-apple.S
[1566/5781] Compiling sha1-armv8-apple.S
[1567/5781] Compiling sha1-armv4-large-linux.S
[1568/5781] Compiling sha1-armv8-win.S
[1568/5781] Compiling sha1-armv8-linux.S
[1570/5781] Compiling sha1-586-linux.S
[1572/5781] Compiling GoogleWKT WKTSourceContext.swift
[1573/5781] Compiling GoogleWKT WKTSyntax.swift
[1574/5781] Compiling GoogleWKT WKTType.swift
[1575/5781] Compiling GoogleWKT PackageVersion.swift
[1575/5781] Compiling rsaz-avx2-linux.S
[1576/5781] Compiling d1_pkt.cc
[1583/5781] Compiling rdrand-x86_64-apple.S
[1590/5781] Compiling rsaz-avx2-apple.S
[1591/5781] Compiling rdrand-x86_64-linux.S
[1592/5781] Compiling p256_beeu-x86_64-asm-linux.S
[1593/5781] Compiling sha1-586-apple.S
[1594/5781] Compiling p256_beeu-armv8-asm-win.S
[1595/5781] Compiling p256_beeu-x86_64-asm-apple.S
[1596/5781] Compiling p256_beeu-armv8-asm-linux.S
[1597/5781] Compiling p256-x86_64-asm-linux.S
[1599/5781] Compiling Configuration CombineLatestManyStorage.swift
[1600/5781] Compiling Configuration AsyncSequences.swift
[1601/5781] Compiling Configuration FoundationExtensions.swift
[1602/5781] Compiling Configuration Span.swift
[1603/5781] Compiling Configuration ConfigBytesFromStringDecoder.swift
[1603/5781] Compiling p256-x86_64-asm-apple.S
[1603/5781] Compiling p256_beeu-armv8-asm-apple.S
[1605/5781] Compiling p256-armv8-asm-apple.S
[1606/5781] Compiling p256-armv8-asm-win.S
[1607/5781] Compiling p256-armv8-asm-linux.S
[1607/5781] Compiling ghashv8-armv8-win.S
[1610/5781] Compiling Configuration MutableInMemoryProvider.swift
[1611/5781] Compiling Configuration ConfigProvider+Operators.swift
[1612/5781] Compiling Configuration KeyMappingProvider.swift
[1613/5781] Compiling Configuration SecretsSpecifier.swift
[1614/5781] Compiling Configuration AsyncCombineLatestManySequence.swift
[1615/5781] Compiling Configuration CombineLatestManyStateMachine.swift
[1620/5781] Compiling Configuration YAMLSnapshot.swift
[1621/5781] Compiling Configuration InMemoryProvider.swift
[1621/5781] Compiling ghashv8-armv8-linux.S
[1622/5781] Compiling ghashv8-armv8-apple.S
[1623/5781] Compiling ghashv8-armv7-linux.S
[1624/5781] Compiling ghash-x86_64-linux.S
[1625/5781] Compiling ghash-x86-linux.S
[1626/5781] Compiling ghash-ssse3-x86_64-linux.S
[1627/5781] Compiling ghash-x86-apple.S
[1628/5781] Compiling ghash-x86_64-apple.S
[1629/5781] Compiling ghash-ssse3-x86_64-apple.S
[1630/5781] Compiling ghash-ssse3-x86-apple.S
[1631/5781] Compiling ghash-ssse3-x86-linux.S
[1632/5781] Compiling ghash-neon-armv8-linux.S
[1632/5781] Compiling ghash-neon-armv8-apple.S
[1634/5781] Compiling ghash-neon-armv8-win.S
[1635/5781] Compiling co-586-linux.S
[1636/5781] Compiling ghash-armv4-linux.S
[1637/5781] Compiling co-586-apple.S
[1638/5781] Compiling bsaes-armv7-linux.S
[1639/5781] Compiling bn-armv8-win.S
[1644/5781] Compiling GoogleWKT AnyPackable.swift
[1645/5781] Compiling GoogleWKT DecodeToDefault.swift
[1646/5781] Compiling GoogleWKT DiscoveryBase64.swift
[1646/5781] Compiling bn-armv8-linux.S
[1647/5781] Compiling bn-586-linux.S
[1649/5781] Compiling GoogleWKT UnknownFields.swift
[1650/5781] Compiling GoogleWKT WKTAny.swift
[1651/5781] Compiling GoogleWKT WKTAnyError.swift
[1652/5781] Compiling GoogleWKT WKTBoolValue.swift
[1653/5781] Compiling GoogleWKT WKTBytesValue.swift
[1654/5781] Compiling bn-armv8-apple.S
[1665/5781] Compiling armv8-mont-win.S
[1667/5781] Emitting module GoogleWKT
[1667/5782] Compiling bn-586-apple.S
[1670/5783] Compiling armv8-mont-apple.S
[1671/5783] Compiling armv4-mont-linux.S
[1671/5783] Compiling armv8-mont-linux.S
[1673/5783] Compiling aesv8-gcm-armv8-win.S
[1674/5783] Compiling aesv8-gcm-armv8-linux.S
[1675/5783] Compiling aesv8-gcm-armv8-apple.S
[1676/5783] Compiling aesv8-armv8-linux.S
[1676/5783] Compiling aesv8-armv8-apple.S
[1676/5783] Compiling aesv8-armv8-win.S
[1676/5783] Compiling aesv8-armv7-linux.S
[1680/5783] Compiling aesni-x86-apple.S
[1681/5783] Compiling aesni-x86-linux.S
[1682/5783] Compiling aesni-gcm-x86_64-linux.S
[1683/5783] Compiling aesni-x86_64-linux.S
[1683/5783] Compiling aesni-x86_64-apple.S
[1685/5783] Compiling aesni-gcm-x86_64-apple.S
[1686/5783] Compiling aes-gcm-avx2-x86_64-linux.S
[1686/5783] Compiling aes-gcm-avx2-x86_64-apple.S
[1688/5783] Wrapping AST for GoogleWKT for debugging
[1689/5783] Wrapping AST for Configuration for debugging
[1690/5783] Compiling aes-gcm-avx10-x86_64-apple.S
[1691/5783] Compiling aes-gcm-avx10-x86_64-linux.S
[1692/5798] Compiling x_req.cc
[1693/5798] Compiling x_pubkey.cc
[1695/5798] Compiling GoogleRpc RequestInfo.swift
[1696/5798] Compiling GoogleRpc ResourceInfo.swift
[1696/5800] Compiling x_spki.cc
[1698/5800] Compiling GoogleRpc DebugInfo.swift
[1699/5800] Compiling GoogleRpc ErrorInfo.swift
[1700/5800] Compiling GoogleRpc BadRequest.swift
[1701/5800] Compiling GoogleRpc Code.swift
[1702/5800] Compiling GoogleRpc Help.swift
[1703/5800] Compiling GoogleRpc HttpHeader.swift
[1704/5800] Emitting module GoogleRpc
[1705/5800] Compiling GoogleRpc LocalizedMessage.swift
[1706/5800] Compiling GoogleRpc PackageVersion.swift
[1707/5800] Compiling GoogleRpc PreconditionFailure.swift
[1708/5800] Compiling GoogleRpc QuotaFailure.swift
[1709/5800] Compiling GoogleRpc HttpRequest.swift
[1710/5800] Compiling GoogleRpc HttpResponse.swift
[1710/5800] Compiling x_sig.cc
[1711/5800] Compiling x_x509a.cc
[1712/5800] Compiling x_x509.cc
[1713/5800] Compiling GoogleRpc RetryInfo.swift
[1715/5800] Compiling GoogleRpc Status.swift
[1716/5801] Compiling x_val.cc
[1717/5801] Compiling x_exten.cc
[1718/5801] Compiling x_name.cc
[1719/5801] Compiling x_crl.cc
[1720/5801] Wrapping AST for GoogleRpc for debugging
[1721/5801] Compiling x_attrib.cc
[1722/5801] Compiling x_algor.cc
[1723/5801] Compiling x509rset.cc
[1724/5801] Compiling x_all.cc
[1725/5801] Compiling x509spki.cc
[1726/5801] Compiling x509_vpm.cc
[1727/5801] Compiling x509name.cc
[1728/5801] Compiling x509cset.cc
[1729/5801] Compiling x509_txt.cc
[1730/5801] Compiling x509_vfy.cc
[1731/5801] Compiling x509_trs.cc
[1731/5801] Compiling x509_obj.cc
[1733/5801] Compiling x509_v3.cc
[1734/5801] Compiling x509_set.cc
[1735/5801] Compiling x509_lu.cc
[1736/5801] Compiling x509_ext.cc
[1737/5801] Compiling x509_def.cc
[1738/5801] Compiling x509_req.cc
[1739/5801] Compiling x509_d2.cc
[1740/5801] Compiling x509_cmp.cc
[1741/5801] Compiling x509_att.cc
[1742/5801] Compiling v3_skey.cc
[1743/5801] Compiling v3_purp.cc
[1744/5801] Compiling x509.cc
[1745/5801] Compiling v3_pmaps.cc
[1746/5801] Compiling v3_utl.cc
[1747/5801] Compiling v3_prn.cc
[1748/5801] Compiling v3_pcons.cc
[1749/5801] Compiling v3_ocsp.cc
[1750/5801] Compiling v3_lib.cc
[1751/5801] Compiling v3_ncons.cc
[1752/5801] Compiling v3_int.cc
[1753/5801] Compiling v3_ia5.cc
[1754/5801] Compiling v3_enum.cc
[1755/5801] Compiling v3_extku.cc
[1755/5801] Compiling v3_genn.cc
[1757/5801] Compiling v3_crld.cc
[1758/5801] Compiling v3_info.cc
[1759/5801] Compiling t_x509a.cc
[1760/5801] Compiling v3_bitst.cc
[1761/5801] Compiling v3_bcons.cc
[1762/5801] Compiling v3_akey.cc
[1763/5801] Compiling v3_alt.cc
[1763/5801] Compiling v3_cpols.cc
[1765/5801] Compiling v3_akeya.cc
[1766/5801] Compiling v3_conf.cc
[1767/5801] Compiling t_crl.cc
[1768/5801] Compiling i2d_pr.cc
[1769/5801] Compiling policy.cc
[1770/5801] Compiling rsa_pss.cc
[1770/5801] Compiling t_req.cc
[1770/5801] Compiling name_print.cc
[1770/5801] Compiling t_x509.cc
[1774/5801] Compiling by_file.cc
[1775/5801] Compiling by_dir.cc
[1776/5801] Compiling algorithm.cc
[1776/5801] Compiling asn1_gen.cc
[1776/5801] Compiling voprf.cc
[1776/5801] Compiling a_verify.cc
[1780/5801] Compiling a_digest.cc
[1781/5801] Compiling a_sign.cc
[1782/5801] Compiling trust_token.cc
[1783/5801] Compiling pmbtoken.cc
[1784/5801] Compiling thread.cc
[1784/5801] Compiling thread_win.cc
[1785/5801] Compiling thread_none.cc
[1787/5801] Compiling thread_pthread.cc
[1788/5801] Compiling stack.cc
[1789/5801] Compiling slhdsa.cc
[1790/5801] Compiling sha512.cc
[1791/5801] Compiling spake2plus.cc
[1792/5801] Compiling sha1.cc
[1793/5801] Compiling rsa_print.cc
[1794/5801] Compiling sha256.cc
[1795/5801] Compiling siphash.cc
[1796/5801] Compiling rsa_extra.cc
[1797/5801] Compiling rsa_crypt.cc
[1798/5801] Compiling refcount.cc
[1799/5801] Compiling rc4.cc
[1800/5801] Compiling windows.cc
[1801/5801] Compiling urandom.cc
[1802/5801] Compiling rsa_asn1.cc
[1803/5801] Compiling trusty.cc
[1804/5801] Compiling rand.cc
[1805/5801] Compiling passive.cc
[1806/5801] Compiling getentropy.cc
[1807/5801] Compiling poly1305_arm_asm.S
[1808/5801] Compiling ios.cc
[1809/5801] Compiling deterministic.cc
[1810/5801] Compiling fork_detect.cc
[1810/5801] Compiling forkunsafe.cc
[1812/5801] Compiling poly1305_vec.cc
[1813/5801] Compiling pool.cc
[1814/5801] Compiling poly1305_arm.cc
[1815/5801] Compiling poly1305.cc
[1816/5801] Compiling pkcs7.cc
[1817/5801] Compiling p5_pbev2.cc
[1818/5801] Compiling pkcs8.cc
[1819/5801] Compiling pkcs7_x509.cc
[1820/5801] Compiling pkcs8_x509.cc
[1821/5801] Compiling pem_xaux.cc
[1822/5801] Compiling pem_pk8.cc
[1823/5801] Compiling pem_x509.cc
[1824/5801] Compiling pem_pkey.cc
[1825/5801] Compiling pem_oth.cc
[1826/5801] Compiling pem_all.cc
[1827/5801] Compiling pem_info.cc
[1828/5801] Compiling obj_xref.cc
[1829/5801] Compiling mlkem.cc
[1830/5801] Compiling pem_lib.cc
[1831/5801] Compiling mldsa.cc
[1832/5801] Compiling md5.cc
[1833/5801] Compiling poly_rq_mul.S
[1834/5801] Compiling fips_shared_support.cc
[1835/5801] Compiling mem.cc
[1836/5801] Compiling lhash.cc
[1837/5801] Compiling md4.cc
[1838/5801] Compiling obj.cc
[1839/5801] Compiling hpke.cc
[1840/5801] Compiling sign.cc
[1841/5801] Compiling hrss.cc
[1842/5801] Compiling scrypt.cc
[1843/5801] Compiling ex_data.cc
[1844/5801] Compiling p_x25519_asn1.cc
[1845/5801] Compiling kyber.cc
[1846/5801] Compiling p_x25519.cc
[1847/5801] Compiling print.cc
[1848/5801] Compiling pbkdf.cc
[1849/5801] Compiling p_rsa_asn1.cc
[1850/5801] Compiling p_hkdf.cc
[1851/5801] Compiling p_ed25519_asn1.cc
[1852/5801] Compiling p_rsa.cc
[1853/5801] Compiling p_dh_asn1.cc
[1854/5801] Compiling p_ed25519.cc
[1855/5801] Compiling p_ec.cc
[1856/5801] Compiling p_ec_asn1.cc
[1857/5801] Compiling p_dh.cc
[1858/5801] Compiling p_dsa_asn1.cc
[1859/5801] Compiling evp_ctx.cc
[1860/5801] Compiling evp.cc
[1861/5801] Compiling err.cc
[1862/5801] Compiling engine.cc
[1863/5801] Compiling evp_asn1.cc
[1864/5801] Compiling ecdh.cc
[1865/5801] Compiling ecdsa_asn1.cc
[1866/5801] Compiling ec_derive.cc
[1867/5801] Compiling hash_to_curve.cc
[1868/5801] Compiling params.cc
[1869/5801] Compiling dsa.cc
[1870/5801] Compiling dsa_asn1.cc
[1871/5801] Compiling ec_asn1.cc
[1872/5801] Compiling x25519-asm-arm.S
[1873/5801] Compiling des.cc
[1874/5801] Compiling digest_extra.cc
[1875/5801] Compiling spake25519.cc
[1876/5801] Compiling dh_asn1.cc
[1877/5801] Compiling curve25519_64_adx.cc
[1878/5801] Compiling cpu_arm_freebsd.cc
[1879/5801] Compiling cpu_aarch64_sysreg.cc
[1880/5801] Compiling cpu_intel.cc
[1881/5801] Compiling cpu_aarch64_openbsd.cc
[1882/5801] Compiling crypto.cc
[1883/5801] Compiling curve25519.cc
[1884/5801] Compiling cpu_arm_linux.cc
[1885/5801] Compiling cpu_aarch64_win.cc
[1886/5801] Compiling cpu_aarch64_apple.cc
[1887/5801] Compiling cpu_aarch64_linux.cc
[1888/5801] Compiling cpu_aarch64_fuchsia.cc
[1889/5801] Compiling bcm.cc
[1890/5801] Compiling e_tls.cc
[1891/5801] Compiling conf.cc
[1892/5801] Compiling tls_cbc.cc
[1893/5801] Compiling get_cipher.cc
[1894/5801] Compiling e_rc2.cc
[1895/5801] Compiling e_chacha20poly1305.cc
[1896/5801] Compiling chacha.cc
[1897/5801] Compiling e_rc4.cc
[1898/5801] Compiling e_null.cc
[1899/5801] Compiling e_des.cc
[1900/5801] Compiling unicode.cc
[1901/5801] Compiling e_aesgcmsiv.cc
[1902/5801] Compiling e_aesctrhmac.cc
[1903/5801] Compiling derive_key.cc
[1904/5801] Compiling buf.cc
[1905/5801] Compiling cbb.cc
[1906/5801] Compiling cbs.cc
[1907/5801] Compiling ber.cc
[1908/5801] Compiling socket_helper.cc
[1909/5801] Compiling socket.cc
[1910/5801] Compiling blake2.cc
[1911/5801] Compiling asn1_compat.cc
[1912/5801] Compiling convert.cc
[1912/5801] Compiling bn_asn1.cc
[1914/5801] Compiling file.cc
[1915/5801] Compiling fd.cc
[1916/5801] Compiling printf.cc
[1917/5801] Compiling pair.cc
[1918/5801] Compiling hexdump.cc
[1919/5801] Compiling base64.cc
[1920/5801] Compiling connect.cc
[1921/5801] Compiling errno.cc
[1922/5801] Compiling bio.cc
[1923/5801] Compiling bio_mem.cc
[1924/5801] Compiling tasn_fre.cc
[1925/5801] Compiling tasn_typ.cc
[1926/5801] Compiling tasn_dec.cc
[1927/5801] Compiling posix_time.cc
[1928/5801] Compiling f_string.cc
[1928/5801] Compiling f_int.cc
[1930/5801] Compiling asn1_par.cc
[1931/5801] Compiling tasn_new.cc
[1932/5801] Compiling tasn_enc.cc
[1933/5801] Compiling tasn_utl.cc
[1934/5801] Compiling a_utctm.cc
[1935/5801] Compiling a_object.cc
[1936/5801] Compiling asn_pack.cc
[1937/5801] Compiling a_strnid.cc
[1938/5801] Compiling asn1_lib.cc
[1939/5801] Compiling a_octet.cc
[1940/5801] Compiling a_i2d_fp.cc
[1941/5801] Compiling a_type.cc
[1942/5801] Compiling a_d2i_fp.cc
[1943/5801] Compiling a_time.cc
[1944/5801] Compiling a_strex.cc
[1945/5801] Compiling a_dup.cc
[1946/5801] Compiling CGoogleGaxCRC32C CGoogleGaxCRC32C.c
[1947/5801] Compiling a_bitstr.cc
[1948/5801] Compiling a_gentm.cc
[1949/5801] Compiling fiat_p256_adx_sqr.S
[1950/5801] Compiling fiat_p256_adx_mul.S
[1951/5801] Compiling fiat_curve25519_adx_mul.S
[1952/5801] Compiling fiat_curve25519_adx_square.S
[1953/5801] Compiling md5-x86_64-apple.S
[1953/5801] Compiling md5-x86_64-linux.S
[1955/5801] Compiling a_bool.cc
[1956/5801] Compiling a_mbstr.cc
[1957/5801] Compiling a_int.cc
[1958/5801] Compiling md5-586-apple.S
[1958/5801] Compiling md5-586-linux.S
[1958/5801] Compiling chacha20_poly1305_x86_64-linux.S
[1961/5801] Compiling chacha20_poly1305_x86_64-apple.S
[1962/5801] Compiling chacha20_poly1305_armv8-win.S
[1963/5801] Compiling chacha20_poly1305_armv8-apple.S
[1964/5801] Compiling chacha-x86_64-linux.S
[1965/5801] Compiling chacha-x86_64-apple.S
[1966/5801] Compiling chacha-x86-apple.S
[1967/5801] Compiling chacha-x86-linux.S
[1968/5801] Compiling chacha20_poly1305_armv8-linux.S
[1969/5801] Compiling chacha-armv8-win.S
[1970/5801] Compiling chacha-armv4-linux.S
[1971/5801] Compiling chacha-armv8-apple.S
[1972/5801] Compiling chacha-armv8-linux.S
[1973/5801] Compiling aes128gcmsiv-x86_64-linux.S
[1974/5801] Compiling x86_64-mont5-apple.S
[1975/5801] Compiling x86_64-mont5-linux.S
[1976/5801] Compiling aes128gcmsiv-x86_64-apple.S
[1977/5801] Compiling err_data.cc
[1978/5801] Compiling x86_64-mont-apple.S
[1979/5801] Compiling x86_64-mont-linux.S
[1980/5801] Compiling x86-mont-linux.S
[1981/5801] Compiling x86-mont-apple.S
[1982/5801] Compiling vpaes-x86_64-linux.S
[1983/5801] Compiling vpaes-x86_64-apple.S
[1984/5801] Compiling vpaes-x86-apple.S
[1985/5801] Compiling vpaes-x86-linux.S
[1986/5801] Compiling vpaes-armv8-win.S
[1987/5801] Compiling vpaes-armv8-linux.S
[1988/5801] Compiling sha512-x86_64-linux.S
[1989/5801] Compiling vpaes-armv7-linux.S
[1990/5801] Compiling sha512-x86_64-apple.S
[1991/5801] Compiling vpaes-armv8-apple.S
[1992/5801] Compiling CCryptoBoringSSLShims shims.c
[1993/5801] Compiling sha512-armv8-win.S
[1994/5801] Compiling sha512-armv8-apple.S
[1995/5801] Compiling sha512-586-apple.S
[1996/5801] Compiling sha512-armv8-linux.S
[1997/5801] Compiling sha256-x86_64-apple.S
[1998/5801] Compiling sha512-armv4-linux.S
[1999/5801] Compiling sha512-586-linux.S
[2000/5801] Compiling sha256-armv8-win.S
[2000/5801] Compiling sha256-x86_64-linux.S
[2002/5801] Compiling sha256-586-apple.S
[2003/5801] Compiling sha1-x86_64-linux.S
[2004/5801] Compiling sha256-586-linux.S
[2005/5801] Compiling sha256-armv8-linux.S
[2006/5801] Compiling sha256-armv4-linux.S
[2007/5801] Compiling sha256-armv8-apple.S
[2008/5801] Compiling sha1-armv8-win.S
[2009/5801] Compiling sha1-x86_64-apple.S
[2010/5801] Compiling sha1-586-apple.S
[2011/5801] Compiling sha1-armv8-apple.S
[2012/5801] Compiling sha1-586-linux.S
[2013/5801] Compiling sha1-armv4-large-linux.S
[2014/5801] Compiling sha1-armv8-linux.S
[2015/5801] Compiling rsaz-avx2-linux.S
[2016/5801] Compiling p256_beeu-x86_64-asm-linux.S
[2017/5801] Compiling rsaz-avx2-apple.S
[2018/5801] Compiling rdrand-x86_64-apple.S
[2019/5801] Compiling rdrand-x86_64-linux.S
[2020/5801] Compiling p256_beeu-x86_64-asm-apple.S
[2021/5801] Compiling p256_beeu-armv8-asm-win.S
[2022/5801] Compiling p256_beeu-armv8-asm-linux.S
[2023/5801] Compiling p256-x86_64-asm-linux.S
[2024/5801] Compiling p256-armv8-asm-linux.S
[2025/5801] Compiling p256-armv8-asm-win.S
[2026/5801] Compiling p256-x86_64-asm-apple.S
[2027/5801] Compiling p256_beeu-armv8-asm-apple.S
[2028/5801] Compiling ghashv8-armv8-win.S
[2029/5801] Compiling ghashv8-armv8-apple.S
[2029/5801] Compiling ghashv8-armv8-linux.S
[2031/5801] Compiling p256-armv8-asm-apple.S
[2032/5801] Compiling ghashv8-armv7-linux.S
[2033/5801] Compiling ghash-x86_64-linux.S
[2034/5801] Compiling ghash-x86-linux.S
[2035/5801] Compiling ghash-x86_64-apple.S
[2036/5801] Compiling ghash-x86-apple.S
[2037/5801] Compiling ghash-ssse3-x86_64-apple.S
[2038/5801] Compiling ghash-ssse3-x86-apple.S
[2039/5801] Compiling ghash-ssse3-x86_64-linux.S
[2040/5801] Compiling ghash-neon-armv8-win.S
[2041/5801] Compiling ghash-ssse3-x86-linux.S
[2042/5801] Compiling ghash-neon-armv8-linux.S
[2043/5801] Compiling ghash-armv4-linux.S
[2044/5801] Compiling bsaes-armv7-linux.S
[2044/5801] Compiling ghash-neon-armv8-apple.S
[2046/5801] Compiling co-586-linux.S
[2047/5801] Compiling co-586-apple.S
[2047/5801] Compiling bn-armv8-win.S
[2049/5801] Compiling bn-armv8-apple.S
[2050/5801] Compiling bn-armv8-linux.S
[2051/5801] Compiling bn-586-linux.S
[2052/5801] Compiling armv8-mont-win.S
[2053/5801] Compiling armv8-mont-apple.S
[2054/5801] Compiling bn-586-apple.S
[2055/5801] Compiling armv8-mont-linux.S
[2056/5801] Compiling aesv8-gcm-armv8-win.S
[2057/5801] Compiling armv4-mont-linux.S
[2058/5801] Compiling aesv8-gcm-armv8-linux.S
[2058/5801] Compiling aesv8-gcm-armv8-apple.S
[2060/5801] Compiling aesv8-armv8-win.S
[2061/5801] Compiling aesv8-armv8-apple.S
[2062/5801] Compiling aesv8-armv8-linux.S
[2063/5801] Compiling aesni-x86_64-apple.S
[2064/5801] Compiling aesni-x86_64-linux.S
[2065/5801] Compiling aesv8-armv7-linux.S
[2066/5801] Compiling aesni-x86-linux.S
[2067/5801] Compiling aesni-gcm-x86_64-apple.S
[2068/5801] Compiling aes-gcm-avx512-x86_64-apple.S
[2069/5801] Compiling aes-gcm-avx512-x86_64-linux.S
[2069/5801] Compiling aesni-gcm-x86_64-linux.S
[2071/5801] Compiling aesni-x86-apple.S
[2072/5801] Compiling aes-gcm-avx2-x86_64-linux.S
[2073/5801] Compiling aes-gcm-avx2-x86_64-apple.S
[2074/5801] Compiling x_spki.cc
[2075/5801] Compiling x_x509.cc
[2076/5801] Compiling xwing.cc
[2077/5801] Compiling x_sig.cc
[2078/5801] Compiling x_x509a.cc
[2079/5801] Compiling x_req.cc
[2080/5801] Compiling c-atomics.c
[2081/5801] Compiling c-nioatomics.c
[2082/5801] Compiling x_name.cc
[2083/5801] Compiling x_pubkey.cc
[2084/5801] Compiling x_attrib.cc
[2085/5801] Compiling x_exten.cc
[2086/5801] Compiling x_algor.cc
[2087/5801] Compiling x509spki.cc
[2088/5801] Compiling x_all.cc
[2089/5801] Compiling x_crl.cc
[2090/5801] Compiling x509_v3.cc
[2091/5801] Compiling x509cset.cc
[2092/5801] Compiling x509_vfy.cc
[2093/5801] Compiling x509rset.cc
[2094/5801] Compiling x509name.cc
[2095/5801] Compiling x509_vpm.cc
[2096/5801] Compiling x509_trs.cc
[2097/5808] Compiling x509_txt.cc
[2098/5808] Compiling x509_set.cc
[2099/5808] Compiling x509_req.cc
[2100/5808] Compiling x509_lu.cc
[2102/5808] Compiling NIOConcurrencyHelpers NIOLockedValueBox.swift
[2102/5808] Compiling x509_obj.cc
[2103/5808] Compiling x509_def.cc
[2104/5808] Compiling x509_ext.cc
[2105/5808] Compiling x509_d2.cc
[2107/5808] Compiling NIOConcurrencyHelpers NIOLock.swift
[2108/5808] Compiling NIOConcurrencyHelpers atomics.swift
[2109/5808] Compiling NIOConcurrencyHelpers NIOThreadPoolWorkAvailable.swift
[2110/5808] Compiling NIOConcurrencyHelpers lock.swift
[2111/5808] Compiling NIOConcurrencyHelpers NIOAtomic.swift
[2112/5808] Emitting module NIOConcurrencyHelpers
[2113/5809] Compiling x509_att.cc
[2114/5809] Compiling x509.cc
[2115/5809] Compiling x509_cmp.cc
[2116/5809] Wrapping AST for NIOConcurrencyHelpers for debugging
[2117/5809] Compiling v3_skey.cc
[2118/5809] Compiling v3_pmaps.cc
[2119/5809] Compiling v3_purp.cc
[2120/5809] Compiling v3_utl.cc
[2121/5809] Compiling v3_ncons.cc
[2122/5809] Compiling v3_prn.cc
[2123/5809] Compiling v3_int.cc
[2124/5809] Compiling v3_pcons.cc
[2125/5809] Compiling v3_ocsp.cc
[2126/5809] Compiling v3_extku.cc
[2127/5809] Compiling v3_lib.cc
[2128/5809] Compiling v3_genn.cc
[2129/5809] Compiling v3_ia5.cc
[2130/5809] Compiling v3_info.cc
[2131/5809] Compiling v3_enum.cc
[2132/5809] Compiling v3_crld.cc
[2133/5809] Compiling v3_cpols.cc
[2134/5809] Compiling v3_conf.cc
[2135/5809] Compiling v3_bcons.cc
[2136/5809] Compiling v3_bitst.cc
[2137/5809] Compiling t_crl.cc
[2138/5809] Compiling v3_akey.cc
[2139/5809] Compiling v3_alt.cc
[2140/5809] Compiling v3_akeya.cc
[2141/5809] Compiling t_x509a.cc
[2142/5809] Compiling t_x509.cc
[2143/5809] Compiling rsa_pss.cc
[2144/5809] Compiling t_req.cc
[2145/5809] Compiling i2d_pr.cc
[2146/5809] Compiling by_dir.cc
[2147/5809] Compiling policy.cc
[2148/5809] Compiling a_verify.cc
[2149/5809] Compiling algorithm.cc
[2150/5809] Compiling by_file.cc
[2151/5809] Compiling name_print.cc
[2152/5809] Compiling asn1_gen.cc
[2153/5809] Compiling a_sign.cc
[2154/5809] Compiling thread_win.cc
[2155/5809] Compiling pmbtoken.cc
[2156/5809] Compiling thread.cc
[2157/5809] Compiling thread_pthread.cc
[2158/5809] Compiling stack.cc
[2159/5809] Compiling a_digest.cc
[2160/5809] Compiling slhdsa.cc
[2161/5809] Compiling voprf.cc
[2162/5809] Compiling trust_token.cc
[2163/5809] Compiling spake2plus.cc
[2164/5809] Compiling thread_none.cc
[2165/5809] Compiling sha512.cc
[2166/5809] Compiling rsa_print.cc
[2167/5809] Compiling siphash.cc
[2168/5809] Compiling sha1.cc
[2169/5809] Compiling sha256.cc
[2170/5809] Compiling windows.cc
[2171/5809] Compiling rsa_crypt.cc
[2172/5809] Compiling rsa_extra.cc
[2173/5809] Compiling refcount.cc
[2174/5809] Compiling rc4.cc
[2175/5809] Compiling trusty.cc
[2176/5809] Compiling urandom.cc
[2177/5809] Compiling rand.cc
[2178/5809] Compiling passive.cc
[2179/5809] Compiling fork_detect.cc
[2180/5809] Compiling poly1305_arm_asm.S
[2181/5809] Compiling ios.cc
[2182/5809] Compiling forkunsafe.cc
[2183/5809] Compiling getentropy.cc
[2184/5809] Compiling rsa_asn1.cc
[2185/5809] Compiling deterministic.cc
[2186/5809] Compiling poly1305_arm.cc
[2187/5809] Compiling poly1305_vec.cc
[2188/5809] Compiling poly1305.cc
[2189/5809] Compiling pool.cc
[2190/5809] Compiling p5_pbev2.cc
[2191/5809] Compiling pkcs8.cc
[2192/5809] Compiling pem_x509.cc
[2193/5809] Compiling pkcs7.cc
[2194/5809] Compiling pkcs8_x509.cc
[2195/5809] Compiling pem_pkey.cc
[2196/5809] Compiling pkcs7_x509.cc
[2197/5809] Compiling pem_xaux.cc
[2198/5809] Compiling pem_pk8.cc
[2199/5809] Compiling mlkem.cc
[2200/5809] Compiling mldsa.cc
[2201/5809] Compiling pem_all.cc
[2202/5809] Compiling pem_info.cc
[2203/5809] Compiling pem_oth.cc
[2204/5809] Compiling obj_xref.cc
[2205/5809] Compiling obj.cc
[2206/5809] Compiling pem_lib.cc
[2207/5809] Compiling poly_rq_mul.S
[2208/5809] Compiling mem.cc
[2209/5809] Compiling fips_shared_support.cc
[2210/5809] Compiling lhash.cc
[2211/5809] Compiling md4.cc
[2212/5809] Compiling md5.cc
[2213/5809] Compiling fuzzer_mode.cc
[2214/5809] Compiling kyber.cc
[2215/5809] Compiling hpke.cc
[2216/5809] Compiling p_x25519_asn1.cc
[2217/5809] Compiling ex_data.cc
[2218/5809] Compiling hrss.cc
[2219/5809] Compiling pbkdf.cc
[2220/5809] Compiling scrypt.cc
[2221/5809] Compiling print.cc
[2222/5809] Compiling sign.cc
[2223/5809] Compiling p_rsa_asn1.cc
[2224/5809] Compiling p_hkdf.cc
[2225/5809] Compiling p_rsa.cc
[2226/5809] Compiling p_x25519.cc
[2227/5809] Compiling p_ed25519_asn1.cc
[2228/5809] Compiling p_ed25519.cc
[2229/5809] Compiling p_ec_asn1.cc
[2230/5809] Compiling p_ec.cc
[2231/5809] Compiling p_dsa_asn1.cc
[2232/5809] Compiling p_dh_asn1.cc
[2233/5809] Compiling p_dh.cc
[2234/5809] Compiling evp_ctx.cc
[2235/5809] Compiling err.cc
[2236/5809] Compiling engine.cc
[2237/5809] Compiling evp.cc
[2238/5809] Compiling ecdsa_p1363.cc
[2239/5809] Compiling evp_asn1.cc
[2240/5809] Compiling ecdsa_asn1.cc
[2241/5809] Compiling ec_derive.cc
[2242/5809] Compiling ecdh.cc
[2243/5809] Compiling dsa_asn1.cc
[2244/5809] Compiling dsa.cc
[2245/5809] Compiling hash_to_curve.cc
[2246/5809] Compiling digest_extra.cc
[2247/5809] Compiling params.cc
[2248/5809] Compiling x25519-asm-arm.S
[2249/5809] Compiling ec_asn1.cc
[2250/5809] Compiling dh_asn1.cc
[2251/5809] Compiling crypto.cc
[2252/5809] Compiling spake25519.cc
[2253/5809] Compiling des.cc
[2254/5809] Compiling cpu_intel.cc
[2255/5809] Compiling curve25519_64_adx.cc
[2256/5809] Compiling cpu_arm_linux.cc
[2257/5809] Compiling cpu_aarch64_win.cc
[2258/5809] Compiling cpu_aarch64_openbsd.cc
[2259/5809] Compiling curve25519.cc
[2260/5809] Compiling cpu_aarch64_apple.cc
[2261/5809] Compiling cpu_arm_freebsd.cc
[2262/5809] Compiling cpu_aarch64_sysreg.cc
[2263/5809] Compiling cpu_aarch64_linux.cc
[2264/5809] Compiling cpu_aarch64_fuchsia.cc
[2265/5809] Compiling get_cipher.cc
[2266/5809] Compiling conf.cc
[2267/5809] Compiling tls_cbc.cc
[2268/5809] Compiling e_rc4.cc
[2269/5809] Compiling e_tls.cc
[2270/5809] Compiling e_rc2.cc
[2271/5809] Compiling cms.cc
[2272/5809] Compiling e_aesgcmsiv.cc
[2273/5809] Compiling e_des.cc
[2274/5809] Compiling e_aeseax.cc
[2275/5809] Compiling e_chacha20poly1305.cc
[2276/5809] Compiling e_null.cc
[2277/5809] Compiling derive_key.cc
[2278/5809] Compiling e_aesctrhmac.cc
[2279/5809] Compiling unicode.cc
[2280/5809] Compiling cbs.cc
[2281/5809] Compiling chacha.cc
[2282/5809] Compiling asn1_compat.cc
[2283/5809] Compiling exponentiation.cc
[2284/5809] Compiling div.cc
[2285/5809] Compiling ber.cc
[2286/5809] Compiling buf.cc
[2287/5809] Compiling cbb.cc
[2288/5809] Compiling sqrt.cc
[2289/5809] Compiling bn_asn1.cc
[2290/5809] Compiling fd.cc
[2291/5809] Compiling printf.cc
[2292/5809] Compiling blake2.cc
[2293/5809] Compiling hexdump.cc
[2294/5809] Compiling pair.cc
[2295/5809] Compiling file.cc
[2296/5809] Compiling convert.cc
[2297/5809] Compiling bio.cc
[2298/5809] Compiling base64.cc
[2299/5809] Compiling bio_mem.cc
[2300/5809] Compiling tasn_typ.cc
[2301/5809] Compiling errno.cc
[2302/5809] Compiling tasn_fre.cc
[2303/5809] Compiling posix_time.cc
[2304/5809] Compiling tasn_utl.cc
[2305/5809] Compiling tasn_new.cc
[2306/5809] Compiling tasn_enc.cc
[2307/5809] Compiling f_int.cc
[2308/5809] Compiling f_string.cc
[2309/5809] Compiling tasn_dec.cc
[2310/5809] Compiling asn1_par.cc
[2311/5809] Compiling asn_pack.cc
[2312/5809] Compiling asn1_lib.cc
[2313/5809] Compiling a_time.cc
[2314/5809] Compiling a_utctm.cc
[2315/5809] Compiling a_type.cc
[2316/5809] Compiling a_octet.cc
[2317/5809] Compiling a_strnid.cc
[2318/5809] Compiling a_strex.cc
[2319/5809] Compiling a_mbstr.cc
[2319/5809] Compiling a_i2d_fp.cc
[2321/5809] Compiling a_object.cc
[2322/5809] Compiling bcm.cc
[2323/5809] Compiling CAsyncHTTPClient CAsyncHTTPClient.c
[2324/5809] Write sources
[2326/5809] Compiling a_dup.cc
[2327/5809] Write sources
[2328/5809] Compiling a_int.cc
[2329/5809] Compiling a_d2i_fp.cc
[2330/5809] Compiling aes.cc
[2331/5809] Compiling a_bool.cc
[2332/5809] Compiling a_gentm.cc
[2333/5809] Compiling a_bitstr.cc
[2335/5860] Compiling Algorithms Compacted.swift
[2336/5860] Compiling Algorithms Cycle.swift
[2337/5862] Compiling Algorithms Joined.swift
[2338/5862] Compiling Algorithms Keyed.swift
[2339/5862] Compiling Algorithms Product.swift
[2340/5862] Compiling Atomics DoubleWord.swift
[2341/5862] Compiling Atomics IntegerOperations.swift
[2342/5862] Compiling Atomics Unmanaged extensions.swift
[2343/5862] Compiling Atomics OptionalRawRepresentable.swift
[2344/5862] Compiling Algorithms Chunked.swift
[2345/5862] Compiling Algorithms Combinations.swift
[2346/5862] Compiling Atomics AtomicInteger.swift
[2347/5862] Compiling Atomics AtomicOptionalWrappable.swift
[2348/5862] Compiling Atomics AtomicReference.swift
[2353/5862] Compiling Algorithms Partition.swift
[2354/5862] Compiling Algorithms Permutations.swift
[2357/5865] Compiling Algorithms Reductions.swift
[2358/5865] Compiling Algorithms Rotate.swift
[2362/5865] Compiling Algorithms Trim.swift
[2363/5865] Compiling Algorithms Unique.swift
[2364/5865] Compiling Algorithms Windows.swift
[2365/5865] Compiling Algorithms Split.swift
[2366/5865] Compiling Algorithms Stride.swift
[2367/5865] Compiling Algorithms Suffix.swift
[2368/5865] Emitting module Algorithms
[2374/5865] Compiling Atomics IntegerConformances.swift
[2375/5865] Compiling Atomics PointerConformances.swift
[2376/5865] Compiling Algorithms Intersperse.swift
[2377/5866] Emitting module Atomics
[2378/5866] Compiling CryptoBoringWrapper EllipticCurve.swift
[2379/5866] Compiling CryptoBoringWrapper RandomBytes.swift
[2380/5866] Emitting module CryptoBoringWrapper
[2381/5866] Compiling CryptoBoringWrapper BoringSSLAEAD.swift
[2388/5867] Compiling CryptoBoringWrapper EllipticCurvePoint.swift
[2389/5867] Compiling CryptoBoringWrapper FiniteFieldArithmeticContext.swift
[2390/5867] Compiling CryptoBoringWrapper CryptoKitErrors_boring.swift
[2391/5867] Compiling CryptoBoringWrapper ArbitraryPrecisionInteger.swift
[2393/5868] Wrapping AST for Algorithms for debugging
[2394/5868] Wrapping AST for CryptoBoringWrapper for debugging
[2395/5868] Wrapping AST for Atomics for debugging
[2397/6016] Compiling Crypto ASN1Null.swift
[2398/6016] Compiling Crypto ASN1OctetString.swift
[2399/6016] Compiling Crypto ASN1Strings.swift
[2400/6016] Compiling Crypto ArraySliceBigint.swift
[2401/6016] Compiling Crypto GeneralizedTime.swift
[2402/6016] Compiling Crypto ObjectIdentifier.swift
[2403/6016] Compiling Crypto ECDSASignature.swift
[2404/6016] Compiling Crypto PEMDocument.swift
[2405/6016] Compiling Crypto PKCS8PrivateKey.swift
[2406/6016] Compiling Crypto SEC1PrivateKey.swift
[2407/6016] Compiling Crypto SubjectPublicKeyInfo.swift
[2408/6016] Compiling Crypto CryptoError_boring.swift
[2409/6027] Compiling Crypto Digests.swift
[2410/6027] Compiling Crypto HashFunctions.swift
[2411/6027] Compiling Crypto HashFunctions_SHA2.swift
[2412/6027] Compiling Crypto HashFunctions_SHA3.swift
[2413/6027] Compiling Crypto Digest_xkcp.swift
[2414/6027] Compiling Crypto HPKE-AEAD.swift
[2415/6027] Compiling Crypto HPKE-Ciphersuite.swift
[2416/6027] Compiling Crypto HPKE-KDF.swift
[2417/6027] Compiling Crypto HPKE-KexKeyDerivation.swift
[2418/6035] Compiling Crypto HKDF.swift
[2419/6035] Compiling Crypto AESWrap.swift
[2420/6035] Compiling Crypto AESWrap_boring.swift
[2421/6035] Compiling Crypto Ed25519_boring.swift
[2422/6035] Compiling Crypto NISTCurvesKeys_boring.swift
[2423/6035] Compiling Crypto X25519Keys_boring.swift
[2424/6035] Compiling Crypto Curve25519.swift
[2425/6035] Compiling Crypto Ed25519Keys.swift
[2426/6035] Compiling Crypto NISTCurvesKeys.swift
[2427/6035] Compiling Crypto X25519Keys.swift
[2428/6035] Compiling Crypto SymmetricKeys.swift
[2429/6035] Compiling Crypto HMAC.swift
[2430/6035] Compiling Crypto AES-GCM.swift
[2431/6035] Compiling Crypto AES-GCM_boring.swift
[2432/6035] Compiling Crypto ChaChaPoly_boring.swift
[2433/6035] Compiling Crypto ChaChaPoly.swift
[2434/6035] Compiling Crypto Cipher.swift
[2435/6035] Compiling Crypto Nonces.swift
[2436/6035] Compiling Crypto ASN1.swift
[2437/6035] Compiling Crypto ASN1Any.swift
[2438/6035] Compiling Crypto ASN1BitString.swift
[2439/6035] Compiling Crypto ASN1Boolean.swift
[2440/6035] Compiling Crypto ASN1Identifier.swift
[2441/6035] Compiling Crypto ASN1Integer.swift
[2442/6035] Emitting module Crypto
[2443/6035] Compiling Crypto MLDSA_boring.swift
[2444/6035] Compiling Crypto MLDSA_wrapper.swift
[2445/6035] Compiling NIOCore EventLoopFuture.swift
[2446/6035] Compiling NIOCore FileDescriptor.swift
[2447/6035] Compiling NIOCore FileHandle.swift
[2448/6035] Compiling NIOCore FileRegion.swift
[2449/6035] Compiling Crypto HPKE-Utils.swift
[2450/6035] Compiling Crypto DHKEM.swift
[2451/6035] Compiling Crypto HPKE-KEM-Curve25519.swift
[2452/6035] Compiling Crypto CryptoKitErrors.swift
[2453/6035] Compiling Crypto Digest_boring.swift
[2454/6035] Compiling Crypto Digest.swift
[2468/6035] Compiling NIOCore SingleStepByteToMessageDecoder.swift
[2469/6035] Compiling NIOCore SocketAddresses.swift
[2470/6035] Compiling NIOCore SocketOptionProvider.swift
[2471/6035] Compiling NIOCore SystemCallHelpers.swift
[2472/6035] Compiling NIOCore TimeAmount+Duration.swift
[2473/6035] Compiling NIOCore TypeAssistedChannelHandler.swift
[2474/6035] Compiling NIOCore UniversalBootstrapSupport.swift
[2475/6035] Compiling NIOCore Utilities.swift
[2476/6035] Compiling Crypto MACFunctions.swift
[2477/6035] Compiling Crypto MessageAuthenticationCode.swift
[2478/6035] Compiling Crypto AES.swift
[2479/6035] Compiling Crypto ECDSASignature_boring.swift
[2480/6035] Compiling Crypto ECDSA_boring.swift
[2481/6035] Compiling Crypto EdDSA_boring.swift
[2487/6035] Compiling Crypto Insecure_HashFunctions.swift
[2488/6035] Compiling Crypto MLKEM_boring.swift
[2489/6035] Compiling Crypto MLKEM_wrapper.swift
[2490/6035] Compiling Crypto XWing_boring.swift
[2491/6035] Compiling Crypto KEM-Errors.swift
[2492/6035] Compiling Crypto KEM.swift
[2493/6035] Compiling Crypto MLKEM.swift
[2494/6035] Compiling Crypto XWing.swift
[2495/6035] Compiling Crypto ECDH_boring.swift
[2496/6035] Compiling Crypto DH.swift
[2497/6035] Compiling Crypto ECDH.swift
[2498/6035] Compiling Crypto ANSIx963.swift
[2499/6035] Compiling Crypto Signature.swift
[2500/6035] Compiling Crypto CryptoKitErrors_boring.swift
[2501/6035] Compiling Crypto Optional+withUnsafeBytes_boring.swift
[2502/6035] Compiling Crypto RNG_boring.swift
[2503/6035] Compiling Crypto SafeCompare_boring.swift
[2504/6035] Compiling Crypto Zeroization_boring.swift
[2505/6035] Compiling Crypto _CryptoModuleAnchor.swift
[2506/6035] Compiling Crypto PrettyBytes.swift
[2507/6035] Compiling Crypto SafeCompare.swift
[2508/6035] Compiling Crypto SecureBytes.swift
[2509/6035] Compiling Crypto Zeroization.swift
[2510/6036] Wrapping AST for Crypto for debugging
[2512/6098] Compiling CryptoExtras DigestType.swift
[2513/6098] Compiling CryptoExtras Error.swift
[2514/6098] Compiling CryptoExtras I2OSP.swift
[2515/6098] Compiling CryptoExtras IntegerEncoding.swift
[2516/6098] Compiling CryptoExtras PEMDocument.swift
[2517/6098] Compiling CryptoExtras PrettyBytes.swift
[2518/6098] Compiling CryptoExtras SubjectPublicKeyInfo.swift
[2519/6098] Compiling CryptoExtras PBKDF2.swift
[2520/6098] Compiling CryptoExtras Scrypt_boring.swift
[2521/6098] Compiling CryptoExtras ChaCha20CTR_boring.swift
[2522/6098] Compiling CryptoExtras ChaCha20CTR.swift
[2523/6098] Compiling CryptoExtras BoringSSLSHA512256Context.swift
[2524/6098] Compiling CryptoExtras BoringSSLSHA512256HashFunction.swift
[2525/6098] Compiling CryptoExtras SHA512256.swift
[2526/6098] Compiling CryptoExtras SHA512256Digest.swift
[2527/6098] Compiling CryptoExtras Curve25519+PEM.swift
[2528/6098] Compiling CryptoExtras ObjectIdentifier.swift
[2529/6098] Compiling CryptoExtras Data+Extensions.swift
[2538/6098] Compiling CryptoExtras AES_CBC.swift
[2539/6098] Compiling CryptoExtras AES_CFB.swift
[2540/6098] Compiling CryptoExtras AES_CTR.swift
[2541/6098] Compiling CryptoExtras AES_GCM_SIV.swift
[2542/6098] Compiling CryptoExtras Block Function.swift
[2543/6098] Compiling CryptoExtras AES_CBC_boring.swift
[2544/6098] Compiling CryptoExtras AES_CFB_boring.swift
[2545/6098] Compiling CryptoExtras AES_CTR_boring.swift
[2546/6098] Compiling CryptoExtras AES_GCM_SIV_boring.swift
[2547/6098] Emitting module CryptoExtras
[2548/6106] Compiling CryptoExtras ThreadOps.swift
[2549/6106] Compiling CryptoExtras ThreadPosix.swift
[2550/6106] Compiling CryptoExtras ThreadSpecific.swift
[2551/6106] Compiling CryptoExtras ThreadWindows.swift
[2552/6106] Compiling CryptoExtras DLEQ.swift
[2553/6106] Compiling CryptoExtras Prover.swift
[2554/6106] Compiling CryptoExtras Verifier.swift
[2555/6106] Compiling CryptoExtras ZKPToolbox.swift
[2565/6106] Compiling CryptoExtras CMAC.swift
[2566/6106] Compiling CryptoExtras ARC+API.swift
[2567/6106] Compiling CryptoExtras ARC.swift
[2568/6106] Compiling CryptoExtras ARCCredential.swift
[2569/6106] Compiling CryptoExtras ARCEncoding.swift
[2570/6106] Compiling CryptoExtras ARCPrecredential.swift
[2571/6106] Compiling CryptoExtras ARCPresentation.swift
[2572/6106] Compiling CryptoExtras ARCRequest.swift
[2573/6106] Compiling CryptoExtras ARCResponse.swift
[2574/6106] Compiling CryptoExtras BoringSSLPassphraseCallbackManager.swift
[2575/6106] Compiling CryptoExtras RSA+BlindSigning.swift
[2576/6106] Compiling CryptoExtras RSA.swift
[2577/6106] Compiling CryptoExtras RSA_boring.swift
[2578/6106] Compiling CryptoExtras Reexport.swift
[2579/6106] Compiling CryptoExtras Zeroization_boring.swift
[2580/6106] Compiling CryptoExtras BoringSSLHelpers.swift
[2581/6106] Compiling CryptoExtras CryptoKitErrors_boring.swift
[2582/6106] Compiling CryptoExtras PKCS8DERRepresentation.swift
[2594/6106] Compiling CryptoExtras Scrypt.swift
[2595/6106] Compiling CryptoExtras OPRF.swift
[2596/6106] Compiling CryptoExtras OPRFClient.swift
[2597/6106] Compiling CryptoExtras OPRFServer.swift
[2598/6106] Compiling CryptoExtras VOPRF+API.swift
[2599/6106] Compiling CryptoExtras VOPRFClient.swift
[2600/6106] Compiling CryptoExtras VOPRFServer.swift
[2602/6106] Compiling CryptoExtras PKCS8PrivateKey.swift
[2603/6106] Compiling CryptoExtras RFC8410AlgorithmIdentifier.swift
[2604/6106] Compiling CryptoExtras ECToolbox_boring.swift
[2605/6106] Compiling CryptoExtras ECToolbox.swift
[2606/6106] Compiling CryptoExtras HashToField.swift
[2607/6106] Compiling CryptoExtras KDF.swift
[2608/6106] Compiling CryptoExtras PBKDF2_boring.swift
[2609/6106] Compiling CryptoExtras PBKDF2_commoncrypto.swift
[2610/6106] Compiling CryptoExtras ARCServer.swift
[2635/6109] Wrapping AST for CryptoExtras for debugging
[2637/6109] Emitting module _CryptoExtras
[2638/6109] Compiling _CryptoExtras Exports.swift
[2639/6110] Wrapping AST for _CryptoExtras for debugging
[2641/6205] Emitting module NIOCore
[2642/6241] Wrapping AST for NIOCore for debugging
[2644/6263] Compiling NIOFoundationEssentialsCompat Codable+ByteBuffer.swift
[2645/6263] Emitting module NIOEmbedded
[2646/6263] Compiling NIOFoundationEssentialsCompat ByteBuffer-foundation.swift
[2647/6263] Emitting module NIOFoundationEssentialsCompat
[2648/6264] Wrapping AST for NIOFoundationEssentialsCompat for debugging
[2650/6264] Compiling NIOEmbedded AsyncTestingEventLoop.swift
[2651/6264] Compiling NIOEmbedded AsyncTestingChannel.swift
[2652/6264] Compiling NIOEmbedded Embedded.swift
[2653/6265] Wrapping AST for NIOEmbedded for debugging
[2655/6265] Compiling NIOPosix BaseStreamSocketChannel.swift
[2656/6265] Compiling NIOPosix Bootstrap.swift
[2657/6265] Compiling NIOPosix ControlMessage.swift
[2658/6265] Compiling NIOPosix DatagramVectorReadManager.swift
[2659/6265] Compiling NIOPosix Errors+Any.swift
[2660/6265] Compiling NIOPosix FileDescriptor.swift
[2661/6265] Compiling NIOPosix GetaddrinfoResolver.swift
[2662/6265] Compiling NIOPosix BSDSocketAPICommon.swift
[2663/6265] Compiling NIOPosix BSDSocketAPIPosix.swift
[2664/6265] Compiling NIOPosix BSDSocketAPIWindows.swift
[2665/6265] Compiling NIOPosix BaseSocket.swift
[2666/6265] Compiling NIOPosix BaseSocketChannel+AccessibleTransport.swift
[2667/6265] Compiling NIOPosix BaseSocketChannel+SocketOptionProvider.swift
[2668/6265] Compiling NIOPosix BaseSocketChannel.swift
[2669/6278] Compiling NIOPosix PipeChannel.swift
[2670/6278] Compiling NIOPosix PipePair.swift
[2671/6278] Compiling NIOPosix Pool.swift
[2672/6278] Compiling NIOPosix PosixSingletons+ConcurrencyTakeOver.swift
[2673/6278] Compiling NIOPosix PosixSingletons.swift
[2674/6278] Compiling NIOPosix RawSocketBootstrap.swift
[2675/6278] Compiling NIOPosix Resolver.swift
[2676/6278] Compiling NIOPosix Selectable.swift
[2677/6278] Compiling NIOPosix SelectableChannel.swift
[2678/6278] Compiling NIOPosix SelectableEventLoop.swift
[2679/6278] Compiling NIOPosix SelectorEpoll.swift
[2680/6278] Compiling NIOPosix SelectorGeneric.swift
[2681/6278] Compiling NIOPosix SelectorKqueue.swift
[2682/6278] Compiling NIOPosix SelectorUring.swift
[2697/6285] Compiling X509 OneOfPolicies.swift
[2698/6285] Compiling X509 PolicyBuilder.swift
[2699/6285] Compiling X509 BasicConstraintsPolicy.swift
[2700/6285] Compiling X509 DNSNames.swift
[2701/6285] Compiling X509 ExpiryPolicy.swift
[2702/6285] Compiling X509 IPConstraints.swift
[2703/6285] Compiling X509 NameConstraintsPolicy.swift
[2704/6285] Compiling X509 RFC5280Policy.swift
[2705/6285] Compiling X509 URIConstraints.swift
[2706/6285] Compiling X509 VersionPolicy.swift
[2707/6285] Compiling X509 ServerIdentityPolicy.swift
[2708/6285] Compiling X509 TrustRootLoading.swift
[2709/6285] Compiling X509 UnverifiedChain.swift
[2710/6285] Compiling X509 PKCS8PrivateKey.swift
[2711/6285] Compiling X509 PromiseAndFuture.swift
[2712/6285] Compiling X509 RDNAttribute.swift
[2713/6285] Compiling X509 RandomNumberGenerator+bytes.swift
[2714/6285] Compiling X509 RelativeDistinguishedName.swift
[2715/6285] Compiling X509 SEC1PrivateKey.swift
[2716/6285] Compiling X509 SecKeyWrapper.swift
[2717/6285] Compiling X509 Signature.swift
[2718/6285] Compiling X509 SignatureAlgorithm.swift
[2719/6285] Compiling X509 AllOfPolicies.swift
[2720/6285] Compiling X509 AnyPolicy.swift
[2721/6285] Compiling X509 CertificateStore.swift
[2722/6285] Compiling X509 CustomCertificateStore.swift
[2723/6285] Compiling NIOPosix SelectorWSAPoll.swift
[2724/6285] Compiling NIOPosix ServerSocket.swift
[2725/6285] Compiling NIOPosix Socket.swift
[2726/6285] Compiling NIOPosix SocketChannel.swift
[2727/6285] Compiling NIOPosix SocketProtocols.swift
[2728/6285] Compiling NIOPosix StructuredConcurrencyHelpers.swift
[2729/6285] Compiling NIOPosix System.swift
[2737/6285] Compiling NIOPosix Thread.swift
[2738/6285] Compiling NIOPosix ThreadPosix.swift
[2739/6285] Compiling NIOPosix ThreadWindows.swift
[2740/6285] Compiling NIOPosix Utilities.swift
[2741/6285] Compiling NIOPosix VsockAddress.swift
[2742/6285] Compiling NIOPosix VsockChannelEvents.swift
[2743/6285] Compiling NIOPosix Windows.swift
[2744/6285] Compiling X509 SubjectAlternativeName.swift
[2745/6285] Compiling X509 SubjectKeyIdentifier.swift
[2746/6285] Compiling X509 Extension.swift
[2747/6285] Compiling X509 Extensions.swift
[2748/6285] Compiling X509 ExtensionsBuilder.swift
[2749/6285] Compiling X509 GeneralName.swift
[2750/6285] Compiling X509 Lock.swift
[2751/6285] Compiling X509 LockedValueBox.swift
[2752/6285] Compiling X509 BasicOCSPResponse.swift
[2753/6285] Compiling X509 DirectoryString.swift
[2754/6285] Compiling X509 OCSPCertID.swift
[2755/6285] Compiling X509 OCSPCertStatus.swift
[2756/6285] Compiling NIOPosix HappyEyeballs.swift
[2757/6285] Compiling NIOPosix IO.swift
[2758/6285] Compiling NIOPosix IntegerBitPacking.swift
[2759/6285] Compiling NIOPosix IntegerTypes.swift
[2760/6285] Compiling NIOPosix Linux.swift
[2761/6285] Compiling NIOPosix LinuxCPUSet.swift
[2762/6285] Compiling NIOPosix LinuxUring.swift
[2763/6285] Compiling NIOPosix MultiThreadedEventLoopGroup.swift
[2764/6285] Compiling NIOPosix NIOPosixSendableMetatype.swift
[2765/6285] Compiling NIOPosix NIORandomizedDNSResolver.swift
[2766/6285] Compiling NIOPosix NIOThreadPool.swift
[2767/6285] Compiling NIOPosix NonBlockingFileIO.swift
[2768/6285] Compiling NIOPosix PendingDatagramWritesManager.swift
[2769/6285] Compiling NIOPosix PendingWritesManager.swift
[2784/6285] Emitting module NIOPosix
[2806/6286] Wrapping AST for NIOPosix for debugging
[2808/6286] Emitting module X509
[2809/6286] Compiling X509 ValidatedCertificateChain.swift
[2810/6286] Compiling X509 VerificationDiagnostic.swift
[2811/6286] Compiling X509 Verifier.swift
[2812/6286] Compiling X509 VerifierPolicy.swift
[2813/6286] Compiling X509 AlgorithmIdentifier.swift
[2814/6286] Compiling X509 ECDSASignature.swift
[2815/6286] Compiling X509 RSAPKCS1PublicKey.swift
[2816/6286] Compiling X509 SubjectPublicKeyInfo.swift
[2817/6286] Compiling X509 TBSCertificate.swift
[2818/6286] Compiling X509 Time.swift
[2819/6286] Compiling X509 TimeCalculations.swift
[2820/6286] Compiling X509 Validity.swift
[2821/6286] Compiling X509 X509SendableMetatype.swift
[2823/6289] Compiling NIO Exports.swift
[2824/6289] Emitting module NIO
[2825/6290] Wrapping AST for X509 for debugging
[2826/6290] Wrapping AST for NIO for debugging
[2828/6396] Compiling NIOFoundationCompat Exports.swift
[2829/6396] Compiling NIOTLS TLSEvents.swift
[2830/6396] Compiling NIOSOCKS ClientStateMachine.swift
[2831/6396] Compiling NIOSOCKS SelectedAuthenticationMethod.swift
[2832/6397] Compiling NIOFoundationCompat WaitSpinningRunLoop.swift
[2833/6397] Compiling NIOFoundationCompat JSONSerialization+ByteBuffer.swift
[2834/6397] Compiling NIOTLS SNIHandler.swift
[2835/6397] Compiling JWTKit ExpirationClaim.swift
[2836/6397] Compiling JWTKit GoogleHostedDomainClaim.swift
[2837/6397] Compiling NIOTLS ApplicationProtocolNegotiationHandler.swift
[2838/6397] Compiling NIOTLS NIOTypedApplicationProtocolNegotiationHandler.swift
[2839/6397] Emitting module NIOTLS
[2840/6397] Compiling NIOTLS ProtocolNegotiationHandlerStateMachine.swift
[2841/6397] Emitting module NIOFoundationCompat
[2842/6399] Compiling NIOHTTP1 ByteCollectionUtils.swift
[2843/6399] Compiling JWTKit BoolClaim.swift
[2846/6399] Emitting module NIOSOCKS
[2847/6399] Compiling NIOSOCKS ServerStateMachine.swift
[2847/6399] Wrapping AST for NIOFoundationCompat for debugging
[2848/6399] Wrapping AST for NIOTLS for debugging
[2850/6429] Compiling NIOSSL IdentityVerification.swift
[2851/6429] Compiling NIOSSL LinuxCABundle.swift
[2852/6429] Compiling NIOSOCKS SOCKSResponse.swift
[2853/6429] Compiling NIOSSL NIOSSLClientHandler.swift
[2854/6429] Compiling NIOSSL NIOSSLHandler+Configuration.swift
[2855/6430] Wrapping AST for NIOSOCKS for debugging
[2857/6430] Compiling NIOSSL SSLCallbacks.swift
[2858/6430] Compiling NIOSSL SSLCertificate.swift
[2859/6430] Compiling NIOSSL SSLCertificateExtensions.swift
[2860/6430] Compiling NIOSSL SSLCertificateName.swift
[2861/6432] Compiling JWTKit MLDSAType.swift
[2862/6432] Compiling JWTKit JWTKeyCollection+UnsecuredNone.swift
[2863/6432] Compiling JWTKit UnsecuredNoneSigner.swift
[2864/6432] Compiling JWTKit JWTKeyCollection+RSA.swift
[2865/6432] Compiling JWTKit RSA.swift
[2866/6432] Compiling JWTKit RSAError.swift
[2867/6432] Compiling JWTKit RSASigner.swift
[2868/6432] Compiling JWTKit Base64URL.swift
[2869/6432] Compiling JWTKit CryptoSigner.swift
[2870/6441] Compiling JWTKit JWTSerializer.swift
[2871/6441] Compiling JWTKit JWTSigner.swift
[2872/6441] Compiling JWTKit JWTKeyCollection+MLDSA.swift
[2873/6441] Compiling JWTKit MLDSA.swift
[2874/6441] Compiling JWTKit MLDSA65+MLDSAKey.swift
[2875/6441] Compiling JWTKit MLDSA87+MLDSAKey.swift
[2876/6441] Compiling JWTKit MLDSAError.swift
[2877/6441] Compiling JWTKit MLDSAKey.swift
[2878/6441] Compiling JWTKit MLDSASigner.swift
[2879/6441] Compiling NIOSSL AndroidCABundle.swift
[2880/6441] Compiling NIOSSL ByteBufferBIO.swift
[2881/6441] Compiling NIOSSL CustomPrivateKey.swift
[2882/6441] Compiling NIOSSL FreeBSDCABundle.swift
[2887/6441] Compiling NIOSSL NIOSSLHandler.swift
[2888/6441] Compiling NIOSSL NIOSSLServerHandler.swift
[2894/6441] Compiling NIOHTTP1 NIOTypedHTTPServerUpgradeHandler.swift
[2895/6441] Compiling NIOHTTP1 NIOTypedHTTPServerUpgraderStateMachine.swift
[2896/6441] Compiling JWTKit JWTAlgorithm.swift
[2897/6441] Compiling JWTKit JWTError.swift
[2898/6441] Compiling JWTKit JWTHeader+CommonFields.swift
[2899/6441] Compiling JWTKit JWTHeader.swift
[2900/6441] Compiling JWTKit JWTHeaderField.swift
[2901/6441] Compiling JWTKit JWTKeyCollection.swift
[2902/6441] Compiling JWTKit JWTParser+MandatoryVerificationFields.swift
[2903/6441] Compiling JWTKit JWTParser.swift
[2904/6441] Compiling JWTKit JWTPayload.swift
[2905/6441] Emitting module JWTKit
[2906/6441] Compiling JWTKit LocaleClaim.swift
[2907/6441] Compiling JWTKit NotBeforeClaim.swift
[2908/6441] Compiling JWTKit SubjectClaim.swift
[2909/6441] Compiling JWTKit TenantIDClaim.swift
[2910/6441] Compiling JWTKit ECDSA.swift
[2911/6441] Compiling JWTKit ECDSACurve.swift
[2912/6441] Compiling JWTKit ECDSACurveType.swift
[2913/6441] Compiling JWTKit ECDSAError.swift
[2914/6441] Compiling JWTKit ECDSAKeyTypes.swift
[2915/6441] Compiling JWTKit ECDSASigner.swift
[2916/6441] Compiling NIOSSL SSLPKCS12Bundle.swift
[2917/6441] Compiling NIOSSL SSLPrivateKey.swift
[2918/6441] Compiling NIOSSL SSLPublicKey.swift
[2919/6441] Compiling NIOSSL SecurityFrameworkCertificateVerification.swift
[2920/6441] Compiling NIOSSL String+unsafeUninitializedCapacity.swift
[2921/6441] Compiling NIOSSL SubjectAlternativeName.swift
[2922/6441] Compiling NIOSSL NIOSSLSecureBytes.swift
[2923/6441] Compiling NIOSSL RNG.swift
[2924/6441] Compiling NIOSSL SafeCompare.swift
[2925/6441] Compiling NIOSSL ObjectIdentifier.swift
[2926/6441] Compiling NIOSSL PosixPort.swift
[2933/6441] Compiling NIOSSL SSLErrors.swift
[2934/6441] Compiling NIOSSL SSLInit.swift
[2938/6441] Emitting module NIOHTTP1
[2943/6442] Wrapping AST for NIOHTTP1 for debugging
[2945/6459] Emitting module NIOHTTPCompression
[2946/6459] Compiling NIOHPACK HuffmanTables.swift
[2947/6460] Compiling JWTKit CustomizedJSONCoders.swift
[2948/6460] Compiling JWTKit Utilities.swift
[2949/6460] Compiling JWTKit AppleIdentityToken.swift
[2950/6460] Compiling JWTKit FirebaseAuthIdentityToken.swift
[2951/6460] Compiling JWTKit GoogleIdentityToken.swift
[2952/6460] Compiling JWTKit MicrosoftIdentityToken.swift
[2953/6460] Compiling JWTKit EmptyPolicy.swift
[2954/6460] Compiling JWTKit ValidationTimePayload.swift
[2955/6460] Compiling JWTKit X5CVerifier.swift
[2956/6460] Compiling NIOHPACK IndexedHeaderTable.swift
[2957/6460] Compiling NIOHPACK IntegerCoding.swift
[2958/6461] Compiling NIOHTTPCompression HTTPDecompressor.swift
[2968/6465] Emitting module NIOHPACK
[2969/6465] Compiling NIOHTTPCompression HTTPCompression.swift
[2970/6465] Compiling NIOHTTPCompression HTTPDecompression.swift
[2971/6465] Compiling NIOHPACK HuffmanCoding.swift
[2972/6465] Emitting module NIOSSL
[2973/6465] Compiling NIOHPACK HPACKHeader.swift
[2974/6465] Compiling NIOHPACK HeaderTables.swift
[2975/6465] Compiling NIOHPACK DynamicHeaderTable.swift
[2976/6465] Compiling NIOHPACK HPACKDecoder.swift
[2977/6465] Compiling NIOHPACK HPACKEncoder.swift
[2977/6465] Wrapping AST for JWTKit for debugging
[2979/6465] Compiling NIOHPACK StaticHeaderTable.swift
[2980/6465] Compiling NIOHTTPCompression HTTPRequestCompressor.swift
[2981/6465] Compiling NIOHTTPCompression HTTPResponseCompressor.swift
[2990/6466] Compiling NIOHPACK HPACKErrors.swift
[2998/6466] Wrapping AST for NIOHTTPCompression for debugging
[3006/6467] Wrapping AST for NIOHPACK for debugging
[3008/6530] Compiling NIOHTTP2 HTTP2UserEvents.swift
[3009/6530] Compiling NIOHTTP2 InboundEventBuffer.swift
[3010/6530] Compiling NIOHTTP2 InboundWindowManager.swift
[3011/6530] Compiling NIOHTTP2 MultiplexerAbstractChannel.swift
[3012/6531] Wrapping AST for NIOSSL for debugging
[3014/6531] Compiling NIOHTTP2 HTTP2StreamMultiplexer.swift
[3015/6531] Compiling NIOHTTP2 HTTP2ToHTTP1Codec.swift
[3020/6531] Compiling NIOHTTP2 NIOHTTP2FrameDelegate.swift
[3021/6531] Compiling NIOHTTP2 NIOHTTP2ServerConnectionManagementHandler+StateMachine.swift
[3022/6539] Compiling NIOHTTP2 MaySendFrames.swift
[3023/6539] Compiling NIOHTTP2 SendingDataState.swift
[3024/6539] Compiling NIOHTTP2 SendingGoawayState.swift
[3025/6539] Compiling NIOHTTP2 SendingHeadersState.swift
[3026/6539] Compiling NIOHTTP2 SendingPushPromiseState.swift
[3027/6539] Compiling NIOHTTP2 SendingRstStreamState.swift
[3028/6539] Compiling NIOHTTP2 SendingWindowUpdateState.swift
[3029/6539] Compiling NIOHTTP2 HTTP2SettingsState.swift
[3030/6539] Compiling NIOHTTP2 HasExtendedConnectSettings.swift
[3031/6539] Compiling NIOHTTP2 NIOHTTP2ServerConnectionManagementHandler.swift
[3032/6539] Compiling NIOHTTP2 StreamChannelFlowController.swift
[3033/6539] Compiling NIOHTTP2 StreamChannelList.swift
[3034/6539] Compiling NIOHTTP2 StreamMap.swift
[3035/6539] Compiling NIOHTTP2 StreamStateMachine.swift
[3036/6539] Compiling NIOHTTP2 Timer.swift
[3037/6539] Compiling NIOHTTP2 UnsafeTransfer.swift
[3038/6539] Compiling NIOHTTP2 WatermarkedFlowController.swift
[3039/6539] Compiling NIOHTTP2 ConnectionStateMachine.swift
[3040/6539] Compiling NIOHTTP2 ConnectionStreamsState.swift
[3041/6539] Compiling NIOHTTP2 MayReceiveFrames.swift
[3042/6539] Compiling NIOHTTP2 ReceivingDataState.swift
[3043/6539] Compiling NIOHTTP2 ReceivingGoAwayState.swift
[3044/6539] Compiling NIOHTTP2 ReceivingHeadersState.swift
[3045/6539] Compiling NIOHTTP2 ReceivingPushPromiseState.swift
[3046/6539] Compiling NIOHTTP2 ReceivingRstStreamState.swift
[3047/6539] Compiling NIOHTTP2 ReceivingWindowUpdateState.swift
[3048/6539] Emitting module NIOHTTP2
[3049/6539] Compiling NIOHTTP2 HasFlowControlWindows.swift
[3050/6539] Compiling NIOHTTP2 HasLocalSettings.swift
[3051/6539] Compiling NIOHTTP2 HasRemoteSettings.swift
[3052/6539] Compiling NIOHTTP2 LocallyQuiescingState.swift
[3053/6539] Compiling NIOHTTP2 QuiescingState.swift
[3054/6539] Compiling NIOHTTP2 RemotelyQuiescingState.swift
[3055/6539] Compiling NIOHTTP2 SendAndReceiveGoawayState.swift
[3056/6539] Compiling NIOHTTP2 StateMachineResult.swift
[3057/6539] Compiling NIOHTTP2 ContentLengthVerifier.swift
[3058/6539] Compiling NIOHTTP2 DOSHeuristics.swift
[3059/6539] Compiling NIOHTTP2 Error+Any.swift
[3060/6539] Compiling NIOHTTP2 ConcurrentStreamBuffer.swift
[3061/6539] Compiling NIOHTTP2 ControlFrameBuffer.swift
[3062/6539] Compiling NIOHTTP2 OutboundFlowControlBuffer.swift
[3063/6539] Compiling NIOHTTP2 OutboundFrameBuffer.swift
[3064/6539] Compiling NIOHTTP2 GlitchesMonitor.swift
[3065/6539] Compiling NIOHTTP2 HPACKHeaders+Validation.swift
[3066/6539] Compiling NIOHTTP2 HTTP2ChannelHandler+InboundStreamMultiplexer.swift
[3067/6539] Compiling NIOHTTP2 HTTP2FrameParser.swift
[3068/6539] Compiling NIOHTTP2 HTTP2PingData.swift
[3069/6539] Compiling NIOHTTP2 HTTP2PipelineHelpers.swift
[3070/6539] Compiling NIOHTTP2 HTTP2Settings.swift
[3071/6539] Compiling NIOHTTP2 HTTP2Stream.swift
[3072/6539] Compiling NIOHTTP2 HTTP2StreamChannel+OutboundStreamMultiplexer.swift
[3073/6539] Compiling NIOHTTP2 HTTP2StreamChannel.swift
[3074/6539] Compiling NIOHTTP2 HTTP2StreamDelegate.swift
[3075/6539] Compiling NIOHTTP2 HTTP2StreamID.swift
[3076/6539] Compiling NIOHTTP2 HTTP2ChannelHandler+InlineStreamMultiplexer.swift
[3077/6539] Compiling NIOHTTP2 HTTP2ChannelHandler.swift
[3078/6539] Compiling NIOHTTP2 HTTP2CommonInboundStreamMultiplexer.swift
[3079/6539] Compiling NIOHTTP2 HTTP2ConnectionStateChange.swift
[3080/6539] Compiling NIOHTTP2 HTTP2Error.swift
[3081/6539] Compiling NIOHTTP2 HTTP2ErrorCode.swift
[3082/6539] Compiling NIOHTTP2 HTTP2FlowControlWindow.swift
[3083/6539] Compiling NIOHTTP2 HTTP2Frame.swift
[3084/6539] Compiling NIOHTTP2 HTTP2FrameEncoder.swift
[3085/6540] Wrapping AST for NIOHTTP2 for debugging
[3087/6604] Compiling AsyncHTTPClient AnyAsyncSequence.swift
[3088/6604] Compiling AsyncHTTPClient AnyAsyncSequenceProucerDelete.swift
[3089/6604] Compiling AsyncHTTPClient AsyncLazySequence.swift
[3090/6604] Compiling AsyncHTTPClient HTTPClient+execute.swift
[3091/6604] Compiling AsyncHTTPClient HTTPClient+shutdown.swift
[3092/6604] Compiling AsyncHTTPClient HTTPClient+tracing.swift
[3093/6604] Compiling AsyncHTTPClient HTTPClientRequest+Prepared.swift
[3094/6604] Compiling AsyncHTTPClient HTTPClientRequest+auth.swift
[3095/6604] Compiling AsyncHTTPClient HTTPClientRequest.swift
[3096/6612] Emitting module AsyncHTTPClient
[3097/6612] Compiling AsyncHTTPClient RequestValidation.swift
[3098/6612] Compiling AsyncHTTPClient SSLContextCache.swift
[3099/6612] Compiling AsyncHTTPClient Scheme.swift
[3100/6612] Compiling AsyncHTTPClient Singleton.swift
[3101/6612] Compiling AsyncHTTPClient StringConvertibleInstances.swift
[3102/6612] Compiling AsyncHTTPClient StructuredConcurrencyHelpers.swift
[3103/6612] Compiling AsyncHTTPClient TracingSupport.swift
[3104/6612] Compiling AsyncHTTPClient Utils.swift
[3105/6612] Compiling AsyncHTTPClient LRUCache.swift
[3106/6612] Compiling AsyncHTTPClient NIOLoopBound+Execute.swift
[3107/6612] Compiling AsyncHTTPClient NWErrorHandler.swift
[3108/6612] Compiling AsyncHTTPClient NWWaitingHandler.swift
[3109/6612] Compiling AsyncHTTPClient TLSConfiguration.swift
[3110/6612] Compiling AsyncHTTPClient RedirectState.swift
[3111/6612] Compiling AsyncHTTPClient RequestBag+StateMachine.swift
[3112/6612] Compiling AsyncHTTPClient RequestBag+Tracing.swift
[3113/6612] Compiling AsyncHTTPClient RequestBag.swift
[3114/6612] Compiling AsyncHTTPClient RequestOptions.swift
[3115/6612] Compiling AsyncHTTPClient HTTPConnectionPool+Backoff.swift
[3116/6612] Compiling AsyncHTTPClient HTTPConnectionPool+HTTP1Connections.swift
[3117/6612] Compiling AsyncHTTPClient HTTPConnectionPool+HTTP1StateMachine.swift
[3118/6612] Compiling AsyncHTTPClient HTTPConnectionPool+HTTP2Connections.swift
[3119/6612] Compiling AsyncHTTPClient HTTPConnectionPool+HTTP2StateMachine.swift
[3120/6612] Compiling AsyncHTTPClient HTTPConnectionPool+RequestQueue.swift
[3121/6612] Compiling AsyncHTTPClient HTTPConnectionPool+StateMachine.swift
[3122/6612] Compiling AsyncHTTPClient ConnectionTarget.swift
[3123/6612] Compiling AsyncHTTPClient HTTPConnectionEvent.swift
[3124/6612] Compiling AsyncHTTPClient HTTPConnectionPool+Factory.swift
[3125/6612] Compiling AsyncHTTPClient HTTPConnectionPool+Manager.swift
[3126/6612] Compiling AsyncHTTPClient HTTPConnectionPool.swift
[3127/6612] Compiling AsyncHTTPClient HTTPExecutableRequest.swift
[3128/6612] Compiling AsyncHTTPClient HTTPRequestStateMachine+Demand.swift
[3129/6612] Compiling AsyncHTTPClient HTTPRequestStateMachine.swift
[3130/6612] Compiling AsyncHTTPClient RequestBodyLength.swift
[3131/6612] Compiling AsyncHTTPClient RequestFramingMetadata.swift
[3132/6612] Compiling AsyncHTTPClient DeconstructedURL.swift
[3133/6612] Compiling AsyncHTTPClient FileDownloadDelegate.swift
[3134/6612] Compiling AsyncHTTPClient FoundationExtensions.swift
[3135/6612] Compiling AsyncHTTPClient HTTPClient+HTTPCookie.swift
[3136/6612] Compiling AsyncHTTPClient HTTPClient+Proxy.swift
[3137/6612] Compiling AsyncHTTPClient HTTPClient+StructuredConcurrency.swift
[3138/6612] Compiling AsyncHTTPClient HTTPClient.swift
[3139/6612] Compiling AsyncHTTPClient HTTPClientConfiguration+SwiftConfiguration.swift
[3140/6612] Compiling AsyncHTTPClient HTTPHandler.swift
[3141/6612] Compiling AsyncHTTPClient HTTP1ProxyConnectHandler.swift
[3142/6612] Compiling AsyncHTTPClient SOCKSEventsHandler.swift
[3143/6612] Compiling AsyncHTTPClient TLSEventsHandler.swift
[3144/6612] Compiling AsyncHTTPClient HTTP1ClientChannelHandler.swift
[3145/6612] Compiling AsyncHTTPClient HTTP1Connection.swift
[3146/6612] Compiling AsyncHTTPClient HTTP1ConnectionStateMachine.swift
[3147/6612] Compiling AsyncHTTPClient HTTP2ClientRequestHandler.swift
[3148/6612] Compiling AsyncHTTPClient HTTP2Connection.swift
[3149/6612] Compiling AsyncHTTPClient HTTP2IdleHandler.swift
[3150/6612] Compiling AsyncHTTPClient HTTPClientResponse.swift
[3151/6612] Compiling AsyncHTTPClient SingleIteratorPrecondition.swift
[3152/6612] Compiling AsyncHTTPClient Transaction+StateMachine.swift
[3153/6612] Compiling AsyncHTTPClient Transaction.swift
[3154/6612] Compiling AsyncHTTPClient Base64.swift
[3155/6612] Compiling AsyncHTTPClient BasicAuth.swift
[3156/6612] Compiling AsyncHTTPClient BestEffortHashableTLSConfiguration.swift
[3157/6612] Compiling AsyncHTTPClient Configuration+BrowserLike.swift
[3158/6612] Compiling AsyncHTTPClient ConnectionPool.swift
[3159/6613] Wrapping AST for AsyncHTTPClient for debugging
[3161/6636] Compiling GoogleAuth AnonymousCredentials.swift
[3162/6636] Compiling GoogleAuth ApiKeyCredentials.swift
[3163/6636] Compiling GoogleAuth ExternalAccountCredentials.swift
[3164/6639] Compiling GoogleAuth ADC.swift
[3165/6639] Compiling GoogleAuth ADCPath.swift
[3166/6639] Compiling GoogleAuth ADCResolver.swift
[3167/6639] Compiling GoogleAuth AuthHeaders.swift
[3168/6639] Compiling GoogleAuth UserAccountData.swift
[3169/6639] Compiling GoogleAuth UserAccountTokenProvider.swift
[3170/6639] Compiling GoogleAuth UserCredentials.swift
[3171/6639] Compiling GoogleAuth ServiceAccountCredentials.swift
[3172/6639] Compiling GoogleAuth ServiceAccountData.swift
[3173/6639] Compiling GoogleAuth ServiceAccountTokenProvider.swift
[3174/6639] Compiling GoogleAuth SubjectTokenProvider.swift
[3175/6639] Compiling GoogleAuth MDSAccessTokenProvider.swift
[3176/6639] Compiling GoogleAuth MDSCredentials.swift
[3177/6639] Compiling GoogleAuth CredentialParserRegistry.swift
[3178/6639] Compiling GoogleAuth Credentials.swift
[3179/6639] Compiling GoogleAuth CredentialsError.swift
[3180/6639] Compiling GoogleAuth AuthHTTPClient.swift
[3181/6639] Compiling GoogleAuth AuthHTTPError.swift
[3182/6639] Compiling GoogleAuth RetryEngine.swift
[3183/6639] Emitting module GoogleAuth
[3184/6639] Compiling GoogleAuth STSHandler.swift
[3185/6639] Compiling GoogleAuth TokenCache.swift
[3186/6639] Compiling GoogleAuth PackageVersion.swift
[3187/6640] Wrapping AST for GoogleAuth for debugging
[3189/6698] Compiling GoogleGax LimitedAttemptCount+PollingErrorPolicy.swift
[3190/6698] Compiling GoogleGax LimitedAttemptCount+RetryPolicy.swift
[3191/6698] Compiling GoogleGax LimitedAttemptCount.swift
[3192/6698] Compiling GoogleGax LimitedElapsedTime+PollingErrorPolicy.swift
[3193/6698] Compiling GoogleGax LimitedElapsedTime+RetryPolicy.swift
[3194/6698] Compiling GoogleGax LimitedElapsedTime.swift
[3195/6698] Compiling GoogleGax LongRunningOperations.swift
[3196/6698] Compiling GoogleGax NeverRetry.swift
[3197/6706] Compiling GoogleGax RequestOptions.swift
[3198/6706] Compiling GoogleGax RetryLoop.swift
[3199/6706] Compiling GoogleGax RetryPolicy.swift
[3200/6706] Compiling GoogleGax RetryResult.swift
[3201/6706] Compiling GoogleGax RetryState.swift
[3202/6706] Compiling GoogleGax RetryThrottler.swift
[3203/6706] Compiling GoogleGax RetryThrottlerError.swift
[3204/6706] Compiling GoogleGax RoutingMatcher.swift
[3205/6706] Emitting module GoogleGax
[3206/6706] Compiling GoogleGax ContinueOnIO.swift
[3207/6706] Compiling GoogleGax CredentialsProtocol.swift
[3208/6706] Compiling GoogleGax ErrorWrapper.swift
[3209/6706] Compiling GoogleGax ExponentialBackoff+BackoffPolicy.swift
[3210/6706] Compiling GoogleGax ExponentialBackoff+PollingBackoffPolicy.swift
[3211/6706] Compiling GoogleGax ExponentialBackoff.swift
[3212/6706] Compiling GoogleGax HTTPClient.swift
[3213/6706] Compiling GoogleGax HTTPClientHolder.swift
[3214/6706] Compiling GoogleGax AIP194+PollingErrorPolicy.swift
[3215/6706] Compiling GoogleGax AIP194+RetryPolicy.swift
[3216/6706] Compiling GoogleGax AIP194.swift
[3217/6706] Compiling GoogleGax AdaptiveThrottler.swift
[3218/6706] Compiling GoogleGax AlwaysPoll.swift
[3219/6706] Compiling GoogleGax AlwaysRetry.swift
[3220/6706] Compiling GoogleGax ApiClientHeader.swift
[3221/6706] Compiling GoogleGax BackoffPolicy.swift
[3222/6706] Compiling GoogleGax BasePollingErrorPolicy.swift
[3223/6706] Compiling GoogleGax HTTPClientProtocol.swift
[3224/6706] Compiling GoogleGax HTTPClientRequest.swift
[3225/6706] Compiling GoogleGax HTTPClientResponse.swift
[3226/6706] Compiling GoogleGax HTTPHeaders.swift
[3227/6706] Compiling GoogleGax HTTPResponseBody.swift
[3228/6706] Compiling GoogleGax HeaderNames.swift
[3229/6706] Compiling GoogleGax Host.swift
[3230/6706] Compiling GoogleGax InProgressResult.swift
[3231/6706] Compiling GoogleGax Pagination.swift
/host/spi-builder-workspace/.build/checkouts/swift-google-gax/Sources/GoogleGax/Pagination.swift:44:22: error: cannot convert '@Sendable (String) async throws -> (response: ResponseType, items: [Item], nextToken: String)' to 'nonisolated(nonsending) @Sendable (String) async throws -> (response: ResponseType, items: [Item], nextToken: String)' because crossing of an isolation boundary requires parameter and result types to conform to 'Sendable' protocol
42 | ) where ResponseType: _PaginatedResponse<Item> {
43 | self.initialPageToken = initialPageToken ?? ""
44 | self.fetchPage = { token in
| |- error: cannot convert '@Sendable (String) async throws -> (response: ResponseType, items: [Item], nextToken: String)' to 'nonisolated(nonsending) @Sendable (String) async throws -> (response: ResponseType, items: [Item], nextToken: String)' because crossing of an isolation boundary requires parameter and result types to conform to 'Sendable' protocol
| `- note: type 'Item' does not conform to 'Sendable' protocol
45 | let response = try await listRpc(token)
46 | return (response, response._getPaginatedItems(), response._nextPageToken())
[3232/6706] Compiling GoogleGax PollingBackoffPolicy.swift
/host/spi-builder-workspace/.build/checkouts/swift-google-gax/Sources/GoogleGax/Pagination.swift:44:22: error: cannot convert '@Sendable (String) async throws -> (response: ResponseType, items: [Item], nextToken: String)' to 'nonisolated(nonsending) @Sendable (String) async throws -> (response: ResponseType, items: [Item], nextToken: String)' because crossing of an isolation boundary requires parameter and result types to conform to 'Sendable' protocol
42 | ) where ResponseType: _PaginatedResponse<Item> {
43 | self.initialPageToken = initialPageToken ?? ""
44 | self.fetchPage = { token in
| |- error: cannot convert '@Sendable (String) async throws -> (response: ResponseType, items: [Item], nextToken: String)' to 'nonisolated(nonsending) @Sendable (String) async throws -> (response: ResponseType, items: [Item], nextToken: String)' because crossing of an isolation boundary requires parameter and result types to conform to 'Sendable' protocol
| `- note: type 'Item' does not conform to 'Sendable' protocol
45 | let response = try await listRpc(token)
46 | return (response, response._getPaginatedItems(), response._nextPageToken())
[3233/6706] Compiling GoogleGax PollingErrorPolicy.swift
/host/spi-builder-workspace/.build/checkouts/swift-google-gax/Sources/GoogleGax/Pagination.swift:44:22: error: cannot convert '@Sendable (String) async throws -> (response: ResponseType, items: [Item], nextToken: String)' to 'nonisolated(nonsending) @Sendable (String) async throws -> (response: ResponseType, items: [Item], nextToken: String)' because crossing of an isolation boundary requires parameter and result types to conform to 'Sendable' protocol
42 | ) where ResponseType: _PaginatedResponse<Item> {
43 | self.initialPageToken = initialPageToken ?? ""
44 | self.fetchPage = { token in
| |- error: cannot convert '@Sendable (String) async throws -> (response: ResponseType, items: [Item], nextToken: String)' to 'nonisolated(nonsending) @Sendable (String) async throws -> (response: ResponseType, items: [Item], nextToken: String)' because crossing of an isolation boundary requires parameter and result types to conform to 'Sendable' protocol
| `- note: type 'Item' does not conform to 'Sendable' protocol
45 | let response = try await listRpc(token)
46 | return (response, response._getPaginatedItems(), response._nextPageToken())
[3234/6706] Compiling GoogleGax PollingResult.swift
/host/spi-builder-workspace/.build/checkouts/swift-google-gax/Sources/GoogleGax/Pagination.swift:44:22: error: cannot convert '@Sendable (String) async throws -> (response: ResponseType, items: [Item], nextToken: String)' to 'nonisolated(nonsending) @Sendable (String) async throws -> (response: ResponseType, items: [Item], nextToken: String)' because crossing of an isolation boundary requires parameter and result types to conform to 'Sendable' protocol
42 | ) where ResponseType: _PaginatedResponse<Item> {
43 | self.initialPageToken = initialPageToken ?? ""
44 | self.fetchPage = { token in
| |- error: cannot convert '@Sendable (String) async throws -> (response: ResponseType, items: [Item], nextToken: String)' to 'nonisolated(nonsending) @Sendable (String) async throws -> (response: ResponseType, items: [Item], nextToken: String)' because crossing of an isolation boundary requires parameter and result types to conform to 'Sendable' protocol
| `- note: type 'Item' does not conform to 'Sendable' protocol
45 | let response = try await listRpc(token)
46 | return (response, response._getPaginatedItems(), response._nextPageToken())
[3235/6706] Compiling GoogleGax PollingState.swift
/host/spi-builder-workspace/.build/checkouts/swift-google-gax/Sources/GoogleGax/Pagination.swift:44:22: error: cannot convert '@Sendable (String) async throws -> (response: ResponseType, items: [Item], nextToken: String)' to 'nonisolated(nonsending) @Sendable (String) async throws -> (response: ResponseType, items: [Item], nextToken: String)' because crossing of an isolation boundary requires parameter and result types to conform to 'Sendable' protocol
42 | ) where ResponseType: _PaginatedResponse<Item> {
43 | self.initialPageToken = initialPageToken ?? ""
44 | self.fetchPage = { token in
| |- error: cannot convert '@Sendable (String) async throws -> (response: ResponseType, items: [Item], nextToken: String)' to 'nonisolated(nonsending) @Sendable (String) async throws -> (response: ResponseType, items: [Item], nextToken: String)' because crossing of an isolation boundary requires parameter and result types to conform to 'Sendable' protocol
| `- note: type 'Item' does not conform to 'Sendable' protocol
45 | let response = try await listRpc(token)
46 | return (response, response._getPaginatedItems(), response._nextPageToken())
[3236/6706] Compiling GoogleGax ProtobufConversionError.swift
/host/spi-builder-workspace/.build/checkouts/swift-google-gax/Sources/GoogleGax/Pagination.swift:44:22: error: cannot convert '@Sendable (String) async throws -> (response: ResponseType, items: [Item], nextToken: String)' to 'nonisolated(nonsending) @Sendable (String) async throws -> (response: ResponseType, items: [Item], nextToken: String)' because crossing of an isolation boundary requires parameter and result types to conform to 'Sendable' protocol
42 | ) where ResponseType: _PaginatedResponse<Item> {
43 | self.initialPageToken = initialPageToken ?? ""
44 | self.fetchPage = { token in
| |- error: cannot convert '@Sendable (String) async throws -> (response: ResponseType, items: [Item], nextToken: String)' to 'nonisolated(nonsending) @Sendable (String) async throws -> (response: ResponseType, items: [Item], nextToken: String)' because crossing of an isolation boundary requires parameter and result types to conform to 'Sendable' protocol
| `- note: type 'Item' does not conform to 'Sendable' protocol
45 | let response = try await listRpc(token)
46 | return (response, response._getPaginatedItems(), response._nextPageToken())
[3237/6706] Compiling GoogleGax QueryParameter.swift
/host/spi-builder-workspace/.build/checkouts/swift-google-gax/Sources/GoogleGax/Pagination.swift:44:22: error: cannot convert '@Sendable (String) async throws -> (response: ResponseType, items: [Item], nextToken: String)' to 'nonisolated(nonsending) @Sendable (String) async throws -> (response: ResponseType, items: [Item], nextToken: String)' because crossing of an isolation boundary requires parameter and result types to conform to 'Sendable' protocol
42 | ) where ResponseType: _PaginatedResponse<Item> {
43 | self.initialPageToken = initialPageToken ?? ""
44 | self.fetchPage = { token in
| |- error: cannot convert '@Sendable (String) async throws -> (response: ResponseType, items: [Item], nextToken: String)' to 'nonisolated(nonsending) @Sendable (String) async throws -> (response: ResponseType, items: [Item], nextToken: String)' because crossing of an isolation boundary requires parameter and result types to conform to 'Sendable' protocol
| `- note: type 'Item' does not conform to 'Sendable' protocol
45 | let response = try await listRpc(token)
46 | return (response, response._getPaginatedItems(), response._nextPageToken())
[3238/6706] Compiling GoogleGax RequestError.swift
/host/spi-builder-workspace/.build/checkouts/swift-google-gax/Sources/GoogleGax/Pagination.swift:44:22: error: cannot convert '@Sendable (String) async throws -> (response: ResponseType, items: [Item], nextToken: String)' to 'nonisolated(nonsending) @Sendable (String) async throws -> (response: ResponseType, items: [Item], nextToken: String)' because crossing of an isolation boundary requires parameter and result types to conform to 'Sendable' protocol
42 | ) where ResponseType: _PaginatedResponse<Item> {
43 | self.initialPageToken = initialPageToken ?? ""
44 | self.fetchPage = { token in
| |- error: cannot convert '@Sendable (String) async throws -> (response: ResponseType, items: [Item], nextToken: String)' to 'nonisolated(nonsending) @Sendable (String) async throws -> (response: ResponseType, items: [Item], nextToken: String)' because crossing of an isolation boundary requires parameter and result types to conform to 'Sendable' protocol
| `- note: type 'Item' does not conform to 'Sendable' protocol
45 | let response = try await listRpc(token)
46 | return (response, response._getPaginatedItems(), response._nextPageToken())
[3239/6706] Compiling GoogleGax BaseRetryPolicy.swift
[3240/6706] Compiling GoogleGax BindingError.swift
[3241/6706] Compiling GoogleGax CRC32C.swift
[3242/6706] Compiling GoogleGax CircuitBreaker.swift
[3243/6706] Compiling GoogleGax ClientError.swift
[3244/6706] Compiling GoogleGax ClientOptions.swift
[3245/6706] Compiling GoogleGax ContinueOnIO+PollingErrorPolicy.swift
[3246/6706] Compiling GoogleGax ContinueOnIO+RetryPolicy.swift
[3247/6706] Compiling GoogleGax ServiceError.swift
[3248/6706] Compiling GoogleGax StatusDetail.swift
[3249/6706] Compiling GoogleGax StrictIdempotency.swift
[3250/6706] Compiling GoogleGax ThrottleResult.swift
[3251/6706] Compiling GoogleGax TooManyRequests+PollingErrorPolicy.swift
[3252/6706] Compiling GoogleGax TooManyRequests+RetryPolicy.swift
[3253/6706] Compiling GoogleGax TooManyRequests.swift
[3254/6706] Compiling GoogleGax PackageVersion.swift
BUILD FAILURE 6.2 android