Build Information
Failed to build AnnotationInject, reference 0.6.2 (c45e88), with Swift 6.4 for visionOS using Xcode 27.0 on 22 Sep 2026 11:53:15 UTC.
Build Command
No build command. This typically means the build failed at an early stage where we determine the build command.Build Log
========================================
RunAll
========================================
Builder version: 5.1.0
Interrupt handler set up.
========================================
Checkout
========================================
Clone URL: https://github.com/pjechris/AnnotationInject.git
Reference: 0.6.2
Initialized empty Git repository in /Users/admin/builder/spi-builder-workspace/.git/
From https://github.com/pjechris/AnnotationInject
* tag 0.6.2 -> FETCH_HEAD
HEAD is now at c45e882 [version] 0.6.2
Cloned https://github.com/pjechris/AnnotationInject.git
Revision (git rev-parse @):
c45e8829b1ecdfec615c1a579b55598020041d09
SUCCESS checkout https://github.com/pjechris/AnnotationInject.git at 0.6.2
========================================
Build
========================================
Selected platform: visionOS
Swift version: 6.4
Building package at path: $PWD
https://github.com/pjechris/AnnotationInject.git
Command line invocation:
/Applications/Xcode-27.0.0-Release.Candidate.app/Contents/Developer/usr/bin/xcodebuild -IDEClonedSourcePackagesDirPathOverride=/Users/admin/builder/spi-builder-workspace/.dependencies -resolvePackageDependencies
Resolve Package Graph
Fetching from https://github.com/Quick/Quick
Fetching from https://github.com/Quick/Nimble
Fetching from https://github.com/Swinject/Swinject.git
Fetching from https://github.com/krzysztofzablocki/Sourcery
Fetching from https://github.com/tuist/XcodeProj.git
Fetching from https://github.com/kylef/PathKit.git
Fetching from https://github.com/jpsim/Yams.git
Fetching from https://github.com/apple/swift-syntax.git
Fetching from https://github.com/SwiftGen/StencilSwiftKit.git
Fetching from https://github.com/kylef/Commander.git
Fetching from https://github.com/tadija/AEXML.git
Fetching from https://github.com/stencilproject/Stencil.git
Fetching from https://github.com/shibapm/Komondor.git
Fetching from https://github.com/kylef/Spectre.git
Fetching from https://github.com/Realm/SwiftLint.git
Fetching from https://github.com/nicklockwood/SwiftFormat.git
Fetching from https://github.com/JohnSundell/ShellOut.git
Fetching from https://github.com/f-meloni/Rocket
Fetching from https://github.com/shibapm/PackageConfig.git
Fetching from https://github.com/kareman/SwiftShell
Fetching from https://github.com/shibapm/Logger
Fetching from https://github.com/jpsim/SourceKitten.git
Fetching from https://github.com/scottrhoyt/SwiftyTextTable.git
Fetching from https://github.com/apple/swift-argument-parser.git
Fetching from https://github.com/drmohundro/SWXMLHash.git
Creating working copy of package ‘Komondor’
Checking out 1.1.4 of package ‘Komondor’
Creating working copy of package ‘Spectre’
Checking out 0.10.1 of package ‘Spectre’
Creating working copy of package ‘swift-syntax’
Checking out 0.50600.1 of package ‘swift-syntax’
Creating working copy of package ‘Nimble’
Checking out 8.1.2 of package ‘Nimble’
Creating working copy of package ‘SWXMLHash’
Checking out 6.0.0 of package ‘SWXMLHash’
Creating working copy of package ‘PathKit’
Checking out 1.0.1 of package ‘PathKit’
Creating working copy of package ‘Swinject’
Checking out 2.10.0 of package ‘Swinject’
Creating working copy of package ‘Rocket’
Checking out 1.2.1 of package ‘Rocket’
Creating working copy of package ‘swift-argument-parser’
Checking out 1.0.3 of package ‘swift-argument-parser’
Creating working copy of package ‘Sourcery’
Checking out 1.8.2 of package ‘Sourcery’
Creating working copy of package ‘SourceKitten’
Checking out 0.32.0 of package ‘SourceKitten’
Creating working copy of package ‘SwiftShell’
Checking out 5.1.0-beta.1 of package ‘SwiftShell’
Creating working copy of package ‘SwiftLint’
Checking out 0.48.0 of package ‘SwiftLint’
Creating working copy of package ‘SwiftFormat’
Checking out 0.63.0 of package ‘SwiftFormat’
Creating working copy of package ‘ShellOut’
Checking out 2.3.0 of package ‘ShellOut’
Creating working copy of package ‘Logger’
Checking out 0.2.3 of package ‘Logger’
Creating working copy of package ‘SwiftyTextTable’
Checking out 0.9.0 of package ‘SwiftyTextTable’
Creating working copy of package ‘Commander’
Checking out 0.9.1 of package ‘Commander’
Creating working copy of package ‘AEXML’
Checking out 4.6.1 of package ‘AEXML’
Creating working copy of package ‘XcodeProj’
Checking out 8.3.1 of package ‘XcodeProj’
Creating working copy of package ‘PackageConfig’
Checking out 1.1.3 of package ‘PackageConfig’
Creating working copy of package ‘Yams’
Checking out 4.0.6 of package ‘Yams’
Creating working copy of package ‘Stencil’
Checking out 0.15.1 of package ‘Stencil’
Creating working copy of package ‘StencilSwiftKit’
Checking out 2.8.0 of package ‘StencilSwiftKit’
Creating working copy of package ‘Quick’
Checking out 2.2.1 of package ‘Quick’
Invalid Resource 'Templates': File not found.Invalid Resource 'Scripts': File not found.Invalid Resource 'Sources': File not found.multiple packages ('sourcery', 'swiftlint') declare targets with a conflicting name: 'lib_InternalSwiftSyntaxParser’; target names need to be unique across the package graphResolve Package Graph
Invalid Resource 'Templates': File not found.Invalid Resource 'Scripts': File not found.Invalid Resource 'Sources': File not found.multiple packages ('sourcery', 'swiftlint') declare targets with a conflicting name: 'lib_InternalSwiftSyntaxParser’; target names need to be unique across the package graph
Resolve Package Graph
Invalid Resource 'Templates': File not found.Invalid Resource 'Scripts': File not found.Invalid Resource 'Sources': File not found.multiple packages ('sourcery', 'swiftlint') declare targets with a conflicting name: 'lib_InternalSwiftSyntaxParser’; target names need to be unique across the package graph
Resolved source packages:
spi-builder-workspace: (null)
2026-09-22 07:53:13.236 xcodebuild[529:3037] Writing error result bundle to /var/folders/xq/y_g06wb113726d38xsyx71_h0000gn/T/ResultBundle_2026-22-09_07-53-0013.xcresult
xcodebuild: error: Could not resolve package dependencies:
multiple packages ('sourcery', 'swiftlint') declare targets with a conflicting name: 'lib_InternalSwiftSyntaxParser’; target names need to be unique across the package graph
Command line invocation:
/Applications/Xcode-27.0.0-Release.Candidate.app/Contents/Developer/usr/bin/xcodebuild -IDEClonedSourcePackagesDirPathOverride=/Users/admin/builder/spi-builder-workspace/.dependencies -resolvePackageDependencies
Resolve Package Graph
Invalid Resource 'Templates': File not found.Invalid Resource 'Scripts': File not found.Invalid Resource 'Sources': File not found.multiple packages ('sourcery', 'swiftlint') declare targets with a conflicting name: 'lib_InternalSwiftSyntaxParser’; target names need to be unique across the package graph
Resolved source packages:
spi-builder-workspace: (null)
2026-09-22 07:53:15.434 xcodebuild[2175:11038] Writing error result bundle to /var/folders/xq/y_g06wb113726d38xsyx71_h0000gn/T/ResultBundle_2026-22-09_07-53-0015.xcresult
xcodebuild: error: Could not resolve package dependencies:
multiple packages ('sourcery', 'swiftlint') declare targets with a conflicting name: 'lib_InternalSwiftSyntaxParser’; target names need to be unique across the package graph
BUILD FAILURE 6.4 visionOS