Build Information
Failed to build ViewScope, reference 1.3.0 (f7604a), with Swift 6.1 for watchOS using Xcode 16.3 on 23 Oct 2026 09:56:15 UTC.
Build Command
No build command. This typically means the build failed at an early stage where we determine the build command.Build Log
========================================
RunAll
========================================
Builder version: 5.1.3
Interrupt handler set up.
========================================
Checkout
========================================
Clone URL: https://github.com/vsanthanam/ViewScope.git
Reference: 1.3.0
Initialized empty Git repository in /Users/admin/builder/spi-builder-workspace/.git/
From https://github.com/vsanthanam/ViewScope
* tag 1.3.0 -> FETCH_HEAD
HEAD is now at f7604a7 Update to version 1.3.0 (#9)
Cloned https://github.com/vsanthanam/ViewScope.git
Revision (git rev-parse @):
f7604a75365cbc1ee78ac56d4871b35be2cb27f6
SUCCESS checkout https://github.com/vsanthanam/ViewScope.git at 1.3.0
========================================
Build
========================================
Selected platform: watchOS
Swift version: 6.1
Building package at path: $PWD
https://github.com/vsanthanam/ViewScope.git
https://github.com/vsanthanam/ViewScope.git
error: 'spi-builder-workspace': package 'spi-builder-workspace' is using Swift tools version 6.4.0 but the installed version is 6.1.0
error: fatalError
Command line invocation:
/Applications/Xcode-16.3.0.app/Contents/Developer/usr/bin/xcodebuild -IDEClonedSourcePackagesDirPathOverride=/Users/admin/builder/spi-builder-workspace/.dependencies -resolvePackageDependencies
Resolve Package Graph
package 'spi-builder-workspace' is using Swift tools version 6.4.0 but the installed version is 6.1.0
Resolved source packages:
spi-builder-workspace: (null)
2026-10-23 02:56:14.504 xcodebuild[507:2916] Writing error result bundle to /var/folders/5k/5yc19ymj0jqd5v0zvgfqz0xw0000gn/T/ResultBundle_2026-23-10_02-56-0014.xcresult
xcodebuild: error: Could not resolve package dependencies:
package 'spi-builder-workspace' is using Swift tools version 6.4.0 but the installed version is 6.1.0
Command line invocation:
/Applications/Xcode-16.3.0.app/Contents/Developer/usr/bin/xcodebuild -IDEClonedSourcePackagesDirPathOverride=/Users/admin/builder/spi-builder-workspace/.dependencies -resolvePackageDependencies
Resolve Package Graph
package 'spi-builder-workspace' is using Swift tools version 6.4.0 but the installed version is 6.1.0
Resolved source packages:
spi-builder-workspace: (null)
2026-10-23 02:56:15.244 xcodebuild[516:2996] Writing error result bundle to /var/folders/5k/5yc19ymj0jqd5v0zvgfqz0xw0000gn/T/ResultBundle_2026-23-10_02-56-0015.xcresult
xcodebuild: error: Could not resolve package dependencies:
package 'spi-builder-workspace' is using Swift tools version 6.4.0 but the installed version is 6.1.0
BUILD FAILURE 6.1 watchOS