Build Information
Failed to build SwiftDecoderSDK, reference main (6b949e), with Swift 6.3 for macOS (Xcode) using Xcode 26.4 on 23 Jul 2026 04:00:59 UTC.
Build Command
env DEVELOPER_DIR=/Applications/Xcode-26.4.0.app xcrun xcodebuild -IDEClonedSourcePackagesDirPathOverride=$PWD/.dependencies -skipMacroValidation -skipPackagePluginValidation -derivedDataPath $PWD/.derivedData build -scheme SwiftDecoderSDK -destination platform=macOS,arch=arm64Build Log
========================================
RunAll
========================================
Builder version: undefined version: run 'make version' to update
Interrupt handler set up.
========================================
Checkout
========================================
Clone URL: https://github.com/SocketMobile/swift-package-swiftdecodersdk.git
Reference: main
Initialized empty Git repository in /Users/admin/builder/spi-builder-workspace/.git/
From https://github.com/SocketMobile/swift-package-swiftdecodersdk
* branch main -> FETCH_HEAD
* [new branch] main -> origin/main
HEAD is now at 6b949e9 v6.7.2
Cloned https://github.com/SocketMobile/swift-package-swiftdecodersdk.git
Revision (git rev-parse @):
6b949e92bf4daaaf9da0a1e9694db2595b471480
SUCCESS checkout https://github.com/SocketMobile/swift-package-swiftdecodersdk.git at main
========================================
Build
========================================
Selected platform: macosXcodebuild
Swift version: 6.3
Building package at path: $PWD
https://github.com/SocketMobile/swift-package-swiftdecodersdk.git
Command line invocation:
/Applications/Xcode-26.4.0.app/Contents/Developer/usr/bin/xcodebuild -IDEClonedSourcePackagesDirPathOverride=/Users/admin/builder/spi-builder-workspace/.dependencies -resolvePackageDependencies
Resolve Package Graph
Resolve Package Graph
Resolved source packages:
SwiftDecoderSDK: /Users/admin/builder/spi-builder-workspace
resolved source packages: SwiftDecoderSDK
2026-07-23 00:00:30.628 xcodebuild[541:3124] [MT] IDERunDestination: Supported platforms for the buildables in the current scheme is empty.
{
"dependencies" : [
],
"manifest_display_name" : "SwiftDecoderSDK",
"name" : "SwiftDecoderSDK",
"path" : "/Users/admin/builder/spi-builder-workspace",
"platforms" : [
{
"name" : "ios",
"version" : "15.0"
}
],
"products" : [
{
"name" : "SwiftDecoderSDK",
"targets" : [
"SwiftDecoder"
],
"type" : {
"library" : [
"automatic"
]
}
}
],
"targets" : [
{
"c99name" : "SwiftDecoder",
"module_type" : "BinaryTarget",
"name" : "SwiftDecoder",
"path" : "Sources/SwiftDecoder.xcframework",
"product_memberships" : [
"SwiftDecoderSDK"
],
"sources" : [
],
"type" : "binary"
}
],
"tools_version" : "5.6"
}
{
"workspace" : {
"name" : "spi-builder-workspace",
"schemes" : [
"SwiftDecoderSDK"
]
}
}
2026-07-23 00:00:53.569 xcodebuild[743:4596] [MT] IDERunDestination: Supported platforms for the buildables in the current scheme is empty.
Running build ...
env DEVELOPER_DIR=/Applications/Xcode-26.4.0.app xcrun xcodebuild -IDEClonedSourcePackagesDirPathOverride=$PWD/.dependencies -skipMacroValidation -skipPackagePluginValidation -derivedDataPath $PWD/.derivedData build -scheme SwiftDecoderSDK -destination platform=macOS,arch=arm64
Command line invocation:
/Applications/Xcode-26.4.0.app/Contents/Developer/usr/bin/xcodebuild -IDEClonedSourcePackagesDirPathOverride=/Users/admin/builder/spi-builder-workspace/.dependencies -skipMacroValidation -skipPackagePluginValidation -derivedDataPath /Users/admin/builder/spi-builder-workspace/.derivedData build -scheme SwiftDecoderSDK -destination platform=macOS,arch=arm64
Resolve Package Graph
Resolved source packages:
SwiftDecoderSDK: /Users/admin/builder/spi-builder-workspace
ComputePackagePrebuildTargetDependencyGraph
Prepare packages
CreateBuildRequest
SendProjectDescription
CreateBuildOperation
ComputeTargetDependencyGraph
note: Building targets in dependency order
note: Target dependency graph (1 target)
Target 'SwiftDecoderSDK' in project 'SwiftDecoderSDK' (no dependencies)
GatherProvisioningInputs
CreateBuildDescription
ExecuteExternalTool /Applications/Xcode-26.4.0.app/Contents/Developer/Toolchains/XcodeDefault.xctoolchain/usr/bin/clang -v -E -dM -isysroot /Applications/Xcode-26.4.0.app/Contents/Developer/Platforms/MacOSX.platform/Developer/SDKs/MacOSX26.4.sdk -x c -c /dev/null
Build description signature: a2b10daedd5f34e807bd115aaa8f738c
Build description path: /Users/admin/builder/spi-builder-workspace/.derivedData/Build/Intermediates.noindex/XCBuildData/a2b10daedd5f34e807bd115aaa8f738c.xcbuilddata
/Users/admin/builder/spi-builder-workspace/Sources/SwiftDecoder.xcframework:1:1: error: While building for macOS, no library for this platform was found in '/Users/admin/builder/spi-builder-workspace/Sources/SwiftDecoder.xcframework'. (in target 'SwiftDecoderSDK' from project 'SwiftDecoderSDK')
2026-07-23 00:00:55.222 xcodebuild[751:4688] [MT] IDERunDestination: Supported platforms for the buildables in the current scheme is empty.
--- xcodebuild: WARNING: Using the first of multiple matching destinations:
{ platform:macOS, arch:arm64, id:975e8353f38fd7500216a1330b66459eee5fdc5a, name:My Mac }
{ platform:macOS, arch:arm64, variant:Mac Catalyst, id:975e8353f38fd7500216a1330b66459eee5fdc5a, name:My Mac }
{ platform:macOS, arch:arm64, variant:DriverKit, id:975e8353f38fd7500216a1330b66459eee5fdc5a, name:My Mac }
{ platform:macOS, arch:arm64, variant:Designed for [iPad,iPhone], id:975e8353f38fd7500216a1330b66459eee5fdc5a, name:My Mac }
** BUILD FAILED **
The following build commands failed:
Building workspace spi-builder-workspace with scheme SwiftDecoderSDK
(1 failure)
Command line invocation:
/Applications/Xcode-26.4.0.app/Contents/Developer/usr/bin/xcodebuild -IDEClonedSourcePackagesDirPathOverride=/Users/admin/builder/spi-builder-workspace/.dependencies -resolvePackageDependencies
Resolve Package Graph
Resolved source packages:
SwiftDecoderSDK: /Users/admin/builder/spi-builder-workspace
resolved source packages: SwiftDecoderSDK
2026-07-23 00:00:57.520 xcodebuild[765:4776] [MT] IDERunDestination: Supported platforms for the buildables in the current scheme is empty.
{
"dependencies" : [
],
"manifest_display_name" : "SwiftDecoderSDK",
"name" : "SwiftDecoderSDK",
"path" : "/Users/admin/builder/spi-builder-workspace",
"platforms" : [
{
"name" : "ios",
"version" : "15.0"
}
],
"products" : [
{
"name" : "SwiftDecoderSDK",
"targets" : [
"SwiftDecoder"
],
"type" : {
"library" : [
"automatic"
]
}
}
],
"targets" : [
{
"c99name" : "SwiftDecoder",
"module_type" : "BinaryTarget",
"name" : "SwiftDecoder",
"path" : "Sources/SwiftDecoder.xcframework",
"product_memberships" : [
"SwiftDecoderSDK"
],
"sources" : [
],
"type" : "binary"
}
],
"tools_version" : "5.6"
}
{
"workspace" : {
"name" : "spi-builder-workspace",
"schemes" : [
"SwiftDecoderSDK"
]
}
}
2026-07-23 00:00:58.577 xcodebuild[775:4844] [MT] IDERunDestination: Supported platforms for the buildables in the current scheme is empty.
Running build ...
env DEVELOPER_DIR=/Applications/Xcode-26.4.0.app xcrun xcodebuild -IDEClonedSourcePackagesDirPathOverride=$PWD/.dependencies -skipMacroValidation -skipPackagePluginValidation -derivedDataPath $PWD/.derivedData build -scheme SwiftDecoderSDK -destination platform=macOS,arch=arm64
Command line invocation:
/Applications/Xcode-26.4.0.app/Contents/Developer/usr/bin/xcodebuild -IDEClonedSourcePackagesDirPathOverride=/Users/admin/builder/spi-builder-workspace/.dependencies -skipMacroValidation -skipPackagePluginValidation -derivedDataPath /Users/admin/builder/spi-builder-workspace/.derivedData build -scheme SwiftDecoderSDK -destination platform=macOS,arch=arm64
Resolve Package Graph
Resolved source packages:
SwiftDecoderSDK: /Users/admin/builder/spi-builder-workspace
ComputePackagePrebuildTargetDependencyGraph
Prepare packages
CreateBuildRequest
SendProjectDescription
CreateBuildOperation
ComputeTargetDependencyGraph
note: Building targets in dependency order
note: Target dependency graph (1 target)
Target 'SwiftDecoderSDK' in project 'SwiftDecoderSDK' (no dependencies)
GatherProvisioningInputs
CreateBuildDescription
/Users/admin/builder/spi-builder-workspace/Sources/SwiftDecoder.xcframework:1:1: error: While building for macOS, no library for this platform was found in '/Users/admin/builder/spi-builder-workspace/Sources/SwiftDecoder.xcframework'. (in target 'SwiftDecoderSDK' from project 'SwiftDecoderSDK')
2026-07-23 00:00:59.380 xcodebuild[778:4876] [MT] IDERunDestination: Supported platforms for the buildables in the current scheme is empty.
--- xcodebuild: WARNING: Using the first of multiple matching destinations:
{ platform:macOS, arch:arm64, id:975e8353f38fd7500216a1330b66459eee5fdc5a, name:My Mac }
{ platform:macOS, arch:arm64, variant:Mac Catalyst, id:975e8353f38fd7500216a1330b66459eee5fdc5a, name:My Mac }
{ platform:macOS, arch:arm64, variant:DriverKit, id:975e8353f38fd7500216a1330b66459eee5fdc5a, name:My Mac }
{ platform:macOS, arch:arm64, variant:Designed for [iPad,iPhone], id:975e8353f38fd7500216a1330b66459eee5fdc5a, name:My Mac }
** BUILD FAILED **
The following build commands failed:
Building workspace spi-builder-workspace with scheme SwiftDecoderSDK
(1 failure)
BUILD FAILURE 6.3 macosXcodebuild