The Swift Package Index logo.Swift Package Index

Build Information

Failed to build DyteMobileCoreiOS, reference v2.1.0 (d158cc), with Swift 6.4 for tvOS using Xcode 27.0 on 21 Sep 2026 17:17:47 UTC.

Build Command

env DEVELOPER_DIR=/Applications/Xcode-27.0.0-Release.Candidate.app xcrun xcodebuild -IDEClonedSourcePackagesDirPathOverride=$PWD/.dependencies -skipMacroValidation -skipPackagePluginValidation -derivedDataPath $PWD/.derivedData build -scheme DyteMobileCoreiOS -destination generic/platform=tvOS

Build Log

========================================
RunAll
========================================
Builder version: 5.1.0
Interrupt handler set up.
========================================
Checkout
========================================
Clone URL: https://github.com/dyte-in/DyteMobileCoreiOS.git
Reference: v2.1.0
Initialized empty Git repository in /Users/admin/builder/spi-builder-workspace/.git/
From https://github.com/dyte-in/DyteMobileCoreiOS
 * tag               v2.1.0     -> FETCH_HEAD
HEAD is now at d158cc0 chore(release): update SPM definition
Cloned https://github.com/dyte-in/DyteMobileCoreiOS.git
Revision (git rev-parse @):
d158cc02c29202b4551c0015ff3097d6255d5103
SUCCESS checkout https://github.com/dyte-in/DyteMobileCoreiOS.git at v2.1.0
========================================
Build
========================================
Selected platform:         tvOS
Swift version:             6.4
Building package at path:  $PWD
https://github.com/dyte-in/DyteMobileCoreiOS.git
Command line invocation:
    /Applications/Xcode-27.0.0-Release.Candidate.app/Contents/Developer/usr/bin/xcodebuild -IDEClonedSourcePackagesDirPathOverride=/Users/admin/builder/spi-builder-workspace/.dependencies -resolvePackageDependencies
Resolve Package Graph
Resolve Package Graph
Resolved source packages:
  DyteMobileCoreiOS: /Users/admin/builder/spi-builder-workspace
resolved source packages: DyteMobileCoreiOS
2026-09-21 13:17:00.747 xcodebuild[529:3038] [MT] IDERunDestination: Supported platforms for the buildables in the current scheme is empty.
{
  "dependencies" : [
  ],
  "manifest_display_name" : "DyteMobileCoreiOS",
  "name" : "DyteMobileCoreiOS",
  "path" : "/Users/admin/builder/spi-builder-workspace",
  "platforms" : [
    {
      "name" : "ios",
      "version" : "13.0"
    }
  ],
  "products" : [
    {
      "name" : "DyteiOSCore",
      "targets" : [
        "DyteiOSCore",
        "DyteWebRTC"
      ],
      "type" : {
        "library" : [
          "automatic"
        ]
      }
    }
  ],
  "targets" : [
    {
      "c99name" : "DyteiOSCore",
      "module_type" : "BinaryTarget",
      "name" : "DyteiOSCore",
      "path" : "remote/archive/DyteiOSCore-2.1.0-ad6dd60e-06a1-43ca-a4d7-4d7cf3d85ef1.xcframework.zip",
      "product_memberships" : [
        "DyteiOSCore"
      ],
      "sources" : [
      ],
      "type" : "binary"
    },
    {
      "c99name" : "DyteWebRTC",
      "module_type" : "BinaryTarget",
      "name" : "DyteWebRTC",
      "path" : "remote/archive/DyteWebRTC_v0.0.4.zip",
      "product_memberships" : [
        "DyteiOSCore"
      ],
      "sources" : [
      ],
      "type" : "binary"
    }
  ],
  "tools_version" : "5.5"
}
{
  "workspace" : {
    "name" : "DyteMobileCoreiOS",
    "schemes" : [
      "DyteMobileCoreiOS"
    ]
  }
}
2026-09-21 13:17:41.932 xcodebuild[678:4290] [MT] IDERunDestination: Supported platforms for the buildables in the current scheme is empty.
Running build ...
env DEVELOPER_DIR=/Applications/Xcode-27.0.0-Release.Candidate.app xcrun xcodebuild -IDEClonedSourcePackagesDirPathOverride=$PWD/.dependencies -skipMacroValidation -skipPackagePluginValidation -derivedDataPath $PWD/.derivedData build -scheme DyteMobileCoreiOS -destination generic/platform=tvOS
Command line invocation:
    /Applications/Xcode-27.0.0-Release.Candidate.app/Contents/Developer/usr/bin/xcodebuild -IDEClonedSourcePackagesDirPathOverride=/Users/admin/builder/spi-builder-workspace/.dependencies -skipMacroValidation -skipPackagePluginValidation -derivedDataPath /Users/admin/builder/spi-builder-workspace/.derivedData build -scheme DyteMobileCoreiOS -destination generic/platform=tvOS
Resolve Package Graph
Resolved source packages:
  DyteMobileCoreiOS: /Users/admin/builder/spi-builder-workspace
ComputePackagePrebuildTargetDependencyGraph
Prepare packages
CreateBuildRequest
SendProjectDescription
CreateBuildOperation
ComputeTargetDependencyGraph
note: Building targets in dependency order
note: Target dependency graph (1 target)
    Target 'DyteiOSCore-product' in project 'DyteMobileCoreiOS' (no dependencies)
GatherProvisioningInputs
CreateBuildDescription
ExecuteExternalTool /Applications/Xcode-27.0.0-Release.Candidate.app/Contents/Developer/Toolchains/XcodeDefault.xctoolchain/usr/bin/clang -v -E -dM -isysroot /Applications/Xcode-27.0.0-Release.Candidate.app/Contents/Developer/Platforms/AppleTVOS.platform/Developer/SDKs/AppleTVOS27.0.sdk -x c -c /dev/null
Build description signature: 5ca3ceeff6a18b7095c07c416f3d2b1d
Build description path: /Users/admin/builder/spi-builder-workspace/.derivedData/Build/Intermediates.noindex/XCBuildData/5ca3ceeff6a18b7095c07c416f3d2b1d.xcbuilddata
/Users/admin/builder/spi-builder-workspace/.dependencies/artifacts/spi-builder-workspace/DyteiOSCore/DyteiOSCore.xcframework:1:1: error: While building for tvOS, no library for this platform was found in '/Users/admin/builder/spi-builder-workspace/.dependencies/artifacts/spi-builder-workspace/DyteiOSCore/DyteiOSCore.xcframework'. (in target 'DyteiOSCore-product' from project 'DyteMobileCoreiOS')
/Users/admin/builder/spi-builder-workspace/.dependencies/artifacts/spi-builder-workspace/DyteWebRTC/DyteWebRTC.xcframework:1:1: error: While building for tvOS, no library for this platform was found in '/Users/admin/builder/spi-builder-workspace/.dependencies/artifacts/spi-builder-workspace/DyteWebRTC/DyteWebRTC.xcframework'. (in target 'DyteiOSCore-product' from project 'DyteMobileCoreiOS')
2026-09-21 13:17:43.461 xcodebuild[679:4336] [MT] IDERunDestination: Supported platforms for the buildables in the current scheme is empty.
** BUILD FAILED **
The following build commands failed:
	Building workspace DyteMobileCoreiOS with scheme DyteMobileCoreiOS
(1 failure)
Command line invocation:
    /Applications/Xcode-27.0.0-Release.Candidate.app/Contents/Developer/usr/bin/xcodebuild -IDEClonedSourcePackagesDirPathOverride=/Users/admin/builder/spi-builder-workspace/.dependencies -resolvePackageDependencies
Resolve Package Graph
Resolved source packages:
  DyteMobileCoreiOS: /Users/admin/builder/spi-builder-workspace
resolved source packages: DyteMobileCoreiOS
2026-09-21 13:17:45.038 xcodebuild[691:4429] [MT] IDERunDestination: Supported platforms for the buildables in the current scheme is empty.
{
  "dependencies" : [
  ],
  "manifest_display_name" : "DyteMobileCoreiOS",
  "name" : "DyteMobileCoreiOS",
  "path" : "/Users/admin/builder/spi-builder-workspace",
  "platforms" : [
    {
      "name" : "ios",
      "version" : "13.0"
    }
  ],
  "products" : [
    {
      "name" : "DyteiOSCore",
      "targets" : [
        "DyteiOSCore",
        "DyteWebRTC"
      ],
      "type" : {
        "library" : [
          "automatic"
        ]
      }
    }
  ],
  "targets" : [
    {
      "c99name" : "DyteiOSCore",
      "module_type" : "BinaryTarget",
      "name" : "DyteiOSCore",
      "path" : "remote/archive/DyteiOSCore-2.1.0-ad6dd60e-06a1-43ca-a4d7-4d7cf3d85ef1.xcframework.zip",
      "product_memberships" : [
        "DyteiOSCore"
      ],
      "sources" : [
      ],
      "type" : "binary"
    },
    {
      "c99name" : "DyteWebRTC",
      "module_type" : "BinaryTarget",
      "name" : "DyteWebRTC",
      "path" : "remote/archive/DyteWebRTC_v0.0.4.zip",
      "product_memberships" : [
        "DyteiOSCore"
      ],
      "sources" : [
      ],
      "type" : "binary"
    }
  ],
  "tools_version" : "5.5"
}
{
  "workspace" : {
    "name" : "DyteMobileCoreiOS",
    "schemes" : [
      "DyteMobileCoreiOS"
    ]
  }
}
2026-09-21 13:17:46.204 xcodebuild[699:4489] [MT] IDERunDestination: Supported platforms for the buildables in the current scheme is empty.
Running build ...
env DEVELOPER_DIR=/Applications/Xcode-27.0.0-Release.Candidate.app xcrun xcodebuild -IDEClonedSourcePackagesDirPathOverride=$PWD/.dependencies -skipMacroValidation -skipPackagePluginValidation -derivedDataPath $PWD/.derivedData build -scheme DyteMobileCoreiOS -destination generic/platform=tvOS
Command line invocation:
    /Applications/Xcode-27.0.0-Release.Candidate.app/Contents/Developer/usr/bin/xcodebuild -IDEClonedSourcePackagesDirPathOverride=/Users/admin/builder/spi-builder-workspace/.dependencies -skipMacroValidation -skipPackagePluginValidation -derivedDataPath /Users/admin/builder/spi-builder-workspace/.derivedData build -scheme DyteMobileCoreiOS -destination generic/platform=tvOS
Resolve Package Graph
Resolved source packages:
  DyteMobileCoreiOS: /Users/admin/builder/spi-builder-workspace
ComputePackagePrebuildTargetDependencyGraph
Prepare packages
CreateBuildRequest
SendProjectDescription
CreateBuildOperation
ComputeTargetDependencyGraph
note: Building targets in dependency order
note: Target dependency graph (1 target)
    Target 'DyteiOSCore-product' in project 'DyteMobileCoreiOS' (no dependencies)
GatherProvisioningInputs
CreateBuildDescription
/Users/admin/builder/spi-builder-workspace/.dependencies/artifacts/spi-builder-workspace/DyteWebRTC/DyteWebRTC.xcframework:1:1: error: While building for tvOS, no library for this platform was found in '/Users/admin/builder/spi-builder-workspace/.dependencies/artifacts/spi-builder-workspace/DyteWebRTC/DyteWebRTC.xcframework'. (in target 'DyteiOSCore-product' from project 'DyteMobileCoreiOS')
/Users/admin/builder/spi-builder-workspace/.dependencies/artifacts/spi-builder-workspace/DyteiOSCore/DyteiOSCore.xcframework:1:1: error: While building for tvOS, no library for this platform was found in '/Users/admin/builder/spi-builder-workspace/.dependencies/artifacts/spi-builder-workspace/DyteiOSCore/DyteiOSCore.xcframework'. (in target 'DyteiOSCore-product' from project 'DyteMobileCoreiOS')
2026-09-21 13:17:47.140 xcodebuild[700:4514] [MT] IDERunDestination: Supported platforms for the buildables in the current scheme is empty.
** BUILD FAILED **
The following build commands failed:
	Building workspace DyteMobileCoreiOS with scheme DyteMobileCoreiOS
(1 failure)
BUILD FAILURE 6.4 tvOS