The Swift Package Index logo.Swift Package Index

Build Information

Failed to build swift-architecture-toolkit, reference 0.2.1 (76c599), with Swift 6.4 for watchOS using Xcode 27.0 on 24 Sep 2026 13:05:59 UTC.

Build Command

env DEVELOPER_DIR=/Applications/Xcode-27.0.0-Release.Candidate.app xcrun xcodebuild -IDEClonedSourcePackagesDirPathOverride=$PWD/.dependencies -skipMacroValidation -skipPackagePluginValidation -derivedDataPath $PWD/.derivedData build -scheme swift-architecture-toolkit -destination generic/platform=watchOS

Build Log

SwiftCompile normal arm64_32 /Users/admin/builder/spi-builder-workspace/Sources/ART/Implementation/Utilities/DebugEnsure.swift (in target 'ART' from project 'swift-architecture-toolkit')
    cd /Users/admin/builder/spi-builder-workspace/.swiftpm/xcode
    builtin-SwiftPerFileCompile DebugEnsure.swift
SwiftCompile normal arm64_32 /Users/admin/builder/spi-builder-workspace/Sources/ART/Implementation/Utilities/Ensure.swift (in target 'ART' from project 'swift-architecture-toolkit')
    cd /Users/admin/builder/spi-builder-workspace/.swiftpm/xcode
    builtin-SwiftPerFileCompile Ensure.swift
SwiftCompile normal arm64_32 /Users/admin/builder/spi-builder-workspace/Sources/ART/Implementation/Utilities/FatalError.swift (in target 'ART' from project 'swift-architecture-toolkit')
    cd /Users/admin/builder/spi-builder-workspace/.swiftpm/xcode
    builtin-SwiftPerFileCompile FatalError.swift
SwiftCompile normal arm64_32 /Users/admin/builder/spi-builder-workspace/Sources/ART/Implementation/Utilities/FunctionalCopying.swift (in target 'ART' from project 'swift-architecture-toolkit')
    cd /Users/admin/builder/spi-builder-workspace/.swiftpm/xcode
    builtin-SwiftPerFileCompile FunctionalCopying.swift
SwiftCompile normal arm64_32 /Users/admin/builder/spi-builder-workspace/Sources/ART/Implementation/Utilities/FunctionalSetting.swift (in target 'ART' from project 'swift-architecture-toolkit')
    cd /Users/admin/builder/spi-builder-workspace/.swiftpm/xcode
    builtin-SwiftPerFileCompile FunctionalSetting.swift
SwiftCompile normal arm64_32 Compiling\ RequestHandler.swift,\ Store.swift,\ ConditionalView.swift,\ NonStaticConditionalView.swift,\ StaticConditionalView.swift /Users/admin/builder/spi-builder-workspace/Sources/ART/Implementation/Logic/State/Requests/RequestHandler.swift /Users/admin/builder/spi-builder-workspace/Sources/ART/Implementation/Logic/State/Store.swift /Users/admin/builder/spi-builder-workspace/Sources/ART/Implementation/UI/Conditional\ Views/ConditionalView.swift /Users/admin/builder/spi-builder-workspace/Sources/ART/Implementation/UI/Conditional\ Views/NonStaticConditionalView.swift /Users/admin/builder/spi-builder-workspace/Sources/ART/Implementation/UI/Conditional\ Views/StaticConditionalView.swift (in target 'ART' from project 'swift-architecture-toolkit')
SwiftCompile normal arm64_32 /Users/admin/builder/spi-builder-workspace/Sources/ART/Implementation/Logic/State/Requests/RequestHandler.swift (in target 'ART' from project 'swift-architecture-toolkit')
    cd /Users/admin/builder/spi-builder-workspace/.swiftpm/xcode
    builtin-SwiftPerFileCompile RequestHandler.swift
SwiftCompile normal arm64_32 /Users/admin/builder/spi-builder-workspace/Sources/ART/Implementation/Logic/State/Store.swift (in target 'ART' from project 'swift-architecture-toolkit')
    cd /Users/admin/builder/spi-builder-workspace/.swiftpm/xcode
    builtin-SwiftPerFileCompile Store.swift
SwiftCompile normal arm64_32 /Users/admin/builder/spi-builder-workspace/Sources/ART/Implementation/UI/Conditional\ Views/ConditionalView.swift (in target 'ART' from project 'swift-architecture-toolkit')
    cd /Users/admin/builder/spi-builder-workspace/.swiftpm/xcode
    builtin-SwiftPerFileCompile ConditionalView.swift
SwiftCompile normal arm64_32 /Users/admin/builder/spi-builder-workspace/Sources/ART/Implementation/UI/Conditional\ Views/NonStaticConditionalView.swift (in target 'ART' from project 'swift-architecture-toolkit')
    cd /Users/admin/builder/spi-builder-workspace/.swiftpm/xcode
    builtin-SwiftPerFileCompile NonStaticConditionalView.swift
SwiftCompile normal arm64_32 /Users/admin/builder/spi-builder-workspace/Sources/ART/Implementation/UI/Conditional\ Views/StaticConditionalView.swift (in target 'ART' from project 'swift-architecture-toolkit')
    cd /Users/admin/builder/spi-builder-workspace/.swiftpm/xcode
    builtin-SwiftPerFileCompile StaticConditionalView.swift
SwiftCompile normal arm64_32 Compiling\ Model.swift,\ PropertyPathObserver.swift,\ ValueObserver.swift,\ PropertyPath.swift,\ PropertyUpdate.swift,\ Reducer.swift /Users/admin/builder/spi-builder-workspace/Sources/ART/Implementation/Logic/State/Model.swift /Users/admin/builder/spi-builder-workspace/Sources/ART/Implementation/Logic/State/Observers/PropertyPathObserver.swift /Users/admin/builder/spi-builder-workspace/Sources/ART/Implementation/Logic/State/Observers/ValueObserver.swift /Users/admin/builder/spi-builder-workspace/Sources/ART/Implementation/Logic/State/PropertyPath.swift /Users/admin/builder/spi-builder-workspace/Sources/ART/Implementation/Logic/State/PropertyUpdate.swift /Users/admin/builder/spi-builder-workspace/Sources/ART/Implementation/Logic/State/Reducer.swift (in target 'ART' from project 'swift-architecture-toolkit')
SwiftCompile normal arm64_32 /Users/admin/builder/spi-builder-workspace/Sources/ART/Implementation/Logic/State/Model.swift (in target 'ART' from project 'swift-architecture-toolkit')
    cd /Users/admin/builder/spi-builder-workspace/.swiftpm/xcode
    builtin-SwiftPerFileCompile Model.swift
SwiftCompile normal arm64_32 /Users/admin/builder/spi-builder-workspace/Sources/ART/Implementation/Logic/State/Observers/PropertyPathObserver.swift (in target 'ART' from project 'swift-architecture-toolkit')
    cd /Users/admin/builder/spi-builder-workspace/.swiftpm/xcode
    builtin-SwiftPerFileCompile PropertyPathObserver.swift
SwiftCompile normal arm64_32 /Users/admin/builder/spi-builder-workspace/Sources/ART/Implementation/Logic/State/Observers/ValueObserver.swift (in target 'ART' from project 'swift-architecture-toolkit')
    cd /Users/admin/builder/spi-builder-workspace/.swiftpm/xcode
    builtin-SwiftPerFileCompile ValueObserver.swift
SwiftCompile normal arm64_32 /Users/admin/builder/spi-builder-workspace/Sources/ART/Implementation/Logic/State/PropertyPath.swift (in target 'ART' from project 'swift-architecture-toolkit')
    cd /Users/admin/builder/spi-builder-workspace/.swiftpm/xcode
    builtin-SwiftPerFileCompile PropertyPath.swift
SwiftCompile normal arm64_32 /Users/admin/builder/spi-builder-workspace/Sources/ART/Implementation/Logic/State/PropertyUpdate.swift (in target 'ART' from project 'swift-architecture-toolkit')
    cd /Users/admin/builder/spi-builder-workspace/.swiftpm/xcode
    builtin-SwiftPerFileCompile PropertyUpdate.swift
SwiftCompile normal arm64_32 /Users/admin/builder/spi-builder-workspace/Sources/ART/Implementation/Logic/State/Reducer.swift (in target 'ART' from project 'swift-architecture-toolkit')
    cd /Users/admin/builder/spi-builder-workspace/.swiftpm/xcode
    builtin-SwiftPerFileCompile Reducer.swift
/Users/admin/builder/spi-builder-workspace/Sources/ART/Implementation/Logic/State/Model.swift:20:27: warning: capture of non-Sendable type 'T.Type' in an isolated closure [#SendableMetatypes]
 18 |       for: PropertyPath(keyPath),
 19 |       initiallyObservedValue: {
 20 |         guard let value = $0 else {
    |                           `- warning: capture of non-Sendable type 'T.Type' in an isolated closure [#SendableMetatypes]
 21 |           fatalError("Optional value received for key path must never be `nil`")
 22 |         }
/Users/admin/builder/spi-builder-workspace/Sources/ART/Implementation/Logic/State/Model.swift:26:42: warning: capture of non-Sendable type 'T.Type' in an isolated closure [#SendableMetatypes]
 24 |         initiallyObservedValue(value)
 25 |       }, change: { change in
 26 |         guard let previousValue = change.previous else {
    |                                          `- warning: capture of non-Sendable type 'T.Type' in an isolated closure [#SendableMetatypes]
 27 |           fatalError("Previous value received for key path must never be `nil`")
 28 |         }
/Users/admin/builder/spi-builder-workspace/Sources/ART/Implementation/Logic/State/Model.swift:62:14: warning: capture of non-Sendable type 'T.Type' in an isolated closure [#SendableMetatypes]
 60 |       change: changeClosure
 61 |     ) {
 62 |       return $0
    |              `- warning: capture of non-Sendable type 'T.Type' in an isolated closure [#SendableMetatypes]
 63 |     }
 64 |   }
/Users/admin/builder/spi-builder-workspace/Sources/ART/Implementation/Logic/State/Model.swift:75:7: warning: capture of non-Sendable type 'T.Type' in an isolated closure [#SendableMetatypes]
 73 |     self.handleInitiallyObservedState = {
 74 |       let value = propertyPath.value(in: $0)
 75 |       initiallyObservedValue(t(value))
    |       `- warning: capture of non-Sendable type 'T.Type' in an isolated closure [#SendableMetatypes]
 76 |     }
 77 |
SwiftEmitModule normal arm64_32 Emitting\ module\ for\ ART (in target 'ART' from project 'swift-architecture-toolkit')
/Users/admin/builder/spi-builder-workspace/Sources/ART/Implementation/Logic/State/Logic/UILogicModule.swift:27:73: warning: capture of non-Sendable type 'Event.Type' in an isolated closure [#SendableMetatypes]
 25 |     _ coeffects: Coeffects,
 26 |     _ eventHandlingClosure: @escaping @Sendable (Event, State, Module.ExecutionOptions, Coeffects) async -> Void,
 27 |     _ shouldHandleClosure: @escaping @Sendable (Event, State) -> Bool = { _, _ in return true }
    |                                                                         `- warning: capture of non-Sendable type 'Event.Type' in an isolated closure [#SendableMetatypes]
 28 |   ) {
 29 |     self.logicModule = logicModule
SwiftCompile normal arm64_32 (in target 'ART' from project 'swift-architecture-toolkit')
    cd /Users/admin/builder/spi-builder-workspace/.swiftpm/xcode

SwiftCompile normal arm64_32 Compiling\ SuccessIndication.swift,\ ValueWithDefault.swift,\ WeakContainer.swift,\ NSRecursiveLock+ART.swift,\ UUID+ART.swift,\ DefaultCoeffects.swift /Users/admin/builder/spi-builder-workspace/Sources/ART/Implementation/Data\ Structures/SuccessIndication.swift /Users/admin/builder/spi-builder-workspace/Sources/ART/Implementation/Data\ Structures/ValueWithDefault.swift /Users/admin/builder/spi-builder-workspace/Sources/ART/Implementation/Data\ Structures/WeakContainer.swift /Users/admin/builder/spi-builder-workspace/Sources/ART/Implementation/Extensions/NSRecursiveLock+ART.swift /Users/admin/builder/spi-builder-workspace/Sources/ART/Implementation/Extensions/UUID+ART.swift /Users/admin/builder/spi-builder-workspace/Sources/ART/Implementation/Logic/Coeffects/DefaultCoeffects.swift (in target 'ART' from project 'swift-architecture-toolkit')
SwiftCompile normal arm64_32 /Users/admin/builder/spi-builder-workspace/Sources/ART/Implementation/Data\ Structures/SuccessIndication.swift (in target 'ART' from project 'swift-architecture-toolkit')
    cd /Users/admin/builder/spi-builder-workspace/.swiftpm/xcode
    builtin-SwiftPerFileCompile SuccessIndication.swift
SwiftCompile normal arm64_32 /Users/admin/builder/spi-builder-workspace/Sources/ART/Implementation/Data\ Structures/ValueWithDefault.swift (in target 'ART' from project 'swift-architecture-toolkit')
    cd /Users/admin/builder/spi-builder-workspace/.swiftpm/xcode
    builtin-SwiftPerFileCompile ValueWithDefault.swift
SwiftCompile normal arm64_32 /Users/admin/builder/spi-builder-workspace/Sources/ART/Implementation/Data\ Structures/WeakContainer.swift (in target 'ART' from project 'swift-architecture-toolkit')
    cd /Users/admin/builder/spi-builder-workspace/.swiftpm/xcode
    builtin-SwiftPerFileCompile WeakContainer.swift
SwiftCompile normal arm64_32 /Users/admin/builder/spi-builder-workspace/Sources/ART/Implementation/Extensions/NSRecursiveLock+ART.swift (in target 'ART' from project 'swift-architecture-toolkit')
    cd /Users/admin/builder/spi-builder-workspace/.swiftpm/xcode
    builtin-SwiftPerFileCompile NSRecursiveLock+ART.swift
SwiftCompile normal arm64_32 /Users/admin/builder/spi-builder-workspace/Sources/ART/Implementation/Extensions/UUID+ART.swift (in target 'ART' from project 'swift-architecture-toolkit')
    cd /Users/admin/builder/spi-builder-workspace/.swiftpm/xcode
    builtin-SwiftPerFileCompile UUID+ART.swift
SwiftCompile normal arm64_32 /Users/admin/builder/spi-builder-workspace/Sources/ART/Implementation/Logic/Coeffects/DefaultCoeffects.swift (in target 'ART' from project 'swift-architecture-toolkit')
    cd /Users/admin/builder/spi-builder-workspace/.swiftpm/xcode
    builtin-SwiftPerFileCompile DefaultCoeffects.swift
SwiftCompile normal arm64_32 Compiling\ StaticViewContext.swift,\ ViewContext+Creation.swift,\ ViewContext.swift,\ ViewModel.swift,\ ViewWithObservedContext.swift /Users/admin/builder/spi-builder-workspace/Sources/ART/Implementation/UI/StaticViewContext.swift /Users/admin/builder/spi-builder-workspace/Sources/ART/Implementation/UI/ViewContext+Creation.swift /Users/admin/builder/spi-builder-workspace/Sources/ART/Implementation/UI/ViewContext.swift /Users/admin/builder/spi-builder-workspace/Sources/ART/Implementation/UI/ViewModel.swift /Users/admin/builder/spi-builder-workspace/Sources/ART/Implementation/UI/ViewWithObservedContext.swift (in target 'ART' from project 'swift-architecture-toolkit')
SwiftCompile normal arm64_32 /Users/admin/builder/spi-builder-workspace/Sources/ART/Implementation/UI/StaticViewContext.swift (in target 'ART' from project 'swift-architecture-toolkit')
    cd /Users/admin/builder/spi-builder-workspace/.swiftpm/xcode
    builtin-SwiftPerFileCompile StaticViewContext.swift
SwiftCompile normal arm64_32 /Users/admin/builder/spi-builder-workspace/Sources/ART/Implementation/UI/ViewContext+Creation.swift (in target 'ART' from project 'swift-architecture-toolkit')
    cd /Users/admin/builder/spi-builder-workspace/.swiftpm/xcode
    builtin-SwiftPerFileCompile ViewContext+Creation.swift
SwiftCompile normal arm64_32 /Users/admin/builder/spi-builder-workspace/Sources/ART/Implementation/UI/ViewContext.swift (in target 'ART' from project 'swift-architecture-toolkit')
    cd /Users/admin/builder/spi-builder-workspace/.swiftpm/xcode
    builtin-SwiftPerFileCompile ViewContext.swift
SwiftCompile normal arm64_32 /Users/admin/builder/spi-builder-workspace/Sources/ART/Implementation/UI/ViewModel.swift (in target 'ART' from project 'swift-architecture-toolkit')
    cd /Users/admin/builder/spi-builder-workspace/.swiftpm/xcode
    builtin-SwiftPerFileCompile ViewModel.swift
SwiftCompile normal arm64_32 /Users/admin/builder/spi-builder-workspace/Sources/ART/Implementation/UI/ViewWithObservedContext.swift (in target 'ART' from project 'swift-architecture-toolkit')
    cd /Users/admin/builder/spi-builder-workspace/.swiftpm/xcode
    builtin-SwiftPerFileCompile ViewWithObservedContext.swift
SwiftCompile normal arm64_32 Compiling\ ReducerProtocol.swift,\ RequestProtocol.swift,\ SideEffectPerformer.swift,\ SideEffectProtocol.swift,\ StateProtocol.swift /Users/admin/builder/spi-builder-workspace/Sources/ART/Protocols/ReducerProtocol.swift /Users/admin/builder/spi-builder-workspace/Sources/ART/Protocols/RequestProtocol.swift /Users/admin/builder/spi-builder-workspace/Sources/ART/Protocols/SideEffectPerformer.swift /Users/admin/builder/spi-builder-workspace/Sources/ART/Protocols/SideEffectProtocol.swift /Users/admin/builder/spi-builder-workspace/Sources/ART/Protocols/StateProtocol.swift (in target 'ART' from project 'swift-architecture-toolkit')
Assertion failed: (FormalConcreteType->isBridgeableObjectType()), function createInitExistentialRef at SILBuilder.h:2244.
(to display assertion configuration options: -Xllvm -assert-help)
Please submit a bug report (https://swift.org/contributing/#reporting-bugs) and include the crash backtrace.
Stack dump:
0.	Program arguments: /Applications/Xcode-27.0.0-Release.Candidate.app/Contents/Developer/Toolchains/XcodeDefault.xctoolchain/usr/bin/swift-frontend -frontend -c "/Users/admin/builder/spi-builder-workspace/Sources/ART/Implementation/Data Structures/Change/Change.swift" "/Users/admin/builder/spi-builder-workspace/Sources/ART/Implementation/Data Structures/Change/PotentialChange.swift" "/Users/admin/builder/spi-builder-workspace/Sources/ART/Implementation/Data Structures/CompletionIndication.swift" "/Users/admin/builder/spi-builder-workspace/Sources/ART/Implementation/Data Structures/Error/CompositeError.swift" "/Users/admin/builder/spi-builder-workspace/Sources/ART/Implementation/Data Structures/Error/SideEffectExecutionError.swift" "/Users/admin/builder/spi-builder-workspace/Sources/ART/Implementation/Data Structures/NonEmptyList.swift" "/Users/admin/builder/spi-builder-workspace/Sources/ART/Implementation/Data Structures/SuccessIndication.swift" "/Users/admin/builder/spi-builder-workspace/Sources/ART/Implementation/Data Structures/ValueWithDefault.swift" "/Users/admin/builder/spi-builder-workspace/Sources/ART/Implementation/Data Structures/WeakContainer.swift" /Users/admin/builder/spi-builder-workspace/Sources/ART/Implementation/Extensions/NSRecursiveLock+ART.swift /Users/admin/builder/spi-builder-workspace/Sources/ART/Implementation/Extensions/UUID+ART.swift /Users/admin/builder/spi-builder-workspace/Sources/ART/Implementation/Logic/Coeffects/DefaultCoeffects.swift /Users/admin/builder/spi-builder-workspace/Sources/ART/Implementation/Logic/SendableUserDefaults.swift "/Users/admin/builder/spi-builder-workspace/Sources/ART/Implementation/Logic/Side Effects/CompositeSideEffect.swift" /Users/admin/builder/spi-builder-workspace/Sources/ART/Implementation/Logic/State/Logic/Executable.swift /Users/admin/builder/spi-builder-workspace/Sources/ART/Implementation/Logic/State/Logic/ExecutableExecutor.swift /Users/admin/builder/spi-builder-workspace/Sources/ART/Implementation/Logic/State/Logic/LogicModule.swift /Users/admin/builder/spi-builder-workspace/Sources/ART/Implementation/Logic/State/Logic/UILogicModule.swift /Users/admin/builder/spi-builder-workspace/Sources/ART/Implementation/Logic/State/Model.swift /Users/admin/builder/spi-builder-workspace/Sources/ART/Implementation/Logic/State/Observers/PropertyPathObserver.swift /Users/admin/builder/spi-builder-workspace/Sources/ART/Implementation/Logic/State/Observers/ValueObserver.swift /Users/admin/builder/spi-builder-workspace/Sources/ART/Implementation/Logic/State/PropertyPath.swift /Users/admin/builder/spi-builder-workspace/Sources/ART/Implementation/Logic/State/PropertyUpdate.swift /Users/admin/builder/spi-builder-workspace/Sources/ART/Implementation/Logic/State/Reducer.swift /Users/admin/builder/spi-builder-workspace/Sources/ART/Implementation/Logic/State/Requests/RequestHandler.swift /Users/admin/builder/spi-builder-workspace/Sources/ART/Implementation/Logic/State/Store.swift "/Users/admin/builder/spi-builder-workspace/Sources/ART/Implementation/UI/Conditional Views/ConditionalView.swift" "/Users/admin/builder/spi-builder-workspace/Sources/ART/Implementation/UI/Conditional Views/NonStaticConditionalView.swift" "/Users/admin/builder/spi-builder-workspace/Sources/ART/Implementation/UI/Conditional Views/StaticConditionalView.swift" /Users/admin/builder/spi-builder-workspace/Sources/ART/Implementation/UI/ModelView+ContextCreation.swift /Users/admin/builder/spi-builder-workspace/Sources/ART/Implementation/UI/ModelView.swift /Users/admin/builder/spi-builder-workspace/Sources/ART/Implementation/UI/ModelViewWithContent.swift /Users/admin/builder/spi-builder-workspace/Sources/ART/Implementation/UI/ModelViewWithIdentifiedContent.swift /Users/admin/builder/spi-builder-workspace/Sources/ART/Implementation/UI/StaticModelView.swift /Users/admin/builder/spi-builder-workspace/Sources/ART/Implementation/UI/StaticViewContext.swift /Users/admin/builder/spi-builder-workspace/Sources/ART/Implementation/UI/ViewContext+Creation.swift /Users/admin/builder/spi-builder-workspace/Sources/ART/Implementation/UI/ViewContext.swift /Users/admin/builder/spi-builder-workspace/Sources/ART/Implementation/UI/ViewModel.swift /Users/admin/builder/spi-builder-workspace/Sources/ART/Implementation/UI/ViewWithObservedContext.swift /Users/admin/builder/spi-builder-workspace/Sources/ART/Implementation/Utilities/DebugEnsure.swift /Users/admin/builder/spi-builder-workspace/Sources/ART/Implementation/Utilities/Ensure.swift /Users/admin/builder/spi-builder-workspace/Sources/ART/Implementation/Utilities/FatalError.swift /Users/admin/builder/spi-builder-workspace/Sources/ART/Implementation/Utilities/FunctionalCopying.swift /Users/admin/builder/spi-builder-workspace/Sources/ART/Implementation/Utilities/FunctionalSetting.swift /Users/admin/builder/spi-builder-workspace/Sources/ART/Implementation/Utilities/RequiredLet.swift /Users/admin/builder/spi-builder-workspace/Sources/ART/Protocols/CoeffectsProtocol.swift /Users/admin/builder/spi-builder-workspace/Sources/ART/Protocols/ErrorProtocol.swift /Users/admin/builder/spi-builder-workspace/Sources/ART/Protocols/HumanReadable.swift /Users/admin/builder/spi-builder-workspace/Sources/ART/Protocols/ModelProtocol.swift -primary-file /Users/admin/builder/spi-builder-workspace/Sources/ART/Protocols/ReducerProtocol.swift -primary-file /Users/admin/builder/spi-builder-workspace/Sources/ART/Protocols/RequestProtocol.swift -primary-file /Users/admin/builder/spi-builder-workspace/Sources/ART/Protocols/SideEffectPerformer.swift -primary-file /Users/admin/builder/spi-builder-workspace/Sources/ART/Protocols/SideEffectProtocol.swift -primary-file /Users/admin/builder/spi-builder-workspace/Sources/ART/Protocols/StateProtocol.swift -supplementary-output-file-map /Users/admin/builder/spi-builder-workspace/.derivedData/Build/Intermediates.noindex/swift-architecture-toolkit.build/Debug-watchos/ART-t.build/Objects-normal/arm64_32/supplementaryOutputs-20 -target arm64_32-apple-watchos9.0 -disable-cross-import-overlay-search -load-resolved-plugin /Applications/Xcode-27.0.0-Release.Candidate.app/Contents/Developer/Platforms/WatchOS.platform/Developer/usr/lib/swift/host/plugins/libFoundationMacros.dylib#/Applications/Xcode-27.0.0-Release.Candidate.app/Contents/Developer/Platforms/WatchOS.platform/Developer/usr/bin/swift-plugin-server#FoundationMacros -load-resolved-plugin /Applications/Xcode-27.0.0-Release.Candidate.app/Contents/Developer/Platforms/WatchOS.platform/Developer/usr/lib/swift/host/plugins/libObservationMacros.dylib#/Applications/Xcode-27.0.0-Release.Candidate.app/Contents/Developer/Platforms/WatchOS.platform/Developer/usr/bin/swift-plugin-server#ObservationMacros -load-resolved-plugin /Applications/Xcode-27.0.0-Release.Candidate.app/Contents/Developer/Platforms/WatchOS.platform/Developer/usr/lib/swift/host/plugins/libPreviewsMacros.dylib#/Applications/Xcode-27.0.0-Release.Candidate.app/Contents/Developer/Platforms/WatchOS.platform/Developer/usr/bin/swift-plugin-server#PreviewsMacros -load-resolved-plugin /Applications/Xcode-27.0.0-Release.Candidate.app/Contents/Developer/Platforms/WatchOS.platform/Developer/usr/lib/swift/host/plugins/libSwiftMacros.dylib#/Applications/Xcode-27.0.0-Release.Candidate.app/Contents/Developer/Platforms/WatchOS.platform/Developer/usr/bin/swift-plugin-server#SwiftMacros -load-resolved-plugin /Applications/Xcode-27.0.0-Release.Candidate.app/Contents/Developer/Platforms/WatchOS.platform/Developer/usr/lib/swift/host/plugins/libSwiftUIMacros.dylib#/Applications/Xcode-27.0.0-Release.Candidate.app/Contents/Developer/Platforms/WatchOS.platform/Developer/usr/bin/swift-plugin-server#SwiftUIMacros -disable-implicit-swift-modules -Xcc -fno-implicit-modules -Xcc -fno-implicit-module-maps -explicit-swift-module-map-file /Users/admin/builder/spi-builder-workspace/.derivedData/Build/Intermediates.noindex/swift-architecture-toolkit.build/Debug-watchos/ART-t.build/Objects-normal/arm64_32/ART-dependencies-2.json -enable-objc-interop -sdk /Applications/Xcode-27.0.0-Release.Candidate.app/Contents/Developer/Platforms/WatchOS.platform/Developer/SDKs/WatchOS27.0.sdk -I /Users/admin/builder/spi-builder-workspace/.derivedData/Build/Products/Debug-watchos -Isystem /Applications/Xcode-27.0.0-Release.Candidate.app/Contents/Developer/Platforms/WatchOS.platform/Developer/usr/lib -F /Users/admin/builder/spi-builder-workspace/.derivedData/Build/Products/Debug-watchos -F /Applications/Xcode-27.0.0-Release.Candidate.app/Contents/Developer/Platforms/WatchOS.platform/Developer/Library/Frameworks -F /Applications/Xcode-27.0.0-Release.Candidate.app/Contents/Developer/Platforms/WatchOS.platform/Developer/SDKs/WatchOS27.0.sdk/Developer/Library/Frameworks -module-cache-path /Users/admin/builder/spi-builder-workspace/.derivedData/Build/Intermediates.noindex/SwiftExplicitPrecompiledModules -no-color-diagnostics -Xcc -fno-color-diagnostics -enable-testing -g -debug-info-format=dwarf -dwarf-version=4 -profile-generate -profile-coverage-mapping -swift-version 6 -Onone -D SWIFT_PACKAGE -D DEBUG -D SWIFT_MODULE_RESOURCE_BUNDLE_UNAVAILABLE -D Xcode -serialize-debugging-options -enable-experimental-feature DebugDescriptionMacro -empty-abi-descriptor -validate-clang-modules-once -clang-build-session-file /Users/admin/builder/spi-builder-workspace/.derivedData/ModuleCache.noindex/Session.modulevalidation -Xcc -working-directory -Xcc /Users/admin/builder/spi-builder-workspace/.swiftpm/xcode -enable-anonymous-context-mangled-names -file-compilation-dir /Users/admin/builder/spi-builder-workspace/.swiftpm/xcode -Xcc -D_LIBCPP_HARDENING_MODE=_LIBCPP_HARDENING_MODE_DEBUG -Xcc -ivfsstatcache -Xcc /Users/admin/builder/spi-builder-workspace/.derivedData/SDKStatCaches.noindex/watchos27.0-24R360-e829b21a6f8c9b70876ba0858053c04477534ef55a1706bf4c1112bbb242f0a2.sdkstatcache -Xcc -fmodules-prune-interval=86400 -Xcc -fmodules-prune-after=345600 -Xcc -I/Users/admin/builder/spi-builder-workspace/.derivedData/Build/Products/Debug-watchos/include -Xcc -I/Users/admin/builder/spi-builder-workspace/.derivedData/Build/Intermediates.noindex/swift-architecture-toolkit.build/Debug-watchos/ART-t.build/DerivedSources-normal/arm64_32 -Xcc -I/Users/admin/builder/spi-builder-workspace/.derivedData/Build/Intermediates.noindex/swift-architecture-toolkit.build/Debug-watchos/ART-t.build/DerivedSources/arm64_32 -Xcc -I/Users/admin/builder/spi-builder-workspace/.derivedData/Build/Intermediates.noindex/swift-architecture-toolkit.build/Debug-watchos/ART-t.build/DerivedSources -Xcc -DSWIFT_PACKAGE -Xcc -DDEBUG=1 -no-auto-bridging-header-chaining -module-name ART -package-name spi_builder_workspace -const-gather-protocols-file /Users/admin/builder/spi-builder-workspace/.derivedData/Build/Intermediates.noindex/swift-architecture-toolkit.build/Debug-watchos/ART-t.build/Objects-normal/arm64_32/ART_const_extract_protocols.json -disable-clang-spi -clang-target arm64_32-apple-watchos27.0 -target-sdk-version 27.0 -target-sdk-name watchos27.0 -in-process-plugin-server-path /Applications/Xcode-27.0.0-Release.Candidate.app/Contents/Developer/Toolchains/XcodeDefault.xctoolchain/usr/lib/swift/host/libSwiftInProcPluginServer.dylib -parse-as-library -o /Users/admin/builder/spi-builder-workspace/.derivedData/Build/Intermediates.noindex/swift-architecture-toolkit.build/Debug-watchos/ART-t.build/Objects-normal/arm64_32/ReducerProtocol.o -o /Users/admin/builder/spi-builder-workspace/.derivedData/Build/Intermediates.noindex/swift-architecture-toolkit.build/Debug-watchos/ART-t.build/Objects-normal/arm64_32/RequestProtocol.o -o /Users/admin/builder/spi-builder-workspace/.derivedData/Build/Intermediates.noindex/swift-architecture-toolkit.build/Debug-watchos/ART-t.build/Objects-normal/arm64_32/SideEffectPerformer.o -o /Users/admin/builder/spi-builder-workspace/.derivedData/Build/Intermediates.noindex/swift-architecture-toolkit.build/Debug-watchos/ART-t.build/Objects-normal/arm64_32/SideEffectProtocol.o -o /Users/admin/builder/spi-builder-workspace/.derivedData/Build/Intermediates.noindex/swift-architecture-toolkit.build/Debug-watchos/ART-t.build/Objects-normal/arm64_32/StateProtocol.o -debug-module-path /Users/admin/builder/spi-builder-workspace/.derivedData/Build/Intermediates.noindex/swift-architecture-toolkit.build/Debug-watchos/ART-t.build/Objects-normal/arm64_32/ART.swiftmodule -index-unit-output-path /swift-architecture-toolkit.build/Debug-watchos/ART-t.build/Objects-normal/arm64_32/ReducerProtocol.o -index-unit-output-path /swift-architecture-toolkit.build/Debug-watchos/ART-t.build/Objects-normal/arm64_32/RequestProtocol.o -index-unit-output-path /swift-architecture-toolkit.build/Debug-watchos/ART-t.build/Objects-normal/arm64_32/SideEffectPerformer.o -index-unit-output-path /swift-architecture-toolkit.build/Debug-watchos/ART-t.build/Objects-normal/arm64_32/SideEffectProtocol.o -index-unit-output-path /swift-architecture-toolkit.build/Debug-watchos/ART-t.build/Objects-normal/arm64_32/StateProtocol.o -index-store-path /Users/admin/builder/spi-builder-workspace/.derivedData/Index.noindex/DataStore -index-system-modules
1.	Apple Swift version 6.4 (swiftlang-6.4.0.34.1 clang-2100.3.34.1)
2.	Compiling with the current language version
3.	While evaluating request ASTLoweringRequest(Lowering AST to SIL for file "/Users/admin/builder/spi-builder-workspace/Sources/ART/Protocols/SideEffectPerformer.swift")
4.	While silgen visitDecl 'SideEffectPerformer' (at /Users/admin/builder/spi-builder-workspace/Sources/ART/Protocols/SideEffectPerformer.swift:27:8)
5.	While silgen emitFunction SIL function "@$s3ART19SideEffectPerformerC4task10performing5usingScTyAA20CompletionIndicationOyAA14CompositeErrorOyAA0bc9ExecutionK0Oyq_GGGs0K0_pGAA0jbC0Oyxq_G_q0_tYaF".
 for 'task(performing:using:)' (at /Users/admin/builder/spi-builder-workspace/Sources/ART/Protocols/SideEffectPerformer.swift:44:10)
6.	Assertion failed: (FormalConcreteType->isBridgeableObjectType()), function createInitExistentialRef at SILBuilder.h:2244.
| 	(to display assertion configuration options: -Xllvm -assert-help)
Stack dump without symbol names (ensure you have llvm-symbolizer in your PATH or set the environment var `LLVM_SYMBOLIZER_PATH` to point to it):
0  swift-frontend           0x000000010b303bd0 llvm::sys::PrintStackTrace(llvm::raw_ostream&, int) + 56
1  swift-frontend           0x000000010b301358 llvm::sys::RunSignalHandlers() + 172
2  swift-frontend           0x000000010b3041c8 SignalHandler(int, __siginfo*, void*) + 360
3  libsystem_platform.dylib 0x000000018c7c9744 _sigtramp + 56
4  libsystem_pthread.dylib  0x000000018c7bf8d8 pthread_kill + 296
5  libsystem_c.dylib        0x000000018c6c5978 abort + 148
6  swift-frontend           0x0000000106ab2bc4 _ABORT(char const*, int, char const*, llvm::function_ref<void (llvm::raw_ostream&)>) + 0
7  swift-frontend           0x0000000106ab2b80 _abortWithMessage(llvm::StringRef) + 0
8  swift-frontend           0x000000010555b8fc swift::SILBuilder::createInitExistentialRef(swift::SILLocation, swift::SILType, swift::CanType, swift::SILValue, llvm::ArrayRef<swift::ProtocolConformanceRef>, swift::ValueOwnershipKind) + 268
9  swift-frontend           0x0000000105978c7c swift::Lowering::SILGenBuilder::createInitExistentialRef(swift::SILLocation, swift::SILType, swift::CanType, swift::Lowering::ManagedValue, llvm::ArrayRef<swift::ProtocolConformanceRef>) + 332
10 swift-frontend           0x00000001059a3014 swift::Lowering::SILGenFunction::emitExistentialErasure(swift::SILLocation, swift::CanType, swift::Lowering::TypeLowering const&, swift::Lowering::TypeLowering const&, llvm::ArrayRef<swift::ProtocolConformanceRef>, swift::Lowering::SGFContext, llvm::function_ref<swift::Lowering::ManagedValue (swift::Lowering::SGFContext)>, bool) + 1944
11 swift-frontend           0x0000000105a5be0c swift::Lowering::SILGenFunction::emitTransformExistential(swift::SILLocation, swift::Lowering::ManagedValue, swift::CanType, swift::CanType, swift::Lowering::SGFContext) + 1016
12 swift-frontend           0x0000000105990488 emitNonOptionalActorInstanceIsolation(swift::Lowering::SILGenFunction&, swift::SILLocation, swift::Lowering::ManagedValue, swift::CanType, swift::SILType) + 584
13 swift-frontend           0x000000010599017c swift::Lowering::SILGenFunction::emitActorInstanceIsolation(swift::SILLocation, swift::Lowering::ManagedValue, swift::CanType) + 468
14 swift-frontend           0x00000001059911f0 swift::Lowering::SILGenFunction::emitClosureIsolation(swift::SILLocation, swift::SILDeclRef, llvm::ArrayRef<swift::Lowering::ManagedValue>) + 984
15 swift-frontend           0x0000000105a0391c swift::Lowering::SILGenFunction::emitClosureValue(swift::SILLocation, swift::SILDeclRef, swift::Lowering::FunctionTypeInfo const&, swift::SubstitutionMap) + 1332
16 swift-frontend           0x00000001059f7354 (anonymous namespace)::RValueEmitter::visitAbstractClosureExpr(swift::AbstractClosureExpr*, swift::Lowering::SGFContext) + 3064
17 swift-frontend           0x00000001059e0538 (anonymous namespace)::RValueEmitter::visitCaptureListExpr(swift::CaptureListExpr*, swift::Lowering::SGFContext) + 120
18 swift-frontend           0x00000001059c8150 swift::Lowering::SILGenFunction::emitRValueAsSingleValue(swift::Expr*, swift::Lowering::SGFContext) + 40
19 swift-frontend           0x00000001059a4384 swift::Lowering::SILGenFunction::emitConvertedRValue(swift::SILLocation, swift::Lowering::Conversion const&, swift::Lowering::SGFContext, llvm::function_ref<swift::Lowering::ManagedValue (swift::Lowering::SILGenFunction&, swift::SILLocation, swift::Lowering::SGFContext)>) + 300
20 swift-frontend           0x00000001059a4560 swift::Lowering::ConvertingInitialization::tryPeephole(swift::Lowering::SILGenFunction&, swift::SILLocation, swift::Lowering::Conversion, llvm::function_ref<swift::Lowering::ManagedValue (swift::Lowering::SILGenFunction&, swift::SILLocation, swift::Lowering::SGFContext)>) + 312
21 swift-frontend           0x00000001059a42f4 swift::Lowering::SILGenFunction::emitConvertedRValue(swift::SILLocation, swift::Lowering::Conversion const&, swift::Lowering::SGFContext, llvm::function_ref<swift::Lowering::ManagedValue (swift::Lowering::SILGenFunction&, swift::SILLocation, swift::Lowering::SGFContext)>) + 156
22 swift-frontend           0x00000001059e5300 (anonymous namespace)::RValueEmitter::visitFunctionConversionExpr(swift::FunctionConversionExpr*, swift::Lowering::SGFContext) + 4992
23 swift-frontend           0x00000001059c8150 swift::Lowering::SILGenFunction::emitRValueAsSingleValue(swift::Expr*, swift::Lowering::SGFContext) + 40
24 swift-frontend           0x00000001059a4384 swift::Lowering::SILGenFunction::emitConvertedRValue(swift::SILLocation, swift::Lowering::Conversion const&, swift::Lowering::SGFContext, llvm::function_ref<swift::Lowering::ManagedValue (swift::Lowering::SILGenFunction&, swift::SILLocation, swift::Lowering::SGFContext)>) + 300
25 swift-frontend           0x0000000105916e60 swift::Lowering::ArgumentSource::getConverted(swift::Lowering::SILGenFunction&, swift::Lowering::Conversion const&, swift::Lowering::SGFContext) && + 168
26 swift-frontend           0x0000000105959f1c (anonymous namespace)::ArgEmitter::emit(swift::Lowering::ArgumentSource&&, swift::Lowering::AbstractionPattern, bool, std::__1::optional<swift::AnyFunctionType::Param>) + 6068
27 swift-frontend           0x0000000105945178 (anonymous namespace)::ArgEmitter::emitSingleArg(swift::Lowering::ArgumentSource&&, swift::Lowering::AbstractionPattern, bool, std::__1::optional<swift::AnyFunctionType::Param>) + 204
28 swift-frontend           0x0000000105957eac (anonymous namespace)::ArgEmitter::emitPreparedArgs(swift::Lowering::PreparedArguments&&, swift::Lowering::AbstractionPattern, llvm::ArrayRef<swift::LifetimeDependenceInfo>) + 300
29 swift-frontend           0x0000000105965d0c (anonymous namespace)::CallSite::emit(swift::Lowering::SILGenFunction&, swift::Lowering::AbstractionPattern, swift::CanTypeWrapper<swift::SILFunctionType>, llvm::ArrayRef<swift::LifetimeDependenceInfo>, (anonymous namespace)::ParamLowering&, llvm::SmallVectorImpl<swift::Lowering::ManagedValue>&, llvm::SmallVectorImpl<(anonymous namespace)::DelayedArgument>&, swift::ForeignInfo const&) && + 676
30 swift-frontend           0x00000001059653f4 (anonymous namespace)::CallEmission::emitArgumentsForNormalApply(swift::Lowering::AbstractionPattern, swift::CanTypeWrapper<swift::SILFunctionType>, llvm::ArrayRef<swift::LifetimeDependenceInfo>, swift::ForeignInfo const&, llvm::SmallVectorImpl<swift::Lowering::ManagedValue>&, std::__1::optional<swift::SILLocation>&) + 1128
31 swift-frontend           0x000000010594a024 (anonymous namespace)::CallEmission::apply(swift::Lowering::SGFContext) + 1112
32 swift-frontend           0x00000001059488f4 swift::Lowering::SILGenFunction::emitApplyExpr(swift::ApplyExpr*, swift::Lowering::SGFContext) + 3968
33 swift-frontend           0x0000000105a90c5c swift::Lowering::SILGenFunction::emitReturnExpr(swift::SILLocation, swift::Expr*) + 1308
34 swift-frontend           0x0000000105a93e40 (anonymous namespace)::StmtEmitter::visitBraceStmt(swift::BraceStmt*) + 920
35 swift-frontend           0x0000000105a040dc swift::Lowering::SILGenFunction::emitFunction(swift::FuncDecl*) + 576
36 swift-frontend           0x0000000105932094 swift::Lowering::SILGenModule::emitFunctionDefinition(swift::SILDeclRef, swift::SILFunction*) + 7676
37 swift-frontend           0x0000000105932d04 swift::Lowering::SILGenModule::emitOrDelayFunction(swift::SILDeclRef) + 232
38 swift-frontend           0x0000000105930284 swift::Lowering::SILGenModule::emitFunction(swift::FuncDecl*) + 228
39 swift-frontend           0x0000000105aa7bd8 (anonymous namespace)::SILGenType::visitFuncDecl(swift::FuncDecl*) + 32
40 swift-frontend           0x0000000105aa3ab0 (anonymous namespace)::SILGenType::emitType() + 316
41 swift-frontend           0x000000010592ff5c swift::ASTVisitor<swift::Lowering::SILGenModule, void, void, void, void, void, void>::visit(swift::Decl*) + 104
42 swift-frontend           0x00000001059368ec swift::ASTLoweringRequest::evaluate(swift::Evaluator&, swift::ASTLoweringDescriptor) const + 2492
43 swift-frontend           0x0000000105a8ade0 swift::SimpleRequest<swift::ASTLoweringRequest, std::__1::unique_ptr<swift::SILModule, std::__1::default_delete<swift::SILModule>> (swift::ASTLoweringDescriptor), (swift::RequestFlags)17>::evaluateRequest(swift::ASTLoweringRequest const&, swift::Evaluator&) + 208
44 swift-frontend           0x000000010593b240 swift::ASTLoweringRequest::OutputType swift::Evaluator::getResultUncached<swift::ASTLoweringRequest, swift::ASTLoweringRequest::OutputType swift::evaluateOrFatal<swift::ASTLoweringRequest>(swift::Evaluator&, swift::ASTLoweringRequest)::'lambda'()>(swift::ASTLoweringRequest const&, swift::ASTLoweringRequest::OutputType swift::evaluateOrFatal<swift::ASTLoweringRequest>(swift::Evaluator&, swift::ASTLoweringRequest)::'lambda'()) + 552
45 swift-frontend           0x0000000104e13200 swift::performCompileStepsPostSema(swift::CompilerInstance&, int&, swift::FrontendObserver*, llvm::ArrayRef<char const*>) + 920
46 swift-frontend           0x0000000104e18c0c performCompile(swift::CompilerInstance&, int&, swift::FrontendObserver*, llvm::ArrayRef<char const*>) + 1312
47 swift-frontend           0x0000000104e15dc4 swift::performFrontend(llvm::ArrayRef<char const*>, char const*, void*, swift::FrontendObserver*) + 3776
48 swift-frontend           0x0000000104d95008 swift::mainEntry(int, char const**) + 5600
49 dyld                     0x000000018c3f44e4 start + 6992
Failed frontend command:
/Applications/Xcode-27.0.0-Release.Candidate.app/Contents/Developer/Toolchains/XcodeDefault.xctoolchain/usr/bin/swift-frontend -frontend -c /Users/admin/builder/spi-builder-workspace/Sources/ART/Implementation/Data\ Structures/Change/Change.swift /Users/admin/builder/spi-builder-workspace/Sources/ART/Implementation/Data\ Structures/Change/PotentialChange.swift /Users/admin/builder/spi-builder-workspace/Sources/ART/Implementation/Data\ Structures/CompletionIndication.swift /Users/admin/builder/spi-builder-workspace/Sources/ART/Implementation/Data\ Structures/Error/CompositeError.swift /Users/admin/builder/spi-builder-workspace/Sources/ART/Implementation/Data\ Structures/Error/SideEffectExecutionError.swift /Users/admin/builder/spi-builder-workspace/Sources/ART/Implementation/Data\ Structures/NonEmptyList.swift /Users/admin/builder/spi-builder-workspace/Sources/ART/Implementation/Data\ Structures/SuccessIndication.swift /Users/admin/builder/spi-builder-workspace/Sources/ART/Implementation/Data\ Structures/ValueWithDefault.swift /Users/admin/builder/spi-builder-workspace/Sources/ART/Implementation/Data\ Structures/WeakContainer.swift /Users/admin/builder/spi-builder-workspace/Sources/ART/Implementation/Extensions/NSRecursiveLock+ART.swift /Users/admin/builder/spi-builder-workspace/Sources/ART/Implementation/Extensions/UUID+ART.swift /Users/admin/builder/spi-builder-workspace/Sources/ART/Implementation/Logic/Coeffects/DefaultCoeffects.swift /Users/admin/builder/spi-builder-workspace/Sources/ART/Implementation/Logic/SendableUserDefaults.swift /Users/admin/builder/spi-builder-workspace/Sources/ART/Implementation/Logic/Side\ Effects/CompositeSideEffect.swift /Users/admin/builder/spi-builder-workspace/Sources/ART/Implementation/Logic/State/Logic/Executable.swift /Users/admin/builder/spi-builder-workspace/Sources/ART/Implementation/Logic/State/Logic/ExecutableExecutor.swift /Users/admin/builder/spi-builder-workspace/Sources/ART/Implementation/Logic/State/Logic/LogicModule.swift /Users/admin/builder/spi-builder-workspace/Sources/ART/Implementation/Logic/State/Logic/UILogicModule.swift /Users/admin/builder/spi-builder-workspace/Sources/ART/Implementation/Logic/State/Model.swift /Users/admin/builder/spi-builder-workspace/Sources/ART/Implementation/Logic/State/Observers/PropertyPathObserver.swift /Users/admin/builder/spi-builder-workspace/Sources/ART/Implementation/Logic/State/Observers/ValueObserver.swift /Users/admin/builder/spi-builder-workspace/Sources/ART/Implementation/Logic/State/PropertyPath.swift /Users/admin/builder/spi-builder-workspace/Sources/ART/Implementation/Logic/State/PropertyUpdate.swift /Users/admin/builder/spi-builder-workspace/Sources/ART/Implementation/Logic/State/Reducer.swift /Users/admin/builder/spi-builder-workspace/Sources/ART/Implementation/Logic/State/Requests/RequestHandler.swift /Users/admin/builder/spi-builder-workspace/Sources/ART/Implementation/Logic/State/Store.swift /Users/admin/builder/spi-builder-workspace/Sources/ART/Implementation/UI/Conditional\ Views/ConditionalView.swift /Users/admin/builder/spi-builder-workspace/Sources/ART/Implementation/UI/Conditional\ Views/NonStaticConditionalView.swift /Users/admin/builder/spi-builder-workspace/Sources/ART/Implementation/UI/Conditional\ Views/StaticConditionalView.swift /Users/admin/builder/spi-builder-workspace/Sources/ART/Implementation/UI/ModelView+ContextCreation.swift /Users/admin/builder/spi-builder-workspace/Sources/ART/Implementation/UI/ModelView.swift /Users/admin/builder/spi-builder-workspace/Sources/ART/Implementation/UI/ModelViewWithContent.swift /Users/admin/builder/spi-builder-workspace/Sources/ART/Implementation/UI/ModelViewWithIdentifiedContent.swift /Users/admin/builder/spi-builder-workspace/Sources/ART/Implementation/UI/StaticModelView.swift /Users/admin/builder/spi-builder-workspace/Sources/ART/Implementation/UI/StaticViewContext.swift /Users/admin/builder/spi-builder-workspace/Sources/ART/Implementation/UI/ViewContext+Creation.swift /Users/admin/builder/spi-builder-workspace/Sources/ART/Implementation/UI/ViewContext.swift /Users/admin/builder/spi-builder-workspace/Sources/ART/Implementation/UI/ViewModel.swift /Users/admin/builder/spi-builder-workspace/Sources/ART/Implementation/UI/ViewWithObservedContext.swift /Users/admin/builder/spi-builder-workspace/Sources/ART/Implementation/Utilities/DebugEnsure.swift /Users/admin/builder/spi-builder-workspace/Sources/ART/Implementation/Utilities/Ensure.swift /Users/admin/builder/spi-builder-workspace/Sources/ART/Implementation/Utilities/FatalError.swift /Users/admin/builder/spi-builder-workspace/Sources/ART/Implementation/Utilities/FunctionalCopying.swift /Users/admin/builder/spi-builder-workspace/Sources/ART/Implementation/Utilities/FunctionalSetting.swift /Users/admin/builder/spi-builder-workspace/Sources/ART/Implementation/Utilities/RequiredLet.swift /Users/admin/builder/spi-builder-workspace/Sources/ART/Protocols/CoeffectsProtocol.swift /Users/admin/builder/spi-builder-workspace/Sources/ART/Protocols/ErrorProtocol.swift /Users/admin/builder/spi-builder-workspace/Sources/ART/Protocols/HumanReadable.swift /Users/admin/builder/spi-builder-workspace/Sources/ART/Protocols/ModelProtocol.swift -primary-file /Users/admin/builder/spi-builder-workspace/Sources/ART/Protocols/ReducerProtocol.swift -primary-file /Users/admin/builder/spi-builder-workspace/Sources/ART/Protocols/RequestProtocol.swift -primary-file /Users/admin/builder/spi-builder-workspace/Sources/ART/Protocols/SideEffectPerformer.swift -primary-file /Users/admin/builder/spi-builder-workspace/Sources/ART/Protocols/SideEffectProtocol.swift -primary-file /Users/admin/builder/spi-builder-workspace/Sources/ART/Protocols/StateProtocol.swift -supplementary-output-file-map /Users/admin/builder/spi-builder-workspace/.derivedData/Build/Intermediates.noindex/swift-architecture-toolkit.build/Debug-watchos/ART-t.build/Objects-normal/arm64_32/supplementaryOutputs-20 -target arm64_32-apple-watchos9.0 -disable-cross-import-overlay-search -load-resolved-plugin /Applications/Xcode-27.0.0-Release.Candidate.app/Contents/Developer/Platforms/WatchOS.platform/Developer/usr/lib/swift/host/plugins/libFoundationMacros.dylib\#/Applications/Xcode-27.0.0-Release.Candidate.app/Contents/Developer/Platforms/WatchOS.platform/Developer/usr/bin/swift-plugin-server\#FoundationMacros -load-resolved-plugin /Applications/Xcode-27.0.0-Release.Candidate.app/Contents/Developer/Platforms/WatchOS.platform/Developer/usr/lib/swift/host/plugins/libObservationMacros.dylib\#/Applications/Xcode-27.0.0-Release.Candidate.app/Contents/Developer/Platforms/WatchOS.platform/Developer/usr/bin/swift-plugin-server\#ObservationMacros -load-resolved-plugin /Applications/Xcode-27.0.0-Release.Candidate.app/Contents/Developer/Platforms/WatchOS.platform/Developer/usr/lib/swift/host/plugins/libPreviewsMacros.dylib\#/Applications/Xcode-27.0.0-Release.Candidate.app/Contents/Developer/Platforms/WatchOS.platform/Developer/usr/bin/swift-plugin-server\#PreviewsMacros -load-resolved-plugin /Applications/Xcode-27.0.0-Release.Candidate.app/Contents/Developer/Platforms/WatchOS.platform/Developer/usr/lib/swift/host/plugins/libSwiftMacros.dylib\#/Applications/Xcode-27.0.0-Release.Candidate.app/Contents/Developer/Platforms/WatchOS.platform/Developer/usr/bin/swift-plugin-server\#SwiftMacros -load-resolved-plugin /Applications/Xcode-27.0.0-Release.Candidate.app/Contents/Developer/Platforms/WatchOS.platform/Developer/usr/lib/swift/host/plugins/libSwiftUIMacros.dylib\#/Applications/Xcode-27.0.0-Release.Candidate.app/Contents/Developer/Platforms/WatchOS.platform/Developer/usr/bin/swift-plugin-server\#SwiftUIMacros -disable-implicit-swift-modules -Xcc -fno-implicit-modules -Xcc -fno-implicit-module-maps -explicit-swift-module-map-file /Users/admin/builder/spi-builder-workspace/.derivedData/Build/Intermediates.noindex/swift-architecture-toolkit.build/Debug-watchos/ART-t.build/Objects-normal/arm64_32/ART-dependencies-2.json -enable-objc-interop -sdk /Applications/Xcode-27.0.0-Release.Candidate.app/Contents/Developer/Platforms/WatchOS.platform/Developer/SDKs/WatchOS27.0.sdk -I /Users/admin/builder/spi-builder-workspace/.derivedData/Build/Products/Debug-watchos -Isystem /Applications/Xcode-27.0.0-Release.Candidate.app/Contents/Developer/Platforms/WatchOS.platform/Developer/usr/lib -F /Users/admin/builder/spi-builder-workspace/.derivedData/Build/Products/Debug-watchos -F /Applications/Xcode-27.0.0-Release.Candidate.app/Contents/Developer/Platforms/WatchOS.platform/Developer/Library/Frameworks -F /Applications/Xcode-27.0.0-Release.Candidate.app/Contents/Developer/Platforms/WatchOS.platform/Developer/SDKs/WatchOS27.0.sdk/Developer/Library/Frameworks -module-cache-path /Users/admin/builder/spi-builder-workspace/.derivedData/Build/Intermediates.noindex/SwiftExplicitPrecompiledModules -no-color-diagnostics -Xcc -fno-color-diagnostics -enable-testing -g -debug-info-format\=dwarf -dwarf-version\=4 -profile-generate -profile-coverage-mapping -swift-version 6 -Onone -D SWIFT_PACKAGE -D DEBUG -D SWIFT_MODULE_RESOURCE_BUNDLE_UNAVAILABLE -D Xcode -serialize-debugging-options -enable-experimental-feature DebugDescriptionMacro -empty-abi-descriptor -validate-clang-modules-once -clang-build-session-file /Users/admin/builder/spi-builder-workspace/.derivedData/ModuleCache.noindex/Session.modulevalidation -Xcc -working-directory -Xcc /Users/admin/builder/spi-builder-workspace/.swiftpm/xcode -enable-anonymous-context-mangled-names -file-compilation-dir /Users/admin/builder/spi-builder-workspace/.swiftpm/xcode -Xcc -D_LIBCPP_HARDENING_MODE\=_LIBCPP_HARDENING_MODE_DEBUG -Xcc -ivfsstatcache -Xcc /Users/admin/builder/spi-builder-workspace/.derivedData/SDKStatCaches.noindex/watchos27.0-24R360-e829b21a6f8c9b70876ba0858053c04477534ef55a1706bf4c1112bbb242f0a2.sdkstatcache -Xcc -fmodules-prune-interval\=86400 -Xcc -fmodules-prune-after\=345600 -Xcc -I/Users/admin/builder/spi-builder-workspace/.derivedData/Build/Products/Debug-watchos/include -Xcc -I/Users/admin/builder/spi-builder-workspace/.derivedData/Build/Intermediates.noindex/swift-architecture-toolkit.build/Debug-watchos/ART-t.build/DerivedSources-normal/arm64_32 -Xcc -I/Users/admin/builder/spi-builder-workspace/.derivedData/Build/Intermediates.noindex/swift-architecture-toolkit.build/Debug-watchos/ART-t.build/DerivedSources/arm64_32 -Xcc -I/Users/admin/builder/spi-builder-workspace/.derivedData/Build/Intermediates.noindex/swift-architecture-toolkit.build/Debug-watchos/ART-t.build/DerivedSources -Xcc -DSWIFT_PACKAGE -Xcc -DDEBUG\=1 -no-auto-bridging-header-chaining -module-name ART -package-name spi_builder_workspace -const-gather-protocols-file /Users/admin/builder/spi-builder-workspace/.derivedData/Build/Intermediates.noindex/swift-architecture-toolkit.build/Debug-watchos/ART-t.build/Objects-normal/arm64_32/ART_const_extract_protocols.json -disable-clang-spi -clang-target arm64_32-apple-watchos27.0 -target-sdk-version 27.0 -target-sdk-name watchos27.0 -in-process-plugin-server-path /Applications/Xcode-27.0.0-Release.Candidate.app/Contents/Developer/Toolchains/XcodeDefault.xctoolchain/usr/lib/swift/host/libSwiftInProcPluginServer.dylib -parse-as-library -o /Users/admin/builder/spi-builder-workspace/.derivedData/Build/Intermediates.noindex/swift-architecture-toolkit.build/Debug-watchos/ART-t.build/Objects-normal/arm64_32/ReducerProtocol.o -o /Users/admin/builder/spi-builder-workspace/.derivedData/Build/Intermediates.noindex/swift-architecture-toolkit.build/Debug-watchos/ART-t.build/Objects-normal/arm64_32/RequestProtocol.o -o /Users/admin/builder/spi-builder-workspace/.derivedData/Build/Intermediates.noindex/swift-architecture-toolkit.build/Debug-watchos/ART-t.build/Objects-normal/arm64_32/SideEffectPerformer.o -o /Users/admin/builder/spi-builder-workspace/.derivedData/Build/Intermediates.noindex/swift-architecture-toolkit.build/Debug-watchos/ART-t.build/Objects-normal/arm64_32/SideEffectProtocol.o -o /Users/admin/builder/spi-builder-workspace/.derivedData/Build/Intermediates.noindex/swift-architecture-toolkit.build/Debug-watchos/ART-t.build/Objects-normal/arm64_32/StateProtocol.o -debug-module-path /Users/admin/builder/spi-builder-workspace/.derivedData/Build/Intermediates.noindex/swift-architecture-toolkit.build/Debug-watchos/ART-t.build/Objects-normal/arm64_32/ART.swiftmodule -index-unit-output-path /swift-architecture-toolkit.build/Debug-watchos/ART-t.build/Objects-normal/arm64_32/ReducerProtocol.o -index-unit-output-path /swift-architecture-toolkit.build/Debug-watchos/ART-t.build/Objects-normal/arm64_32/RequestProtocol.o -index-unit-output-path /swift-architecture-toolkit.build/Debug-watchos/ART-t.build/Objects-normal/arm64_32/SideEffectPerformer.o -index-unit-output-path /swift-architecture-toolkit.build/Debug-watchos/ART-t.build/Objects-normal/arm64_32/SideEffectProtocol.o -index-unit-output-path /swift-architecture-toolkit.build/Debug-watchos/ART-t.build/Objects-normal/arm64_32/StateProtocol.o -index-store-path /Users/admin/builder/spi-builder-workspace/.derivedData/Index.noindex/DataStore -index-system-modules
Command SwiftCompile failed with a nonzero exit code
SwiftCompile normal arm64_32 /Users/admin/builder/spi-builder-workspace/Sources/ART/Protocols/ReducerProtocol.swift (in target 'ART' from project 'swift-architecture-toolkit')
    cd /Users/admin/builder/spi-builder-workspace/.swiftpm/xcode
    builtin-SwiftPerFileCompile ReducerProtocol.swift
/Users/admin/builder/spi-builder-workspace/.derivedData/Build/Intermediates.noindex/swift-architecture-toolkit.build/Debug-watchos/ART-t.build/Objects-normal/arm64_32/ReducerProtocol.dia:1:1: warning: Could not read serialized diagnostics file: Error Domain=NSCocoaErrorDomain Code=260 "The file “ReducerProtocol.dia” couldn’t be opened because there is no such file." UserInfo={NSFilePath=/Users/admin/builder/spi-builder-workspace/.derivedData/Build/Intermediates.noindex/swift-architecture-toolkit.build/Debug-watchos/ART-t.build/Objects-normal/arm64_32/ReducerProtocol.dia, NSURL=file:///Users/admin/builder/spi-builder-workspace/.derivedData/Build/Intermediates.noindex/swift-architecture-toolkit.build/Debug-watchos/ART-t.build/Objects-normal/arm64_32/ReducerProtocol.dia, NSUnderlyingError=0x772e0bc00 {Error Domain=NSPOSIXErrorDomain Code=2 "No such file or directory"}} (in target 'ART' from project 'swift-architecture-toolkit')
SwiftCompile normal arm64_32 /Users/admin/builder/spi-builder-workspace/Sources/ART/Protocols/RequestProtocol.swift (in target 'ART' from project 'swift-architecture-toolkit')
    cd /Users/admin/builder/spi-builder-workspace/.swiftpm/xcode
    builtin-SwiftPerFileCompile RequestProtocol.swift
/Users/admin/builder/spi-builder-workspace/.derivedData/Build/Intermediates.noindex/swift-architecture-toolkit.build/Debug-watchos/ART-t.build/Objects-normal/arm64_32/RequestProtocol.dia:1:1: warning: Could not read serialized diagnostics file: Error Domain=NSCocoaErrorDomain Code=260 "The file “RequestProtocol.dia” couldn’t be opened because there is no such file." UserInfo={NSFilePath=/Users/admin/builder/spi-builder-workspace/.derivedData/Build/Intermediates.noindex/swift-architecture-toolkit.build/Debug-watchos/ART-t.build/Objects-normal/arm64_32/RequestProtocol.dia, NSURL=file:///Users/admin/builder/spi-builder-workspace/.derivedData/Build/Intermediates.noindex/swift-architecture-toolkit.build/Debug-watchos/ART-t.build/Objects-normal/arm64_32/RequestProtocol.dia, NSUnderlyingError=0x772e09350 {Error Domain=NSPOSIXErrorDomain Code=2 "No such file or directory"}} (in target 'ART' from project 'swift-architecture-toolkit')
SwiftCompile normal arm64_32 /Users/admin/builder/spi-builder-workspace/Sources/ART/Protocols/SideEffectPerformer.swift (in target 'ART' from project 'swift-architecture-toolkit')
    cd /Users/admin/builder/spi-builder-workspace/.swiftpm/xcode
    builtin-SwiftPerFileCompile SideEffectPerformer.swift
/Users/admin/builder/spi-builder-workspace/.derivedData/Build/Intermediates.noindex/swift-architecture-toolkit.build/Debug-watchos/ART-t.build/Objects-normal/arm64_32/SideEffectPerformer.dia:1:1: warning: Could not read serialized diagnostics file: Error Domain=NSCocoaErrorDomain Code=260 "The file “SideEffectPerformer.dia” couldn’t be opened because there is no such file." UserInfo={NSFilePath=/Users/admin/builder/spi-builder-workspace/.derivedData/Build/Intermediates.noindex/swift-architecture-toolkit.build/Debug-watchos/ART-t.build/Objects-normal/arm64_32/SideEffectPerformer.dia, NSURL=file:///Users/admin/builder/spi-builder-workspace/.derivedData/Build/Intermediates.noindex/swift-architecture-toolkit.build/Debug-watchos/ART-t.build/Objects-normal/arm64_32/SideEffectPerformer.dia, NSUnderlyingError=0x772e0bea0 {Error Domain=NSPOSIXErrorDomain Code=2 "No such file or directory"}} (in target 'ART' from project 'swift-architecture-toolkit')
SwiftCompile normal arm64_32 /Users/admin/builder/spi-builder-workspace/Sources/ART/Protocols/SideEffectProtocol.swift (in target 'ART' from project 'swift-architecture-toolkit')
    cd /Users/admin/builder/spi-builder-workspace/.swiftpm/xcode
    builtin-SwiftPerFileCompile SideEffectProtocol.swift
/Users/admin/builder/spi-builder-workspace/.derivedData/Build/Intermediates.noindex/swift-architecture-toolkit.build/Debug-watchos/ART-t.build/Objects-normal/arm64_32/SideEffectProtocol.dia:1:1: warning: Could not read serialized diagnostics file: Error Domain=NSCocoaErrorDomain Code=260 "The file “SideEffectProtocol.dia” couldn’t be opened because there is no such file." UserInfo={NSFilePath=/Users/admin/builder/spi-builder-workspace/.derivedData/Build/Intermediates.noindex/swift-architecture-toolkit.build/Debug-watchos/ART-t.build/Objects-normal/arm64_32/SideEffectProtocol.dia, NSURL=file:///Users/admin/builder/spi-builder-workspace/.derivedData/Build/Intermediates.noindex/swift-architecture-toolkit.build/Debug-watchos/ART-t.build/Objects-normal/arm64_32/SideEffectProtocol.dia, NSUnderlyingError=0x772e0a220 {Error Domain=NSPOSIXErrorDomain Code=2 "No such file or directory"}} (in target 'ART' from project 'swift-architecture-toolkit')
SwiftCompile normal arm64_32 /Users/admin/builder/spi-builder-workspace/Sources/ART/Protocols/StateProtocol.swift (in target 'ART' from project 'swift-architecture-toolkit')
    cd /Users/admin/builder/spi-builder-workspace/.swiftpm/xcode
    builtin-SwiftPerFileCompile StateProtocol.swift
/Users/admin/builder/spi-builder-workspace/.derivedData/Build/Intermediates.noindex/swift-architecture-toolkit.build/Debug-watchos/ART-t.build/Objects-normal/arm64_32/StateProtocol.dia:1:1: warning: Could not read serialized diagnostics file: Error Domain=NSCocoaErrorDomain Code=260 "The file “StateProtocol.dia” couldn’t be opened because there is no such file." UserInfo={NSFilePath=/Users/admin/builder/spi-builder-workspace/.derivedData/Build/Intermediates.noindex/swift-architecture-toolkit.build/Debug-watchos/ART-t.build/Objects-normal/arm64_32/StateProtocol.dia, NSURL=file:///Users/admin/builder/spi-builder-workspace/.derivedData/Build/Intermediates.noindex/swift-architecture-toolkit.build/Debug-watchos/ART-t.build/Objects-normal/arm64_32/StateProtocol.dia, NSUnderlyingError=0x772e0a970 {Error Domain=NSPOSIXErrorDomain Code=2 "No such file or directory"}} (in target 'ART' from project 'swift-architecture-toolkit')
SwiftCompile normal arm64_32 Compiling\ SendableUserDefaults.swift,\ CompositeSideEffect.swift,\ Executable.swift,\ ExecutableExecutor.swift,\ LogicModule.swift,\ UILogicModule.swift /Users/admin/builder/spi-builder-workspace/Sources/ART/Implementation/Logic/SendableUserDefaults.swift /Users/admin/builder/spi-builder-workspace/Sources/ART/Implementation/Logic/Side\ Effects/CompositeSideEffect.swift /Users/admin/builder/spi-builder-workspace/Sources/ART/Implementation/Logic/State/Logic/Executable.swift /Users/admin/builder/spi-builder-workspace/Sources/ART/Implementation/Logic/State/Logic/ExecutableExecutor.swift /Users/admin/builder/spi-builder-workspace/Sources/ART/Implementation/Logic/State/Logic/LogicModule.swift /Users/admin/builder/spi-builder-workspace/Sources/ART/Implementation/Logic/State/Logic/UILogicModule.swift (in target 'ART' from project 'swift-architecture-toolkit')
/Users/admin/builder/spi-builder-workspace/Sources/ART/Implementation/Logic/State/Logic/UILogicModule.swift:27:73: warning: capture of non-Sendable type 'Event.Type' in an isolated closure [#SendableMetatypes]
 25 |     _ coeffects: Coeffects,
 26 |     _ eventHandlingClosure: @escaping @Sendable (Event, State, Module.ExecutionOptions, Coeffects) async -> Void,
 27 |     _ shouldHandleClosure: @escaping @Sendable (Event, State) -> Bool = { _, _ in return true }
    |                                                                         `- warning: capture of non-Sendable type 'Event.Type' in an isolated closure [#SendableMetatypes]
 28 |   ) {
 29 |     self.logicModule = logicModule
SwiftCompile normal arm64_32 /Users/admin/builder/spi-builder-workspace/Sources/ART/Implementation/Logic/SendableUserDefaults.swift (in target 'ART' from project 'swift-architecture-toolkit')
    cd /Users/admin/builder/spi-builder-workspace/.swiftpm/xcode
    builtin-SwiftPerFileCompile SendableUserDefaults.swift
SwiftCompile normal arm64_32 /Users/admin/builder/spi-builder-workspace/Sources/ART/Implementation/Logic/Side\ Effects/CompositeSideEffect.swift (in target 'ART' from project 'swift-architecture-toolkit')
    cd /Users/admin/builder/spi-builder-workspace/.swiftpm/xcode
    builtin-SwiftPerFileCompile CompositeSideEffect.swift
SwiftCompile normal arm64_32 /Users/admin/builder/spi-builder-workspace/Sources/ART/Implementation/Logic/State/Logic/Executable.swift (in target 'ART' from project 'swift-architecture-toolkit')
    cd /Users/admin/builder/spi-builder-workspace/.swiftpm/xcode
    builtin-SwiftPerFileCompile Executable.swift
SwiftCompile normal arm64_32 /Users/admin/builder/spi-builder-workspace/Sources/ART/Implementation/Logic/State/Logic/ExecutableExecutor.swift (in target 'ART' from project 'swift-architecture-toolkit')
    cd /Users/admin/builder/spi-builder-workspace/.swiftpm/xcode
    builtin-SwiftPerFileCompile ExecutableExecutor.swift
SwiftCompile normal arm64_32 /Users/admin/builder/spi-builder-workspace/Sources/ART/Implementation/Logic/State/Logic/LogicModule.swift (in target 'ART' from project 'swift-architecture-toolkit')
    cd /Users/admin/builder/spi-builder-workspace/.swiftpm/xcode
    builtin-SwiftPerFileCompile LogicModule.swift
SwiftCompile normal arm64_32 /Users/admin/builder/spi-builder-workspace/Sources/ART/Implementation/Logic/State/Logic/UILogicModule.swift (in target 'ART' from project 'swift-architecture-toolkit')
    cd /Users/admin/builder/spi-builder-workspace/.swiftpm/xcode
    builtin-SwiftPerFileCompile UILogicModule.swift
SwiftCompile normal arm64_32 Compiling\ RequiredLet.swift,\ CoeffectsProtocol.swift,\ ErrorProtocol.swift,\ HumanReadable.swift,\ ModelProtocol.swift /Users/admin/builder/spi-builder-workspace/Sources/ART/Implementation/Utilities/RequiredLet.swift /Users/admin/builder/spi-builder-workspace/Sources/ART/Protocols/CoeffectsProtocol.swift /Users/admin/builder/spi-builder-workspace/Sources/ART/Protocols/ErrorProtocol.swift /Users/admin/builder/spi-builder-workspace/Sources/ART/Protocols/HumanReadable.swift /Users/admin/builder/spi-builder-workspace/Sources/ART/Protocols/ModelProtocol.swift (in target 'ART' from project 'swift-architecture-toolkit')
SwiftCompile normal arm64_32 /Users/admin/builder/spi-builder-workspace/Sources/ART/Implementation/Utilities/RequiredLet.swift (in target 'ART' from project 'swift-architecture-toolkit')
    cd /Users/admin/builder/spi-builder-workspace/.swiftpm/xcode
    builtin-SwiftPerFileCompile RequiredLet.swift
SwiftCompile normal arm64_32 /Users/admin/builder/spi-builder-workspace/Sources/ART/Protocols/CoeffectsProtocol.swift (in target 'ART' from project 'swift-architecture-toolkit')
    cd /Users/admin/builder/spi-builder-workspace/.swiftpm/xcode
    builtin-SwiftPerFileCompile CoeffectsProtocol.swift
SwiftCompile normal arm64_32 /Users/admin/builder/spi-builder-workspace/Sources/ART/Protocols/ErrorProtocol.swift (in target 'ART' from project 'swift-architecture-toolkit')
    cd /Users/admin/builder/spi-builder-workspace/.swiftpm/xcode
    builtin-SwiftPerFileCompile ErrorProtocol.swift
SwiftCompile normal arm64_32 /Users/admin/builder/spi-builder-workspace/Sources/ART/Protocols/HumanReadable.swift (in target 'ART' from project 'swift-architecture-toolkit')
    cd /Users/admin/builder/spi-builder-workspace/.swiftpm/xcode
    builtin-SwiftPerFileCompile HumanReadable.swift
SwiftCompile normal arm64_32 /Users/admin/builder/spi-builder-workspace/Sources/ART/Protocols/ModelProtocol.swift (in target 'ART' from project 'swift-architecture-toolkit')
    cd /Users/admin/builder/spi-builder-workspace/.swiftpm/xcode
    builtin-SwiftPerFileCompile ModelProtocol.swift
SwiftCompile normal arm64_32 Compiling\ ModelView+ContextCreation.swift,\ ModelView.swift,\ ModelViewWithContent.swift,\ ModelViewWithIdentifiedContent.swift,\ StaticModelView.swift /Users/admin/builder/spi-builder-workspace/Sources/ART/Implementation/UI/ModelView+ContextCreation.swift /Users/admin/builder/spi-builder-workspace/Sources/ART/Implementation/UI/ModelView.swift /Users/admin/builder/spi-builder-workspace/Sources/ART/Implementation/UI/ModelViewWithContent.swift /Users/admin/builder/spi-builder-workspace/Sources/ART/Implementation/UI/ModelViewWithIdentifiedContent.swift /Users/admin/builder/spi-builder-workspace/Sources/ART/Implementation/UI/StaticModelView.swift (in target 'ART' from project 'swift-architecture-toolkit')
SwiftCompile normal arm64_32 /Users/admin/builder/spi-builder-workspace/Sources/ART/Implementation/UI/ModelView+ContextCreation.swift (in target 'ART' from project 'swift-architecture-toolkit')
    cd /Users/admin/builder/spi-builder-workspace/.swiftpm/xcode
    builtin-SwiftPerFileCompile ModelView+ContextCreation.swift
SwiftCompile normal arm64_32 /Users/admin/builder/spi-builder-workspace/Sources/ART/Implementation/UI/ModelView.swift (in target 'ART' from project 'swift-architecture-toolkit')
    cd /Users/admin/builder/spi-builder-workspace/.swiftpm/xcode
    builtin-SwiftPerFileCompile ModelView.swift
SwiftCompile normal arm64_32 /Users/admin/builder/spi-builder-workspace/Sources/ART/Implementation/UI/ModelViewWithContent.swift (in target 'ART' from project 'swift-architecture-toolkit')
    cd /Users/admin/builder/spi-builder-workspace/.swiftpm/xcode
    builtin-SwiftPerFileCompile ModelViewWithContent.swift
SwiftCompile normal arm64_32 /Users/admin/builder/spi-builder-workspace/Sources/ART/Implementation/UI/ModelViewWithIdentifiedContent.swift (in target 'ART' from project 'swift-architecture-toolkit')
    cd /Users/admin/builder/spi-builder-workspace/.swiftpm/xcode
    builtin-SwiftPerFileCompile ModelViewWithIdentifiedContent.swift
SwiftCompile normal arm64_32 /Users/admin/builder/spi-builder-workspace/Sources/ART/Implementation/UI/StaticModelView.swift (in target 'ART' from project 'swift-architecture-toolkit')
    cd /Users/admin/builder/spi-builder-workspace/.swiftpm/xcode
    builtin-SwiftPerFileCompile StaticModelView.swift
SwiftExplicitDependencyGeneratePcm arm64 /Users/admin/builder/spi-builder-workspace/.derivedData/SDKExplicitPrecompiledModules/SwiftUI-E6XJI4PF1Q2HPTXKL91GWARU6.pcm
PruneExplicitPrecompiledModules /Users/admin/builder/spi-builder-workspace/.derivedData/Build/Intermediates.noindex/SwiftExplicitPrecompiledModules
PruneExplicitPrecompiledModules /Users/admin/builder/spi-builder-workspace/.derivedData/Build/Intermediates.noindex/ExplicitPrecompiledModules
PruneExplicitPrecompiledModules /Users/admin/builder/spi-builder-workspace/.derivedData/SDKExplicitPrecompiledModules
2026-09-24 09:05:40.544 xcodebuild[987:5563] [MT] IDERunDestination: Supported platforms for the buildables in the current scheme is empty.
** BUILD FAILED **
The following build commands failed:
	SwiftCompile normal arm64_32 Compiling\ ReducerProtocol.swift,\ RequestProtocol.swift,\ SideEffectPerformer.swift,\ SideEffectProtocol.swift,\ StateProtocol.swift /Users/admin/builder/spi-builder-workspace/Sources/ART/Protocols/ReducerProtocol.swift /Users/admin/builder/spi-builder-workspace/Sources/ART/Protocols/RequestProtocol.swift /Users/admin/builder/spi-builder-workspace/Sources/ART/Protocols/SideEffectPerformer.swift /Users/admin/builder/spi-builder-workspace/Sources/ART/Protocols/SideEffectProtocol.swift /Users/admin/builder/spi-builder-workspace/Sources/ART/Protocols/StateProtocol.swift (in target 'ART' from project 'swift-architecture-toolkit')
	Building workspace swift-architecture-toolkit with scheme swift-architecture-toolkit
(2 failures)
Command line invocation:
    /Applications/Xcode-27.0.0-Release.Candidate.app/Contents/Developer/usr/bin/xcodebuild -IDEClonedSourcePackagesDirPathOverride=/Users/admin/builder/spi-builder-workspace/.dependencies -resolvePackageDependencies
Resolve Package Graph
Resolved source packages:
  swift-numerics: https://github.com/apple/swift-numerics.git @ 1.1.1
  Quick: https://github.com/Quick/Quick.git @ main (2b4547b)
  CwlCatchException: https://github.com/mattgallagher/CwlCatchException.git @ 2.2.1
  swift-argument-parser: https://github.com/apple/swift-argument-parser.git @ 1.8.2
  swift-architecture-toolkit: /Users/admin/builder/spi-builder-workspace
  CwlPreconditionTesting: https://github.com/mattgallagher/CwlPreconditionTesting.git @ 2.2.2
  Nimble: https://github.com/Quick/Nimble.git @ main (727f75d)
  swift-algorithms: https://github.com/apple/swift-algorithms.git @ 1.2.1
resolved source packages: swift-numerics, Quick, CwlCatchException, swift-argument-parser, swift-architecture-toolkit, CwlPreconditionTesting, Nimble, swift-algorithms
2026-09-24 09:05:50.873 xcodebuild[1212:6578] [MT] IDERunDestination: Supported platforms for the buildables in the current scheme is empty.
{
  "dependencies" : [
    {
      "identity" : "nimble",
      "requirement" : {
        "branch" : [
          "main"
        ]
      },
      "type" : "sourceControl",
      "url" : "https://github.com/Quick/Nimble.git"
    },
    {
      "identity" : "quick",
      "requirement" : {
        "branch" : [
          "main"
        ]
      },
      "type" : "sourceControl",
      "url" : "https://github.com/Quick/Quick.git"
    }
  ],
  "manifest_display_name" : "swift-architecture-toolkit",
  "name" : "swift-architecture-toolkit",
  "path" : "/Users/admin/builder/spi-builder-workspace",
  "platforms" : [
    {
      "name" : "macos",
      "version" : "12.0"
    },
    {
      "name" : "ios",
      "version" : "15.0"
    }
  ],
  "products" : [
    {
      "name" : "ART",
      "targets" : [
        "ART"
      ],
      "type" : {
        "library" : [
          "automatic"
        ]
      }
    }
  ],
  "targets" : [
    {
      "c99name" : "ARTTests",
      "module_type" : "SwiftTarget",
      "name" : "ARTTests",
      "path" : "Tests/ARTTests",
      "product_dependencies" : [
        "Quick",
        "Nimble"
      ],
      "sources" : [
        "Data Structures/CompositeErrorSpec.swift",
        "Data Structures/NonEmptyListSpec.swift",
        "Example/Logic/App.Coeffects.swift",
        "Example/Logic/App.Error.swift",
        "Example/Logic/App.Request.swift",
        "Example/Logic/App.SideEffect.swift",
        "Example/Logic/App.SideEffectPerformer.swift",
        "Example/Logic/App.State.swift",
        "Example/UI/App.ErrorMessageView.swift",
        "Example/UI/App.MainView.swift",
        "Example/UI/App.MainViewModel.swift",
        "Example/UsageExampleSpec.swift",
        "Example/Utilities/App.Typealiases.swift",
        "Logic/Coeffects/DefaultCoeffectsSpec.swift",
        "Logic/Coeffects/TestCoeffects.swift",
        "Logic/ModelSpec.swift",
        "Logic/PropertyPathSpec.swift",
        "Logic/SideEffectPerformerSpec.swift",
        "Logic/Store/StoreSpec.swift",
        "UI/ModelViewSpec.swift",
        "Utilities/TestError.swift",
        "Utilities/TestSideEffect.swift"
      ],
      "target_dependencies" : [
        "ART"
      ],
      "type" : "test"
    },
    {
      "c99name" : "ART",
      "module_type" : "SwiftTarget",
      "name" : "ART",
      "path" : "Sources/ART",
      "product_memberships" : [
        "ART"
      ],
      "sources" : [
        "Implementation/Data Structures/Change/Change.swift",
        "Implementation/Data Structures/Change/PotentialChange.swift",
        "Implementation/Data Structures/CompletionIndication.swift",
        "Implementation/Data Structures/Error/CompositeError.swift",
        "Implementation/Data Structures/Error/SideEffectExecutionError.swift",
        "Implementation/Data Structures/NonEmptyList.swift",
        "Implementation/Data Structures/SuccessIndication.swift",
        "Implementation/Data Structures/ValueWithDefault.swift",
        "Implementation/Data Structures/WeakContainer.swift",
        "Implementation/Extensions/NSRecursiveLock+ART.swift",
        "Implementation/Extensions/UUID+ART.swift",
        "Implementation/Logic/Coeffects/DefaultCoeffects.swift",
        "Implementation/Logic/SendableUserDefaults.swift",
        "Implementation/Logic/Side Effects/CompositeSideEffect.swift",
        "Implementation/Logic/State/Logic/Executable.swift",
        "Implementation/Logic/State/Logic/ExecutableExecutor.swift",
        "Implementation/Logic/State/Logic/LogicModule.swift",
        "Implementation/Logic/State/Logic/UILogicModule.swift",
        "Implementation/Logic/State/Model.swift",
        "Implementation/Logic/State/Observers/PropertyPathObserver.swift",
        "Implementation/Logic/State/Observers/ValueObserver.swift",
        "Implementation/Logic/State/PropertyPath.swift",
        "Implementation/Logic/State/PropertyUpdate.swift",
        "Implementation/Logic/State/Reducer.swift",
        "Implementation/Logic/State/Requests/RequestHandler.swift",
        "Implementation/Logic/State/Store.swift",
        "Implementation/UI/Conditional Views/ConditionalView.swift",
        "Implementation/UI/Conditional Views/NonStaticConditionalView.swift",
        "Implementation/UI/Conditional Views/StaticConditionalView.swift",
        "Implementation/UI/ModelView+ContextCreation.swift",
        "Implementation/UI/ModelView.swift",
        "Implementation/UI/ModelViewWithContent.swift",
        "Implementation/UI/ModelViewWithIdentifiedContent.swift",
        "Implementation/UI/StaticModelView.swift",
        "Implementation/UI/StaticViewContext.swift",
        "Implementation/UI/ViewContext+Creation.swift",
        "Implementation/UI/ViewContext.swift",
        "Implementation/UI/ViewModel.swift",
        "Implementation/UI/ViewWithObservedContext.swift",
        "Implementation/Utilities/DebugEnsure.swift",
        "Implementation/Utilities/Ensure.swift",
        "Implementation/Utilities/FatalError.swift",
        "Implementation/Utilities/FunctionalCopying.swift",
        "Implementation/Utilities/FunctionalSetting.swift",
        "Implementation/Utilities/RequiredLet.swift",
        "Protocols/CoeffectsProtocol.swift",
        "Protocols/ErrorProtocol.swift",
        "Protocols/HumanReadable.swift",
        "Protocols/ModelProtocol.swift",
        "Protocols/ReducerProtocol.swift",
        "Protocols/RequestProtocol.swift",
        "Protocols/SideEffectPerformer.swift",
        "Protocols/SideEffectProtocol.swift",
        "Protocols/StateProtocol.swift"
      ],
      "type" : "library"
    }
  ],
  "tools_version" : "6.0"
}
{
  "workspace" : {
    "name" : "swift-architecture-toolkit",
    "schemes" : [
      "swift-architecture-toolkit"
    ]
  }
}
2026-09-24 09:05:53.988 xcodebuild[1233:6743] [MT] IDERunDestination: Supported platforms for the buildables in the current scheme is empty.
Running build ...
env DEVELOPER_DIR=/Applications/Xcode-27.0.0-Release.Candidate.app xcrun xcodebuild -IDEClonedSourcePackagesDirPathOverride=$PWD/.dependencies -skipMacroValidation -skipPackagePluginValidation -derivedDataPath $PWD/.derivedData build -scheme swift-architecture-toolkit -destination generic/platform=watchOS
Command line invocation:
    /Applications/Xcode-27.0.0-Release.Candidate.app/Contents/Developer/usr/bin/xcodebuild -IDEClonedSourcePackagesDirPathOverride=/Users/admin/builder/spi-builder-workspace/.dependencies -skipMacroValidation -skipPackagePluginValidation -derivedDataPath /Users/admin/builder/spi-builder-workspace/.derivedData build -scheme swift-architecture-toolkit -destination generic/platform=watchOS
Resolve Package Graph
Resolved source packages:
  CwlCatchException: https://github.com/mattgallagher/CwlCatchException.git @ 2.2.1
  CwlPreconditionTesting: https://github.com/mattgallagher/CwlPreconditionTesting.git @ 2.2.2
  swift-architecture-toolkit: /Users/admin/builder/spi-builder-workspace
  Quick: https://github.com/Quick/Quick.git @ main (2b4547b)
  Nimble: https://github.com/Quick/Nimble.git @ main (727f75d)
  swift-algorithms: https://github.com/apple/swift-algorithms.git @ 1.2.1
  swift-numerics: https://github.com/apple/swift-numerics.git @ 1.1.1
  swift-argument-parser: https://github.com/apple/swift-argument-parser.git @ 1.8.2
ComputePackagePrebuildTargetDependencyGraph
Prepare packages
CreateBuildRequest
SendProjectDescription
CreateBuildOperation
ComputeTargetDependencyGraph
note: Building targets in dependency order
note: Target dependency graph (2 targets)
    Target 'ART-product' in project 'swift-architecture-toolkit'
        ➜ Explicit dependency on target 'ART' in project 'swift-architecture-toolkit'
    Target 'ART' in project 'swift-architecture-toolkit' (no dependencies)
GatherProvisioningInputs
CreateBuildDescription
ClangStatCache /Applications/Xcode-27.0.0-Release.Candidate.app/Contents/Developer/Toolchains/XcodeDefault.xctoolchain/usr/bin/clang-stat-cache /Applications/Xcode-27.0.0-Release.Candidate.app/Contents/Developer/Platforms/WatchOS.platform/Developer/SDKs/WatchOS27.0.sdk /Users/admin/builder/spi-builder-workspace/.derivedData/SDKStatCaches.noindex/watchos27.0-24R360-e829b21a6f8c9b70876ba0858053c04477534ef55a1706bf4c1112bbb242f0a2.sdkstatcache
    cd /Users/admin/builder/spi-builder-workspace/.swiftpm/xcode
    /Applications/Xcode-27.0.0-Release.Candidate.app/Contents/Developer/Toolchains/XcodeDefault.xctoolchain/usr/bin/clang-stat-cache /Applications/Xcode-27.0.0-Release.Candidate.app/Contents/Developer/Platforms/WatchOS.platform/Developer/SDKs/WatchOS27.0.sdk -o /Users/admin/builder/spi-builder-workspace/.derivedData/SDKStatCaches.noindex/watchos27.0-24R360-e829b21a6f8c9b70876ba0858053c04477534ef55a1706bf4c1112bbb242f0a2.sdkstatcache
SwiftDriver ART normal arm64 com.apple.xcode.tools.swift.compiler (in target 'ART' from project 'swift-architecture-toolkit')
    cd /Users/admin/builder/spi-builder-workspace/.swiftpm/xcode
    builtin-SwiftDriver -- /Applications/Xcode-27.0.0-Release.Candidate.app/Contents/Developer/Toolchains/XcodeDefault.xctoolchain/usr/bin/swiftc -parse-as-library -module-name ART -Onone @/Users/admin/builder/spi-builder-workspace/.derivedData/Build/Intermediates.noindex/swift-architecture-toolkit.build/Debug-watchos/ART-t.build/Objects-normal/arm64/ART.SwiftFileList -DSWIFT_PACKAGE -DDEBUG -DSWIFT_MODULE_RESOURCE_BUNDLE_UNAVAILABLE -DXcode -plugin-path /Applications/Xcode-27.0.0-Release.Candidate.app/Contents/Developer/Toolchains/XcodeDefault.xctoolchain/usr/lib/swift/host/plugins/testing -enable-experimental-feature DebugDescriptionMacro -sdk /Applications/Xcode-27.0.0-Release.Candidate.app/Contents/Developer/Platforms/WatchOS.platform/Developer/SDKs/WatchOS27.0.sdk -target arm64-apple-watchos9.0 -g -module-cache-path /Users/admin/builder/spi-builder-workspace/.derivedData/ModuleCache.noindex -Xfrontend -serialize-debugging-options -profile-coverage-mapping -profile-generate -enable-testing -index-store-path /Users/admin/builder/spi-builder-workspace/.derivedData/Index.noindex/DataStore -Xcc -D_LIBCPP_HARDENING_MODE\=_LIBCPP_HARDENING_MODE_DEBUG -swift-version 6 -I /Users/admin/builder/spi-builder-workspace/.derivedData/Build/Products/Debug-watchos -Isystem /Applications/Xcode-27.0.0-Release.Candidate.app/Contents/Developer/Platforms/WatchOS.platform/Developer/usr/lib -F /Users/admin/builder/spi-builder-workspace/.derivedData/Build/Products/Debug-watchos -F /Applications/Xcode-27.0.0-Release.Candidate.app/Contents/Developer/Platforms/WatchOS.platform/Developer/Library/Frameworks -F /Applications/Xcode-27.0.0-Release.Candidate.app/Contents/Developer/Platforms/WatchOS.platform/Developer/SDKs/WatchOS27.0.sdk/Developer/Library/Frameworks -c -j10 -enable-batch-mode -incremental -Xcc -ivfsstatcache -Xcc /Users/admin/builder/spi-builder-workspace/.derivedData/SDKStatCaches.noindex/watchos27.0-24R360-e829b21a6f8c9b70876ba0858053c04477534ef55a1706bf4c1112bbb242f0a2.sdkstatcache -output-file-map /Users/admin/builder/spi-builder-workspace/.derivedData/Build/Intermediates.noindex/swift-architecture-toolkit.build/Debug-watchos/ART-t.build/Objects-normal/arm64/ART-OutputFileMap.json -save-temps -no-color-diagnostics -explicit-module-build -module-cache-path /Users/admin/builder/spi-builder-workspace/.derivedData/Build/Intermediates.noindex/SwiftExplicitPrecompiledModules -clang-scanner-module-cache-path /Users/admin/builder/spi-builder-workspace/.derivedData/ModuleCache.noindex -sdk-module-cache-path /Users/admin/builder/spi-builder-workspace/.derivedData/SDKExplicitPrecompiledModules -emit-dependencies -emit-module -emit-module-path /Users/admin/builder/spi-builder-workspace/.derivedData/Build/Intermediates.noindex/swift-architecture-toolkit.build/Debug-watchos/ART-t.build/Objects-normal/arm64/ART.swiftmodule -serialize-diagnostics -dependency-scan-serialize-diagnostics-path /Users/admin/builder/spi-builder-workspace/.derivedData/Build/Intermediates.noindex/swift-architecture-toolkit.build/Debug-watchos/ART-t.build/Objects-normal/arm64/ART-dependency-scan.dia -validate-clang-modules-once -clang-build-session-file /Users/admin/builder/spi-builder-workspace/.derivedData/ModuleCache.noindex/Session.modulevalidation -Xcc -fmodules-prune-interval\=86400 -Xcc -fmodules-prune-after\=345600 -package-name spi_builder_workspace -emit-const-values -const-gather-protocols-list /Users/admin/builder/spi-builder-workspace/.derivedData/Build/Intermediates.noindex/swift-architecture-toolkit.build/Debug-watchos/ART-t.build/Objects-normal/arm64/ART_const_extract_protocols.json -Xcc -I/Users/admin/builder/spi-builder-workspace/.derivedData/Build/Products/Debug-watchos/include -Xcc -I/Users/admin/builder/spi-builder-workspace/.derivedData/Build/Intermediates.noindex/swift-architecture-toolkit.build/Debug-watchos/ART-t.build/DerivedSources-normal/arm64 -Xcc -I/Users/admin/builder/spi-builder-workspace/.derivedData/Build/Intermediates.noindex/swift-architecture-toolkit.build/Debug-watchos/ART-t.build/DerivedSources/arm64 -Xcc -I/Users/admin/builder/spi-builder-workspace/.derivedData/Build/Intermediates.noindex/swift-architecture-toolkit.build/Debug-watchos/ART-t.build/DerivedSources -Xcc -DSWIFT_PACKAGE -Xcc -DDEBUG\=1 -emit-objc-header -emit-objc-header-path /Users/admin/builder/spi-builder-workspace/.derivedData/Build/Intermediates.noindex/swift-architecture-toolkit.build/Debug-watchos/ART-t.build/Objects-normal/arm64/ART-Swift.h -working-directory /Users/admin/builder/spi-builder-workspace/.swiftpm/xcode -experimental-emit-module-separately -disable-cmo
SwiftDriver ART normal arm64_32 com.apple.xcode.tools.swift.compiler (in target 'ART' from project 'swift-architecture-toolkit')
    cd /Users/admin/builder/spi-builder-workspace/.swiftpm/xcode
    builtin-SwiftDriver -- /Applications/Xcode-27.0.0-Release.Candidate.app/Contents/Developer/Toolchains/XcodeDefault.xctoolchain/usr/bin/swiftc -parse-as-library -module-name ART -Onone @/Users/admin/builder/spi-builder-workspace/.derivedData/Build/Intermediates.noindex/swift-architecture-toolkit.build/Debug-watchos/ART-t.build/Objects-normal/arm64_32/ART.SwiftFileList -DSWIFT_PACKAGE -DDEBUG -DSWIFT_MODULE_RESOURCE_BUNDLE_UNAVAILABLE -DXcode -plugin-path /Applications/Xcode-27.0.0-Release.Candidate.app/Contents/Developer/Toolchains/XcodeDefault.xctoolchain/usr/lib/swift/host/plugins/testing -enable-experimental-feature DebugDescriptionMacro -sdk /Applications/Xcode-27.0.0-Release.Candidate.app/Contents/Developer/Platforms/WatchOS.platform/Developer/SDKs/WatchOS27.0.sdk -target arm64_32-apple-watchos9.0 -g -module-cache-path /Users/admin/builder/spi-builder-workspace/.derivedData/ModuleCache.noindex -Xfrontend -serialize-debugging-options -profile-coverage-mapping -profile-generate -enable-testing -index-store-path /Users/admin/builder/spi-builder-workspace/.derivedData/Index.noindex/DataStore -Xcc -D_LIBCPP_HARDENING_MODE\=_LIBCPP_HARDENING_MODE_DEBUG -swift-version 6 -I /Users/admin/builder/spi-builder-workspace/.derivedData/Build/Products/Debug-watchos -Isystem /Applications/Xcode-27.0.0-Release.Candidate.app/Contents/Developer/Platforms/WatchOS.platform/Developer/usr/lib -F /Users/admin/builder/spi-builder-workspace/.derivedData/Build/Products/Debug-watchos -F /Applications/Xcode-27.0.0-Release.Candidate.app/Contents/Developer/Platforms/WatchOS.platform/Developer/Library/Frameworks -F /Applications/Xcode-27.0.0-Release.Candidate.app/Contents/Developer/Platforms/WatchOS.platform/Developer/SDKs/WatchOS27.0.sdk/Developer/Library/Frameworks -c -j10 -enable-batch-mode -incremental -Xcc -ivfsstatcache -Xcc /Users/admin/builder/spi-builder-workspace/.derivedData/SDKStatCaches.noindex/watchos27.0-24R360-e829b21a6f8c9b70876ba0858053c04477534ef55a1706bf4c1112bbb242f0a2.sdkstatcache -output-file-map /Users/admin/builder/spi-builder-workspace/.derivedData/Build/Intermediates.noindex/swift-architecture-toolkit.build/Debug-watchos/ART-t.build/Objects-normal/arm64_32/ART-OutputFileMap.json -save-temps -no-color-diagnostics -explicit-module-build -module-cache-path /Users/admin/builder/spi-builder-workspace/.derivedData/Build/Intermediates.noindex/SwiftExplicitPrecompiledModules -clang-scanner-module-cache-path /Users/admin/builder/spi-builder-workspace/.derivedData/ModuleCache.noindex -sdk-module-cache-path /Users/admin/builder/spi-builder-workspace/.derivedData/SDKExplicitPrecompiledModules -emit-dependencies -emit-module -emit-module-path /Users/admin/builder/spi-builder-workspace/.derivedData/Build/Intermediates.noindex/swift-architecture-toolkit.build/Debug-watchos/ART-t.build/Objects-normal/arm64_32/ART.swiftmodule -serialize-diagnostics -dependency-scan-serialize-diagnostics-path /Users/admin/builder/spi-builder-workspace/.derivedData/Build/Intermediates.noindex/swift-architecture-toolkit.build/Debug-watchos/ART-t.build/Objects-normal/arm64_32/ART-dependency-scan.dia -validate-clang-modules-once -clang-build-session-file /Users/admin/builder/spi-builder-workspace/.derivedData/ModuleCache.noindex/Session.modulevalidation -Xcc -fmodules-prune-interval\=86400 -Xcc -fmodules-prune-after\=345600 -package-name spi_builder_workspace -emit-const-values -const-gather-protocols-list /Users/admin/builder/spi-builder-workspace/.derivedData/Build/Intermediates.noindex/swift-architecture-toolkit.build/Debug-watchos/ART-t.build/Objects-normal/arm64_32/ART_const_extract_protocols.json -Xcc -I/Users/admin/builder/spi-builder-workspace/.derivedData/Build/Products/Debug-watchos/include -Xcc -I/Users/admin/builder/spi-builder-workspace/.derivedData/Build/Intermediates.noindex/swift-architecture-toolkit.build/Debug-watchos/ART-t.build/DerivedSources-normal/arm64_32 -Xcc -I/Users/admin/builder/spi-builder-workspace/.derivedData/Build/Intermediates.noindex/swift-architecture-toolkit.build/Debug-watchos/ART-t.build/DerivedSources/arm64_32 -Xcc -I/Users/admin/builder/spi-builder-workspace/.derivedData/Build/Intermediates.noindex/swift-architecture-toolkit.build/Debug-watchos/ART-t.build/DerivedSources -Xcc -DSWIFT_PACKAGE -Xcc -DDEBUG\=1 -emit-objc-header -emit-objc-header-path /Users/admin/builder/spi-builder-workspace/.derivedData/Build/Intermediates.noindex/swift-architecture-toolkit.build/Debug-watchos/ART-t.build/Objects-normal/arm64_32/ART-Swift.h -working-directory /Users/admin/builder/spi-builder-workspace/.swiftpm/xcode -experimental-emit-module-separately -disable-cmo
SwiftExplicitDependencyGeneratePcm arm64 /Users/admin/builder/spi-builder-workspace/.derivedData/SDKExplicitPrecompiledModules/SwiftUI-E6XJI4PF1Q2HPTXKL91GWARU6.pcm
SwiftEmitModule normal arm64_32 Emitting\ module\ for\ ART (in target 'ART' from project 'swift-architecture-toolkit')
SwiftCompile normal arm64_32 (in target 'ART' from project 'swift-architecture-toolkit')
    cd /Users/admin/builder/spi-builder-workspace/.swiftpm/xcode

/Users/admin/builder/spi-builder-workspace/Sources/ART/Implementation/Logic/State/Logic/UILogicModule.swift:27:73: warning: capture of non-Sendable type 'Event.Type' in an isolated closure [#SendableMetatypes]
 25 |     _ coeffects: Coeffects,
 26 |     _ eventHandlingClosure: @escaping @Sendable (Event, State, Module.ExecutionOptions, Coeffects) async -> Void,
 27 |     _ shouldHandleClosure: @escaping @Sendable (Event, State) -> Bool = { _, _ in return true }
    |                                                                         `- warning: capture of non-Sendable type 'Event.Type' in an isolated closure [#SendableMetatypes]
 28 |   ) {
 29 |     self.logicModule = logicModule
/Users/admin/builder/spi-builder-workspace/Sources/ART/Implementation/Logic/State/Logic/UILogicModule.swift:77:64: warning: capture of non-Sendable type 'Event.Type' in an isolated closure [#SendableMetatypes]
 75 |   nonisolated func viewLogic<Event: Equatable>(
 76 |     handleEvent: @escaping @Sendable (Event, State, ExecutionOptions, Coeffects) async -> Void,
 77 |     shouldHandle: @escaping @Sendable (Event, State) -> Bool = { _, _ in return true }
    |                                                                `- warning: capture of non-Sendable type 'Event.Type' in an isolated closure [#SendableMetatypes]
 78 |   ) -> UIEventLogicModule<
 79 |     Event,
/Users/admin/builder/spi-builder-workspace/Sources/ART/Protocols/SideEffectPerformer.swift:39:44: warning: attribute '@Sendable' cannot be applied to a type alias; this will be an error in a future Swift language mode
 37 |   private let sideEffectClosure: SideEffectClosure
 38 |
 39 |   public init(sideEffectClosure: @escaping @Sendable SideEffectClosure) {
    |                                            |- warning: attribute '@Sendable' cannot be applied to a type alias; this will be an error in a future Swift language mode
    |                                            `- note: '@Sendable' is redundant on 'SideEffectPerformer<SideEffect, SideEffectError, Coeffects>.SideEffectClosure' (aka '@Sendable (SideEffect, Coeffects) async -> CompletionIndication<CompositeError<SideEffectExecutionError<SideEffectError>>>')
 40 |     self.sideEffectClosure = sideEffectClosure
 41 |   }
[#SendableMetatypes]: <https://docs.swift.org/compiler/documentation/diagnostics/sendable-metatypes>
SwiftCompile normal arm64_32 Compiling\ Change.swift,\ PotentialChange.swift,\ CompletionIndication.swift,\ CompositeError.swift,\ SideEffectExecutionError.swift,\ NonEmptyList.swift /Users/admin/builder/spi-builder-workspace/Sources/ART/Implementation/Data\ Structures/Change/Change.swift /Users/admin/builder/spi-builder-workspace/Sources/ART/Implementation/Data\ Structures/Change/PotentialChange.swift /Users/admin/builder/spi-builder-workspace/Sources/ART/Implementation/Data\ Structures/CompletionIndication.swift /Users/admin/builder/spi-builder-workspace/Sources/ART/Implementation/Data\ Structures/Error/CompositeError.swift /Users/admin/builder/spi-builder-workspace/Sources/ART/Implementation/Data\ Structures/Error/SideEffectExecutionError.swift /Users/admin/builder/spi-builder-workspace/Sources/ART/Implementation/Data\ Structures/NonEmptyList.swift (in target 'ART' from project 'swift-architecture-toolkit')
SwiftCompile normal arm64_32 /Users/admin/builder/spi-builder-workspace/Sources/ART/Implementation/Data\ Structures/Change/Change.swift (in target 'ART' from project 'swift-architecture-toolkit')
    cd /Users/admin/builder/spi-builder-workspace/.swiftpm/xcode
    builtin-SwiftPerFileCompile Change.swift
SwiftCompile normal arm64_32 /Users/admin/builder/spi-builder-workspace/Sources/ART/Implementation/Data\ Structures/Change/PotentialChange.swift (in target 'ART' from project 'swift-architecture-toolkit')
    cd /Users/admin/builder/spi-builder-workspace/.swiftpm/xcode
    builtin-SwiftPerFileCompile PotentialChange.swift
SwiftCompile normal arm64_32 /Users/admin/builder/spi-builder-workspace/Sources/ART/Implementation/Data\ Structures/CompletionIndication.swift (in target 'ART' from project 'swift-architecture-toolkit')
    cd /Users/admin/builder/spi-builder-workspace/.swiftpm/xcode
    builtin-SwiftPerFileCompile CompletionIndication.swift
SwiftCompile normal arm64_32 /Users/admin/builder/spi-builder-workspace/Sources/ART/Implementation/Data\ Structures/Error/CompositeError.swift (in target 'ART' from project 'swift-architecture-toolkit')
    cd /Users/admin/builder/spi-builder-workspace/.swiftpm/xcode
    builtin-SwiftPerFileCompile CompositeError.swift
SwiftCompile normal arm64_32 /Users/admin/builder/spi-builder-workspace/Sources/ART/Implementation/Data\ Structures/Error/SideEffectExecutionError.swift (in target 'ART' from project 'swift-architecture-toolkit')
    cd /Users/admin/builder/spi-builder-workspace/.swiftpm/xcode
    builtin-SwiftPerFileCompile SideEffectExecutionError.swift
SwiftCompile normal arm64_32 /Users/admin/builder/spi-builder-workspace/Sources/ART/Implementation/Data\ Structures/NonEmptyList.swift (in target 'ART' from project 'swift-architecture-toolkit')
    cd /Users/admin/builder/spi-builder-workspace/.swiftpm/xcode
    builtin-SwiftPerFileCompile NonEmptyList.swift
SwiftCompile normal arm64_32 Compiling\ SuccessIndication.swift,\ ValueWithDefault.swift,\ WeakContainer.swift,\ NSRecursiveLock+ART.swift,\ UUID+ART.swift,\ DefaultCoeffects.swift /Users/admin/builder/spi-builder-workspace/Sources/ART/Implementation/Data\ Structures/SuccessIndication.swift /Users/admin/builder/spi-builder-workspace/Sources/ART/Implementation/Data\ Structures/ValueWithDefault.swift /Users/admin/builder/spi-builder-workspace/Sources/ART/Implementation/Data\ Structures/WeakContainer.swift /Users/admin/builder/spi-builder-workspace/Sources/ART/Implementation/Extensions/NSRecursiveLock+ART.swift /Users/admin/builder/spi-builder-workspace/Sources/ART/Implementation/Extensions/UUID+ART.swift /Users/admin/builder/spi-builder-workspace/Sources/ART/Implementation/Logic/Coeffects/DefaultCoeffects.swift (in target 'ART' from project 'swift-architecture-toolkit')
SwiftCompile normal arm64_32 /Users/admin/builder/spi-builder-workspace/Sources/ART/Implementation/Data\ Structures/SuccessIndication.swift (in target 'ART' from project 'swift-architecture-toolkit')
    cd /Users/admin/builder/spi-builder-workspace/.swiftpm/xcode
    builtin-SwiftPerFileCompile SuccessIndication.swift
SwiftCompile normal arm64_32 /Users/admin/builder/spi-builder-workspace/Sources/ART/Implementation/Data\ Structures/ValueWithDefault.swift (in target 'ART' from project 'swift-architecture-toolkit')
    cd /Users/admin/builder/spi-builder-workspace/.swiftpm/xcode
    builtin-SwiftPerFileCompile ValueWithDefault.swift
SwiftCompile normal arm64_32 /Users/admin/builder/spi-builder-workspace/Sources/ART/Implementation/Data\ Structures/WeakContainer.swift (in target 'ART' from project 'swift-architecture-toolkit')
    cd /Users/admin/builder/spi-builder-workspace/.swiftpm/xcode
    builtin-SwiftPerFileCompile WeakContainer.swift
SwiftCompile normal arm64_32 /Users/admin/builder/spi-builder-workspace/Sources/ART/Implementation/Extensions/NSRecursiveLock+ART.swift (in target 'ART' from project 'swift-architecture-toolkit')
    cd /Users/admin/builder/spi-builder-workspace/.swiftpm/xcode
    builtin-SwiftPerFileCompile NSRecursiveLock+ART.swift
SwiftCompile normal arm64_32 /Users/admin/builder/spi-builder-workspace/Sources/ART/Implementation/Extensions/UUID+ART.swift (in target 'ART' from project 'swift-architecture-toolkit')
    cd /Users/admin/builder/spi-builder-workspace/.swiftpm/xcode
    builtin-SwiftPerFileCompile UUID+ART.swift
SwiftCompile normal arm64_32 /Users/admin/builder/spi-builder-workspace/Sources/ART/Implementation/Logic/Coeffects/DefaultCoeffects.swift (in target 'ART' from project 'swift-architecture-toolkit')
    cd /Users/admin/builder/spi-builder-workspace/.swiftpm/xcode
    builtin-SwiftPerFileCompile DefaultCoeffects.swift
SwiftCompile normal arm64_32 Compiling\ SendableUserDefaults.swift,\ CompositeSideEffect.swift,\ Executable.swift,\ ExecutableExecutor.swift,\ LogicModule.swift,\ UILogicModule.swift /Users/admin/builder/spi-builder-workspace/Sources/ART/Implementation/Logic/SendableUserDefaults.swift /Users/admin/builder/spi-builder-workspace/Sources/ART/Implementation/Logic/Side\ Effects/CompositeSideEffect.swift /Users/admin/builder/spi-builder-workspace/Sources/ART/Implementation/Logic/State/Logic/Executable.swift /Users/admin/builder/spi-builder-workspace/Sources/ART/Implementation/Logic/State/Logic/ExecutableExecutor.swift /Users/admin/builder/spi-builder-workspace/Sources/ART/Implementation/Logic/State/Logic/LogicModule.swift /Users/admin/builder/spi-builder-workspace/Sources/ART/Implementation/Logic/State/Logic/UILogicModule.swift (in target 'ART' from project 'swift-architecture-toolkit')
/Users/admin/builder/spi-builder-workspace/Sources/ART/Implementation/Logic/State/Logic/UILogicModule.swift:27:73: warning: capture of non-Sendable type 'Event.Type' in an isolated closure [#SendableMetatypes]
 25 |     _ coeffects: Coeffects,
 26 |     _ eventHandlingClosure: @escaping @Sendable (Event, State, Module.ExecutionOptions, Coeffects) async -> Void,
 27 |     _ shouldHandleClosure: @escaping @Sendable (Event, State) -> Bool = { _, _ in return true }
    |                                                                         `- warning: capture of non-Sendable type 'Event.Type' in an isolated closure [#SendableMetatypes]
 28 |   ) {
 29 |     self.logicModule = logicModule
/Users/admin/builder/spi-builder-workspace/Sources/ART/Implementation/Logic/State/Logic/UILogicModule.swift:77:64: warning: capture of non-Sendable type 'Event.Type' in an isolated closure [#SendableMetatypes]
 75 |   nonisolated func viewLogic<Event: Equatable>(
 76 |     handleEvent: @escaping @Sendable (Event, State, ExecutionOptions, Coeffects) async -> Void,
 77 |     shouldHandle: @escaping @Sendable (Event, State) -> Bool = { _, _ in return true }
    |                                                                `- warning: capture of non-Sendable type 'Event.Type' in an isolated closure [#SendableMetatypes]
 78 |   ) -> UIEventLogicModule<
 79 |     Event,
[#SendableMetatypes]: <https://docs.swift.org/compiler/documentation/diagnostics/sendable-metatypes>
SwiftCompile normal arm64_32 /Users/admin/builder/spi-builder-workspace/Sources/ART/Implementation/Logic/SendableUserDefaults.swift (in target 'ART' from project 'swift-architecture-toolkit')
    cd /Users/admin/builder/spi-builder-workspace/.swiftpm/xcode
    builtin-SwiftPerFileCompile SendableUserDefaults.swift
SwiftCompile normal arm64_32 /Users/admin/builder/spi-builder-workspace/Sources/ART/Implementation/Logic/Side\ Effects/CompositeSideEffect.swift (in target 'ART' from project 'swift-architecture-toolkit')
    cd /Users/admin/builder/spi-builder-workspace/.swiftpm/xcode
    builtin-SwiftPerFileCompile CompositeSideEffect.swift
SwiftCompile normal arm64_32 /Users/admin/builder/spi-builder-workspace/Sources/ART/Implementation/Logic/State/Logic/Executable.swift (in target 'ART' from project 'swift-architecture-toolkit')
    cd /Users/admin/builder/spi-builder-workspace/.swiftpm/xcode
    builtin-SwiftPerFileCompile Executable.swift
SwiftCompile normal arm64_32 /Users/admin/builder/spi-builder-workspace/Sources/ART/Implementation/Logic/State/Logic/ExecutableExecutor.swift (in target 'ART' from project 'swift-architecture-toolkit')
    cd /Users/admin/builder/spi-builder-workspace/.swiftpm/xcode
    builtin-SwiftPerFileCompile ExecutableExecutor.swift
SwiftCompile normal arm64_32 /Users/admin/builder/spi-builder-workspace/Sources/ART/Implementation/Logic/State/Logic/LogicModule.swift (in target 'ART' from project 'swift-architecture-toolkit')
    cd /Users/admin/builder/spi-builder-workspace/.swiftpm/xcode
    builtin-SwiftPerFileCompile LogicModule.swift
SwiftCompile normal arm64_32 /Users/admin/builder/spi-builder-workspace/Sources/ART/Implementation/Logic/State/Logic/UILogicModule.swift (in target 'ART' from project 'swift-architecture-toolkit')
    cd /Users/admin/builder/spi-builder-workspace/.swiftpm/xcode
    builtin-SwiftPerFileCompile UILogicModule.swift
SwiftCompile normal arm64_32 Compiling\ ModelView+ContextCreation.swift,\ ModelView.swift,\ ModelViewWithContent.swift,\ ModelViewWithIdentifiedContent.swift,\ StaticModelView.swift /Users/admin/builder/spi-builder-workspace/Sources/ART/Implementation/UI/ModelView+ContextCreation.swift /Users/admin/builder/spi-builder-workspace/Sources/ART/Implementation/UI/ModelView.swift /Users/admin/builder/spi-builder-workspace/Sources/ART/Implementation/UI/ModelViewWithContent.swift /Users/admin/builder/spi-builder-workspace/Sources/ART/Implementation/UI/ModelViewWithIdentifiedContent.swift /Users/admin/builder/spi-builder-workspace/Sources/ART/Implementation/UI/StaticModelView.swift (in target 'ART' from project 'swift-architecture-toolkit')
SwiftCompile normal arm64_32 /Users/admin/builder/spi-builder-workspace/Sources/ART/Implementation/UI/ModelView+ContextCreation.swift (in target 'ART' from project 'swift-architecture-toolkit')
    cd /Users/admin/builder/spi-builder-workspace/.swiftpm/xcode
    builtin-SwiftPerFileCompile ModelView+ContextCreation.swift
SwiftCompile normal arm64_32 /Users/admin/builder/spi-builder-workspace/Sources/ART/Implementation/UI/ModelView.swift (in target 'ART' from project 'swift-architecture-toolkit')
    cd /Users/admin/builder/spi-builder-workspace/.swiftpm/xcode
    builtin-SwiftPerFileCompile ModelView.swift
SwiftCompile normal arm64_32 /Users/admin/builder/spi-builder-workspace/Sources/ART/Implementation/UI/ModelViewWithContent.swift (in target 'ART' from project 'swift-architecture-toolkit')
    cd /Users/admin/builder/spi-builder-workspace/.swiftpm/xcode
    builtin-SwiftPerFileCompile ModelViewWithContent.swift
SwiftCompile normal arm64_32 /Users/admin/builder/spi-builder-workspace/Sources/ART/Implementation/UI/ModelViewWithIdentifiedContent.swift (in target 'ART' from project 'swift-architecture-toolkit')
    cd /Users/admin/builder/spi-builder-workspace/.swiftpm/xcode
    builtin-SwiftPerFileCompile ModelViewWithIdentifiedContent.swift
SwiftCompile normal arm64_32 /Users/admin/builder/spi-builder-workspace/Sources/ART/Implementation/UI/StaticModelView.swift (in target 'ART' from project 'swift-architecture-toolkit')
    cd /Users/admin/builder/spi-builder-workspace/.swiftpm/xcode
    builtin-SwiftPerFileCompile StaticModelView.swift
SwiftCompile normal arm64_32 Compiling\ StaticViewContext.swift,\ ViewContext+Creation.swift,\ ViewContext.swift,\ ViewModel.swift,\ ViewWithObservedContext.swift /Users/admin/builder/spi-builder-workspace/Sources/ART/Implementation/UI/StaticViewContext.swift /Users/admin/builder/spi-builder-workspace/Sources/ART/Implementation/UI/ViewContext+Creation.swift /Users/admin/builder/spi-builder-workspace/Sources/ART/Implementation/UI/ViewContext.swift /Users/admin/builder/spi-builder-workspace/Sources/ART/Implementation/UI/ViewModel.swift /Users/admin/builder/spi-builder-workspace/Sources/ART/Implementation/UI/ViewWithObservedContext.swift (in target 'ART' from project 'swift-architecture-toolkit')
SwiftCompile normal arm64_32 /Users/admin/builder/spi-builder-workspace/Sources/ART/Implementation/UI/StaticViewContext.swift (in target 'ART' from project 'swift-architecture-toolkit')
    cd /Users/admin/builder/spi-builder-workspace/.swiftpm/xcode
    builtin-SwiftPerFileCompile StaticViewContext.swift
SwiftCompile normal arm64_32 /Users/admin/builder/spi-builder-workspace/Sources/ART/Implementation/UI/ViewContext+Creation.swift (in target 'ART' from project 'swift-architecture-toolkit')
    cd /Users/admin/builder/spi-builder-workspace/.swiftpm/xcode
    builtin-SwiftPerFileCompile ViewContext+Creation.swift
SwiftCompile normal arm64_32 /Users/admin/builder/spi-builder-workspace/Sources/ART/Implementation/UI/ViewContext.swift (in target 'ART' from project 'swift-architecture-toolkit')
    cd /Users/admin/builder/spi-builder-workspace/.swiftpm/xcode
    builtin-SwiftPerFileCompile ViewContext.swift
SwiftCompile normal arm64_32 /Users/admin/builder/spi-builder-workspace/Sources/ART/Implementation/UI/ViewModel.swift (in target 'ART' from project 'swift-architecture-toolkit')
    cd /Users/admin/builder/spi-builder-workspace/.swiftpm/xcode
    builtin-SwiftPerFileCompile ViewModel.swift
SwiftCompile normal arm64_32 /Users/admin/builder/spi-builder-workspace/Sources/ART/Implementation/UI/ViewWithObservedContext.swift (in target 'ART' from project 'swift-architecture-toolkit')
    cd /Users/admin/builder/spi-builder-workspace/.swiftpm/xcode
    builtin-SwiftPerFileCompile ViewWithObservedContext.swift
SwiftCompile normal arm64_32 Compiling\ RequiredLet.swift,\ CoeffectsProtocol.swift,\ ErrorProtocol.swift,\ HumanReadable.swift,\ ModelProtocol.swift /Users/admin/builder/spi-builder-workspace/Sources/ART/Implementation/Utilities/RequiredLet.swift /Users/admin/builder/spi-builder-workspace/Sources/ART/Protocols/CoeffectsProtocol.swift /Users/admin/builder/spi-builder-workspace/Sources/ART/Protocols/ErrorProtocol.swift /Users/admin/builder/spi-builder-workspace/Sources/ART/Protocols/HumanReadable.swift /Users/admin/builder/spi-builder-workspace/Sources/ART/Protocols/ModelProtocol.swift (in target 'ART' from project 'swift-architecture-toolkit')
SwiftCompile normal arm64_32 /Users/admin/builder/spi-builder-workspace/Sources/ART/Implementation/Utilities/RequiredLet.swift (in target 'ART' from project 'swift-architecture-toolkit')
    cd /Users/admin/builder/spi-builder-workspace/.swiftpm/xcode
    builtin-SwiftPerFileCompile RequiredLet.swift
SwiftCompile normal arm64_32 /Users/admin/builder/spi-builder-workspace/Sources/ART/Protocols/CoeffectsProtocol.swift (in target 'ART' from project 'swift-architecture-toolkit')
    cd /Users/admin/builder/spi-builder-workspace/.swiftpm/xcode
    builtin-SwiftPerFileCompile CoeffectsProtocol.swift
SwiftCompile normal arm64_32 /Users/admin/builder/spi-builder-workspace/Sources/ART/Protocols/ErrorProtocol.swift (in target 'ART' from project 'swift-architecture-toolkit')
    cd /Users/admin/builder/spi-builder-workspace/.swiftpm/xcode
    builtin-SwiftPerFileCompile ErrorProtocol.swift
SwiftCompile normal arm64_32 /Users/admin/builder/spi-builder-workspace/Sources/ART/Protocols/HumanReadable.swift (in target 'ART' from project 'swift-architecture-toolkit')
    cd /Users/admin/builder/spi-builder-workspace/.swiftpm/xcode
    builtin-SwiftPerFileCompile HumanReadable.swift
SwiftCompile normal arm64_32 /Users/admin/builder/spi-builder-workspace/Sources/ART/Protocols/ModelProtocol.swift (in target 'ART' from project 'swift-architecture-toolkit')
    cd /Users/admin/builder/spi-builder-workspace/.swiftpm/xcode
    builtin-SwiftPerFileCompile ModelProtocol.swift
SwiftCompile normal arm64_32 Compiling\ Model.swift,\ PropertyPathObserver.swift,\ ValueObserver.swift,\ PropertyPath.swift,\ PropertyUpdate.swift,\ Reducer.swift /Users/admin/builder/spi-builder-workspace/Sources/ART/Implementation/Logic/State/Model.swift /Users/admin/builder/spi-builder-workspace/Sources/ART/Implementation/Logic/State/Observers/PropertyPathObserver.swift /Users/admin/builder/spi-builder-workspace/Sources/ART/Implementation/Logic/State/Observers/ValueObserver.swift /Users/admin/builder/spi-builder-workspace/Sources/ART/Implementation/Logic/State/PropertyPath.swift /Users/admin/builder/spi-builder-workspace/Sources/ART/Implementation/Logic/State/PropertyUpdate.swift /Users/admin/builder/spi-builder-workspace/Sources/ART/Implementation/Logic/State/Reducer.swift (in target 'ART' from project 'swift-architecture-toolkit')
/Users/admin/builder/spi-builder-workspace/Sources/ART/Implementation/Logic/State/Model.swift:20:27: warning: capture of non-Sendable type 'T.Type' in an isolated closure [#SendableMetatypes]
 18 |       for: PropertyPath(keyPath),
 19 |       initiallyObservedValue: {
 20 |         guard let value = $0 else {
    |                           `- warning: capture of non-Sendable type 'T.Type' in an isolated closure [#SendableMetatypes]
 21 |           fatalError("Optional value received for key path must never be `nil`")
 22 |         }
/Users/admin/builder/spi-builder-workspace/Sources/ART/Implementation/Logic/State/Model.swift:26:42: warning: capture of non-Sendable type 'T.Type' in an isolated closure [#SendableMetatypes]
 24 |         initiallyObservedValue(value)
 25 |       }, change: { change in
 26 |         guard let previousValue = change.previous else {
    |                                          `- warning: capture of non-Sendable type 'T.Type' in an isolated closure [#SendableMetatypes]
 27 |           fatalError("Previous value received for key path must never be `nil`")
 28 |         }
/Users/admin/builder/spi-builder-workspace/Sources/ART/Implementation/Logic/State/Model.swift:62:14: warning: capture of non-Sendable type 'T.Type' in an isolated closure [#SendableMetatypes]
 60 |       change: changeClosure
 61 |     ) {
 62 |       return $0
    |              `- warning: capture of non-Sendable type 'T.Type' in an isolated closure [#SendableMetatypes]
 63 |     }
 64 |   }
/Users/admin/builder/spi-builder-workspace/Sources/ART/Implementation/Logic/State/Model.swift:75:7: warning: capture of non-Sendable type 'T.Type' in an isolated closure [#SendableMetatypes]
 73 |     self.handleInitiallyObservedState = {
 74 |       let value = propertyPath.value(in: $0)
 75 |       initiallyObservedValue(t(value))
    |       `- warning: capture of non-Sendable type 'T.Type' in an isolated closure [#SendableMetatypes]
 76 |     }
 77 |
/Users/admin/builder/spi-builder-workspace/Sources/ART/Implementation/Logic/State/Model.swift:79:27: warning: capture of non-Sendable type 'T.Type' in an isolated closure [#SendableMetatypes]
 77 |
 78 |     self.handleStateChange = { change in
 79 |       let previousValue = t(propertyPath.value(in: change.previous))
    |                           `- warning: capture of non-Sendable type 'T.Type' in an isolated closure [#SendableMetatypes]
 80 |       let currentValue = t(propertyPath.value(in: change.current))
 81 |
[#SendableMetatypes]: <https://docs.swift.org/compiler/documentation/diagnostics/sendable-metatypes>
SwiftCompile normal arm64_32 /Users/admin/builder/spi-builder-workspace/Sources/ART/Implementation/Logic/State/Model.swift (in target 'ART' from project 'swift-architecture-toolkit')
    cd /Users/admin/builder/spi-builder-workspace/.swiftpm/xcode
    builtin-SwiftPerFileCompile Model.swift
SwiftCompile normal arm64_32 /Users/admin/builder/spi-builder-workspace/Sources/ART/Implementation/Logic/State/Observers/PropertyPathObserver.swift (in target 'ART' from project 'swift-architecture-toolkit')
    cd /Users/admin/builder/spi-builder-workspace/.swiftpm/xcode
    builtin-SwiftPerFileCompile PropertyPathObserver.swift
SwiftCompile normal arm64_32 /Users/admin/builder/spi-builder-workspace/Sources/ART/Implementation/Logic/State/Observers/ValueObserver.swift (in target 'ART' from project 'swift-architecture-toolkit')
    cd /Users/admin/builder/spi-builder-workspace/.swiftpm/xcode
    builtin-SwiftPerFileCompile ValueObserver.swift
SwiftCompile normal arm64_32 /Users/admin/builder/spi-builder-workspace/Sources/ART/Implementation/Logic/State/PropertyPath.swift (in target 'ART' from project 'swift-architecture-toolkit')
    cd /Users/admin/builder/spi-builder-workspace/.swiftpm/xcode
    builtin-SwiftPerFileCompile PropertyPath.swift
SwiftCompile normal arm64_32 /Users/admin/builder/spi-builder-workspace/Sources/ART/Implementation/Logic/State/PropertyUpdate.swift (in target 'ART' from project 'swift-architecture-toolkit')
    cd /Users/admin/builder/spi-builder-workspace/.swiftpm/xcode
    builtin-SwiftPerFileCompile PropertyUpdate.swift
SwiftCompile normal arm64_32 /Users/admin/builder/spi-builder-workspace/Sources/ART/Implementation/Logic/State/Reducer.swift (in target 'ART' from project 'swift-architecture-toolkit')
    cd /Users/admin/builder/spi-builder-workspace/.swiftpm/xcode
    builtin-SwiftPerFileCompile Reducer.swift
SwiftCompile normal arm64_32 Compiling\ RequestHandler.swift,\ Store.swift,\ ConditionalView.swift,\ NonStaticConditionalView.swift,\ StaticConditionalView.swift /Users/admin/builder/spi-builder-workspace/Sources/ART/Implementation/Logic/State/Requests/RequestHandler.swift /Users/admin/builder/spi-builder-workspace/Sources/ART/Implementation/Logic/State/Store.swift /Users/admin/builder/spi-builder-workspace/Sources/ART/Implementation/UI/Conditional\ Views/ConditionalView.swift /Users/admin/builder/spi-builder-workspace/Sources/ART/Implementation/UI/Conditional\ Views/NonStaticConditionalView.swift /Users/admin/builder/spi-builder-workspace/Sources/ART/Implementation/UI/Conditional\ Views/StaticConditionalView.swift (in target 'ART' from project 'swift-architecture-toolkit')
SwiftCompile normal arm64_32 /Users/admin/builder/spi-builder-workspace/Sources/ART/Implementation/Logic/State/Requests/RequestHandler.swift (in target 'ART' from project 'swift-architecture-toolkit')
    cd /Users/admin/builder/spi-builder-workspace/.swiftpm/xcode
    builtin-SwiftPerFileCompile RequestHandler.swift
SwiftCompile normal arm64_32 /Users/admin/builder/spi-builder-workspace/Sources/ART/Implementation/Logic/State/Store.swift (in target 'ART' from project 'swift-architecture-toolkit')
    cd /Users/admin/builder/spi-builder-workspace/.swiftpm/xcode
    builtin-SwiftPerFileCompile Store.swift
SwiftCompile normal arm64_32 /Users/admin/builder/spi-builder-workspace/Sources/ART/Implementation/UI/Conditional\ Views/ConditionalView.swift (in target 'ART' from project 'swift-architecture-toolkit')
    cd /Users/admin/builder/spi-builder-workspace/.swiftpm/xcode
    builtin-SwiftPerFileCompile ConditionalView.swift
SwiftCompile normal arm64_32 /Users/admin/builder/spi-builder-workspace/Sources/ART/Implementation/UI/Conditional\ Views/NonStaticConditionalView.swift (in target 'ART' from project 'swift-architecture-toolkit')
    cd /Users/admin/builder/spi-builder-workspace/.swiftpm/xcode
    builtin-SwiftPerFileCompile NonStaticConditionalView.swift
SwiftCompile normal arm64_32 /Users/admin/builder/spi-builder-workspace/Sources/ART/Implementation/UI/Conditional\ Views/StaticConditionalView.swift (in target 'ART' from project 'swift-architecture-toolkit')
    cd /Users/admin/builder/spi-builder-workspace/.swiftpm/xcode
    builtin-SwiftPerFileCompile StaticConditionalView.swift
SwiftCompile normal arm64_32 Compiling\ DebugEnsure.swift,\ Ensure.swift,\ FatalError.swift,\ FunctionalCopying.swift,\ FunctionalSetting.swift /Users/admin/builder/spi-builder-workspace/Sources/ART/Implementation/Utilities/DebugEnsure.swift /Users/admin/builder/spi-builder-workspace/Sources/ART/Implementation/Utilities/Ensure.swift /Users/admin/builder/spi-builder-workspace/Sources/ART/Implementation/Utilities/FatalError.swift /Users/admin/builder/spi-builder-workspace/Sources/ART/Implementation/Utilities/FunctionalCopying.swift /Users/admin/builder/spi-builder-workspace/Sources/ART/Implementation/Utilities/FunctionalSetting.swift (in target 'ART' from project 'swift-architecture-toolkit')
SwiftCompile normal arm64_32 /Users/admin/builder/spi-builder-workspace/Sources/ART/Implementation/Utilities/DebugEnsure.swift (in target 'ART' from project 'swift-architecture-toolkit')
    cd /Users/admin/builder/spi-builder-workspace/.swiftpm/xcode
    builtin-SwiftPerFileCompile DebugEnsure.swift
SwiftCompile normal arm64_32 /Users/admin/builder/spi-builder-workspace/Sources/ART/Implementation/Utilities/Ensure.swift (in target 'ART' from project 'swift-architecture-toolkit')
    cd /Users/admin/builder/spi-builder-workspace/.swiftpm/xcode
    builtin-SwiftPerFileCompile Ensure.swift
SwiftCompile normal arm64_32 /Users/admin/builder/spi-builder-workspace/Sources/ART/Implementation/Utilities/FatalError.swift (in target 'ART' from project 'swift-architecture-toolkit')
    cd /Users/admin/builder/spi-builder-workspace/.swiftpm/xcode
    builtin-SwiftPerFileCompile FatalError.swift
SwiftCompile normal arm64_32 /Users/admin/builder/spi-builder-workspace/Sources/ART/Implementation/Utilities/FunctionalCopying.swift (in target 'ART' from project 'swift-architecture-toolkit')
    cd /Users/admin/builder/spi-builder-workspace/.swiftpm/xcode
    builtin-SwiftPerFileCompile FunctionalCopying.swift
SwiftCompile normal arm64_32 /Users/admin/builder/spi-builder-workspace/Sources/ART/Implementation/Utilities/FunctionalSetting.swift (in target 'ART' from project 'swift-architecture-toolkit')
    cd /Users/admin/builder/spi-builder-workspace/.swiftpm/xcode
    builtin-SwiftPerFileCompile FunctionalSetting.swift
SwiftEmitModule normal arm64 Emitting\ module\ for\ ART (in target 'ART' from project 'swift-architecture-toolkit')
/Users/admin/builder/spi-builder-workspace/Sources/ART/Implementation/Logic/State/Logic/UILogicModule.swift:27:73: warning: capture of non-Sendable type 'Event.Type' in an isolated closure [#SendableMetatypes]
 25 |     _ coeffects: Coeffects,
 26 |     _ eventHandlingClosure: @escaping @Sendable (Event, State, Module.ExecutionOptions, Coeffects) async -> Void,
 27 |     _ shouldHandleClosure: @escaping @Sendable (Event, State) -> Bool = { _, _ in return true }
    |                                                                         `- warning: capture of non-Sendable type 'Event.Type' in an isolated closure [#SendableMetatypes]
 28 |   ) {
 29 |     self.logicModule = logicModule
/Users/admin/builder/spi-builder-workspace/Sources/ART/Implementation/Logic/State/Logic/UILogicModule.swift:77:64: warning: capture of non-Sendable type 'Event.Type' in an isolated closure [#SendableMetatypes]
 75 |   nonisolated func viewLogic<Event: Equatable>(
 76 |     handleEvent: @escaping @Sendable (Event, State, ExecutionOptions, Coeffects) async -> Void,
 77 |     shouldHandle: @escaping @Sendable (Event, State) -> Bool = { _, _ in return true }
    |                                                                `- warning: capture of non-Sendable type 'Event.Type' in an isolated closure [#SendableMetatypes]
 78 |   ) -> UIEventLogicModule<
 79 |     Event,
/Users/admin/builder/spi-builder-workspace/Sources/ART/Protocols/SideEffectPerformer.swift:39:44: warning: attribute '@Sendable' cannot be applied to a type alias; this will be an error in a future Swift language mode
 37 |   private let sideEffectClosure: SideEffectClosure
 38 |
 39 |   public init(sideEffectClosure: @escaping @Sendable SideEffectClosure) {
    |                                            |- warning: attribute '@Sendable' cannot be applied to a type alias; this will be an error in a future Swift language mode
    |                                            `- note: '@Sendable' is redundant on 'SideEffectPerformer<SideEffect, SideEffectError, Coeffects>.SideEffectClosure' (aka '@Sendable (SideEffect, Coeffects) async -> CompletionIndication<CompositeError<SideEffectExecutionError<SideEffectError>>>')
 40 |     self.sideEffectClosure = sideEffectClosure
 41 |   }
[#SendableMetatypes]: <https://docs.swift.org/compiler/documentation/diagnostics/sendable-metatypes>
SwiftCompile normal arm64 (in target 'ART' from project 'swift-architecture-toolkit')
    cd /Users/admin/builder/spi-builder-workspace/.swiftpm/xcode

SwiftDriverJobDiscovery normal arm64_32 Emitting module for ART (in target 'ART' from project 'swift-architecture-toolkit')
SwiftDriver\ Compilation\ Requirements ART normal arm64_32 com.apple.xcode.tools.swift.compiler (in target 'ART' from project 'swift-architecture-toolkit')
    cd /Users/admin/builder/spi-builder-workspace/.swiftpm/xcode
    builtin-Swift-Compilation-Requirements -- /Applications/Xcode-27.0.0-Release.Candidate.app/Contents/Developer/Toolchains/XcodeDefault.xctoolchain/usr/bin/swiftc -parse-as-library -module-name ART -Onone @/Users/admin/builder/spi-builder-workspace/.derivedData/Build/Intermediates.noindex/swift-architecture-toolkit.build/Debug-watchos/ART-t.build/Objects-normal/arm64_32/ART.SwiftFileList -DSWIFT_PACKAGE -DDEBUG -DSWIFT_MODULE_RESOURCE_BUNDLE_UNAVAILABLE -DXcode -plugin-path /Applications/Xcode-27.0.0-Release.Candidate.app/Contents/Developer/Toolchains/XcodeDefault.xctoolchain/usr/lib/swift/host/plugins/testing -enable-experimental-feature DebugDescriptionMacro -sdk /Applications/Xcode-27.0.0-Release.Candidate.app/Contents/Developer/Platforms/WatchOS.platform/Developer/SDKs/WatchOS27.0.sdk -target arm64_32-apple-watchos9.0 -g -module-cache-path /Users/admin/builder/spi-builder-workspace/.derivedData/ModuleCache.noindex -Xfrontend -serialize-debugging-options -profile-coverage-mapping -profile-generate -enable-testing -index-store-path /Users/admin/builder/spi-builder-workspace/.derivedData/Index.noindex/DataStore -Xcc -D_LIBCPP_HARDENING_MODE\=_LIBCPP_HARDENING_MODE_DEBUG -swift-version 6 -I /Users/admin/builder/spi-builder-workspace/.derivedData/Build/Products/Debug-watchos -Isystem /Applications/Xcode-27.0.0-Release.Candidate.app/Contents/Developer/Platforms/WatchOS.platform/Developer/usr/lib -F /Users/admin/builder/spi-builder-workspace/.derivedData/Build/Products/Debug-watchos -F /Applications/Xcode-27.0.0-Release.Candidate.app/Contents/Developer/Platforms/WatchOS.platform/Developer/Library/Frameworks -F /Applications/Xcode-27.0.0-Release.Candidate.app/Contents/Developer/Platforms/WatchOS.platform/Developer/SDKs/WatchOS27.0.sdk/Developer/Library/Frameworks -c -j10 -enable-batch-mode -incremental -Xcc -ivfsstatcache -Xcc /Users/admin/builder/spi-builder-workspace/.derivedData/SDKStatCaches.noindex/watchos27.0-24R360-e829b21a6f8c9b70876ba0858053c04477534ef55a1706bf4c1112bbb242f0a2.sdkstatcache -output-file-map /Users/admin/builder/spi-builder-workspace/.derivedData/Build/Intermediates.noindex/swift-architecture-toolkit.build/Debug-watchos/ART-t.build/Objects-normal/arm64_32/ART-OutputFileMap.json -save-temps -no-color-diagnostics -explicit-module-build -module-cache-path /Users/admin/builder/spi-builder-workspace/.derivedData/Build/Intermediates.noindex/SwiftExplicitPrecompiledModules -clang-scanner-module-cache-path /Users/admin/builder/spi-builder-workspace/.derivedData/ModuleCache.noindex -sdk-module-cache-path /Users/admin/builder/spi-builder-workspace/.derivedData/SDKExplicitPrecompiledModules -emit-dependencies -emit-module -emit-module-path /Users/admin/builder/spi-builder-workspace/.derivedData/Build/Intermediates.noindex/swift-architecture-toolkit.build/Debug-watchos/ART-t.build/Objects-normal/arm64_32/ART.swiftmodule -serialize-diagnostics -dependency-scan-serialize-diagnostics-path /Users/admin/builder/spi-builder-workspace/.derivedData/Build/Intermediates.noindex/swift-architecture-toolkit.build/Debug-watchos/ART-t.build/Objects-normal/arm64_32/ART-dependency-scan.dia -validate-clang-modules-once -clang-build-session-file /Users/admin/builder/spi-builder-workspace/.derivedData/ModuleCache.noindex/Session.modulevalidation -Xcc -fmodules-prune-interval\=86400 -Xcc -fmodules-prune-after\=345600 -package-name spi_builder_workspace -emit-const-values -const-gather-protocols-list /Users/admin/builder/spi-builder-workspace/.derivedData/Build/Intermediates.noindex/swift-architecture-toolkit.build/Debug-watchos/ART-t.build/Objects-normal/arm64_32/ART_const_extract_protocols.json -Xcc -I/Users/admin/builder/spi-builder-workspace/.derivedData/Build/Products/Debug-watchos/include -Xcc -I/Users/admin/builder/spi-builder-workspace/.derivedData/Build/Intermediates.noindex/swift-architecture-toolkit.build/Debug-watchos/ART-t.build/DerivedSources-normal/arm64_32 -Xcc -I/Users/admin/builder/spi-builder-workspace/.derivedData/Build/Intermediates.noindex/swift-architecture-toolkit.build/Debug-watchos/ART-t.build/DerivedSources/arm64_32 -Xcc -I/Users/admin/builder/spi-builder-workspace/.derivedData/Build/Intermediates.noindex/swift-architecture-toolkit.build/Debug-watchos/ART-t.build/DerivedSources -Xcc -DSWIFT_PACKAGE -Xcc -DDEBUG\=1 -emit-objc-header -emit-objc-header-path /Users/admin/builder/spi-builder-workspace/.derivedData/Build/Intermediates.noindex/swift-architecture-toolkit.build/Debug-watchos/ART-t.build/Objects-normal/arm64_32/ART-Swift.h -working-directory /Users/admin/builder/spi-builder-workspace/.swiftpm/xcode -experimental-emit-module-separately -disable-cmo
SwiftDriverJobDiscovery normal arm64_32 Compiling DebugEnsure.swift, Ensure.swift, FatalError.swift, FunctionalCopying.swift, FunctionalSetting.swift (in target 'ART' from project 'swift-architecture-toolkit')
SwiftCompile normal arm64 Compiling\ SendableUserDefaults.swift,\ CompositeSideEffect.swift,\ Executable.swift,\ ExecutableExecutor.swift,\ LogicModule.swift,\ UILogicModule.swift /Users/admin/builder/spi-builder-workspace/Sources/ART/Implementation/Logic/SendableUserDefaults.swift /Users/admin/builder/spi-builder-workspace/Sources/ART/Implementation/Logic/Side\ Effects/CompositeSideEffect.swift /Users/admin/builder/spi-builder-workspace/Sources/ART/Implementation/Logic/State/Logic/Executable.swift /Users/admin/builder/spi-builder-workspace/Sources/ART/Implementation/Logic/State/Logic/ExecutableExecutor.swift /Users/admin/builder/spi-builder-workspace/Sources/ART/Implementation/Logic/State/Logic/LogicModule.swift /Users/admin/builder/spi-builder-workspace/Sources/ART/Implementation/Logic/State/Logic/UILogicModule.swift (in target 'ART' from project 'swift-architecture-toolkit')
/Users/admin/builder/spi-builder-workspace/Sources/ART/Implementation/Logic/State/Logic/UILogicModule.swift:27:73: warning: capture of non-Sendable type 'Event.Type' in an isolated closure [#SendableMetatypes]
 25 |     _ coeffects: Coeffects,
 26 |     _ eventHandlingClosure: @escaping @Sendable (Event, State, Module.ExecutionOptions, Coeffects) async -> Void,
 27 |     _ shouldHandleClosure: @escaping @Sendable (Event, State) -> Bool = { _, _ in return true }
    |                                                                         `- warning: capture of non-Sendable type 'Event.Type' in an isolated closure [#SendableMetatypes]
 28 |   ) {
 29 |     self.logicModule = logicModule
SwiftCompile normal arm64 /Users/admin/builder/spi-builder-workspace/Sources/ART/Implementation/Logic/SendableUserDefaults.swift (in target 'ART' from project 'swift-architecture-toolkit')
    cd /Users/admin/builder/spi-builder-workspace/.swiftpm/xcode
    builtin-SwiftPerFileCompile SendableUserDefaults.swift
SwiftCompile normal arm64 /Users/admin/builder/spi-builder-workspace/Sources/ART/Implementation/Logic/Side\ Effects/CompositeSideEffect.swift (in target 'ART' from project 'swift-architecture-toolkit')
    cd /Users/admin/builder/spi-builder-workspace/.swiftpm/xcode
    builtin-SwiftPerFileCompile CompositeSideEffect.swift
SwiftCompile normal arm64 /Users/admin/builder/spi-builder-workspace/Sources/ART/Implementation/Logic/State/Logic/Executable.swift (in target 'ART' from project 'swift-architecture-toolkit')
    cd /Users/admin/builder/spi-builder-workspace/.swiftpm/xcode
    builtin-SwiftPerFileCompile Executable.swift
SwiftCompile normal arm64 /Users/admin/builder/spi-builder-workspace/Sources/ART/Implementation/Logic/State/Logic/ExecutableExecutor.swift (in target 'ART' from project 'swift-architecture-toolkit')
    cd /Users/admin/builder/spi-builder-workspace/.swiftpm/xcode
    builtin-SwiftPerFileCompile ExecutableExecutor.swift
SwiftCompile normal arm64 /Users/admin/builder/spi-builder-workspace/Sources/ART/Implementation/Logic/State/Logic/LogicModule.swift (in target 'ART' from project 'swift-architecture-toolkit')
    cd /Users/admin/builder/spi-builder-workspace/.swiftpm/xcode
    builtin-SwiftPerFileCompile LogicModule.swift
SwiftCompile normal arm64 /Users/admin/builder/spi-builder-workspace/Sources/ART/Implementation/Logic/State/Logic/UILogicModule.swift (in target 'ART' from project 'swift-architecture-toolkit')
    cd /Users/admin/builder/spi-builder-workspace/.swiftpm/xcode
    builtin-SwiftPerFileCompile UILogicModule.swift
Copy /Users/admin/builder/spi-builder-workspace/.derivedData/Build/Products/Debug-watchos/ART.swiftmodule/arm64_32-apple-watchos.swiftmodule /Users/admin/builder/spi-builder-workspace/.derivedData/Build/Intermediates.noindex/swift-architecture-toolkit.build/Debug-watchos/ART-t.build/Objects-normal/arm64_32/ART.swiftmodule (in target 'ART' from project 'swift-architecture-toolkit')
    cd /Users/admin/builder/spi-builder-workspace
    builtin-copy -exclude .DS_Store -exclude CVS -exclude .svn -exclude .git -exclude .hg -resolve-src-symlinks -rename /Users/admin/builder/spi-builder-workspace/.derivedData/Build/Intermediates.noindex/swift-architecture-toolkit.build/Debug-watchos/ART-t.build/Objects-normal/arm64_32/ART.swiftmodule /Users/admin/builder/spi-builder-workspace/.derivedData/Build/Products/Debug-watchos/ART.swiftmodule/arm64_32-apple-watchos.swiftmodule
SwiftDriverJobDiscovery normal arm64 Emitting module for ART (in target 'ART' from project 'swift-architecture-toolkit')
SwiftDriver\ Compilation\ Requirements ART normal arm64 com.apple.xcode.tools.swift.compiler (in target 'ART' from project 'swift-architecture-toolkit')
    cd /Users/admin/builder/spi-builder-workspace/.swiftpm/xcode
    builtin-Swift-Compilation-Requirements -- /Applications/Xcode-27.0.0-Release.Candidate.app/Contents/Developer/Toolchains/XcodeDefault.xctoolchain/usr/bin/swiftc -parse-as-library -module-name ART -Onone @/Users/admin/builder/spi-builder-workspace/.derivedData/Build/Intermediates.noindex/swift-architecture-toolkit.build/Debug-watchos/ART-t.build/Objects-normal/arm64/ART.SwiftFileList -DSWIFT_PACKAGE -DDEBUG -DSWIFT_MODULE_RESOURCE_BUNDLE_UNAVAILABLE -DXcode -plugin-path /Applications/Xcode-27.0.0-Release.Candidate.app/Contents/Developer/Toolchains/XcodeDefault.xctoolchain/usr/lib/swift/host/plugins/testing -enable-experimental-feature DebugDescriptionMacro -sdk /Applications/Xcode-27.0.0-Release.Candidate.app/Contents/Developer/Platforms/WatchOS.platform/Developer/SDKs/WatchOS27.0.sdk -target arm64-apple-watchos9.0 -g -module-cache-path /Users/admin/builder/spi-builder-workspace/.derivedData/ModuleCache.noindex -Xfrontend -serialize-debugging-options -profile-coverage-mapping -profile-generate -enable-testing -index-store-path /Users/admin/builder/spi-builder-workspace/.derivedData/Index.noindex/DataStore -Xcc -D_LIBCPP_HARDENING_MODE\=_LIBCPP_HARDENING_MODE_DEBUG -swift-version 6 -I /Users/admin/builder/spi-builder-workspace/.derivedData/Build/Products/Debug-watchos -Isystem /Applications/Xcode-27.0.0-Release.Candidate.app/Contents/Developer/Platforms/WatchOS.platform/Developer/usr/lib -F /Users/admin/builder/spi-builder-workspace/.derivedData/Build/Products/Debug-watchos -F /Applications/Xcode-27.0.0-Release.Candidate.app/Contents/Developer/Platforms/WatchOS.platform/Developer/Library/Frameworks -F /Applications/Xcode-27.0.0-Release.Candidate.app/Contents/Developer/Platforms/WatchOS.platform/Developer/SDKs/WatchOS27.0.sdk/Developer/Library/Frameworks -c -j10 -enable-batch-mode -incremental -Xcc -ivfsstatcache -Xcc /Users/admin/builder/spi-builder-workspace/.derivedData/SDKStatCaches.noindex/watchos27.0-24R360-e829b21a6f8c9b70876ba0858053c04477534ef55a1706bf4c1112bbb242f0a2.sdkstatcache -output-file-map /Users/admin/builder/spi-builder-workspace/.derivedData/Build/Intermediates.noindex/swift-architecture-toolkit.build/Debug-watchos/ART-t.build/Objects-normal/arm64/ART-OutputFileMap.json -save-temps -no-color-diagnostics -explicit-module-build -module-cache-path /Users/admin/builder/spi-builder-workspace/.derivedData/Build/Intermediates.noindex/SwiftExplicitPrecompiledModules -clang-scanner-module-cache-path /Users/admin/builder/spi-builder-workspace/.derivedData/ModuleCache.noindex -sdk-module-cache-path /Users/admin/builder/spi-builder-workspace/.derivedData/SDKExplicitPrecompiledModules -emit-dependencies -emit-module -emit-module-path /Users/admin/builder/spi-builder-workspace/.derivedData/Build/Intermediates.noindex/swift-architecture-toolkit.build/Debug-watchos/ART-t.build/Objects-normal/arm64/ART.swiftmodule -serialize-diagnostics -dependency-scan-serialize-diagnostics-path /Users/admin/builder/spi-builder-workspace/.derivedData/Build/Intermediates.noindex/swift-architecture-toolkit.build/Debug-watchos/ART-t.build/Objects-normal/arm64/ART-dependency-scan.dia -validate-clang-modules-once -clang-build-session-file /Users/admin/builder/spi-builder-workspace/.derivedData/ModuleCache.noindex/Session.modulevalidation -Xcc -fmodules-prune-interval\=86400 -Xcc -fmodules-prune-after\=345600 -package-name spi_builder_workspace -emit-const-values -const-gather-protocols-list /Users/admin/builder/spi-builder-workspace/.derivedData/Build/Intermediates.noindex/swift-architecture-toolkit.build/Debug-watchos/ART-t.build/Objects-normal/arm64/ART_const_extract_protocols.json -Xcc -I/Users/admin/builder/spi-builder-workspace/.derivedData/Build/Products/Debug-watchos/include -Xcc -I/Users/admin/builder/spi-builder-workspace/.derivedData/Build/Intermediates.noindex/swift-architecture-toolkit.build/Debug-watchos/ART-t.build/DerivedSources-normal/arm64 -Xcc -I/Users/admin/builder/spi-builder-workspace/.derivedData/Build/Intermediates.noindex/swift-architecture-toolkit.build/Debug-watchos/ART-t.build/DerivedSources/arm64 -Xcc -I/Users/admin/builder/spi-builder-workspace/.derivedData/Build/Intermediates.noindex/swift-architecture-toolkit.build/Debug-watchos/ART-t.build/DerivedSources -Xcc -DSWIFT_PACKAGE -Xcc -DDEBUG\=1 -emit-objc-header -emit-objc-header-path /Users/admin/builder/spi-builder-workspace/.derivedData/Build/Intermediates.noindex/swift-architecture-toolkit.build/Debug-watchos/ART-t.build/Objects-normal/arm64/ART-Swift.h -working-directory /Users/admin/builder/spi-builder-workspace/.swiftpm/xcode -experimental-emit-module-separately -disable-cmo
Copy /Users/admin/builder/spi-builder-workspace/.derivedData/Build/Products/Debug-watchos/ART.swiftmodule/arm64_32-apple-watchos.swiftdoc /Users/admin/builder/spi-builder-workspace/.derivedData/Build/Intermediates.noindex/swift-architecture-toolkit.build/Debug-watchos/ART-t.build/Objects-normal/arm64_32/ART.swiftdoc (in target 'ART' from project 'swift-architecture-toolkit')
    cd /Users/admin/builder/spi-builder-workspace
    builtin-copy -exclude .DS_Store -exclude CVS -exclude .svn -exclude .git -exclude .hg -resolve-src-symlinks -rename /Users/admin/builder/spi-builder-workspace/.derivedData/Build/Intermediates.noindex/swift-architecture-toolkit.build/Debug-watchos/ART-t.build/Objects-normal/arm64_32/ART.swiftdoc /Users/admin/builder/spi-builder-workspace/.derivedData/Build/Products/Debug-watchos/ART.swiftmodule/arm64_32-apple-watchos.swiftdoc
SwiftMergeGeneratedHeaders /Users/admin/builder/spi-builder-workspace/.derivedData/Build/Intermediates.noindex/GeneratedModuleMaps-watchos/ART-Swift.h /Users/admin/builder/spi-builder-workspace/.derivedData/Build/Intermediates.noindex/swift-architecture-toolkit.build/Debug-watchos/ART-t.build/Objects-normal/arm64/ART-Swift.h /Users/admin/builder/spi-builder-workspace/.derivedData/Build/Intermediates.noindex/swift-architecture-toolkit.build/Debug-watchos/ART-t.build/Objects-normal/arm64_32/ART-Swift.h (in target 'ART' from project 'swift-architecture-toolkit')
    cd /Users/admin/builder/spi-builder-workspace
    builtin-swiftHeaderTool -arch arm64 /Users/admin/builder/spi-builder-workspace/.derivedData/Build/Intermediates.noindex/swift-architecture-toolkit.build/Debug-watchos/ART-t.build/Objects-normal/arm64/ART-Swift.h -arch arm64_32 /Users/admin/builder/spi-builder-workspace/.derivedData/Build/Intermediates.noindex/swift-architecture-toolkit.build/Debug-watchos/ART-t.build/Objects-normal/arm64_32/ART-Swift.h -o /Users/admin/builder/spi-builder-workspace/.derivedData/Build/Intermediates.noindex/GeneratedModuleMaps-watchos/ART-Swift.h
Copy /Users/admin/builder/spi-builder-workspace/.derivedData/Build/Products/Debug-watchos/ART.swiftmodule/arm64_32-apple-watchos.abi.json /Users/admin/builder/spi-builder-workspace/.derivedData/Build/Intermediates.noindex/swift-architecture-toolkit.build/Debug-watchos/ART-t.build/Objects-normal/arm64_32/ART.abi.json (in target 'ART' from project 'swift-architecture-toolkit')
    cd /Users/admin/builder/spi-builder-workspace
    builtin-copy -exclude .DS_Store -exclude CVS -exclude .svn -exclude .git -exclude .hg -resolve-src-symlinks -rename /Users/admin/builder/spi-builder-workspace/.derivedData/Build/Intermediates.noindex/swift-architecture-toolkit.build/Debug-watchos/ART-t.build/Objects-normal/arm64_32/ART.abi.json /Users/admin/builder/spi-builder-workspace/.derivedData/Build/Products/Debug-watchos/ART.swiftmodule/arm64_32-apple-watchos.abi.json
Copy /Users/admin/builder/spi-builder-workspace/.derivedData/Build/Products/Debug-watchos/ART.swiftmodule/arm64-apple-watchos.swiftmodule /Users/admin/builder/spi-builder-workspace/.derivedData/Build/Intermediates.noindex/swift-architecture-toolkit.build/Debug-watchos/ART-t.build/Objects-normal/arm64/ART.swiftmodule (in target 'ART' from project 'swift-architecture-toolkit')
    cd /Users/admin/builder/spi-builder-workspace
    builtin-copy -exclude .DS_Store -exclude CVS -exclude .svn -exclude .git -exclude .hg -resolve-src-symlinks -rename /Users/admin/builder/spi-builder-workspace/.derivedData/Build/Intermediates.noindex/swift-architecture-toolkit.build/Debug-watchos/ART-t.build/Objects-normal/arm64/ART.swiftmodule /Users/admin/builder/spi-builder-workspace/.derivedData/Build/Products/Debug-watchos/ART.swiftmodule/arm64-apple-watchos.swiftmodule
Copy /Users/admin/builder/spi-builder-workspace/.derivedData/Build/Products/Debug-watchos/ART.swiftmodule/arm64-apple-watchos.swiftdoc /Users/admin/builder/spi-builder-workspace/.derivedData/Build/Intermediates.noindex/swift-architecture-toolkit.build/Debug-watchos/ART-t.build/Objects-normal/arm64/ART.swiftdoc (in target 'ART' from project 'swift-architecture-toolkit')
    cd /Users/admin/builder/spi-builder-workspace
    builtin-copy -exclude .DS_Store -exclude CVS -exclude .svn -exclude .git -exclude .hg -resolve-src-symlinks -rename /Users/admin/builder/spi-builder-workspace/.derivedData/Build/Intermediates.noindex/swift-architecture-toolkit.build/Debug-watchos/ART-t.build/Objects-normal/arm64/ART.swiftdoc /Users/admin/builder/spi-builder-workspace/.derivedData/Build/Products/Debug-watchos/ART.swiftmodule/arm64-apple-watchos.swiftdoc
Copy /Users/admin/builder/spi-builder-workspace/.derivedData/Build/Products/Debug-watchos/ART.swiftmodule/arm64-apple-watchos.abi.json /Users/admin/builder/spi-builder-workspace/.derivedData/Build/Intermediates.noindex/swift-architecture-toolkit.build/Debug-watchos/ART-t.build/Objects-normal/arm64/ART.abi.json (in target 'ART' from project 'swift-architecture-toolkit')
    cd /Users/admin/builder/spi-builder-workspace
    builtin-copy -exclude .DS_Store -exclude CVS -exclude .svn -exclude .git -exclude .hg -resolve-src-symlinks -rename /Users/admin/builder/spi-builder-workspace/.derivedData/Build/Intermediates.noindex/swift-architecture-toolkit.build/Debug-watchos/ART-t.build/Objects-normal/arm64/ART.abi.json /Users/admin/builder/spi-builder-workspace/.derivedData/Build/Products/Debug-watchos/ART.swiftmodule/arm64-apple-watchos.abi.json
Copy /Users/admin/builder/spi-builder-workspace/.derivedData/Build/Products/Debug-watchos/ART.swiftmodule/Project/arm64_32-apple-watchos.swiftsourceinfo /Users/admin/builder/spi-builder-workspace/.derivedData/Build/Intermediates.noindex/swift-architecture-toolkit.build/Debug-watchos/ART-t.build/Objects-normal/arm64_32/ART.swiftsourceinfo (in target 'ART' from project 'swift-architecture-toolkit')
    cd /Users/admin/builder/spi-builder-workspace
    builtin-copy -exclude .DS_Store -exclude CVS -exclude .svn -exclude .git -exclude .hg -resolve-src-symlinks -rename /Users/admin/builder/spi-builder-workspace/.derivedData/Build/Intermediates.noindex/swift-architecture-toolkit.build/Debug-watchos/ART-t.build/Objects-normal/arm64_32/ART.swiftsourceinfo /Users/admin/builder/spi-builder-workspace/.derivedData/Build/Products/Debug-watchos/ART.swiftmodule/Project/arm64_32-apple-watchos.swiftsourceinfo
Copy /Users/admin/builder/spi-builder-workspace/.derivedData/Build/Products/Debug-watchos/ART.swiftmodule/Project/arm64-apple-watchos.swiftsourceinfo /Users/admin/builder/spi-builder-workspace/.derivedData/Build/Intermediates.noindex/swift-architecture-toolkit.build/Debug-watchos/ART-t.build/Objects-normal/arm64/ART.swiftsourceinfo (in target 'ART' from project 'swift-architecture-toolkit')
    cd /Users/admin/builder/spi-builder-workspace
    builtin-copy -exclude .DS_Store -exclude CVS -exclude .svn -exclude .git -exclude .hg -resolve-src-symlinks -rename /Users/admin/builder/spi-builder-workspace/.derivedData/Build/Intermediates.noindex/swift-architecture-toolkit.build/Debug-watchos/ART-t.build/Objects-normal/arm64/ART.swiftsourceinfo /Users/admin/builder/spi-builder-workspace/.derivedData/Build/Products/Debug-watchos/ART.swiftmodule/Project/arm64-apple-watchos.swiftsourceinfo
SwiftCompile normal arm64 Compiling\ SuccessIndication.swift,\ ValueWithDefault.swift,\ WeakContainer.swift,\ NSRecursiveLock+ART.swift,\ UUID+ART.swift,\ DefaultCoeffects.swift /Users/admin/builder/spi-builder-workspace/Sources/ART/Implementation/Data\ Structures/SuccessIndication.swift /Users/admin/builder/spi-builder-workspace/Sources/ART/Implementation/Data\ Structures/ValueWithDefault.swift /Users/admin/builder/spi-builder-workspace/Sources/ART/Implementation/Data\ Structures/WeakContainer.swift /Users/admin/builder/spi-builder-workspace/Sources/ART/Implementation/Extensions/NSRecursiveLock+ART.swift /Users/admin/builder/spi-builder-workspace/Sources/ART/Implementation/Extensions/UUID+ART.swift /Users/admin/builder/spi-builder-workspace/Sources/ART/Implementation/Logic/Coeffects/DefaultCoeffects.swift (in target 'ART' from project 'swift-architecture-toolkit')
SwiftCompile normal arm64 /Users/admin/builder/spi-builder-workspace/Sources/ART/Implementation/Data\ Structures/SuccessIndication.swift (in target 'ART' from project 'swift-architecture-toolkit')
    cd /Users/admin/builder/spi-builder-workspace/.swiftpm/xcode
    builtin-SwiftPerFileCompile SuccessIndication.swift
SwiftCompile normal arm64 /Users/admin/builder/spi-builder-workspace/Sources/ART/Implementation/Data\ Structures/ValueWithDefault.swift (in target 'ART' from project 'swift-architecture-toolkit')
    cd /Users/admin/builder/spi-builder-workspace/.swiftpm/xcode
    builtin-SwiftPerFileCompile ValueWithDefault.swift
SwiftCompile normal arm64 /Users/admin/builder/spi-builder-workspace/Sources/ART/Implementation/Data\ Structures/WeakContainer.swift (in target 'ART' from project 'swift-architecture-toolkit')
    cd /Users/admin/builder/spi-builder-workspace/.swiftpm/xcode
    builtin-SwiftPerFileCompile WeakContainer.swift
SwiftCompile normal arm64 /Users/admin/builder/spi-builder-workspace/Sources/ART/Implementation/Extensions/NSRecursiveLock+ART.swift (in target 'ART' from project 'swift-architecture-toolkit')
    cd /Users/admin/builder/spi-builder-workspace/.swiftpm/xcode
    builtin-SwiftPerFileCompile NSRecursiveLock+ART.swift
SwiftCompile normal arm64 /Users/admin/builder/spi-builder-workspace/Sources/ART/Implementation/Extensions/UUID+ART.swift (in target 'ART' from project 'swift-architecture-toolkit')
    cd /Users/admin/builder/spi-builder-workspace/.swiftpm/xcode
    builtin-SwiftPerFileCompile UUID+ART.swift
SwiftCompile normal arm64 /Users/admin/builder/spi-builder-workspace/Sources/ART/Implementation/Logic/Coeffects/DefaultCoeffects.swift (in target 'ART' from project 'swift-architecture-toolkit')
    cd /Users/admin/builder/spi-builder-workspace/.swiftpm/xcode
    builtin-SwiftPerFileCompile DefaultCoeffects.swift
SwiftCompile normal arm64 Compiling\ ReducerProtocol.swift,\ RequestProtocol.swift,\ SideEffectPerformer.swift,\ SideEffectProtocol.swift,\ StateProtocol.swift /Users/admin/builder/spi-builder-workspace/Sources/ART/Protocols/ReducerProtocol.swift /Users/admin/builder/spi-builder-workspace/Sources/ART/Protocols/RequestProtocol.swift /Users/admin/builder/spi-builder-workspace/Sources/ART/Protocols/SideEffectPerformer.swift /Users/admin/builder/spi-builder-workspace/Sources/ART/Protocols/SideEffectProtocol.swift /Users/admin/builder/spi-builder-workspace/Sources/ART/Protocols/StateProtocol.swift (in target 'ART' from project 'swift-architecture-toolkit')
Assertion failed: (FormalConcreteType->isBridgeableObjectType()), function createInitExistentialRef at SILBuilder.h:2244.
(to display assertion configuration options: -Xllvm -assert-help)
Please submit a bug report (https://swift.org/contributing/#reporting-bugs) and include the crash backtrace.
Stack dump:
0.	Program arguments: /Applications/Xcode-27.0.0-Release.Candidate.app/Contents/Developer/Toolchains/XcodeDefault.xctoolchain/usr/bin/swift-frontend -frontend -c "/Users/admin/builder/spi-builder-workspace/Sources/ART/Implementation/Data Structures/Change/Change.swift" "/Users/admin/builder/spi-builder-workspace/Sources/ART/Implementation/Data Structures/Change/PotentialChange.swift" "/Users/admin/builder/spi-builder-workspace/Sources/ART/Implementation/Data Structures/CompletionIndication.swift" "/Users/admin/builder/spi-builder-workspace/Sources/ART/Implementation/Data Structures/Error/CompositeError.swift" "/Users/admin/builder/spi-builder-workspace/Sources/ART/Implementation/Data Structures/Error/SideEffectExecutionError.swift" "/Users/admin/builder/spi-builder-workspace/Sources/ART/Implementation/Data Structures/NonEmptyList.swift" "/Users/admin/builder/spi-builder-workspace/Sources/ART/Implementation/Data Structures/SuccessIndication.swift" "/Users/admin/builder/spi-builder-workspace/Sources/ART/Implementation/Data Structures/ValueWithDefault.swift" "/Users/admin/builder/spi-builder-workspace/Sources/ART/Implementation/Data Structures/WeakContainer.swift" /Users/admin/builder/spi-builder-workspace/Sources/ART/Implementation/Extensions/NSRecursiveLock+ART.swift /Users/admin/builder/spi-builder-workspace/Sources/ART/Implementation/Extensions/UUID+ART.swift /Users/admin/builder/spi-builder-workspace/Sources/ART/Implementation/Logic/Coeffects/DefaultCoeffects.swift /Users/admin/builder/spi-builder-workspace/Sources/ART/Implementation/Logic/SendableUserDefaults.swift "/Users/admin/builder/spi-builder-workspace/Sources/ART/Implementation/Logic/Side Effects/CompositeSideEffect.swift" /Users/admin/builder/spi-builder-workspace/Sources/ART/Implementation/Logic/State/Logic/Executable.swift /Users/admin/builder/spi-builder-workspace/Sources/ART/Implementation/Logic/State/Logic/ExecutableExecutor.swift /Users/admin/builder/spi-builder-workspace/Sources/ART/Implementation/Logic/State/Logic/LogicModule.swift /Users/admin/builder/spi-builder-workspace/Sources/ART/Implementation/Logic/State/Logic/UILogicModule.swift /Users/admin/builder/spi-builder-workspace/Sources/ART/Implementation/Logic/State/Model.swift /Users/admin/builder/spi-builder-workspace/Sources/ART/Implementation/Logic/State/Observers/PropertyPathObserver.swift /Users/admin/builder/spi-builder-workspace/Sources/ART/Implementation/Logic/State/Observers/ValueObserver.swift /Users/admin/builder/spi-builder-workspace/Sources/ART/Implementation/Logic/State/PropertyPath.swift /Users/admin/builder/spi-builder-workspace/Sources/ART/Implementation/Logic/State/PropertyUpdate.swift /Users/admin/builder/spi-builder-workspace/Sources/ART/Implementation/Logic/State/Reducer.swift /Users/admin/builder/spi-builder-workspace/Sources/ART/Implementation/Logic/State/Requests/RequestHandler.swift /Users/admin/builder/spi-builder-workspace/Sources/ART/Implementation/Logic/State/Store.swift "/Users/admin/builder/spi-builder-workspace/Sources/ART/Implementation/UI/Conditional Views/ConditionalView.swift" "/Users/admin/builder/spi-builder-workspace/Sources/ART/Implementation/UI/Conditional Views/NonStaticConditionalView.swift" "/Users/admin/builder/spi-builder-workspace/Sources/ART/Implementation/UI/Conditional Views/StaticConditionalView.swift" /Users/admin/builder/spi-builder-workspace/Sources/ART/Implementation/UI/ModelView+ContextCreation.swift /Users/admin/builder/spi-builder-workspace/Sources/ART/Implementation/UI/ModelView.swift /Users/admin/builder/spi-builder-workspace/Sources/ART/Implementation/UI/ModelViewWithContent.swift /Users/admin/builder/spi-builder-workspace/Sources/ART/Implementation/UI/ModelViewWithIdentifiedContent.swift /Users/admin/builder/spi-builder-workspace/Sources/ART/Implementation/UI/StaticModelView.swift /Users/admin/builder/spi-builder-workspace/Sources/ART/Implementation/UI/StaticViewContext.swift /Users/admin/builder/spi-builder-workspace/Sources/ART/Implementation/UI/ViewContext+Creation.swift /Users/admin/builder/spi-builder-workspace/Sources/ART/Implementation/UI/ViewContext.swift /Users/admin/builder/spi-builder-workspace/Sources/ART/Implementation/UI/ViewModel.swift /Users/admin/builder/spi-builder-workspace/Sources/ART/Implementation/UI/ViewWithObservedContext.swift /Users/admin/builder/spi-builder-workspace/Sources/ART/Implementation/Utilities/DebugEnsure.swift /Users/admin/builder/spi-builder-workspace/Sources/ART/Implementation/Utilities/Ensure.swift /Users/admin/builder/spi-builder-workspace/Sources/ART/Implementation/Utilities/FatalError.swift /Users/admin/builder/spi-builder-workspace/Sources/ART/Implementation/Utilities/FunctionalCopying.swift /Users/admin/builder/spi-builder-workspace/Sources/ART/Implementation/Utilities/FunctionalSetting.swift /Users/admin/builder/spi-builder-workspace/Sources/ART/Implementation/Utilities/RequiredLet.swift /Users/admin/builder/spi-builder-workspace/Sources/ART/Protocols/CoeffectsProtocol.swift /Users/admin/builder/spi-builder-workspace/Sources/ART/Protocols/ErrorProtocol.swift /Users/admin/builder/spi-builder-workspace/Sources/ART/Protocols/HumanReadable.swift /Users/admin/builder/spi-builder-workspace/Sources/ART/Protocols/ModelProtocol.swift -primary-file /Users/admin/builder/spi-builder-workspace/Sources/ART/Protocols/ReducerProtocol.swift -primary-file /Users/admin/builder/spi-builder-workspace/Sources/ART/Protocols/RequestProtocol.swift -primary-file /Users/admin/builder/spi-builder-workspace/Sources/ART/Protocols/SideEffectPerformer.swift -primary-file /Users/admin/builder/spi-builder-workspace/Sources/ART/Protocols/SideEffectProtocol.swift -primary-file /Users/admin/builder/spi-builder-workspace/Sources/ART/Protocols/StateProtocol.swift -supplementary-output-file-map /Users/admin/builder/spi-builder-workspace/.derivedData/Build/Intermediates.noindex/swift-architecture-toolkit.build/Debug-watchos/ART-t.build/Objects-normal/arm64/supplementaryOutputs-20 -target arm64-apple-watchos9.0 -disable-cross-import-overlay-search -load-resolved-plugin /Applications/Xcode-27.0.0-Release.Candidate.app/Contents/Developer/Platforms/WatchOS.platform/Developer/usr/lib/swift/host/plugins/libFoundationMacros.dylib#/Applications/Xcode-27.0.0-Release.Candidate.app/Contents/Developer/Platforms/WatchOS.platform/Developer/usr/bin/swift-plugin-server#FoundationMacros -load-resolved-plugin /Applications/Xcode-27.0.0-Release.Candidate.app/Contents/Developer/Platforms/WatchOS.platform/Developer/usr/lib/swift/host/plugins/libObservationMacros.dylib#/Applications/Xcode-27.0.0-Release.Candidate.app/Contents/Developer/Platforms/WatchOS.platform/Developer/usr/bin/swift-plugin-server#ObservationMacros -load-resolved-plugin /Applications/Xcode-27.0.0-Release.Candidate.app/Contents/Developer/Platforms/WatchOS.platform/Developer/usr/lib/swift/host/plugins/libPreviewsMacros.dylib#/Applications/Xcode-27.0.0-Release.Candidate.app/Contents/Developer/Platforms/WatchOS.platform/Developer/usr/bin/swift-plugin-server#PreviewsMacros -load-resolved-plugin /Applications/Xcode-27.0.0-Release.Candidate.app/Contents/Developer/Platforms/WatchOS.platform/Developer/usr/lib/swift/host/plugins/libSwiftMacros.dylib#/Applications/Xcode-27.0.0-Release.Candidate.app/Contents/Developer/Platforms/WatchOS.platform/Developer/usr/bin/swift-plugin-server#SwiftMacros -load-resolved-plugin /Applications/Xcode-27.0.0-Release.Candidate.app/Contents/Developer/Platforms/WatchOS.platform/Developer/usr/lib/swift/host/plugins/libSwiftUIMacros.dylib#/Applications/Xcode-27.0.0-Release.Candidate.app/Contents/Developer/Platforms/WatchOS.platform/Developer/usr/bin/swift-plugin-server#SwiftUIMacros -disable-implicit-swift-modules -Xcc -fno-implicit-modules -Xcc -fno-implicit-module-maps -explicit-swift-module-map-file /Users/admin/builder/spi-builder-workspace/.derivedData/Build/Intermediates.noindex/swift-architecture-toolkit.build/Debug-watchos/ART-t.build/Objects-normal/arm64/ART-dependencies-1.json -Xllvm -aarch64-use-tbi -enable-objc-interop -stack-check -sdk /Applications/Xcode-27.0.0-Release.Candidate.app/Contents/Developer/Platforms/WatchOS.platform/Developer/SDKs/WatchOS27.0.sdk -I /Users/admin/builder/spi-builder-workspace/.derivedData/Build/Products/Debug-watchos -Isystem /Applications/Xcode-27.0.0-Release.Candidate.app/Contents/Developer/Platforms/WatchOS.platform/Developer/usr/lib -F /Users/admin/builder/spi-builder-workspace/.derivedData/Build/Products/Debug-watchos -F /Applications/Xcode-27.0.0-Release.Candidate.app/Contents/Developer/Platforms/WatchOS.platform/Developer/Library/Frameworks -F /Applications/Xcode-27.0.0-Release.Candidate.app/Contents/Developer/Platforms/WatchOS.platform/Developer/SDKs/WatchOS27.0.sdk/Developer/Library/Frameworks -module-cache-path /Users/admin/builder/spi-builder-workspace/.derivedData/Build/Intermediates.noindex/SwiftExplicitPrecompiledModules -no-color-diagnostics -Xcc -fno-color-diagnostics -enable-testing -g -debug-info-format=dwarf -dwarf-version=4 -profile-generate -profile-coverage-mapping -swift-version 6 -Onone -D SWIFT_PACKAGE -D DEBUG -D SWIFT_MODULE_RESOURCE_BUNDLE_UNAVAILABLE -D Xcode -serialize-debugging-options -enable-experimental-feature DebugDescriptionMacro -empty-abi-descriptor -validate-clang-modules-once -clang-build-session-file /Users/admin/builder/spi-builder-workspace/.derivedData/ModuleCache.noindex/Session.modulevalidation -Xcc -working-directory -Xcc /Users/admin/builder/spi-builder-workspace/.swiftpm/xcode -enable-anonymous-context-mangled-names -file-compilation-dir /Users/admin/builder/spi-builder-workspace/.swiftpm/xcode -Xcc -D_LIBCPP_HARDENING_MODE=_LIBCPP_HARDENING_MODE_DEBUG -Xcc -ivfsstatcache -Xcc /Users/admin/builder/spi-builder-workspace/.derivedData/SDKStatCaches.noindex/watchos27.0-24R360-e829b21a6f8c9b70876ba0858053c04477534ef55a1706bf4c1112bbb242f0a2.sdkstatcache -Xcc -fmodules-prune-interval=86400 -Xcc -fmodules-prune-after=345600 -Xcc -I/Users/admin/builder/spi-builder-workspace/.derivedData/Build/Products/Debug-watchos/include -Xcc -I/Users/admin/builder/spi-builder-workspace/.derivedData/Build/Intermediates.noindex/swift-architecture-toolkit.build/Debug-watchos/ART-t.build/DerivedSources-normal/arm64 -Xcc -I/Users/admin/builder/spi-builder-workspace/.derivedData/Build/Intermediates.noindex/swift-architecture-toolkit.build/Debug-watchos/ART-t.build/DerivedSources/arm64 -Xcc -I/Users/admin/builder/spi-builder-workspace/.derivedData/Build/Intermediates.noindex/swift-architecture-toolkit.build/Debug-watchos/ART-t.build/DerivedSources -Xcc -DSWIFT_PACKAGE -Xcc -DDEBUG=1 -no-auto-bridging-header-chaining -module-name ART -package-name spi_builder_workspace -const-gather-protocols-file /Users/admin/builder/spi-builder-workspace/.derivedData/Build/Intermediates.noindex/swift-architecture-toolkit.build/Debug-watchos/ART-t.build/Objects-normal/arm64/ART_const_extract_protocols.json -disable-clang-spi -clang-target arm64-apple-watchos27.0 -target-sdk-version 27.0 -target-sdk-name watchos27.0 -in-process-plugin-server-path /Applications/Xcode-27.0.0-Release.Candidate.app/Contents/Developer/Toolchains/XcodeDefault.xctoolchain/usr/lib/swift/host/libSwiftInProcPluginServer.dylib -parse-as-library -o /Users/admin/builder/spi-builder-workspace/.derivedData/Build/Intermediates.noindex/swift-architecture-toolkit.build/Debug-watchos/ART-t.build/Objects-normal/arm64/ReducerProtocol.o -o /Users/admin/builder/spi-builder-workspace/.derivedData/Build/Intermediates.noindex/swift-architecture-toolkit.build/Debug-watchos/ART-t.build/Objects-normal/arm64/RequestProtocol.o -o /Users/admin/builder/spi-builder-workspace/.derivedData/Build/Intermediates.noindex/swift-architecture-toolkit.build/Debug-watchos/ART-t.build/Objects-normal/arm64/SideEffectPerformer.o -o /Users/admin/builder/spi-builder-workspace/.derivedData/Build/Intermediates.noindex/swift-architecture-toolkit.build/Debug-watchos/ART-t.build/Objects-normal/arm64/SideEffectProtocol.o -o /Users/admin/builder/spi-builder-workspace/.derivedData/Build/Intermediates.noindex/swift-architecture-toolkit.build/Debug-watchos/ART-t.build/Objects-normal/arm64/StateProtocol.o -debug-module-path /Users/admin/builder/spi-builder-workspace/.derivedData/Build/Intermediates.noindex/swift-architecture-toolkit.build/Debug-watchos/ART-t.build/Objects-normal/arm64/ART.swiftmodule -index-unit-output-path /swift-architecture-toolkit.build/Debug-watchos/ART-t.build/Objects-normal/arm64/ReducerProtocol.o -index-unit-output-path /swift-architecture-toolkit.build/Debug-watchos/ART-t.build/Objects-normal/arm64/RequestProtocol.o -index-unit-output-path /swift-architecture-toolkit.build/Debug-watchos/ART-t.build/Objects-normal/arm64/SideEffectPerformer.o -index-unit-output-path /swift-architecture-toolkit.build/Debug-watchos/ART-t.build/Objects-normal/arm64/SideEffectProtocol.o -index-unit-output-path /swift-architecture-toolkit.build/Debug-watchos/ART-t.build/Objects-normal/arm64/StateProtocol.o -index-store-path /Users/admin/builder/spi-builder-workspace/.derivedData/Index.noindex/DataStore -index-system-modules
1.	Apple Swift version 6.4 (swiftlang-6.4.0.34.1 clang-2100.3.34.1)
2.	Compiling with the current language version
3.	While evaluating request ASTLoweringRequest(Lowering AST to SIL for file "/Users/admin/builder/spi-builder-workspace/Sources/ART/Protocols/SideEffectPerformer.swift")
4.	While silgen visitDecl 'SideEffectPerformer' (at /Users/admin/builder/spi-builder-workspace/Sources/ART/Protocols/SideEffectPerformer.swift:27:8)
5.	While silgen emitFunction SIL function "@$s3ART19SideEffectPerformerC4task10performing5usingScTyAA20CompletionIndicationOyAA14CompositeErrorOyAA0bc9ExecutionK0Oyq_GGGs0K0_pGAA0jbC0Oyxq_G_q0_tYaF".
 for 'task(performing:using:)' (at /Users/admin/builder/spi-builder-workspace/Sources/ART/Protocols/SideEffectPerformer.swift:44:10)
6.	Assertion failed: (FormalConcreteType->isBridgeableObjectType()), function createInitExistentialRef at SILBuilder.h:2244.
| 	(to display assertion configuration options: -Xllvm -assert-help)
Stack dump without symbol names (ensure you have llvm-symbolizer in your PATH or set the environment var `LLVM_SYMBOLIZER_PATH` to point to it):
0  swift-frontend           0x0000000108da7bd0 llvm::sys::PrintStackTrace(llvm::raw_ostream&, int) + 56
1  swift-frontend           0x0000000108da5358 llvm::sys::RunSignalHandlers() + 172
2  swift-frontend           0x0000000108da81c8 SignalHandler(int, __siginfo*, void*) + 360
3  libsystem_platform.dylib 0x000000018c7c9744 _sigtramp + 56
4  libsystem_pthread.dylib  0x000000018c7bf8d8 pthread_kill + 296
5  libsystem_c.dylib        0x000000018c6c5978 abort + 148
6  swift-frontend           0x0000000104556bc4 _ABORT(char const*, int, char const*, llvm::function_ref<void (llvm::raw_ostream&)>) + 0
7  swift-frontend           0x0000000104556b80 _abortWithMessage(llvm::StringRef) + 0
8  swift-frontend           0x0000000102fff8fc swift::SILBuilder::createInitExistentialRef(swift::SILLocation, swift::SILType, swift::CanType, swift::SILValue, llvm::ArrayRef<swift::ProtocolConformanceRef>, swift::ValueOwnershipKind) + 268
9  swift-frontend           0x000000010341cc7c swift::Lowering::SILGenBuilder::createInitExistentialRef(swift::SILLocation, swift::SILType, swift::CanType, swift::Lowering::ManagedValue, llvm::ArrayRef<swift::ProtocolConformanceRef>) + 332
10 swift-frontend           0x0000000103447014 swift::Lowering::SILGenFunction::emitExistentialErasure(swift::SILLocation, swift::CanType, swift::Lowering::TypeLowering const&, swift::Lowering::TypeLowering const&, llvm::ArrayRef<swift::ProtocolConformanceRef>, swift::Lowering::SGFContext, llvm::function_ref<swift::Lowering::ManagedValue (swift::Lowering::SGFContext)>, bool) + 1944
11 swift-frontend           0x00000001034ffe0c swift::Lowering::SILGenFunction::emitTransformExistential(swift::SILLocation, swift::Lowering::ManagedValue, swift::CanType, swift::CanType, swift::Lowering::SGFContext) + 1016
12 swift-frontend           0x0000000103434488 emitNonOptionalActorInstanceIsolation(swift::Lowering::SILGenFunction&, swift::SILLocation, swift::Lowering::ManagedValue, swift::CanType, swift::SILType) + 584
13 swift-frontend           0x000000010343417c swift::Lowering::SILGenFunction::emitActorInstanceIsolation(swift::SILLocation, swift::Lowering::ManagedValue, swift::CanType) + 468
14 swift-frontend           0x00000001034351f0 swift::Lowering::SILGenFunction::emitClosureIsolation(swift::SILLocation, swift::SILDeclRef, llvm::ArrayRef<swift::Lowering::ManagedValue>) + 984
15 swift-frontend           0x00000001034a791c swift::Lowering::SILGenFunction::emitClosureValue(swift::SILLocation, swift::SILDeclRef, swift::Lowering::FunctionTypeInfo const&, swift::SubstitutionMap) + 1332
16 swift-frontend           0x000000010349b354 (anonymous namespace)::RValueEmitter::visitAbstractClosureExpr(swift::AbstractClosureExpr*, swift::Lowering::SGFContext) + 3064
17 swift-frontend           0x0000000103484538 (anonymous namespace)::RValueEmitter::visitCaptureListExpr(swift::CaptureListExpr*, swift::Lowering::SGFContext) + 120
18 swift-frontend           0x000000010346c150 swift::Lowering::SILGenFunction::emitRValueAsSingleValue(swift::Expr*, swift::Lowering::SGFContext) + 40
19 swift-frontend           0x0000000103448384 swift::Lowering::SILGenFunction::emitConvertedRValue(swift::SILLocation, swift::Lowering::Conversion const&, swift::Lowering::SGFContext, llvm::function_ref<swift::Lowering::ManagedValue (swift::Lowering::SILGenFunction&, swift::SILLocation, swift::Lowering::SGFContext)>) + 300
20 swift-frontend           0x0000000103448560 swift::Lowering::ConvertingInitialization::tryPeephole(swift::Lowering::SILGenFunction&, swift::SILLocation, swift::Lowering::Conversion, llvm::function_ref<swift::Lowering::ManagedValue (swift::Lowering::SILGenFunction&, swift::SILLocation, swift::Lowering::SGFContext)>) + 312
21 swift-frontend           0x00000001034482f4 swift::Lowering::SILGenFunction::emitConvertedRValue(swift::SILLocation, swift::Lowering::Conversion const&, swift::Lowering::SGFContext, llvm::function_ref<swift::Lowering::ManagedValue (swift::Lowering::SILGenFunction&, swift::SILLocation, swift::Lowering::SGFContext)>) + 156
22 swift-frontend           0x0000000103489300 (anonymous namespace)::RValueEmitter::visitFunctionConversionExpr(swift::FunctionConversionExpr*, swift::Lowering::SGFContext) + 4992
23 swift-frontend           0x000000010346c150 swift::Lowering::SILGenFunction::emitRValueAsSingleValue(swift::Expr*, swift::Lowering::SGFContext) + 40
24 swift-frontend           0x0000000103448384 swift::Lowering::SILGenFunction::emitConvertedRValue(swift::SILLocation, swift::Lowering::Conversion const&, swift::Lowering::SGFContext, llvm::function_ref<swift::Lowering::ManagedValue (swift::Lowering::SILGenFunction&, swift::SILLocation, swift::Lowering::SGFContext)>) + 300
25 swift-frontend           0x00000001033bae60 swift::Lowering::ArgumentSource::getConverted(swift::Lowering::SILGenFunction&, swift::Lowering::Conversion const&, swift::Lowering::SGFContext) && + 168
26 swift-frontend           0x00000001033fdf1c (anonymous namespace)::ArgEmitter::emit(swift::Lowering::ArgumentSource&&, swift::Lowering::AbstractionPattern, bool, std::__1::optional<swift::AnyFunctionType::Param>) + 6068
27 swift-frontend           0x00000001033e9178 (anonymous namespace)::ArgEmitter::emitSingleArg(swift::Lowering::ArgumentSource&&, swift::Lowering::AbstractionPattern, bool, std::__1::optional<swift::AnyFunctionType::Param>) + 204
28 swift-frontend           0x00000001033fbeac (anonymous namespace)::ArgEmitter::emitPreparedArgs(swift::Lowering::PreparedArguments&&, swift::Lowering::AbstractionPattern, llvm::ArrayRef<swift::LifetimeDependenceInfo>) + 300
29 swift-frontend           0x0000000103409d0c (anonymous namespace)::CallSite::emit(swift::Lowering::SILGenFunction&, swift::Lowering::AbstractionPattern, swift::CanTypeWrapper<swift::SILFunctionType>, llvm::ArrayRef<swift::LifetimeDependenceInfo>, (anonymous namespace)::ParamLowering&, llvm::SmallVectorImpl<swift::Lowering::ManagedValue>&, llvm::SmallVectorImpl<(anonymous namespace)::DelayedArgument>&, swift::ForeignInfo const&) && + 676
30 swift-frontend           0x00000001034093f4 (anonymous namespace)::CallEmission::emitArgumentsForNormalApply(swift::Lowering::AbstractionPattern, swift::CanTypeWrapper<swift::SILFunctionType>, llvm::ArrayRef<swift::LifetimeDependenceInfo>, swift::ForeignInfo const&, llvm::SmallVectorImpl<swift::Lowering::ManagedValue>&, std::__1::optional<swift::SILLocation>&) + 1128
31 swift-frontend           0x00000001033ee024 (anonymous namespace)::CallEmission::apply(swift::Lowering::SGFContext) + 1112
32 swift-frontend           0x00000001033ec8f4 swift::Lowering::SILGenFunction::emitApplyExpr(swift::ApplyExpr*, swift::Lowering::SGFContext) + 3968
33 swift-frontend           0x0000000103534c5c swift::Lowering::SILGenFunction::emitReturnExpr(swift::SILLocation, swift::Expr*) + 1308
34 swift-frontend           0x0000000103537e40 (anonymous namespace)::StmtEmitter::visitBraceStmt(swift::BraceStmt*) + 920
35 swift-frontend           0x00000001034a80dc swift::Lowering::SILGenFunction::emitFunction(swift::FuncDecl*) + 576
36 swift-frontend           0x00000001033d6094 swift::Lowering::SILGenModule::emitFunctionDefinition(swift::SILDeclRef, swift::SILFunction*) + 7676
37 swift-frontend           0x00000001033d6d04 swift::Lowering::SILGenModule::emitOrDelayFunction(swift::SILDeclRef) + 232
38 swift-frontend           0x00000001033d4284 swift::Lowering::SILGenModule::emitFunction(swift::FuncDecl*) + 228
39 swift-frontend           0x000000010354bbd8 (anonymous namespace)::SILGenType::visitFuncDecl(swift::FuncDecl*) + 32
40 swift-frontend           0x0000000103547ab0 (anonymous namespace)::SILGenType::emitType() + 316
41 swift-frontend           0x00000001033d3f5c swift::ASTVisitor<swift::Lowering::SILGenModule, void, void, void, void, void, void>::visit(swift::Decl*) + 104
42 swift-frontend           0x00000001033da8ec swift::ASTLoweringRequest::evaluate(swift::Evaluator&, swift::ASTLoweringDescriptor) const + 2492
43 swift-frontend           0x000000010352ede0 swift::SimpleRequest<swift::ASTLoweringRequest, std::__1::unique_ptr<swift::SILModule, std::__1::default_delete<swift::SILModule>> (swift::ASTLoweringDescriptor), (swift::RequestFlags)17>::evaluateRequest(swift::ASTLoweringRequest const&, swift::Evaluator&) + 208
44 swift-frontend           0x00000001033df240 swift::ASTLoweringRequest::OutputType swift::Evaluator::getResultUncached<swift::ASTLoweringRequest, swift::ASTLoweringRequest::OutputType swift::evaluateOrFatal<swift::ASTLoweringRequest>(swift::Evaluator&, swift::ASTLoweringRequest)::'lambda'()>(swift::ASTLoweringRequest const&, swift::ASTLoweringRequest::OutputType swift::evaluateOrFatal<swift::ASTLoweringRequest>(swift::Evaluator&, swift::ASTLoweringRequest)::'lambda'()) + 552
45 swift-frontend           0x00000001028b7200 swift::performCompileStepsPostSema(swift::CompilerInstance&, int&, swift::FrontendObserver*, llvm::ArrayRef<char const*>) + 920
46 swift-frontend           0x00000001028bcc0c performCompile(swift::CompilerInstance&, int&, swift::FrontendObserver*, llvm::ArrayRef<char const*>) + 1312
47 swift-frontend           0x00000001028b9dc4 swift::performFrontend(llvm::ArrayRef<char const*>, char const*, void*, swift::FrontendObserver*) + 3776
48 swift-frontend           0x0000000102839008 swift::mainEntry(int, char const**) + 5600
49 dyld                     0x000000018c3f44e4 start + 6992
Failed frontend command:
/Applications/Xcode-27.0.0-Release.Candidate.app/Contents/Developer/Toolchains/XcodeDefault.xctoolchain/usr/bin/swift-frontend -frontend -c /Users/admin/builder/spi-builder-workspace/Sources/ART/Implementation/Data\ Structures/Change/Change.swift /Users/admin/builder/spi-builder-workspace/Sources/ART/Implementation/Data\ Structures/Change/PotentialChange.swift /Users/admin/builder/spi-builder-workspace/Sources/ART/Implementation/Data\ Structures/CompletionIndication.swift /Users/admin/builder/spi-builder-workspace/Sources/ART/Implementation/Data\ Structures/Error/CompositeError.swift /Users/admin/builder/spi-builder-workspace/Sources/ART/Implementation/Data\ Structures/Error/SideEffectExecutionError.swift /Users/admin/builder/spi-builder-workspace/Sources/ART/Implementation/Data\ Structures/NonEmptyList.swift /Users/admin/builder/spi-builder-workspace/Sources/ART/Implementation/Data\ Structures/SuccessIndication.swift /Users/admin/builder/spi-builder-workspace/Sources/ART/Implementation/Data\ Structures/ValueWithDefault.swift /Users/admin/builder/spi-builder-workspace/Sources/ART/Implementation/Data\ Structures/WeakContainer.swift /Users/admin/builder/spi-builder-workspace/Sources/ART/Implementation/Extensions/NSRecursiveLock+ART.swift /Users/admin/builder/spi-builder-workspace/Sources/ART/Implementation/Extensions/UUID+ART.swift /Users/admin/builder/spi-builder-workspace/Sources/ART/Implementation/Logic/Coeffects/DefaultCoeffects.swift /Users/admin/builder/spi-builder-workspace/Sources/ART/Implementation/Logic/SendableUserDefaults.swift /Users/admin/builder/spi-builder-workspace/Sources/ART/Implementation/Logic/Side\ Effects/CompositeSideEffect.swift /Users/admin/builder/spi-builder-workspace/Sources/ART/Implementation/Logic/State/Logic/Executable.swift /Users/admin/builder/spi-builder-workspace/Sources/ART/Implementation/Logic/State/Logic/ExecutableExecutor.swift /Users/admin/builder/spi-builder-workspace/Sources/ART/Implementation/Logic/State/Logic/LogicModule.swift /Users/admin/builder/spi-builder-workspace/Sources/ART/Implementation/Logic/State/Logic/UILogicModule.swift /Users/admin/builder/spi-builder-workspace/Sources/ART/Implementation/Logic/State/Model.swift /Users/admin/builder/spi-builder-workspace/Sources/ART/Implementation/Logic/State/Observers/PropertyPathObserver.swift /Users/admin/builder/spi-builder-workspace/Sources/ART/Implementation/Logic/State/Observers/ValueObserver.swift /Users/admin/builder/spi-builder-workspace/Sources/ART/Implementation/Logic/State/PropertyPath.swift /Users/admin/builder/spi-builder-workspace/Sources/ART/Implementation/Logic/State/PropertyUpdate.swift /Users/admin/builder/spi-builder-workspace/Sources/ART/Implementation/Logic/State/Reducer.swift /Users/admin/builder/spi-builder-workspace/Sources/ART/Implementation/Logic/State/Requests/RequestHandler.swift /Users/admin/builder/spi-builder-workspace/Sources/ART/Implementation/Logic/State/Store.swift /Users/admin/builder/spi-builder-workspace/Sources/ART/Implementation/UI/Conditional\ Views/ConditionalView.swift /Users/admin/builder/spi-builder-workspace/Sources/ART/Implementation/UI/Conditional\ Views/NonStaticConditionalView.swift /Users/admin/builder/spi-builder-workspace/Sources/ART/Implementation/UI/Conditional\ Views/StaticConditionalView.swift /Users/admin/builder/spi-builder-workspace/Sources/ART/Implementation/UI/ModelView+ContextCreation.swift /Users/admin/builder/spi-builder-workspace/Sources/ART/Implementation/UI/ModelView.swift /Users/admin/builder/spi-builder-workspace/Sources/ART/Implementation/UI/ModelViewWithContent.swift /Users/admin/builder/spi-builder-workspace/Sources/ART/Implementation/UI/ModelViewWithIdentifiedContent.swift /Users/admin/builder/spi-builder-workspace/Sources/ART/Implementation/UI/StaticModelView.swift /Users/admin/builder/spi-builder-workspace/Sources/ART/Implementation/UI/StaticViewContext.swift /Users/admin/builder/spi-builder-workspace/Sources/ART/Implementation/UI/ViewContext+Creation.swift /Users/admin/builder/spi-builder-workspace/Sources/ART/Implementation/UI/ViewContext.swift /Users/admin/builder/spi-builder-workspace/Sources/ART/Implementation/UI/ViewModel.swift /Users/admin/builder/spi-builder-workspace/Sources/ART/Implementation/UI/ViewWithObservedContext.swift /Users/admin/builder/spi-builder-workspace/Sources/ART/Implementation/Utilities/DebugEnsure.swift /Users/admin/builder/spi-builder-workspace/Sources/ART/Implementation/Utilities/Ensure.swift /Users/admin/builder/spi-builder-workspace/Sources/ART/Implementation/Utilities/FatalError.swift /Users/admin/builder/spi-builder-workspace/Sources/ART/Implementation/Utilities/FunctionalCopying.swift /Users/admin/builder/spi-builder-workspace/Sources/ART/Implementation/Utilities/FunctionalSetting.swift /Users/admin/builder/spi-builder-workspace/Sources/ART/Implementation/Utilities/RequiredLet.swift /Users/admin/builder/spi-builder-workspace/Sources/ART/Protocols/CoeffectsProtocol.swift /Users/admin/builder/spi-builder-workspace/Sources/ART/Protocols/ErrorProtocol.swift /Users/admin/builder/spi-builder-workspace/Sources/ART/Protocols/HumanReadable.swift /Users/admin/builder/spi-builder-workspace/Sources/ART/Protocols/ModelProtocol.swift -primary-file /Users/admin/builder/spi-builder-workspace/Sources/ART/Protocols/ReducerProtocol.swift -primary-file /Users/admin/builder/spi-builder-workspace/Sources/ART/Protocols/RequestProtocol.swift -primary-file /Users/admin/builder/spi-builder-workspace/Sources/ART/Protocols/SideEffectPerformer.swift -primary-file /Users/admin/builder/spi-builder-workspace/Sources/ART/Protocols/SideEffectProtocol.swift -primary-file /Users/admin/builder/spi-builder-workspace/Sources/ART/Protocols/StateProtocol.swift -supplementary-output-file-map /Users/admin/builder/spi-builder-workspace/.derivedData/Build/Intermediates.noindex/swift-architecture-toolkit.build/Debug-watchos/ART-t.build/Objects-normal/arm64/supplementaryOutputs-20 -target arm64-apple-watchos9.0 -disable-cross-import-overlay-search -load-resolved-plugin /Applications/Xcode-27.0.0-Release.Candidate.app/Contents/Developer/Platforms/WatchOS.platform/Developer/usr/lib/swift/host/plugins/libFoundationMacros.dylib\#/Applications/Xcode-27.0.0-Release.Candidate.app/Contents/Developer/Platforms/WatchOS.platform/Developer/usr/bin/swift-plugin-server\#FoundationMacros -load-resolved-plugin /Applications/Xcode-27.0.0-Release.Candidate.app/Contents/Developer/Platforms/WatchOS.platform/Developer/usr/lib/swift/host/plugins/libObservationMacros.dylib\#/Applications/Xcode-27.0.0-Release.Candidate.app/Contents/Developer/Platforms/WatchOS.platform/Developer/usr/bin/swift-plugin-server\#ObservationMacros -load-resolved-plugin /Applications/Xcode-27.0.0-Release.Candidate.app/Contents/Developer/Platforms/WatchOS.platform/Developer/usr/lib/swift/host/plugins/libPreviewsMacros.dylib\#/Applications/Xcode-27.0.0-Release.Candidate.app/Contents/Developer/Platforms/WatchOS.platform/Developer/usr/bin/swift-plugin-server\#PreviewsMacros -load-resolved-plugin /Applications/Xcode-27.0.0-Release.Candidate.app/Contents/Developer/Platforms/WatchOS.platform/Developer/usr/lib/swift/host/plugins/libSwiftMacros.dylib\#/Applications/Xcode-27.0.0-Release.Candidate.app/Contents/Developer/Platforms/WatchOS.platform/Developer/usr/bin/swift-plugin-server\#SwiftMacros -load-resolved-plugin /Applications/Xcode-27.0.0-Release.Candidate.app/Contents/Developer/Platforms/WatchOS.platform/Developer/usr/lib/swift/host/plugins/libSwiftUIMacros.dylib\#/Applications/Xcode-27.0.0-Release.Candidate.app/Contents/Developer/Platforms/WatchOS.platform/Developer/usr/bin/swift-plugin-server\#SwiftUIMacros -disable-implicit-swift-modules -Xcc -fno-implicit-modules -Xcc -fno-implicit-module-maps -explicit-swift-module-map-file /Users/admin/builder/spi-builder-workspace/.derivedData/Build/Intermediates.noindex/swift-architecture-toolkit.build/Debug-watchos/ART-t.build/Objects-normal/arm64/ART-dependencies-1.json -Xllvm -aarch64-use-tbi -enable-objc-interop -stack-check -sdk /Applications/Xcode-27.0.0-Release.Candidate.app/Contents/Developer/Platforms/WatchOS.platform/Developer/SDKs/WatchOS27.0.sdk -I /Users/admin/builder/spi-builder-workspace/.derivedData/Build/Products/Debug-watchos -Isystem /Applications/Xcode-27.0.0-Release.Candidate.app/Contents/Developer/Platforms/WatchOS.platform/Developer/usr/lib -F /Users/admin/builder/spi-builder-workspace/.derivedData/Build/Products/Debug-watchos -F /Applications/Xcode-27.0.0-Release.Candidate.app/Contents/Developer/Platforms/WatchOS.platform/Developer/Library/Frameworks -F /Applications/Xcode-27.0.0-Release.Candidate.app/Contents/Developer/Platforms/WatchOS.platform/Developer/SDKs/WatchOS27.0.sdk/Developer/Library/Frameworks -module-cache-path /Users/admin/builder/spi-builder-workspace/.derivedData/Build/Intermediates.noindex/SwiftExplicitPrecompiledModules -no-color-diagnostics -Xcc -fno-color-diagnostics -enable-testing -g -debug-info-format\=dwarf -dwarf-version\=4 -profile-generate -profile-coverage-mapping -swift-version 6 -Onone -D SWIFT_PACKAGE -D DEBUG -D SWIFT_MODULE_RESOURCE_BUNDLE_UNAVAILABLE -D Xcode -serialize-debugging-options -enable-experimental-feature DebugDescriptionMacro -empty-abi-descriptor -validate-clang-modules-once -clang-build-session-file /Users/admin/builder/spi-builder-workspace/.derivedData/ModuleCache.noindex/Session.modulevalidation -Xcc -working-directory -Xcc /Users/admin/builder/spi-builder-workspace/.swiftpm/xcode -enable-anonymous-context-mangled-names -file-compilation-dir /Users/admin/builder/spi-builder-workspace/.swiftpm/xcode -Xcc -D_LIBCPP_HARDENING_MODE\=_LIBCPP_HARDENING_MODE_DEBUG -Xcc -ivfsstatcache -Xcc /Users/admin/builder/spi-builder-workspace/.derivedData/SDKStatCaches.noindex/watchos27.0-24R360-e829b21a6f8c9b70876ba0858053c04477534ef55a1706bf4c1112bbb242f0a2.sdkstatcache -Xcc -fmodules-prune-interval\=86400 -Xcc -fmodules-prune-after\=345600 -Xcc -I/Users/admin/builder/spi-builder-workspace/.derivedData/Build/Products/Debug-watchos/include -Xcc -I/Users/admin/builder/spi-builder-workspace/.derivedData/Build/Intermediates.noindex/swift-architecture-toolkit.build/Debug-watchos/ART-t.build/DerivedSources-normal/arm64 -Xcc -I/Users/admin/builder/spi-builder-workspace/.derivedData/Build/Intermediates.noindex/swift-architecture-toolkit.build/Debug-watchos/ART-t.build/DerivedSources/arm64 -Xcc -I/Users/admin/builder/spi-builder-workspace/.derivedData/Build/Intermediates.noindex/swift-architecture-toolkit.build/Debug-watchos/ART-t.build/DerivedSources -Xcc -DSWIFT_PACKAGE -Xcc -DDEBUG\=1 -no-auto-bridging-header-chaining -module-name ART -package-name spi_builder_workspace -const-gather-protocols-file /Users/admin/builder/spi-builder-workspace/.derivedData/Build/Intermediates.noindex/swift-architecture-toolkit.build/Debug-watchos/ART-t.build/Objects-normal/arm64/ART_const_extract_protocols.json -disable-clang-spi -clang-target arm64-apple-watchos27.0 -target-sdk-version 27.0 -target-sdk-name watchos27.0 -in-process-plugin-server-path /Applications/Xcode-27.0.0-Release.Candidate.app/Contents/Developer/Toolchains/XcodeDefault.xctoolchain/usr/lib/swift/host/libSwiftInProcPluginServer.dylib -parse-as-library -o /Users/admin/builder/spi-builder-workspace/.derivedData/Build/Intermediates.noindex/swift-architecture-toolkit.build/Debug-watchos/ART-t.build/Objects-normal/arm64/ReducerProtocol.o -o /Users/admin/builder/spi-builder-workspace/.derivedData/Build/Intermediates.noindex/swift-architecture-toolkit.build/Debug-watchos/ART-t.build/Objects-normal/arm64/RequestProtocol.o -o /Users/admin/builder/spi-builder-workspace/.derivedData/Build/Intermediates.noindex/swift-architecture-toolkit.build/Debug-watchos/ART-t.build/Objects-normal/arm64/SideEffectPerformer.o -o /Users/admin/builder/spi-builder-workspace/.derivedData/Build/Intermediates.noindex/swift-architecture-toolkit.build/Debug-watchos/ART-t.build/Objects-normal/arm64/SideEffectProtocol.o -o /Users/admin/builder/spi-builder-workspace/.derivedData/Build/Intermediates.noindex/swift-architecture-toolkit.build/Debug-watchos/ART-t.build/Objects-normal/arm64/StateProtocol.o -debug-module-path /Users/admin/builder/spi-builder-workspace/.derivedData/Build/Intermediates.noindex/swift-architecture-toolkit.build/Debug-watchos/ART-t.build/Objects-normal/arm64/ART.swiftmodule -index-unit-output-path /swift-architecture-toolkit.build/Debug-watchos/ART-t.build/Objects-normal/arm64/ReducerProtocol.o -index-unit-output-path /swift-architecture-toolkit.build/Debug-watchos/ART-t.build/Objects-normal/arm64/RequestProtocol.o -index-unit-output-path /swift-architecture-toolkit.build/Debug-watchos/ART-t.build/Objects-normal/arm64/SideEffectPerformer.o -index-unit-output-path /swift-architecture-toolkit.build/Debug-watchos/ART-t.build/Objects-normal/arm64/SideEffectProtocol.o -index-unit-output-path /swift-architecture-toolkit.build/Debug-watchos/ART-t.build/Objects-normal/arm64/StateProtocol.o -index-store-path /Users/admin/builder/spi-builder-workspace/.derivedData/Index.noindex/DataStore -index-system-modules
Command SwiftCompile failed with a nonzero exit code
SwiftCompile normal arm64 /Users/admin/builder/spi-builder-workspace/Sources/ART/Protocols/ReducerProtocol.swift (in target 'ART' from project 'swift-architecture-toolkit')
    cd /Users/admin/builder/spi-builder-workspace/.swiftpm/xcode
    builtin-SwiftPerFileCompile ReducerProtocol.swift
/Users/admin/builder/spi-builder-workspace/.derivedData/Build/Intermediates.noindex/swift-architecture-toolkit.build/Debug-watchos/ART-t.build/Objects-normal/arm64/ReducerProtocol.dia:1:1: warning: Could not read serialized diagnostics file: Error Domain=NSCocoaErrorDomain Code=260 "The file “ReducerProtocol.dia” couldn’t be opened because there is no such file." UserInfo={NSFilePath=/Users/admin/builder/spi-builder-workspace/.derivedData/Build/Intermediates.noindex/swift-architecture-toolkit.build/Debug-watchos/ART-t.build/Objects-normal/arm64/ReducerProtocol.dia, NSURL=file:///Users/admin/builder/spi-builder-workspace/.derivedData/Build/Intermediates.noindex/swift-architecture-toolkit.build/Debug-watchos/ART-t.build/Objects-normal/arm64/ReducerProtocol.dia, NSUnderlyingError=0xc5ce18900 {Error Domain=NSPOSIXErrorDomain Code=2 "No such file or directory"}} (in target 'ART' from project 'swift-architecture-toolkit')
SwiftCompile normal arm64 /Users/admin/builder/spi-builder-workspace/Sources/ART/Protocols/RequestProtocol.swift (in target 'ART' from project 'swift-architecture-toolkit')
    cd /Users/admin/builder/spi-builder-workspace/.swiftpm/xcode
    builtin-SwiftPerFileCompile RequestProtocol.swift
/Users/admin/builder/spi-builder-workspace/.derivedData/Build/Intermediates.noindex/swift-architecture-toolkit.build/Debug-watchos/ART-t.build/Objects-normal/arm64/RequestProtocol.dia:1:1: warning: Could not read serialized diagnostics file: Error Domain=NSCocoaErrorDomain Code=260 "The file “RequestProtocol.dia” couldn’t be opened because there is no such file." UserInfo={NSFilePath=/Users/admin/builder/spi-builder-workspace/.derivedData/Build/Intermediates.noindex/swift-architecture-toolkit.build/Debug-watchos/ART-t.build/Objects-normal/arm64/RequestProtocol.dia, NSURL=file:///Users/admin/builder/spi-builder-workspace/.derivedData/Build/Intermediates.noindex/swift-architecture-toolkit.build/Debug-watchos/ART-t.build/Objects-normal/arm64/RequestProtocol.dia, NSUnderlyingError=0xc5ce1b300 {Error Domain=NSPOSIXErrorDomain Code=2 "No such file or directory"}} (in target 'ART' from project 'swift-architecture-toolkit')
SwiftCompile normal arm64 /Users/admin/builder/spi-builder-workspace/Sources/ART/Protocols/SideEffectPerformer.swift (in target 'ART' from project 'swift-architecture-toolkit')
    cd /Users/admin/builder/spi-builder-workspace/.swiftpm/xcode
    builtin-SwiftPerFileCompile SideEffectPerformer.swift
/Users/admin/builder/spi-builder-workspace/.derivedData/Build/Intermediates.noindex/swift-architecture-toolkit.build/Debug-watchos/ART-t.build/Objects-normal/arm64/SideEffectPerformer.dia:1:1: warning: Could not read serialized diagnostics file: Error Domain=NSCocoaErrorDomain Code=260 "The file “SideEffectPerformer.dia” couldn’t be opened because there is no such file." UserInfo={NSFilePath=/Users/admin/builder/spi-builder-workspace/.derivedData/Build/Intermediates.noindex/swift-architecture-toolkit.build/Debug-watchos/ART-t.build/Objects-normal/arm64/SideEffectPerformer.dia, NSURL=file:///Users/admin/builder/spi-builder-workspace/.derivedData/Build/Intermediates.noindex/swift-architecture-toolkit.build/Debug-watchos/ART-t.build/Objects-normal/arm64/SideEffectPerformer.dia, NSUnderlyingError=0xc5ce1ac70 {Error Domain=NSPOSIXErrorDomain Code=2 "No such file or directory"}} (in target 'ART' from project 'swift-architecture-toolkit')
SwiftCompile normal arm64 /Users/admin/builder/spi-builder-workspace/Sources/ART/Protocols/SideEffectProtocol.swift (in target 'ART' from project 'swift-architecture-toolkit')
    cd /Users/admin/builder/spi-builder-workspace/.swiftpm/xcode
    builtin-SwiftPerFileCompile SideEffectProtocol.swift
/Users/admin/builder/spi-builder-workspace/.derivedData/Build/Intermediates.noindex/swift-architecture-toolkit.build/Debug-watchos/ART-t.build/Objects-normal/arm64/SideEffectProtocol.dia:1:1: warning: Could not read serialized diagnostics file: Error Domain=NSCocoaErrorDomain Code=260 "The file “SideEffectProtocol.dia” couldn’t be opened because there is no such file." UserInfo={NSFilePath=/Users/admin/builder/spi-builder-workspace/.derivedData/Build/Intermediates.noindex/swift-architecture-toolkit.build/Debug-watchos/ART-t.build/Objects-normal/arm64/SideEffectProtocol.dia, NSURL=file:///Users/admin/builder/spi-builder-workspace/.derivedData/Build/Intermediates.noindex/swift-architecture-toolkit.build/Debug-watchos/ART-t.build/Objects-normal/arm64/SideEffectProtocol.dia, NSUnderlyingError=0xc5ce1a5b0 {Error Domain=NSPOSIXErrorDomain Code=2 "No such file or directory"}} (in target 'ART' from project 'swift-architecture-toolkit')
SwiftCompile normal arm64 /Users/admin/builder/spi-builder-workspace/Sources/ART/Protocols/StateProtocol.swift (in target 'ART' from project 'swift-architecture-toolkit')
    cd /Users/admin/builder/spi-builder-workspace/.swiftpm/xcode
    builtin-SwiftPerFileCompile StateProtocol.swift
/Users/admin/builder/spi-builder-workspace/.derivedData/Build/Intermediates.noindex/swift-architecture-toolkit.build/Debug-watchos/ART-t.build/Objects-normal/arm64/StateProtocol.dia:1:1: warning: Could not read serialized diagnostics file: Error Domain=NSCocoaErrorDomain Code=260 "The file “StateProtocol.dia” couldn’t be opened because there is no such file." UserInfo={NSFilePath=/Users/admin/builder/spi-builder-workspace/.derivedData/Build/Intermediates.noindex/swift-architecture-toolkit.build/Debug-watchos/ART-t.build/Objects-normal/arm64/StateProtocol.dia, NSURL=file:///Users/admin/builder/spi-builder-workspace/.derivedData/Build/Intermediates.noindex/swift-architecture-toolkit.build/Debug-watchos/ART-t.build/Objects-normal/arm64/StateProtocol.dia, NSUnderlyingError=0xc5ce1bea0 {Error Domain=NSPOSIXErrorDomain Code=2 "No such file or directory"}} (in target 'ART' from project 'swift-architecture-toolkit')
SwiftDriverJobDiscovery normal arm64_32 Compiling RequiredLet.swift, CoeffectsProtocol.swift, ErrorProtocol.swift, HumanReadable.swift, ModelProtocol.swift (in target 'ART' from project 'swift-architecture-toolkit')
SwiftCompile normal arm64 Compiling\ RequiredLet.swift,\ CoeffectsProtocol.swift,\ ErrorProtocol.swift,\ HumanReadable.swift,\ ModelProtocol.swift /Users/admin/builder/spi-builder-workspace/Sources/ART/Implementation/Utilities/RequiredLet.swift /Users/admin/builder/spi-builder-workspace/Sources/ART/Protocols/CoeffectsProtocol.swift /Users/admin/builder/spi-builder-workspace/Sources/ART/Protocols/ErrorProtocol.swift /Users/admin/builder/spi-builder-workspace/Sources/ART/Protocols/HumanReadable.swift /Users/admin/builder/spi-builder-workspace/Sources/ART/Protocols/ModelProtocol.swift (in target 'ART' from project 'swift-architecture-toolkit')
SwiftCompile normal arm64 /Users/admin/builder/spi-builder-workspace/Sources/ART/Implementation/Utilities/RequiredLet.swift (in target 'ART' from project 'swift-architecture-toolkit')
    cd /Users/admin/builder/spi-builder-workspace/.swiftpm/xcode
    builtin-SwiftPerFileCompile RequiredLet.swift
SwiftCompile normal arm64 /Users/admin/builder/spi-builder-workspace/Sources/ART/Protocols/CoeffectsProtocol.swift (in target 'ART' from project 'swift-architecture-toolkit')
    cd /Users/admin/builder/spi-builder-workspace/.swiftpm/xcode
    builtin-SwiftPerFileCompile CoeffectsProtocol.swift
SwiftCompile normal arm64 /Users/admin/builder/spi-builder-workspace/Sources/ART/Protocols/ErrorProtocol.swift (in target 'ART' from project 'swift-architecture-toolkit')
    cd /Users/admin/builder/spi-builder-workspace/.swiftpm/xcode
    builtin-SwiftPerFileCompile ErrorProtocol.swift
SwiftCompile normal arm64 /Users/admin/builder/spi-builder-workspace/Sources/ART/Protocols/HumanReadable.swift (in target 'ART' from project 'swift-architecture-toolkit')
    cd /Users/admin/builder/spi-builder-workspace/.swiftpm/xcode
    builtin-SwiftPerFileCompile HumanReadable.swift
SwiftCompile normal arm64 /Users/admin/builder/spi-builder-workspace/Sources/ART/Protocols/ModelProtocol.swift (in target 'ART' from project 'swift-architecture-toolkit')
    cd /Users/admin/builder/spi-builder-workspace/.swiftpm/xcode
    builtin-SwiftPerFileCompile ModelProtocol.swift
SwiftDriverJobDiscovery normal arm64_32 Compiling Change.swift, PotentialChange.swift, CompletionIndication.swift, CompositeError.swift, SideEffectExecutionError.swift, NonEmptyList.swift (in target 'ART' from project 'swift-architecture-toolkit')
SwiftCompile normal arm64 Compiling\ Change.swift,\ PotentialChange.swift,\ CompletionIndication.swift,\ CompositeError.swift,\ SideEffectExecutionError.swift,\ NonEmptyList.swift /Users/admin/builder/spi-builder-workspace/Sources/ART/Implementation/Data\ Structures/Change/Change.swift /Users/admin/builder/spi-builder-workspace/Sources/ART/Implementation/Data\ Structures/Change/PotentialChange.swift /Users/admin/builder/spi-builder-workspace/Sources/ART/Implementation/Data\ Structures/CompletionIndication.swift /Users/admin/builder/spi-builder-workspace/Sources/ART/Implementation/Data\ Structures/Error/CompositeError.swift /Users/admin/builder/spi-builder-workspace/Sources/ART/Implementation/Data\ Structures/Error/SideEffectExecutionError.swift /Users/admin/builder/spi-builder-workspace/Sources/ART/Implementation/Data\ Structures/NonEmptyList.swift (in target 'ART' from project 'swift-architecture-toolkit')
SwiftCompile normal arm64 /Users/admin/builder/spi-builder-workspace/Sources/ART/Implementation/Data\ Structures/Change/Change.swift (in target 'ART' from project 'swift-architecture-toolkit')
    cd /Users/admin/builder/spi-builder-workspace/.swiftpm/xcode
    builtin-SwiftPerFileCompile Change.swift
SwiftCompile normal arm64 /Users/admin/builder/spi-builder-workspace/Sources/ART/Implementation/Data\ Structures/Change/PotentialChange.swift (in target 'ART' from project 'swift-architecture-toolkit')
    cd /Users/admin/builder/spi-builder-workspace/.swiftpm/xcode
    builtin-SwiftPerFileCompile PotentialChange.swift
SwiftCompile normal arm64 /Users/admin/builder/spi-builder-workspace/Sources/ART/Implementation/Data\ Structures/CompletionIndication.swift (in target 'ART' from project 'swift-architecture-toolkit')
    cd /Users/admin/builder/spi-builder-workspace/.swiftpm/xcode
    builtin-SwiftPerFileCompile CompletionIndication.swift
SwiftCompile normal arm64 /Users/admin/builder/spi-builder-workspace/Sources/ART/Implementation/Data\ Structures/Error/CompositeError.swift (in target 'ART' from project 'swift-architecture-toolkit')
    cd /Users/admin/builder/spi-builder-workspace/.swiftpm/xcode
    builtin-SwiftPerFileCompile CompositeError.swift
SwiftCompile normal arm64 /Users/admin/builder/spi-builder-workspace/Sources/ART/Implementation/Data\ Structures/Error/SideEffectExecutionError.swift (in target 'ART' from project 'swift-architecture-toolkit')
    cd /Users/admin/builder/spi-builder-workspace/.swiftpm/xcode
    builtin-SwiftPerFileCompile SideEffectExecutionError.swift
SwiftCompile normal arm64 /Users/admin/builder/spi-builder-workspace/Sources/ART/Implementation/Data\ Structures/NonEmptyList.swift (in target 'ART' from project 'swift-architecture-toolkit')
    cd /Users/admin/builder/spi-builder-workspace/.swiftpm/xcode
    builtin-SwiftPerFileCompile NonEmptyList.swift
SwiftCompile normal arm64 Compiling\ RequestHandler.swift,\ Store.swift,\ ConditionalView.swift,\ NonStaticConditionalView.swift,\ StaticConditionalView.swift /Users/admin/builder/spi-builder-workspace/Sources/ART/Implementation/Logic/State/Requests/RequestHandler.swift /Users/admin/builder/spi-builder-workspace/Sources/ART/Implementation/Logic/State/Store.swift /Users/admin/builder/spi-builder-workspace/Sources/ART/Implementation/UI/Conditional\ Views/ConditionalView.swift /Users/admin/builder/spi-builder-workspace/Sources/ART/Implementation/UI/Conditional\ Views/NonStaticConditionalView.swift /Users/admin/builder/spi-builder-workspace/Sources/ART/Implementation/UI/Conditional\ Views/StaticConditionalView.swift (in target 'ART' from project 'swift-architecture-toolkit')
SwiftCompile normal arm64 /Users/admin/builder/spi-builder-workspace/Sources/ART/Implementation/Logic/State/Requests/RequestHandler.swift (in target 'ART' from project 'swift-architecture-toolkit')
    cd /Users/admin/builder/spi-builder-workspace/.swiftpm/xcode
    builtin-SwiftPerFileCompile RequestHandler.swift
SwiftCompile normal arm64 /Users/admin/builder/spi-builder-workspace/Sources/ART/Implementation/Logic/State/Store.swift (in target 'ART' from project 'swift-architecture-toolkit')
    cd /Users/admin/builder/spi-builder-workspace/.swiftpm/xcode
    builtin-SwiftPerFileCompile Store.swift
SwiftCompile normal arm64 /Users/admin/builder/spi-builder-workspace/Sources/ART/Implementation/UI/Conditional\ Views/ConditionalView.swift (in target 'ART' from project 'swift-architecture-toolkit')
    cd /Users/admin/builder/spi-builder-workspace/.swiftpm/xcode
    builtin-SwiftPerFileCompile ConditionalView.swift
SwiftCompile normal arm64 /Users/admin/builder/spi-builder-workspace/Sources/ART/Implementation/UI/Conditional\ Views/NonStaticConditionalView.swift (in target 'ART' from project 'swift-architecture-toolkit')
    cd /Users/admin/builder/spi-builder-workspace/.swiftpm/xcode
    builtin-SwiftPerFileCompile NonStaticConditionalView.swift
SwiftCompile normal arm64 /Users/admin/builder/spi-builder-workspace/Sources/ART/Implementation/UI/Conditional\ Views/StaticConditionalView.swift (in target 'ART' from project 'swift-architecture-toolkit')
    cd /Users/admin/builder/spi-builder-workspace/.swiftpm/xcode
    builtin-SwiftPerFileCompile StaticConditionalView.swift
SwiftDriverJobDiscovery normal arm64_32 Compiling SendableUserDefaults.swift, CompositeSideEffect.swift, Executable.swift, ExecutableExecutor.swift, LogicModule.swift, UILogicModule.swift (in target 'ART' from project 'swift-architecture-toolkit')
SwiftCompile normal arm64 Compiling\ StaticViewContext.swift,\ ViewContext+Creation.swift,\ ViewContext.swift,\ ViewModel.swift,\ ViewWithObservedContext.swift /Users/admin/builder/spi-builder-workspace/Sources/ART/Implementation/UI/StaticViewContext.swift /Users/admin/builder/spi-builder-workspace/Sources/ART/Implementation/UI/ViewContext+Creation.swift /Users/admin/builder/spi-builder-workspace/Sources/ART/Implementation/UI/ViewContext.swift /Users/admin/builder/spi-builder-workspace/Sources/ART/Implementation/UI/ViewModel.swift /Users/admin/builder/spi-builder-workspace/Sources/ART/Implementation/UI/ViewWithObservedContext.swift (in target 'ART' from project 'swift-architecture-toolkit')
SwiftCompile normal arm64 /Users/admin/builder/spi-builder-workspace/Sources/ART/Implementation/UI/StaticViewContext.swift (in target 'ART' from project 'swift-architecture-toolkit')
    cd /Users/admin/builder/spi-builder-workspace/.swiftpm/xcode
    builtin-SwiftPerFileCompile StaticViewContext.swift
SwiftCompile normal arm64 /Users/admin/builder/spi-builder-workspace/Sources/ART/Implementation/UI/ViewContext+Creation.swift (in target 'ART' from project 'swift-architecture-toolkit')
    cd /Users/admin/builder/spi-builder-workspace/.swiftpm/xcode
    builtin-SwiftPerFileCompile ViewContext+Creation.swift
SwiftCompile normal arm64 /Users/admin/builder/spi-builder-workspace/Sources/ART/Implementation/UI/ViewContext.swift (in target 'ART' from project 'swift-architecture-toolkit')
    cd /Users/admin/builder/spi-builder-workspace/.swiftpm/xcode
    builtin-SwiftPerFileCompile ViewContext.swift
SwiftCompile normal arm64 /Users/admin/builder/spi-builder-workspace/Sources/ART/Implementation/UI/ViewModel.swift (in target 'ART' from project 'swift-architecture-toolkit')
    cd /Users/admin/builder/spi-builder-workspace/.swiftpm/xcode
    builtin-SwiftPerFileCompile ViewModel.swift
SwiftCompile normal arm64 /Users/admin/builder/spi-builder-workspace/Sources/ART/Implementation/UI/ViewWithObservedContext.swift (in target 'ART' from project 'swift-architecture-toolkit')
    cd /Users/admin/builder/spi-builder-workspace/.swiftpm/xcode
    builtin-SwiftPerFileCompile ViewWithObservedContext.swift
SwiftDriverJobDiscovery normal arm64_32 Compiling Model.swift, PropertyPathObserver.swift, ValueObserver.swift, PropertyPath.swift, PropertyUpdate.swift, Reducer.swift (in target 'ART' from project 'swift-architecture-toolkit')
SwiftDriverJobDiscovery normal arm64_32 Compiling SuccessIndication.swift, ValueWithDefault.swift, WeakContainer.swift, NSRecursiveLock+ART.swift, UUID+ART.swift, DefaultCoeffects.swift (in target 'ART' from project 'swift-architecture-toolkit')
PruneExplicitPrecompiledModules /Users/admin/builder/spi-builder-workspace/.derivedData/Build/Intermediates.noindex/SwiftExplicitPrecompiledModules
PruneExplicitPrecompiledModules /Users/admin/builder/spi-builder-workspace/.derivedData/Build/Intermediates.noindex/ExplicitPrecompiledModules
PruneExplicitPrecompiledModules /Users/admin/builder/spi-builder-workspace/.derivedData/SDKExplicitPrecompiledModules
2026-09-24 09:05:56.689 xcodebuild[1246:6841] [MT] IDERunDestination: Supported platforms for the buildables in the current scheme is empty.
** BUILD FAILED **
The following build commands failed:
	SwiftCompile normal arm64 Compiling\ ReducerProtocol.swift,\ RequestProtocol.swift,\ SideEffectPerformer.swift,\ SideEffectProtocol.swift,\ StateProtocol.swift /Users/admin/builder/spi-builder-workspace/Sources/ART/Protocols/ReducerProtocol.swift /Users/admin/builder/spi-builder-workspace/Sources/ART/Protocols/RequestProtocol.swift /Users/admin/builder/spi-builder-workspace/Sources/ART/Protocols/SideEffectPerformer.swift /Users/admin/builder/spi-builder-workspace/Sources/ART/Protocols/SideEffectProtocol.swift /Users/admin/builder/spi-builder-workspace/Sources/ART/Protocols/StateProtocol.swift (in target 'ART' from project 'swift-architecture-toolkit')
	Building workspace swift-architecture-toolkit with scheme swift-architecture-toolkit
(2 failures)
BUILD FAILURE 6.4 watchOS