The Swift Package Index logo.Swift Package Index

Build Information

Failed to build SwiftSocialKit, reference main (25cde3), with Swift 6.4 for watchOS using Xcode 27.0 on 25 Sep 2026 02:37:44 UTC.

Build Command

env DEVELOPER_DIR=/Applications/Xcode-27.0.0-Release.Candidate.app xcrun xcodebuild -IDEClonedSourcePackagesDirPathOverride=$PWD/.dependencies -skipMacroValidation -skipPackagePluginValidation -derivedDataPath $PWD/.derivedData build -scheme SwiftSocialKit-Package -destination generic/platform=watchOS

Build Log

========================================
RunAll
========================================
Builder version: 5.1.0
Interrupt handler set up.
========================================
Checkout
========================================
Clone URL: https://github.com/nicolaischneider/SwiftSocialKit.git
Reference: main
Initialized empty Git repository in /Users/admin/builder/spi-builder-workspace/.git/
From https://github.com/nicolaischneider/SwiftSocialKit
 * branch            main       -> FETCH_HEAD
 * [new branch]      main       -> origin/main
HEAD is now at 25cde31 fixed race condition
Cloned https://github.com/nicolaischneider/SwiftSocialKit.git
Revision (git rev-parse @):
25cde31faa4a247966cfd08ce9467ecc8724d54f
SUCCESS checkout https://github.com/nicolaischneider/SwiftSocialKit.git at main
========================================
Build
========================================
Selected platform:         watchOS
Swift version:             6.4
Building package at path:  $PWD
https://github.com/nicolaischneider/SwiftSocialKit.git
Command line invocation:
    /Applications/Xcode-27.0.0-Release.Candidate.app/Contents/Developer/usr/bin/xcodebuild -IDEClonedSourcePackagesDirPathOverride=/Users/admin/builder/spi-builder-workspace/.dependencies -resolvePackageDependencies
Resolve Package Graph
Fetching from https://github.com/tiktok/tiktok-opensdk-ios
Creating working copy of package ‘tiktok-opensdk-ios’
Checking out 2.5.0 of package ‘tiktok-opensdk-ios’
Resolve Package Graph
Resolved source packages:
  SwiftSocialKit: /Users/admin/builder/spi-builder-workspace
  TikTokOpenSDK: https://github.com/tiktok/tiktok-opensdk-ios @ 2.5.0
resolved source packages: SwiftSocialKit, TikTokOpenSDK
2026-09-24 22:37:02.448 xcodebuild[529:3040] [MT] IDERunDestination: Supported platforms for the buildables in the current scheme is empty.
{
  "dependencies" : [
    {
      "identity" : "tiktok-opensdk-ios",
      "requirement" : {
        "range" : [
          {
            "lower_bound" : "2.5.0",
            "upper_bound" : "2.6.0"
          }
        ]
      },
      "type" : "sourceControl",
      "url" : "https://github.com/tiktok/tiktok-opensdk-ios"
    }
  ],
  "manifest_display_name" : "SwiftSocialKit",
  "name" : "SwiftSocialKit",
  "path" : "/Users/admin/builder/spi-builder-workspace",
  "platforms" : [
    {
      "name" : "ios",
      "version" : "13.0"
    }
  ],
  "products" : [
    {
      "name" : "SaveToDeviceKit",
      "targets" : [
        "SaveToDeviceKit"
      ],
      "type" : {
        "library" : [
          "automatic"
        ]
      }
    },
    {
      "name" : "InstagramShareKit",
      "targets" : [
        "InstagramShareKit"
      ],
      "type" : {
        "library" : [
          "automatic"
        ]
      }
    },
    {
      "name" : "TikTokShareKit",
      "targets" : [
        "TikTokShareKit"
      ],
      "type" : {
        "library" : [
          "automatic"
        ]
      }
    }
  ],
  "targets" : [
    {
      "c99name" : "TikTokShareKit",
      "module_type" : "SwiftTarget",
      "name" : "TikTokShareKit",
      "path" : "Sources/TikTokShareKit",
      "product_dependencies" : [
        "TikTokOpenSDKCore",
        "TikTokOpenShareSDK"
      ],
      "product_memberships" : [
        "TikTokShareKit"
      ],
      "sources" : [
        "Extensions/LoggerExtension.swift",
        "Extensions/URL+SaveToPhotos.swift",
        "TikTokShareKit+Upload.swift",
        "TikTokShareKit.swift",
        "TikTokShareState.swift"
      ],
      "type" : "library"
    },
    {
      "c99name" : "SaveToDeviceKit",
      "module_type" : "SwiftTarget",
      "name" : "SaveToDeviceKit",
      "path" : "Sources/SaveToDeviceKit",
      "product_memberships" : [
        "SaveToDeviceKit"
      ],
      "sources" : [
        "Extensions/LoggerExtension.swift",
        "Extensions/UIImage+SaveToPhotos.swift",
        "Extensions/URL+SaveToPhotos.swift",
        "SaveState.swift",
        "SaveToDeviceKit+StoreMedia.swift",
        "SaveToDeviceKit.swift"
      ],
      "type" : "library"
    },
    {
      "c99name" : "InstagramShareKit",
      "module_type" : "SwiftTarget",
      "name" : "InstagramShareKit",
      "path" : "Sources/InstagramShareKit",
      "product_memberships" : [
        "InstagramShareKit"
      ],
      "sources" : [
        "Extensions/LoggerExtension.swift",
        "InstagramShareKit+Reels.swift",
        "InstagramShareKit+Story.swift",
        "InstagramShareKit.swift",
        "InstagramShareState.swift"
      ],
      "type" : "library"
    }
  ],
  "tools_version" : "6.1"
}
{
  "workspace" : {
    "name" : "SwiftSocialKit",
    "schemes" : [
      "InstagramShareKit",
      "SaveToDeviceKit",
      "SwiftSocialKit-Package",
      "TikTokShareKit"
    ]
  }
}
2026-09-24 22:37:34.500 xcodebuild[683:4186] [MT] IDERunDestination: Supported platforms for the buildables in the current scheme is empty.
Running build ...
env DEVELOPER_DIR=/Applications/Xcode-27.0.0-Release.Candidate.app xcrun xcodebuild -IDEClonedSourcePackagesDirPathOverride=$PWD/.dependencies -skipMacroValidation -skipPackagePluginValidation -derivedDataPath $PWD/.derivedData build -scheme SwiftSocialKit-Package -destination generic/platform=watchOS
Command line invocation:
    /Applications/Xcode-27.0.0-Release.Candidate.app/Contents/Developer/usr/bin/xcodebuild -IDEClonedSourcePackagesDirPathOverride=/Users/admin/builder/spi-builder-workspace/.dependencies -skipMacroValidation -skipPackagePluginValidation -derivedDataPath /Users/admin/builder/spi-builder-workspace/.derivedData build -scheme SwiftSocialKit-Package -destination generic/platform=watchOS
Resolve Package Graph
Resolve Package Graph
Resolved source packages:
  TikTokOpenSDK: https://github.com/tiktok/tiktok-opensdk-ios @ 2.5.0
  SwiftSocialKit: /Users/admin/builder/spi-builder-workspace
ComputePackagePrebuildTargetDependencyGraph
Prepare packages
CreateBuildRequest
SendProjectDescription
CreateBuildOperation
ComputeTargetDependencyGraph
note: Building targets in dependency order
note: Target dependency graph (12 targets)
    Target 'TikTokShareKit-product' in project 'SwiftSocialKit'
        ➜ Explicit dependency on target 'TikTokShareKit' in project 'SwiftSocialKit'
        ➜ Explicit dependency on target 'TikTokOpenSDKCore-product' in project 'TikTokOpenSDK'
        ➜ Explicit dependency on target 'TikTokOpenShareSDK-product' in project 'TikTokOpenSDK'
    Target 'TikTokShareKit' in project 'SwiftSocialKit'
        ➜ Explicit dependency on target 'TikTokOpenSDKCore-product' in project 'TikTokOpenSDK'
        ➜ Explicit dependency on target 'TikTokOpenShareSDK-product' in project 'TikTokOpenSDK'
    Target 'TikTokOpenShareSDK-product' in project 'TikTokOpenSDK'
        ➜ Explicit dependency on target 'TikTokOpenShareSDK' in project 'TikTokOpenSDK'
        ➜ Explicit dependency on target 'TikTokOpenSDK_TikTokOpenShareSDK' in project 'TikTokOpenSDK'
        ➜ Explicit dependency on target 'TikTokOpenSDKCore' in project 'TikTokOpenSDK'
    Target 'TikTokOpenShareSDK' in project 'TikTokOpenSDK'
        ➜ Explicit dependency on target 'TikTokOpenSDK_TikTokOpenShareSDK' in project 'TikTokOpenSDK'
        ➜ Explicit dependency on target 'TikTokOpenSDKCore' in project 'TikTokOpenSDK'
    Target 'TikTokOpenSDK_TikTokOpenShareSDK' in project 'TikTokOpenSDK' (no dependencies)
    Target 'TikTokOpenSDKCore-product' in project 'TikTokOpenSDK'
        ➜ Explicit dependency on target 'TikTokOpenSDKCore' in project 'TikTokOpenSDK'
        ➜ Explicit dependency on target 'TikTokOpenSDK_TikTokOpenSDKCore' in project 'TikTokOpenSDK'
    Target 'TikTokOpenSDKCore' in project 'TikTokOpenSDK'
        ➜ Explicit dependency on target 'TikTokOpenSDK_TikTokOpenSDKCore' in project 'TikTokOpenSDK'
    Target 'TikTokOpenSDK_TikTokOpenSDKCore' in project 'TikTokOpenSDK' (no dependencies)
    Target 'InstagramShareKit-product' in project 'SwiftSocialKit'
        ➜ Explicit dependency on target 'InstagramShareKit' in project 'SwiftSocialKit'
    Target 'InstagramShareKit' in project 'SwiftSocialKit' (no dependencies)
    Target 'SaveToDeviceKit-product' in project 'SwiftSocialKit'
        ➜ Explicit dependency on target 'SaveToDeviceKit' in project 'SwiftSocialKit'
    Target 'SaveToDeviceKit' in project 'SwiftSocialKit' (no dependencies)
GatherProvisioningInputs
CreateBuildDescription
ExecuteExternalTool /Applications/Xcode-27.0.0-Release.Candidate.app/Contents/Developer/Toolchains/XcodeDefault.xctoolchain/usr/bin/swiftc --version
ExecuteExternalTool /Applications/Xcode-27.0.0-Release.Candidate.app/Contents/Developer/Toolchains/XcodeDefault.xctoolchain/usr/bin/clang -v -E -dM -isysroot /Applications/Xcode-27.0.0-Release.Candidate.app/Contents/Developer/Platforms/WatchOS.platform/Developer/SDKs/WatchOS27.0.sdk -x c -c /dev/null
ExecuteExternalTool /Applications/Xcode-27.0.0-Release.Candidate.app/Contents/Developer/Toolchains/XcodeDefault.xctoolchain/usr/bin/ld -version_details
Build description signature: b4d702c2262aca0edbdfd70ee526a363
Build description path: /Users/admin/builder/spi-builder-workspace/.derivedData/Build/Intermediates.noindex/XCBuildData/b4d702c2262aca0edbdfd70ee526a363.xcbuilddata
CreateBuildDirectory /Users/admin/builder/spi-builder-workspace/.derivedData/SDKExplicitPrecompiledModules
    cd /Users/admin/builder/spi-builder-workspace/.swiftpm/xcode
    builtin-create-build-directory /Users/admin/builder/spi-builder-workspace/.derivedData/SDKExplicitPrecompiledModules
CreateBuildDirectory /Users/admin/builder/spi-builder-workspace/.derivedData/ModuleCache.noindex
    cd /Users/admin/builder/spi-builder-workspace/.swiftpm/xcode
    builtin-create-build-directory /Users/admin/builder/spi-builder-workspace/.derivedData/ModuleCache.noindex
CreateBuildDirectory /Users/admin/builder/spi-builder-workspace/.derivedData/CompilationCache.noindex
    cd /Users/admin/builder/spi-builder-workspace/.swiftpm/xcode
    builtin-create-build-directory /Users/admin/builder/spi-builder-workspace/.derivedData/CompilationCache.noindex
CreateBuildDirectory /Users/admin/builder/spi-builder-workspace/.derivedData/Build/Products
    cd /Users/admin/builder/spi-builder-workspace/.swiftpm/xcode
    builtin-create-build-directory /Users/admin/builder/spi-builder-workspace/.derivedData/Build/Products
CreateBuildDirectory /Users/admin/builder/spi-builder-workspace/.derivedData/Build/Intermediates.noindex
    cd /Users/admin/builder/spi-builder-workspace/.swiftpm/xcode
    builtin-create-build-directory /Users/admin/builder/spi-builder-workspace/.derivedData/Build/Intermediates.noindex
ClangStatCache /Applications/Xcode-27.0.0-Release.Candidate.app/Contents/Developer/Toolchains/XcodeDefault.xctoolchain/usr/bin/clang-stat-cache /Applications/Xcode-27.0.0-Release.Candidate.app/Contents/Developer/Platforms/WatchOS.platform/Developer/SDKs/WatchOS27.0.sdk /Users/admin/builder/spi-builder-workspace/.derivedData/SDKStatCaches.noindex/watchos27.0-24R360-e829b21a6f8c9b70876ba0858053c04477534ef55a1706bf4c1112bbb242f0a2.sdkstatcache
    cd /Users/admin/builder/spi-builder-workspace/.swiftpm/xcode
    /Applications/Xcode-27.0.0-Release.Candidate.app/Contents/Developer/Toolchains/XcodeDefault.xctoolchain/usr/bin/clang-stat-cache /Applications/Xcode-27.0.0-Release.Candidate.app/Contents/Developer/Platforms/WatchOS.platform/Developer/SDKs/WatchOS27.0.sdk -o /Users/admin/builder/spi-builder-workspace/.derivedData/SDKStatCaches.noindex/watchos27.0-24R360-e829b21a6f8c9b70876ba0858053c04477534ef55a1706bf4c1112bbb242f0a2.sdkstatcache
CreateBuildDirectory /Users/admin/builder/spi-builder-workspace/.derivedData/Build/Intermediates.noindex/SwiftExplicitPrecompiledModules
    cd /Users/admin/builder/spi-builder-workspace/.swiftpm/xcode
    builtin-create-build-directory /Users/admin/builder/spi-builder-workspace/.derivedData/Build/Intermediates.noindex/SwiftExplicitPrecompiledModules
CreateBuildDirectory /Users/admin/builder/spi-builder-workspace/.derivedData/Build/Intermediates.noindex/PrecompiledHeaders
    cd /Users/admin/builder/spi-builder-workspace/.swiftpm/xcode
    builtin-create-build-directory /Users/admin/builder/spi-builder-workspace/.derivedData/Build/Intermediates.noindex/PrecompiledHeaders
CreateBuildDirectory /Users/admin/builder/spi-builder-workspace/.derivedData/Build/Intermediates.noindex/ExplicitPrecompiledModules
    cd /Users/admin/builder/spi-builder-workspace/.swiftpm/xcode
    builtin-create-build-directory /Users/admin/builder/spi-builder-workspace/.derivedData/Build/Intermediates.noindex/ExplicitPrecompiledModules
CreateBuildDirectory /Users/admin/builder/spi-builder-workspace/.derivedData/Build/Intermediates.noindex/EagerLinkingTBDs/Debug-watchos
    cd /Users/admin/builder/spi-builder-workspace/.swiftpm/xcode
    builtin-create-build-directory /Users/admin/builder/spi-builder-workspace/.derivedData/Build/Intermediates.noindex/EagerLinkingTBDs/Debug-watchos
CreateBuildDirectory /Users/admin/builder/spi-builder-workspace/.derivedData/Build/Products/Debug-watchos
    cd /Users/admin/builder/spi-builder-workspace/.swiftpm/xcode
    builtin-create-build-directory /Users/admin/builder/spi-builder-workspace/.derivedData/Build/Products/Debug-watchos
WriteAuxiliaryFile /Users/admin/builder/spi-builder-workspace/.derivedData/Build/Intermediates.noindex/TikTokOpenSDK.build/Debug-watchos/TikTokOpenShareSDK-t.build/TikTokOpenShareSDK.modulemap (in target 'TikTokOpenShareSDK' from project 'TikTokOpenSDK')
    cd /Users/admin/builder/spi-builder-workspace/.dependencies/checkouts/tiktok-opensdk-ios
    write-file /Users/admin/builder/spi-builder-workspace/.derivedData/Build/Intermediates.noindex/TikTokOpenSDK.build/Debug-watchos/TikTokOpenShareSDK-t.build/TikTokOpenShareSDK.modulemap
WriteAuxiliaryFile /Users/admin/builder/spi-builder-workspace/.derivedData/Build/Intermediates.noindex/TikTokOpenSDK.build/Debug-watchos/TikTokOpenShareSDK-t.build/TikTokOpenShareSDK.DependencyStaticMetadataFileList (in target 'TikTokOpenShareSDK' from project 'TikTokOpenSDK')
    cd /Users/admin/builder/spi-builder-workspace/.dependencies/checkouts/tiktok-opensdk-ios
    write-file /Users/admin/builder/spi-builder-workspace/.derivedData/Build/Intermediates.noindex/TikTokOpenSDK.build/Debug-watchos/TikTokOpenShareSDK-t.build/TikTokOpenShareSDK.DependencyStaticMetadataFileList
WriteAuxiliaryFile /Users/admin/builder/spi-builder-workspace/.derivedData/Build/Intermediates.noindex/TikTokOpenSDK.build/Debug-watchos/TikTokOpenShareSDK-t.build/TikTokOpenShareSDK.DependencyMetadataFileList (in target 'TikTokOpenShareSDK' from project 'TikTokOpenSDK')
    cd /Users/admin/builder/spi-builder-workspace/.dependencies/checkouts/tiktok-opensdk-ios
    write-file /Users/admin/builder/spi-builder-workspace/.derivedData/Build/Intermediates.noindex/TikTokOpenSDK.build/Debug-watchos/TikTokOpenShareSDK-t.build/TikTokOpenShareSDK.DependencyMetadataFileList
WriteAuxiliaryFile /Users/admin/builder/spi-builder-workspace/.derivedData/Build/Intermediates.noindex/TikTokOpenSDK.build/Debug-watchos/TikTokOpenShareSDK-t.build/Objects-normal/arm64_32/TikTokOpenShareSDK.SwiftConstValuesFileList (in target 'TikTokOpenShareSDK' from project 'TikTokOpenSDK')
    cd /Users/admin/builder/spi-builder-workspace/.dependencies/checkouts/tiktok-opensdk-ios
    write-file /Users/admin/builder/spi-builder-workspace/.derivedData/Build/Intermediates.noindex/TikTokOpenSDK.build/Debug-watchos/TikTokOpenShareSDK-t.build/Objects-normal/arm64_32/TikTokOpenShareSDK.SwiftConstValuesFileList
WriteAuxiliaryFile /Users/admin/builder/spi-builder-workspace/.derivedData/Build/Intermediates.noindex/TikTokOpenSDK.build/Debug-watchos/TikTokOpenShareSDK-t.build/Objects-normal/arm64_32/TikTokOpenShareSDK.SwiftFileList (in target 'TikTokOpenShareSDK' from project 'TikTokOpenSDK')
    cd /Users/admin/builder/spi-builder-workspace/.dependencies/checkouts/tiktok-opensdk-ios
    write-file /Users/admin/builder/spi-builder-workspace/.derivedData/Build/Intermediates.noindex/TikTokOpenSDK.build/Debug-watchos/TikTokOpenShareSDK-t.build/Objects-normal/arm64_32/TikTokOpenShareSDK.SwiftFileList
WriteAuxiliaryFile /Users/admin/builder/spi-builder-workspace/.derivedData/Build/Intermediates.noindex/TikTokOpenSDK.build/Debug-watchos/TikTokOpenShareSDK-t.build/Objects-normal/arm64_32/TikTokOpenShareSDK_const_extract_protocols.json (in target 'TikTokOpenShareSDK' from project 'TikTokOpenSDK')
    cd /Users/admin/builder/spi-builder-workspace/.dependencies/checkouts/tiktok-opensdk-ios
    write-file /Users/admin/builder/spi-builder-workspace/.derivedData/Build/Intermediates.noindex/TikTokOpenSDK.build/Debug-watchos/TikTokOpenShareSDK-t.build/Objects-normal/arm64_32/TikTokOpenShareSDK_const_extract_protocols.json
WriteAuxiliaryFile /Users/admin/builder/spi-builder-workspace/.derivedData/Build/Intermediates.noindex/SwiftSocialKit.build/Debug-watchos/TikTokShareKit-t.build/TikTokShareKit.DependencyMetadataFileList (in target 'TikTokShareKit' from project 'SwiftSocialKit')
    cd /Users/admin/builder/spi-builder-workspace
    write-file /Users/admin/builder/spi-builder-workspace/.derivedData/Build/Intermediates.noindex/SwiftSocialKit.build/Debug-watchos/TikTokShareKit-t.build/TikTokShareKit.DependencyMetadataFileList
WriteAuxiliaryFile /Users/admin/builder/spi-builder-workspace/.derivedData/Build/Intermediates.noindex/SwiftSocialKit.build/Debug-watchos/TikTokShareKit-t.build/TikTokShareKit.DependencyStaticMetadataFileList (in target 'TikTokShareKit' from project 'SwiftSocialKit')
    cd /Users/admin/builder/spi-builder-workspace
    write-file /Users/admin/builder/spi-builder-workspace/.derivedData/Build/Intermediates.noindex/SwiftSocialKit.build/Debug-watchos/TikTokShareKit-t.build/TikTokShareKit.DependencyStaticMetadataFileList
WriteAuxiliaryFile /Users/admin/builder/spi-builder-workspace/.derivedData/Build/Intermediates.noindex/SwiftSocialKit.build/Debug-watchos/TikTokShareKit-t.build/TikTokShareKit.modulemap (in target 'TikTokShareKit' from project 'SwiftSocialKit')
    cd /Users/admin/builder/spi-builder-workspace
    write-file /Users/admin/builder/spi-builder-workspace/.derivedData/Build/Intermediates.noindex/SwiftSocialKit.build/Debug-watchos/TikTokShareKit-t.build/TikTokShareKit.modulemap
WriteAuxiliaryFile /Users/admin/builder/spi-builder-workspace/.derivedData/Build/Intermediates.noindex/SwiftSocialKit.build/Debug-watchos/TikTokShareKit-t.build/Objects-normal/arm64_32/TikTokShareKit.SwiftConstValuesFileList (in target 'TikTokShareKit' from project 'SwiftSocialKit')
    cd /Users/admin/builder/spi-builder-workspace
    write-file /Users/admin/builder/spi-builder-workspace/.derivedData/Build/Intermediates.noindex/SwiftSocialKit.build/Debug-watchos/TikTokShareKit-t.build/Objects-normal/arm64_32/TikTokShareKit.SwiftConstValuesFileList
WriteAuxiliaryFile /Users/admin/builder/spi-builder-workspace/.derivedData/Build/Intermediates.noindex/SwiftSocialKit.build/Debug-watchos/TikTokShareKit-t.build/Objects-normal/arm64_32/TikTokShareKit.SwiftFileList (in target 'TikTokShareKit' from project 'SwiftSocialKit')
    cd /Users/admin/builder/spi-builder-workspace
    write-file /Users/admin/builder/spi-builder-workspace/.derivedData/Build/Intermediates.noindex/SwiftSocialKit.build/Debug-watchos/TikTokShareKit-t.build/Objects-normal/arm64_32/TikTokShareKit.SwiftFileList
WriteAuxiliaryFile /Users/admin/builder/spi-builder-workspace/.derivedData/Build/Intermediates.noindex/SwiftSocialKit.build/Debug-watchos/TikTokShareKit-t.build/Objects-normal/arm64_32/TikTokShareKit-OutputFileMap.json (in target 'TikTokShareKit' from project 'SwiftSocialKit')
    cd /Users/admin/builder/spi-builder-workspace
    write-file /Users/admin/builder/spi-builder-workspace/.derivedData/Build/Intermediates.noindex/SwiftSocialKit.build/Debug-watchos/TikTokShareKit-t.build/Objects-normal/arm64_32/TikTokShareKit-OutputFileMap.json
WriteAuxiliaryFile /Users/admin/builder/spi-builder-workspace/.derivedData/Build/Intermediates.noindex/SwiftSocialKit.build/Debug-watchos/TikTokShareKit-t.build/Objects-normal/arm64_32/TikTokShareKit_const_extract_protocols.json (in target 'TikTokShareKit' from project 'SwiftSocialKit')
    cd /Users/admin/builder/spi-builder-workspace
    write-file /Users/admin/builder/spi-builder-workspace/.derivedData/Build/Intermediates.noindex/SwiftSocialKit.build/Debug-watchos/TikTokShareKit-t.build/Objects-normal/arm64_32/TikTokShareKit_const_extract_protocols.json
WriteAuxiliaryFile /Users/admin/builder/spi-builder-workspace/.derivedData/Build/Intermediates.noindex/SwiftSocialKit.build/Debug-watchos/TikTokShareKit-t.build/Objects-normal/arm64_32/TikTokShareKit.LinkFileList (in target 'TikTokShareKit' from project 'SwiftSocialKit')
    cd /Users/admin/builder/spi-builder-workspace
    write-file /Users/admin/builder/spi-builder-workspace/.derivedData/Build/Intermediates.noindex/SwiftSocialKit.build/Debug-watchos/TikTokShareKit-t.build/Objects-normal/arm64_32/TikTokShareKit.LinkFileList
WriteAuxiliaryFile /Users/admin/builder/spi-builder-workspace/.derivedData/Build/Intermediates.noindex/SwiftSocialKit.build/Debug-watchos/TikTokShareKit-t.build/Objects-normal/arm64/TikTokShareKit_const_extract_protocols.json (in target 'TikTokShareKit' from project 'SwiftSocialKit')
    cd /Users/admin/builder/spi-builder-workspace
    write-file /Users/admin/builder/spi-builder-workspace/.derivedData/Build/Intermediates.noindex/SwiftSocialKit.build/Debug-watchos/TikTokShareKit-t.build/Objects-normal/arm64/TikTokShareKit_const_extract_protocols.json
WriteAuxiliaryFile /Users/admin/builder/spi-builder-workspace/.derivedData/Build/Intermediates.noindex/SwiftSocialKit.build/Debug-watchos/TikTokShareKit-t.build/Objects-normal/arm64/TikTokShareKit.SwiftFileList (in target 'TikTokShareKit' from project 'SwiftSocialKit')
    cd /Users/admin/builder/spi-builder-workspace
    write-file /Users/admin/builder/spi-builder-workspace/.derivedData/Build/Intermediates.noindex/SwiftSocialKit.build/Debug-watchos/TikTokShareKit-t.build/Objects-normal/arm64/TikTokShareKit.SwiftFileList
WriteAuxiliaryFile /Users/admin/builder/spi-builder-workspace/.derivedData/Build/Intermediates.noindex/SwiftSocialKit.build/Debug-watchos/TikTokShareKit-t.build/Objects-normal/arm64/TikTokShareKit.SwiftConstValuesFileList (in target 'TikTokShareKit' from project 'SwiftSocialKit')
    cd /Users/admin/builder/spi-builder-workspace
    write-file /Users/admin/builder/spi-builder-workspace/.derivedData/Build/Intermediates.noindex/SwiftSocialKit.build/Debug-watchos/TikTokShareKit-t.build/Objects-normal/arm64/TikTokShareKit.SwiftConstValuesFileList
WriteAuxiliaryFile /Users/admin/builder/spi-builder-workspace/.derivedData/Build/Intermediates.noindex/SwiftSocialKit.build/Debug-watchos/TikTokShareKit-t.build/Objects-normal/arm64/TikTokShareKit.LinkFileList (in target 'TikTokShareKit' from project 'SwiftSocialKit')
    cd /Users/admin/builder/spi-builder-workspace
    write-file /Users/admin/builder/spi-builder-workspace/.derivedData/Build/Intermediates.noindex/SwiftSocialKit.build/Debug-watchos/TikTokShareKit-t.build/Objects-normal/arm64/TikTokShareKit.LinkFileList
WriteAuxiliaryFile /Users/admin/builder/spi-builder-workspace/.derivedData/Build/Intermediates.noindex/SwiftSocialKit.build/Debug-watchos/TikTokShareKit-t.build/Objects-normal/arm64/TikTokShareKit-OutputFileMap.json (in target 'TikTokShareKit' from project 'SwiftSocialKit')
    cd /Users/admin/builder/spi-builder-workspace
    write-file /Users/admin/builder/spi-builder-workspace/.derivedData/Build/Intermediates.noindex/SwiftSocialKit.build/Debug-watchos/TikTokShareKit-t.build/Objects-normal/arm64/TikTokShareKit-OutputFileMap.json
Copy /Users/admin/builder/spi-builder-workspace/.derivedData/Build/Intermediates.noindex/GeneratedModuleMaps-watchos/TikTokShareKit.modulemap /Users/admin/builder/spi-builder-workspace/.derivedData/Build/Intermediates.noindex/SwiftSocialKit.build/Debug-watchos/TikTokShareKit-t.build/TikTokShareKit.modulemap (in target 'TikTokShareKit' from project 'SwiftSocialKit')
    cd /Users/admin/builder/spi-builder-workspace
    builtin-copy -exclude .DS_Store -exclude CVS -exclude .svn -exclude .git -exclude .hg -resolve-src-symlinks /Users/admin/builder/spi-builder-workspace/.derivedData/Build/Intermediates.noindex/SwiftSocialKit.build/Debug-watchos/TikTokShareKit-t.build/TikTokShareKit.modulemap /Users/admin/builder/spi-builder-workspace/.derivedData/Build/Intermediates.noindex/GeneratedModuleMaps-watchos
WriteAuxiliaryFile /Users/admin/builder/spi-builder-workspace/.derivedData/Build/Intermediates.noindex/TikTokOpenSDK.build/Debug-watchos/TikTokOpenShareSDK-t.build/Objects-normal/arm64_32/TikTokOpenShareSDK.LinkFileList (in target 'TikTokOpenShareSDK' from project 'TikTokOpenSDK')
    cd /Users/admin/builder/spi-builder-workspace/.dependencies/checkouts/tiktok-opensdk-ios
    write-file /Users/admin/builder/spi-builder-workspace/.derivedData/Build/Intermediates.noindex/TikTokOpenSDK.build/Debug-watchos/TikTokOpenShareSDK-t.build/Objects-normal/arm64_32/TikTokOpenShareSDK.LinkFileList
WriteAuxiliaryFile /Users/admin/builder/spi-builder-workspace/.derivedData/Build/Intermediates.noindex/TikTokOpenSDK.build/Debug-watchos/TikTokOpenShareSDK-t.build/Objects-normal/arm64_32/TikTokOpenShareSDK-OutputFileMap.json (in target 'TikTokOpenShareSDK' from project 'TikTokOpenSDK')
    cd /Users/admin/builder/spi-builder-workspace/.dependencies/checkouts/tiktok-opensdk-ios
    write-file /Users/admin/builder/spi-builder-workspace/.derivedData/Build/Intermediates.noindex/TikTokOpenSDK.build/Debug-watchos/TikTokOpenShareSDK-t.build/Objects-normal/arm64_32/TikTokOpenShareSDK-OutputFileMap.json
WriteAuxiliaryFile /Users/admin/builder/spi-builder-workspace/.derivedData/Build/Intermediates.noindex/TikTokOpenSDK.build/Debug-watchos/TikTokOpenShareSDK-t.build/Objects-normal/arm64/TikTokOpenShareSDK_const_extract_protocols.json (in target 'TikTokOpenShareSDK' from project 'TikTokOpenSDK')
    cd /Users/admin/builder/spi-builder-workspace/.dependencies/checkouts/tiktok-opensdk-ios
    write-file /Users/admin/builder/spi-builder-workspace/.derivedData/Build/Intermediates.noindex/TikTokOpenSDK.build/Debug-watchos/TikTokOpenShareSDK-t.build/Objects-normal/arm64/TikTokOpenShareSDK_const_extract_protocols.json
WriteAuxiliaryFile /Users/admin/builder/spi-builder-workspace/.derivedData/Build/Intermediates.noindex/TikTokOpenSDK.build/Debug-watchos/TikTokOpenShareSDK-t.build/Objects-normal/arm64/TikTokOpenShareSDK.SwiftFileList (in target 'TikTokOpenShareSDK' from project 'TikTokOpenSDK')
    cd /Users/admin/builder/spi-builder-workspace/.dependencies/checkouts/tiktok-opensdk-ios
    write-file /Users/admin/builder/spi-builder-workspace/.derivedData/Build/Intermediates.noindex/TikTokOpenSDK.build/Debug-watchos/TikTokOpenShareSDK-t.build/Objects-normal/arm64/TikTokOpenShareSDK.SwiftFileList
WriteAuxiliaryFile /Users/admin/builder/spi-builder-workspace/.derivedData/Build/Intermediates.noindex/TikTokOpenSDK.build/Debug-watchos/TikTokOpenShareSDK-t.build/Objects-normal/arm64/TikTokOpenShareSDK.SwiftConstValuesFileList (in target 'TikTokOpenShareSDK' from project 'TikTokOpenSDK')
    cd /Users/admin/builder/spi-builder-workspace/.dependencies/checkouts/tiktok-opensdk-ios
    write-file /Users/admin/builder/spi-builder-workspace/.derivedData/Build/Intermediates.noindex/TikTokOpenSDK.build/Debug-watchos/TikTokOpenShareSDK-t.build/Objects-normal/arm64/TikTokOpenShareSDK.SwiftConstValuesFileList
WriteAuxiliaryFile /Users/admin/builder/spi-builder-workspace/.derivedData/Build/Intermediates.noindex/TikTokOpenSDK.build/Debug-watchos/TikTokOpenShareSDK-t.build/Objects-normal/arm64/TikTokOpenShareSDK.LinkFileList (in target 'TikTokOpenShareSDK' from project 'TikTokOpenSDK')
    cd /Users/admin/builder/spi-builder-workspace/.dependencies/checkouts/tiktok-opensdk-ios
    write-file /Users/admin/builder/spi-builder-workspace/.derivedData/Build/Intermediates.noindex/TikTokOpenSDK.build/Debug-watchos/TikTokOpenShareSDK-t.build/Objects-normal/arm64/TikTokOpenShareSDK.LinkFileList
WriteAuxiliaryFile /Users/admin/builder/spi-builder-workspace/.derivedData/Build/Intermediates.noindex/TikTokOpenSDK.build/Debug-watchos/TikTokOpenShareSDK-t.build/Objects-normal/arm64/TikTokOpenShareSDK-OutputFileMap.json (in target 'TikTokOpenShareSDK' from project 'TikTokOpenSDK')
    cd /Users/admin/builder/spi-builder-workspace/.dependencies/checkouts/tiktok-opensdk-ios
    write-file /Users/admin/builder/spi-builder-workspace/.derivedData/Build/Intermediates.noindex/TikTokOpenSDK.build/Debug-watchos/TikTokOpenShareSDK-t.build/Objects-normal/arm64/TikTokOpenShareSDK-OutputFileMap.json
WriteAuxiliaryFile /Users/admin/builder/spi-builder-workspace/.derivedData/Build/Intermediates.noindex/TikTokOpenSDK.build/Debug-watchos/TikTokOpenShareSDK-t.build/DerivedSources/resource_bundle_accessor.swift (in target 'TikTokOpenShareSDK' from project 'TikTokOpenSDK')
    cd /Users/admin/builder/spi-builder-workspace/.dependencies/checkouts/tiktok-opensdk-ios
    write-file /Users/admin/builder/spi-builder-workspace/.derivedData/Build/Intermediates.noindex/TikTokOpenSDK.build/Debug-watchos/TikTokOpenShareSDK-t.build/DerivedSources/resource_bundle_accessor.swift
Copy /Users/admin/builder/spi-builder-workspace/.derivedData/Build/Intermediates.noindex/GeneratedModuleMaps-watchos/TikTokOpenShareSDK.modulemap /Users/admin/builder/spi-builder-workspace/.derivedData/Build/Intermediates.noindex/TikTokOpenSDK.build/Debug-watchos/TikTokOpenShareSDK-t.build/TikTokOpenShareSDK.modulemap (in target 'TikTokOpenShareSDK' from project 'TikTokOpenSDK')
    cd /Users/admin/builder/spi-builder-workspace/.dependencies/checkouts/tiktok-opensdk-ios
    builtin-copy -exclude .DS_Store -exclude CVS -exclude .svn -exclude .git -exclude .hg -resolve-src-symlinks /Users/admin/builder/spi-builder-workspace/.derivedData/Build/Intermediates.noindex/TikTokOpenSDK.build/Debug-watchos/TikTokOpenShareSDK-t.build/TikTokOpenShareSDK.modulemap /Users/admin/builder/spi-builder-workspace/.derivedData/Build/Intermediates.noindex/GeneratedModuleMaps-watchos
WriteAuxiliaryFile /Users/admin/builder/spi-builder-workspace/.derivedData/Build/Intermediates.noindex/TikTokOpenSDK.build/Debug-watchos/TikTokOpenSDK_TikTokOpenShareSDK-b.build/TikTokOpenSDK_TikTokOpenShareSDK.DependencyStaticMetadataFileList (in target 'TikTokOpenSDK_TikTokOpenShareSDK' from project 'TikTokOpenSDK')
    cd /Users/admin/builder/spi-builder-workspace/.dependencies/checkouts/tiktok-opensdk-ios
    write-file /Users/admin/builder/spi-builder-workspace/.derivedData/Build/Intermediates.noindex/TikTokOpenSDK.build/Debug-watchos/TikTokOpenSDK_TikTokOpenShareSDK-b.build/TikTokOpenSDK_TikTokOpenShareSDK.DependencyStaticMetadataFileList
WriteAuxiliaryFile /Users/admin/builder/spi-builder-workspace/.derivedData/Build/Intermediates.noindex/TikTokOpenSDK.build/Debug-watchos/TikTokOpenSDK_TikTokOpenShareSDK-b.build/empty-TikTokOpenSDK_TikTokOpenShareSDK.plist (in target 'TikTokOpenSDK_TikTokOpenShareSDK' from project 'TikTokOpenSDK')
    cd /Users/admin/builder/spi-builder-workspace/.dependencies/checkouts/tiktok-opensdk-ios
    write-file /Users/admin/builder/spi-builder-workspace/.derivedData/Build/Intermediates.noindex/TikTokOpenSDK.build/Debug-watchos/TikTokOpenSDK_TikTokOpenShareSDK-b.build/empty-TikTokOpenSDK_TikTokOpenShareSDK.plist
WriteAuxiliaryFile /Users/admin/builder/spi-builder-workspace/.derivedData/Build/Intermediates.noindex/TikTokOpenSDK.build/Debug-watchos/TikTokOpenSDK_TikTokOpenShareSDK-b.build/TikTokOpenSDK_TikTokOpenShareSDK.DependencyMetadataFileList (in target 'TikTokOpenSDK_TikTokOpenShareSDK' from project 'TikTokOpenSDK')
    cd /Users/admin/builder/spi-builder-workspace/.dependencies/checkouts/tiktok-opensdk-ios
    write-file /Users/admin/builder/spi-builder-workspace/.derivedData/Build/Intermediates.noindex/TikTokOpenSDK.build/Debug-watchos/TikTokOpenSDK_TikTokOpenShareSDK-b.build/TikTokOpenSDK_TikTokOpenShareSDK.DependencyMetadataFileList
WriteAuxiliaryFile /Users/admin/builder/spi-builder-workspace/.derivedData/Build/Intermediates.noindex/TikTokOpenSDK.build/Debug-watchos/TikTokOpenSDK_TikTokOpenSDKCore-b.build/empty-TikTokOpenSDK_TikTokOpenSDKCore.plist (in target 'TikTokOpenSDK_TikTokOpenSDKCore' from project 'TikTokOpenSDK')
    cd /Users/admin/builder/spi-builder-workspace/.dependencies/checkouts/tiktok-opensdk-ios
    write-file /Users/admin/builder/spi-builder-workspace/.derivedData/Build/Intermediates.noindex/TikTokOpenSDK.build/Debug-watchos/TikTokOpenSDK_TikTokOpenSDKCore-b.build/empty-TikTokOpenSDK_TikTokOpenSDKCore.plist
WriteAuxiliaryFile /Users/admin/builder/spi-builder-workspace/.derivedData/Build/Intermediates.noindex/TikTokOpenSDK.build/Debug-watchos/TikTokOpenSDK_TikTokOpenSDKCore-b.build/TikTokOpenSDK_TikTokOpenSDKCore.DependencyStaticMetadataFileList (in target 'TikTokOpenSDK_TikTokOpenSDKCore' from project 'TikTokOpenSDK')
    cd /Users/admin/builder/spi-builder-workspace/.dependencies/checkouts/tiktok-opensdk-ios
    write-file /Users/admin/builder/spi-builder-workspace/.derivedData/Build/Intermediates.noindex/TikTokOpenSDK.build/Debug-watchos/TikTokOpenSDK_TikTokOpenSDKCore-b.build/TikTokOpenSDK_TikTokOpenSDKCore.DependencyStaticMetadataFileList
WriteAuxiliaryFile /Users/admin/builder/spi-builder-workspace/.derivedData/Build/Intermediates.noindex/TikTokOpenSDK.build/Debug-watchos/TikTokOpenSDK_TikTokOpenSDKCore-b.build/TikTokOpenSDK_TikTokOpenSDKCore.DependencyMetadataFileList (in target 'TikTokOpenSDK_TikTokOpenSDKCore' from project 'TikTokOpenSDK')
    cd /Users/admin/builder/spi-builder-workspace/.dependencies/checkouts/tiktok-opensdk-ios
    write-file /Users/admin/builder/spi-builder-workspace/.derivedData/Build/Intermediates.noindex/TikTokOpenSDK.build/Debug-watchos/TikTokOpenSDK_TikTokOpenSDKCore-b.build/TikTokOpenSDK_TikTokOpenSDKCore.DependencyMetadataFileList
WriteAuxiliaryFile /Users/admin/builder/spi-builder-workspace/.derivedData/Build/Intermediates.noindex/TikTokOpenSDK.build/Debug-watchos/TikTokOpenSDKCore-t.build/TikTokOpenSDKCore.modulemap (in target 'TikTokOpenSDKCore' from project 'TikTokOpenSDK')
    cd /Users/admin/builder/spi-builder-workspace/.dependencies/checkouts/tiktok-opensdk-ios
    write-file /Users/admin/builder/spi-builder-workspace/.derivedData/Build/Intermediates.noindex/TikTokOpenSDK.build/Debug-watchos/TikTokOpenSDKCore-t.build/TikTokOpenSDKCore.modulemap
WriteAuxiliaryFile /Users/admin/builder/spi-builder-workspace/.derivedData/Build/Intermediates.noindex/TikTokOpenSDK.build/Debug-watchos/TikTokOpenSDKCore-t.build/TikTokOpenSDKCore.DependencyStaticMetadataFileList (in target 'TikTokOpenSDKCore' from project 'TikTokOpenSDK')
    cd /Users/admin/builder/spi-builder-workspace/.dependencies/checkouts/tiktok-opensdk-ios
    write-file /Users/admin/builder/spi-builder-workspace/.derivedData/Build/Intermediates.noindex/TikTokOpenSDK.build/Debug-watchos/TikTokOpenSDKCore-t.build/TikTokOpenSDKCore.DependencyStaticMetadataFileList
WriteAuxiliaryFile /Users/admin/builder/spi-builder-workspace/.derivedData/Build/Intermediates.noindex/TikTokOpenSDK.build/Debug-watchos/TikTokOpenSDKCore-t.build/TikTokOpenSDKCore.DependencyMetadataFileList (in target 'TikTokOpenSDKCore' from project 'TikTokOpenSDK')
    cd /Users/admin/builder/spi-builder-workspace/.dependencies/checkouts/tiktok-opensdk-ios
    write-file /Users/admin/builder/spi-builder-workspace/.derivedData/Build/Intermediates.noindex/TikTokOpenSDK.build/Debug-watchos/TikTokOpenSDKCore-t.build/TikTokOpenSDKCore.DependencyMetadataFileList
WriteAuxiliaryFile /Users/admin/builder/spi-builder-workspace/.derivedData/Build/Intermediates.noindex/TikTokOpenSDK.build/Debug-watchos/TikTokOpenSDKCore-t.build/Objects-normal/arm64_32/TikTokOpenSDKCore.SwiftFileList (in target 'TikTokOpenSDKCore' from project 'TikTokOpenSDK')
    cd /Users/admin/builder/spi-builder-workspace/.dependencies/checkouts/tiktok-opensdk-ios
    write-file /Users/admin/builder/spi-builder-workspace/.derivedData/Build/Intermediates.noindex/TikTokOpenSDK.build/Debug-watchos/TikTokOpenSDKCore-t.build/Objects-normal/arm64_32/TikTokOpenSDKCore.SwiftFileList
WriteAuxiliaryFile /Users/admin/builder/spi-builder-workspace/.derivedData/Build/Intermediates.noindex/TikTokOpenSDK.build/Debug-watchos/TikTokOpenSDKCore-t.build/Objects-normal/arm64_32/TikTokOpenSDKCore.SwiftConstValuesFileList (in target 'TikTokOpenSDKCore' from project 'TikTokOpenSDK')
    cd /Users/admin/builder/spi-builder-workspace/.dependencies/checkouts/tiktok-opensdk-ios
    write-file /Users/admin/builder/spi-builder-workspace/.derivedData/Build/Intermediates.noindex/TikTokOpenSDK.build/Debug-watchos/TikTokOpenSDKCore-t.build/Objects-normal/arm64_32/TikTokOpenSDKCore.SwiftConstValuesFileList
WriteAuxiliaryFile /Users/admin/builder/spi-builder-workspace/.derivedData/Build/Intermediates.noindex/TikTokOpenSDK.build/Debug-watchos/TikTokOpenSDKCore-t.build/Objects-normal/arm64_32/TikTokOpenSDKCore.LinkFileList (in target 'TikTokOpenSDKCore' from project 'TikTokOpenSDK')
    cd /Users/admin/builder/spi-builder-workspace/.dependencies/checkouts/tiktok-opensdk-ios
    write-file /Users/admin/builder/spi-builder-workspace/.derivedData/Build/Intermediates.noindex/TikTokOpenSDK.build/Debug-watchos/TikTokOpenSDKCore-t.build/Objects-normal/arm64_32/TikTokOpenSDKCore.LinkFileList
WriteAuxiliaryFile /Users/admin/builder/spi-builder-workspace/.derivedData/Build/Intermediates.noindex/TikTokOpenSDK.build/Debug-watchos/TikTokOpenSDKCore-t.build/Objects-normal/arm64_32/TikTokOpenSDKCore_const_extract_protocols.json (in target 'TikTokOpenSDKCore' from project 'TikTokOpenSDK')
    cd /Users/admin/builder/spi-builder-workspace/.dependencies/checkouts/tiktok-opensdk-ios
    write-file /Users/admin/builder/spi-builder-workspace/.derivedData/Build/Intermediates.noindex/TikTokOpenSDK.build/Debug-watchos/TikTokOpenSDKCore-t.build/Objects-normal/arm64_32/TikTokOpenSDKCore_const_extract_protocols.json
WriteAuxiliaryFile /Users/admin/builder/spi-builder-workspace/.derivedData/Build/Intermediates.noindex/TikTokOpenSDK.build/Debug-watchos/TikTokOpenSDKCore-t.build/Objects-normal/arm64_32/TikTokOpenSDKCore-OutputFileMap.json (in target 'TikTokOpenSDKCore' from project 'TikTokOpenSDK')
    cd /Users/admin/builder/spi-builder-workspace/.dependencies/checkouts/tiktok-opensdk-ios
    write-file /Users/admin/builder/spi-builder-workspace/.derivedData/Build/Intermediates.noindex/TikTokOpenSDK.build/Debug-watchos/TikTokOpenSDKCore-t.build/Objects-normal/arm64_32/TikTokOpenSDKCore-OutputFileMap.json
WriteAuxiliaryFile /Users/admin/builder/spi-builder-workspace/.derivedData/Build/Intermediates.noindex/TikTokOpenSDK.build/Debug-watchos/TikTokOpenSDKCore-t.build/Objects-normal/arm64/TikTokOpenSDKCore_const_extract_protocols.json (in target 'TikTokOpenSDKCore' from project 'TikTokOpenSDK')
    cd /Users/admin/builder/spi-builder-workspace/.dependencies/checkouts/tiktok-opensdk-ios
    write-file /Users/admin/builder/spi-builder-workspace/.derivedData/Build/Intermediates.noindex/TikTokOpenSDK.build/Debug-watchos/TikTokOpenSDKCore-t.build/Objects-normal/arm64/TikTokOpenSDKCore_const_extract_protocols.json
WriteAuxiliaryFile /Users/admin/builder/spi-builder-workspace/.derivedData/Build/Intermediates.noindex/TikTokOpenSDK.build/Debug-watchos/TikTokOpenSDKCore-t.build/Objects-normal/arm64/TikTokOpenSDKCore.SwiftFileList (in target 'TikTokOpenSDKCore' from project 'TikTokOpenSDK')
    cd /Users/admin/builder/spi-builder-workspace/.dependencies/checkouts/tiktok-opensdk-ios
    write-file /Users/admin/builder/spi-builder-workspace/.derivedData/Build/Intermediates.noindex/TikTokOpenSDK.build/Debug-watchos/TikTokOpenSDKCore-t.build/Objects-normal/arm64/TikTokOpenSDKCore.SwiftFileList
WriteAuxiliaryFile /Users/admin/builder/spi-builder-workspace/.derivedData/Build/Intermediates.noindex/TikTokOpenSDK.build/Debug-watchos/TikTokOpenSDKCore-t.build/Objects-normal/arm64/TikTokOpenSDKCore.SwiftConstValuesFileList (in target 'TikTokOpenSDKCore' from project 'TikTokOpenSDK')
    cd /Users/admin/builder/spi-builder-workspace/.dependencies/checkouts/tiktok-opensdk-ios
    write-file /Users/admin/builder/spi-builder-workspace/.derivedData/Build/Intermediates.noindex/TikTokOpenSDK.build/Debug-watchos/TikTokOpenSDKCore-t.build/Objects-normal/arm64/TikTokOpenSDKCore.SwiftConstValuesFileList
WriteAuxiliaryFile /Users/admin/builder/spi-builder-workspace/.derivedData/Build/Intermediates.noindex/TikTokOpenSDK.build/Debug-watchos/TikTokOpenSDKCore-t.build/Objects-normal/arm64/TikTokOpenSDKCore.LinkFileList (in target 'TikTokOpenSDKCore' from project 'TikTokOpenSDK')
    cd /Users/admin/builder/spi-builder-workspace/.dependencies/checkouts/tiktok-opensdk-ios
    write-file /Users/admin/builder/spi-builder-workspace/.derivedData/Build/Intermediates.noindex/TikTokOpenSDK.build/Debug-watchos/TikTokOpenSDKCore-t.build/Objects-normal/arm64/TikTokOpenSDKCore.LinkFileList
Copy /Users/admin/builder/spi-builder-workspace/.derivedData/Build/Intermediates.noindex/GeneratedModuleMaps-watchos/TikTokOpenSDKCore.modulemap /Users/admin/builder/spi-builder-workspace/.derivedData/Build/Intermediates.noindex/TikTokOpenSDK.build/Debug-watchos/TikTokOpenSDKCore-t.build/TikTokOpenSDKCore.modulemap (in target 'TikTokOpenSDKCore' from project 'TikTokOpenSDK')
    cd /Users/admin/builder/spi-builder-workspace/.dependencies/checkouts/tiktok-opensdk-ios
    builtin-copy -exclude .DS_Store -exclude CVS -exclude .svn -exclude .git -exclude .hg -resolve-src-symlinks /Users/admin/builder/spi-builder-workspace/.derivedData/Build/Intermediates.noindex/TikTokOpenSDK.build/Debug-watchos/TikTokOpenSDKCore-t.build/TikTokOpenSDKCore.modulemap /Users/admin/builder/spi-builder-workspace/.derivedData/Build/Intermediates.noindex/GeneratedModuleMaps-watchos
WriteAuxiliaryFile /Users/admin/builder/spi-builder-workspace/.derivedData/Build/Intermediates.noindex/TikTokOpenSDK.build/Debug-watchos/TikTokOpenSDKCore-t.build/Objects-normal/arm64/TikTokOpenSDKCore-OutputFileMap.json (in target 'TikTokOpenSDKCore' from project 'TikTokOpenSDK')
    cd /Users/admin/builder/spi-builder-workspace/.dependencies/checkouts/tiktok-opensdk-ios
    write-file /Users/admin/builder/spi-builder-workspace/.derivedData/Build/Intermediates.noindex/TikTokOpenSDK.build/Debug-watchos/TikTokOpenSDKCore-t.build/Objects-normal/arm64/TikTokOpenSDKCore-OutputFileMap.json
WriteAuxiliaryFile /Users/admin/builder/spi-builder-workspace/.derivedData/Build/Intermediates.noindex/TikTokOpenSDK.build/Debug-watchos/TikTokOpenSDKCore-t.build/DerivedSources/resource_bundle_accessor.swift (in target 'TikTokOpenSDKCore' from project 'TikTokOpenSDK')
    cd /Users/admin/builder/spi-builder-workspace/.dependencies/checkouts/tiktok-opensdk-ios
    write-file /Users/admin/builder/spi-builder-workspace/.derivedData/Build/Intermediates.noindex/TikTokOpenSDK.build/Debug-watchos/TikTokOpenSDKCore-t.build/DerivedSources/resource_bundle_accessor.swift
WriteAuxiliaryFile /Users/admin/builder/spi-builder-workspace/.derivedData/Build/Intermediates.noindex/SwiftSocialKit.build/Debug-watchos/SaveToDeviceKit-t.build/SaveToDeviceKit.modulemap (in target 'SaveToDeviceKit' from project 'SwiftSocialKit')
    cd /Users/admin/builder/spi-builder-workspace
    write-file /Users/admin/builder/spi-builder-workspace/.derivedData/Build/Intermediates.noindex/SwiftSocialKit.build/Debug-watchos/SaveToDeviceKit-t.build/SaveToDeviceKit.modulemap
WriteAuxiliaryFile /Users/admin/builder/spi-builder-workspace/.derivedData/Build/Intermediates.noindex/SwiftSocialKit.build/Debug-watchos/SaveToDeviceKit-t.build/SaveToDeviceKit.DependencyStaticMetadataFileList (in target 'SaveToDeviceKit' from project 'SwiftSocialKit')
    cd /Users/admin/builder/spi-builder-workspace
    write-file /Users/admin/builder/spi-builder-workspace/.derivedData/Build/Intermediates.noindex/SwiftSocialKit.build/Debug-watchos/SaveToDeviceKit-t.build/SaveToDeviceKit.DependencyStaticMetadataFileList
WriteAuxiliaryFile /Users/admin/builder/spi-builder-workspace/.derivedData/Build/Intermediates.noindex/SwiftSocialKit.build/Debug-watchos/SaveToDeviceKit-t.build/SaveToDeviceKit.DependencyMetadataFileList (in target 'SaveToDeviceKit' from project 'SwiftSocialKit')
    cd /Users/admin/builder/spi-builder-workspace
    write-file /Users/admin/builder/spi-builder-workspace/.derivedData/Build/Intermediates.noindex/SwiftSocialKit.build/Debug-watchos/SaveToDeviceKit-t.build/SaveToDeviceKit.DependencyMetadataFileList
WriteAuxiliaryFile /Users/admin/builder/spi-builder-workspace/.derivedData/Build/Intermediates.noindex/SwiftSocialKit.build/Debug-watchos/SaveToDeviceKit-t.build/Objects-normal/arm64_32/SaveToDeviceKit_const_extract_protocols.json (in target 'SaveToDeviceKit' from project 'SwiftSocialKit')
    cd /Users/admin/builder/spi-builder-workspace
    write-file /Users/admin/builder/spi-builder-workspace/.derivedData/Build/Intermediates.noindex/SwiftSocialKit.build/Debug-watchos/SaveToDeviceKit-t.build/Objects-normal/arm64_32/SaveToDeviceKit_const_extract_protocols.json
WriteAuxiliaryFile /Users/admin/builder/spi-builder-workspace/.derivedData/Build/Intermediates.noindex/SwiftSocialKit.build/Debug-watchos/SaveToDeviceKit-t.build/Objects-normal/arm64_32/SaveToDeviceKit.SwiftFileList (in target 'SaveToDeviceKit' from project 'SwiftSocialKit')
    cd /Users/admin/builder/spi-builder-workspace
    write-file /Users/admin/builder/spi-builder-workspace/.derivedData/Build/Intermediates.noindex/SwiftSocialKit.build/Debug-watchos/SaveToDeviceKit-t.build/Objects-normal/arm64_32/SaveToDeviceKit.SwiftFileList
WriteAuxiliaryFile /Users/admin/builder/spi-builder-workspace/.derivedData/Build/Intermediates.noindex/SwiftSocialKit.build/Debug-watchos/SaveToDeviceKit-t.build/Objects-normal/arm64_32/SaveToDeviceKit.SwiftConstValuesFileList (in target 'SaveToDeviceKit' from project 'SwiftSocialKit')
    cd /Users/admin/builder/spi-builder-workspace
    write-file /Users/admin/builder/spi-builder-workspace/.derivedData/Build/Intermediates.noindex/SwiftSocialKit.build/Debug-watchos/SaveToDeviceKit-t.build/Objects-normal/arm64_32/SaveToDeviceKit.SwiftConstValuesFileList
WriteAuxiliaryFile /Users/admin/builder/spi-builder-workspace/.derivedData/Build/Intermediates.noindex/SwiftSocialKit.build/Debug-watchos/SaveToDeviceKit-t.build/Objects-normal/arm64_32/SaveToDeviceKit.LinkFileList (in target 'SaveToDeviceKit' from project 'SwiftSocialKit')
    cd /Users/admin/builder/spi-builder-workspace
    write-file /Users/admin/builder/spi-builder-workspace/.derivedData/Build/Intermediates.noindex/SwiftSocialKit.build/Debug-watchos/SaveToDeviceKit-t.build/Objects-normal/arm64_32/SaveToDeviceKit.LinkFileList
WriteAuxiliaryFile /Users/admin/builder/spi-builder-workspace/.derivedData/Build/Intermediates.noindex/SwiftSocialKit.build/Debug-watchos/SaveToDeviceKit-t.build/Objects-normal/arm64_32/SaveToDeviceKit-OutputFileMap.json (in target 'SaveToDeviceKit' from project 'SwiftSocialKit')
    cd /Users/admin/builder/spi-builder-workspace
    write-file /Users/admin/builder/spi-builder-workspace/.derivedData/Build/Intermediates.noindex/SwiftSocialKit.build/Debug-watchos/SaveToDeviceKit-t.build/Objects-normal/arm64_32/SaveToDeviceKit-OutputFileMap.json
WriteAuxiliaryFile /Users/admin/builder/spi-builder-workspace/.derivedData/Build/Intermediates.noindex/SwiftSocialKit.build/Debug-watchos/SaveToDeviceKit-t.build/Objects-normal/arm64/SaveToDeviceKit.SwiftFileList (in target 'SaveToDeviceKit' from project 'SwiftSocialKit')
    cd /Users/admin/builder/spi-builder-workspace
    write-file /Users/admin/builder/spi-builder-workspace/.derivedData/Build/Intermediates.noindex/SwiftSocialKit.build/Debug-watchos/SaveToDeviceKit-t.build/Objects-normal/arm64/SaveToDeviceKit.SwiftFileList
WriteAuxiliaryFile /Users/admin/builder/spi-builder-workspace/.derivedData/Build/Intermediates.noindex/SwiftSocialKit.build/Debug-watchos/SaveToDeviceKit-t.build/Objects-normal/arm64/SaveToDeviceKit_const_extract_protocols.json (in target 'SaveToDeviceKit' from project 'SwiftSocialKit')
    cd /Users/admin/builder/spi-builder-workspace
    write-file /Users/admin/builder/spi-builder-workspace/.derivedData/Build/Intermediates.noindex/SwiftSocialKit.build/Debug-watchos/SaveToDeviceKit-t.build/Objects-normal/arm64/SaveToDeviceKit_const_extract_protocols.json
WriteAuxiliaryFile /Users/admin/builder/spi-builder-workspace/.derivedData/Build/Intermediates.noindex/SwiftSocialKit.build/Debug-watchos/SaveToDeviceKit-t.build/Objects-normal/arm64/SaveToDeviceKit.SwiftConstValuesFileList (in target 'SaveToDeviceKit' from project 'SwiftSocialKit')
    cd /Users/admin/builder/spi-builder-workspace
    write-file /Users/admin/builder/spi-builder-workspace/.derivedData/Build/Intermediates.noindex/SwiftSocialKit.build/Debug-watchos/SaveToDeviceKit-t.build/Objects-normal/arm64/SaveToDeviceKit.SwiftConstValuesFileList
WriteAuxiliaryFile /Users/admin/builder/spi-builder-workspace/.derivedData/Build/Intermediates.noindex/SwiftSocialKit.build/Debug-watchos/SaveToDeviceKit-t.build/Objects-normal/arm64/SaveToDeviceKit.LinkFileList (in target 'SaveToDeviceKit' from project 'SwiftSocialKit')
    cd /Users/admin/builder/spi-builder-workspace
    write-file /Users/admin/builder/spi-builder-workspace/.derivedData/Build/Intermediates.noindex/SwiftSocialKit.build/Debug-watchos/SaveToDeviceKit-t.build/Objects-normal/arm64/SaveToDeviceKit.LinkFileList
WriteAuxiliaryFile /Users/admin/builder/spi-builder-workspace/.derivedData/Build/Intermediates.noindex/SwiftSocialKit.build/Debug-watchos/SaveToDeviceKit-t.build/Objects-normal/arm64/SaveToDeviceKit-OutputFileMap.json (in target 'SaveToDeviceKit' from project 'SwiftSocialKit')
    cd /Users/admin/builder/spi-builder-workspace
    write-file /Users/admin/builder/spi-builder-workspace/.derivedData/Build/Intermediates.noindex/SwiftSocialKit.build/Debug-watchos/SaveToDeviceKit-t.build/Objects-normal/arm64/SaveToDeviceKit-OutputFileMap.json
Copy /Users/admin/builder/spi-builder-workspace/.derivedData/Build/Intermediates.noindex/GeneratedModuleMaps-watchos/SaveToDeviceKit.modulemap /Users/admin/builder/spi-builder-workspace/.derivedData/Build/Intermediates.noindex/SwiftSocialKit.build/Debug-watchos/SaveToDeviceKit-t.build/SaveToDeviceKit.modulemap (in target 'SaveToDeviceKit' from project 'SwiftSocialKit')
    cd /Users/admin/builder/spi-builder-workspace
    builtin-copy -exclude .DS_Store -exclude CVS -exclude .svn -exclude .git -exclude .hg -resolve-src-symlinks /Users/admin/builder/spi-builder-workspace/.derivedData/Build/Intermediates.noindex/SwiftSocialKit.build/Debug-watchos/SaveToDeviceKit-t.build/SaveToDeviceKit.modulemap /Users/admin/builder/spi-builder-workspace/.derivedData/Build/Intermediates.noindex/GeneratedModuleMaps-watchos
MkDir /Users/admin/builder/spi-builder-workspace/.derivedData/Build/Products/Debug-watchos/TikTokOpenSDK_TikTokOpenShareSDK.bundle (in target 'TikTokOpenSDK_TikTokOpenShareSDK' from project 'TikTokOpenSDK')
    cd /Users/admin/builder/spi-builder-workspace/.dependencies/checkouts/tiktok-opensdk-ios
    /bin/mkdir -p /Users/admin/builder/spi-builder-workspace/.derivedData/Build/Products/Debug-watchos/TikTokOpenSDK_TikTokOpenShareSDK.bundle
MkDir /Users/admin/builder/spi-builder-workspace/.derivedData/Build/Products/Debug-watchos/TikTokOpenSDK_TikTokOpenSDKCore.bundle (in target 'TikTokOpenSDK_TikTokOpenSDKCore' from project 'TikTokOpenSDK')
    cd /Users/admin/builder/spi-builder-workspace/.dependencies/checkouts/tiktok-opensdk-ios
    /bin/mkdir -p /Users/admin/builder/spi-builder-workspace/.derivedData/Build/Products/Debug-watchos/TikTokOpenSDK_TikTokOpenSDKCore.bundle
CreateBuildDirectory /Users/admin/builder/spi-builder-workspace/.derivedData/Build/Products/Debug-watchos/PackageFrameworks
    cd /Users/admin/builder/spi-builder-workspace/.swiftpm/xcode
    builtin-create-build-directory /Users/admin/builder/spi-builder-workspace/.derivedData/Build/Products/Debug-watchos/PackageFrameworks
WriteAuxiliaryFile /Users/admin/builder/spi-builder-workspace/.derivedData/Build/Intermediates.noindex/SwiftSocialKit.build/Debug-watchos/InstagramShareKit-t.build/Objects-normal/arm64_32/InstagramShareKit_const_extract_protocols.json (in target 'InstagramShareKit' from project 'SwiftSocialKit')
    cd /Users/admin/builder/spi-builder-workspace
    write-file /Users/admin/builder/spi-builder-workspace/.derivedData/Build/Intermediates.noindex/SwiftSocialKit.build/Debug-watchos/InstagramShareKit-t.build/Objects-normal/arm64_32/InstagramShareKit_const_extract_protocols.json
WriteAuxiliaryFile /Users/admin/builder/spi-builder-workspace/.derivedData/Build/Intermediates.noindex/SwiftSocialKit.build/Debug-watchos/InstagramShareKit-t.build/Objects-normal/arm64_32/InstagramShareKit.LinkFileList (in target 'InstagramShareKit' from project 'SwiftSocialKit')
    cd /Users/admin/builder/spi-builder-workspace
    write-file /Users/admin/builder/spi-builder-workspace/.derivedData/Build/Intermediates.noindex/SwiftSocialKit.build/Debug-watchos/InstagramShareKit-t.build/Objects-normal/arm64_32/InstagramShareKit.LinkFileList
WriteAuxiliaryFile /Users/admin/builder/spi-builder-workspace/.derivedData/Build/Intermediates.noindex/SwiftSocialKit.build/Debug-watchos/InstagramShareKit-t.build/Objects-normal/arm64_32/InstagramShareKit.SwiftFileList (in target 'InstagramShareKit' from project 'SwiftSocialKit')
    cd /Users/admin/builder/spi-builder-workspace
    write-file /Users/admin/builder/spi-builder-workspace/.derivedData/Build/Intermediates.noindex/SwiftSocialKit.build/Debug-watchos/InstagramShareKit-t.build/Objects-normal/arm64_32/InstagramShareKit.SwiftFileList
WriteAuxiliaryFile /Users/admin/builder/spi-builder-workspace/.derivedData/Build/Intermediates.noindex/SwiftSocialKit.build/Debug-watchos/InstagramShareKit-t.build/Objects-normal/arm64_32/InstagramShareKit.SwiftConstValuesFileList (in target 'InstagramShareKit' from project 'SwiftSocialKit')
    cd /Users/admin/builder/spi-builder-workspace
    write-file /Users/admin/builder/spi-builder-workspace/.derivedData/Build/Intermediates.noindex/SwiftSocialKit.build/Debug-watchos/InstagramShareKit-t.build/Objects-normal/arm64_32/InstagramShareKit.SwiftConstValuesFileList
WriteAuxiliaryFile /Users/admin/builder/spi-builder-workspace/.derivedData/Build/Intermediates.noindex/SwiftSocialKit.build/Debug-watchos/InstagramShareKit-t.build/Objects-normal/arm64_32/InstagramShareKit-OutputFileMap.json (in target 'InstagramShareKit' from project 'SwiftSocialKit')
    cd /Users/admin/builder/spi-builder-workspace
    write-file /Users/admin/builder/spi-builder-workspace/.derivedData/Build/Intermediates.noindex/SwiftSocialKit.build/Debug-watchos/InstagramShareKit-t.build/Objects-normal/arm64_32/InstagramShareKit-OutputFileMap.json
WriteAuxiliaryFile /Users/admin/builder/spi-builder-workspace/.derivedData/Build/Intermediates.noindex/SwiftSocialKit.build/Debug-watchos/InstagramShareKit-t.build/Objects-normal/arm64/InstagramShareKit.SwiftConstValuesFileList (in target 'InstagramShareKit' from project 'SwiftSocialKit')
    cd /Users/admin/builder/spi-builder-workspace
    write-file /Users/admin/builder/spi-builder-workspace/.derivedData/Build/Intermediates.noindex/SwiftSocialKit.build/Debug-watchos/InstagramShareKit-t.build/Objects-normal/arm64/InstagramShareKit.SwiftConstValuesFileList
WriteAuxiliaryFile /Users/admin/builder/spi-builder-workspace/.derivedData/Build/Intermediates.noindex/SwiftSocialKit.build/Debug-watchos/InstagramShareKit-t.build/Objects-normal/arm64/InstagramShareKit.SwiftFileList (in target 'InstagramShareKit' from project 'SwiftSocialKit')
    cd /Users/admin/builder/spi-builder-workspace
    write-file /Users/admin/builder/spi-builder-workspace/.derivedData/Build/Intermediates.noindex/SwiftSocialKit.build/Debug-watchos/InstagramShareKit-t.build/Objects-normal/arm64/InstagramShareKit.SwiftFileList
WriteAuxiliaryFile /Users/admin/builder/spi-builder-workspace/.derivedData/Build/Intermediates.noindex/SwiftSocialKit.build/Debug-watchos/InstagramShareKit-t.build/Objects-normal/arm64/InstagramShareKit_const_extract_protocols.json (in target 'InstagramShareKit' from project 'SwiftSocialKit')
    cd /Users/admin/builder/spi-builder-workspace
    write-file /Users/admin/builder/spi-builder-workspace/.derivedData/Build/Intermediates.noindex/SwiftSocialKit.build/Debug-watchos/InstagramShareKit-t.build/Objects-normal/arm64/InstagramShareKit_const_extract_protocols.json
WriteAuxiliaryFile /Users/admin/builder/spi-builder-workspace/.derivedData/Build/Intermediates.noindex/SwiftSocialKit.build/Debug-watchos/InstagramShareKit-t.build/Objects-normal/arm64/InstagramShareKit.LinkFileList (in target 'InstagramShareKit' from project 'SwiftSocialKit')
    cd /Users/admin/builder/spi-builder-workspace
    write-file /Users/admin/builder/spi-builder-workspace/.derivedData/Build/Intermediates.noindex/SwiftSocialKit.build/Debug-watchos/InstagramShareKit-t.build/Objects-normal/arm64/InstagramShareKit.LinkFileList
WriteAuxiliaryFile /Users/admin/builder/spi-builder-workspace/.derivedData/Build/Intermediates.noindex/SwiftSocialKit.build/Debug-watchos/InstagramShareKit-t.build/Objects-normal/arm64/InstagramShareKit-OutputFileMap.json (in target 'InstagramShareKit' from project 'SwiftSocialKit')
    cd /Users/admin/builder/spi-builder-workspace
    write-file /Users/admin/builder/spi-builder-workspace/.derivedData/Build/Intermediates.noindex/SwiftSocialKit.build/Debug-watchos/InstagramShareKit-t.build/Objects-normal/arm64/InstagramShareKit-OutputFileMap.json
WriteAuxiliaryFile /Users/admin/builder/spi-builder-workspace/.derivedData/Build/Intermediates.noindex/SwiftSocialKit.build/Debug-watchos/InstagramShareKit-t.build/InstagramShareKit.modulemap (in target 'InstagramShareKit' from project 'SwiftSocialKit')
    cd /Users/admin/builder/spi-builder-workspace
    write-file /Users/admin/builder/spi-builder-workspace/.derivedData/Build/Intermediates.noindex/SwiftSocialKit.build/Debug-watchos/InstagramShareKit-t.build/InstagramShareKit.modulemap
WriteAuxiliaryFile /Users/admin/builder/spi-builder-workspace/.derivedData/Build/Intermediates.noindex/SwiftSocialKit.build/Debug-watchos/InstagramShareKit-t.build/InstagramShareKit.DependencyStaticMetadataFileList (in target 'InstagramShareKit' from project 'SwiftSocialKit')
    cd /Users/admin/builder/spi-builder-workspace
    write-file /Users/admin/builder/spi-builder-workspace/.derivedData/Build/Intermediates.noindex/SwiftSocialKit.build/Debug-watchos/InstagramShareKit-t.build/InstagramShareKit.DependencyStaticMetadataFileList
WriteAuxiliaryFile /Users/admin/builder/spi-builder-workspace/.derivedData/Build/Intermediates.noindex/SwiftSocialKit.build/Debug-watchos/InstagramShareKit-t.build/InstagramShareKit.DependencyMetadataFileList (in target 'InstagramShareKit' from project 'SwiftSocialKit')
    cd /Users/admin/builder/spi-builder-workspace
    write-file /Users/admin/builder/spi-builder-workspace/.derivedData/Build/Intermediates.noindex/SwiftSocialKit.build/Debug-watchos/InstagramShareKit-t.build/InstagramShareKit.DependencyMetadataFileList
Copy /Users/admin/builder/spi-builder-workspace/.derivedData/Build/Intermediates.noindex/GeneratedModuleMaps-watchos/InstagramShareKit.modulemap /Users/admin/builder/spi-builder-workspace/.derivedData/Build/Intermediates.noindex/SwiftSocialKit.build/Debug-watchos/InstagramShareKit-t.build/InstagramShareKit.modulemap (in target 'InstagramShareKit' from project 'SwiftSocialKit')
    cd /Users/admin/builder/spi-builder-workspace
    builtin-copy -exclude .DS_Store -exclude CVS -exclude .svn -exclude .git -exclude .hg -resolve-src-symlinks /Users/admin/builder/spi-builder-workspace/.derivedData/Build/Intermediates.noindex/SwiftSocialKit.build/Debug-watchos/InstagramShareKit-t.build/InstagramShareKit.modulemap /Users/admin/builder/spi-builder-workspace/.derivedData/Build/Intermediates.noindex/GeneratedModuleMaps-watchos
ProcessInfoPlistFile /Users/admin/builder/spi-builder-workspace/.derivedData/Build/Products/Debug-watchos/TikTokOpenSDK_TikTokOpenShareSDK.bundle/Info.plist /Users/admin/builder/spi-builder-workspace/.derivedData/Build/Intermediates.noindex/TikTokOpenSDK.build/Debug-watchos/TikTokOpenSDK_TikTokOpenShareSDK-b.build/empty-TikTokOpenSDK_TikTokOpenShareSDK.plist (in target 'TikTokOpenSDK_TikTokOpenShareSDK' from project 'TikTokOpenSDK')
    cd /Users/admin/builder/spi-builder-workspace/.dependencies/checkouts/tiktok-opensdk-ios
    builtin-infoPlistUtility /Users/admin/builder/spi-builder-workspace/.derivedData/Build/Intermediates.noindex/TikTokOpenSDK.build/Debug-watchos/TikTokOpenSDK_TikTokOpenShareSDK-b.build/empty-TikTokOpenSDK_TikTokOpenShareSDK.plist -producttype com.apple.product-type.bundle -expandbuildsettings -format binary -platform watchos -o /Users/admin/builder/spi-builder-workspace/.derivedData/Build/Products/Debug-watchos/TikTokOpenSDK_TikTokOpenShareSDK.bundle/Info.plist
CpResource /Users/admin/builder/spi-builder-workspace/.derivedData/Build/Products/Debug-watchos/TikTokOpenSDK_TikTokOpenShareSDK.bundle/PrivacyInfo.xcprivacy /Users/admin/builder/spi-builder-workspace/.dependencies/checkouts/tiktok-opensdk-ios/Sources/TikTokOpenShareSDK/Resources/PrivacyInfo.xcprivacy (in target 'TikTokOpenSDK_TikTokOpenShareSDK' from project 'TikTokOpenSDK')
    cd /Users/admin/builder/spi-builder-workspace/.dependencies/checkouts/tiktok-opensdk-ios
    builtin-copy -exclude .DS_Store -exclude CVS -exclude .svn -exclude .git -exclude .hg -resolve-src-symlinks /Users/admin/builder/spi-builder-workspace/.dependencies/checkouts/tiktok-opensdk-ios/Sources/TikTokOpenShareSDK/Resources/PrivacyInfo.xcprivacy /Users/admin/builder/spi-builder-workspace/.derivedData/Build/Products/Debug-watchos/TikTokOpenSDK_TikTokOpenShareSDK.bundle
ProcessInfoPlistFile /Users/admin/builder/spi-builder-workspace/.derivedData/Build/Products/Debug-watchos/TikTokOpenSDK_TikTokOpenSDKCore.bundle/Info.plist /Users/admin/builder/spi-builder-workspace/.derivedData/Build/Intermediates.noindex/TikTokOpenSDK.build/Debug-watchos/TikTokOpenSDK_TikTokOpenSDKCore-b.build/empty-TikTokOpenSDK_TikTokOpenSDKCore.plist (in target 'TikTokOpenSDK_TikTokOpenSDKCore' from project 'TikTokOpenSDK')
    cd /Users/admin/builder/spi-builder-workspace/.dependencies/checkouts/tiktok-opensdk-ios
    builtin-infoPlistUtility /Users/admin/builder/spi-builder-workspace/.derivedData/Build/Intermediates.noindex/TikTokOpenSDK.build/Debug-watchos/TikTokOpenSDK_TikTokOpenSDKCore-b.build/empty-TikTokOpenSDK_TikTokOpenSDKCore.plist -producttype com.apple.product-type.bundle -expandbuildsettings -format binary -platform watchos -o /Users/admin/builder/spi-builder-workspace/.derivedData/Build/Products/Debug-watchos/TikTokOpenSDK_TikTokOpenSDKCore.bundle/Info.plist
CpResource /Users/admin/builder/spi-builder-workspace/.derivedData/Build/Products/Debug-watchos/TikTokOpenSDK_TikTokOpenSDKCore.bundle/PrivacyInfo.xcprivacy /Users/admin/builder/spi-builder-workspace/.dependencies/checkouts/tiktok-opensdk-ios/Sources/TikTokOpenSDKCore/Resources/PrivacyInfo.xcprivacy (in target 'TikTokOpenSDK_TikTokOpenSDKCore' from project 'TikTokOpenSDK')
    cd /Users/admin/builder/spi-builder-workspace/.dependencies/checkouts/tiktok-opensdk-ios
    builtin-copy -exclude .DS_Store -exclude CVS -exclude .svn -exclude .git -exclude .hg -resolve-src-symlinks /Users/admin/builder/spi-builder-workspace/.dependencies/checkouts/tiktok-opensdk-ios/Sources/TikTokOpenSDKCore/Resources/PrivacyInfo.xcprivacy /Users/admin/builder/spi-builder-workspace/.derivedData/Build/Products/Debug-watchos/TikTokOpenSDK_TikTokOpenSDKCore.bundle
RegisterExecutionPolicyException /Users/admin/builder/spi-builder-workspace/.derivedData/Build/Products/Debug-watchos/TikTokOpenSDK_TikTokOpenShareSDK.bundle (in target 'TikTokOpenSDK_TikTokOpenShareSDK' from project 'TikTokOpenSDK')
    cd /Users/admin/builder/spi-builder-workspace/.dependencies/checkouts/tiktok-opensdk-ios
    builtin-RegisterExecutionPolicyException /Users/admin/builder/spi-builder-workspace/.derivedData/Build/Products/Debug-watchos/TikTokOpenSDK_TikTokOpenShareSDK.bundle
RegisterExecutionPolicyException /Users/admin/builder/spi-builder-workspace/.derivedData/Build/Products/Debug-watchos/TikTokOpenSDK_TikTokOpenSDKCore.bundle (in target 'TikTokOpenSDK_TikTokOpenSDKCore' from project 'TikTokOpenSDK')
    cd /Users/admin/builder/spi-builder-workspace/.dependencies/checkouts/tiktok-opensdk-ios
    builtin-RegisterExecutionPolicyException /Users/admin/builder/spi-builder-workspace/.derivedData/Build/Products/Debug-watchos/TikTokOpenSDK_TikTokOpenSDKCore.bundle
Touch /Users/admin/builder/spi-builder-workspace/.derivedData/Build/Products/Debug-watchos/TikTokOpenSDK_TikTokOpenSDKCore.bundle (in target 'TikTokOpenSDK_TikTokOpenSDKCore' from project 'TikTokOpenSDK')
    cd /Users/admin/builder/spi-builder-workspace/.dependencies/checkouts/tiktok-opensdk-ios
    /usr/bin/touch -c /Users/admin/builder/spi-builder-workspace/.derivedData/Build/Products/Debug-watchos/TikTokOpenSDK_TikTokOpenSDKCore.bundle
Touch /Users/admin/builder/spi-builder-workspace/.derivedData/Build/Products/Debug-watchos/TikTokOpenSDK_TikTokOpenShareSDK.bundle (in target 'TikTokOpenSDK_TikTokOpenShareSDK' from project 'TikTokOpenSDK')
    cd /Users/admin/builder/spi-builder-workspace/.dependencies/checkouts/tiktok-opensdk-ios
    /usr/bin/touch -c /Users/admin/builder/spi-builder-workspace/.derivedData/Build/Products/Debug-watchos/TikTokOpenSDK_TikTokOpenShareSDK.bundle
SwiftDriver TikTokOpenSDKCore normal arm64 com.apple.xcode.tools.swift.compiler (in target 'TikTokOpenSDKCore' from project 'TikTokOpenSDK')
    cd /Users/admin/builder/spi-builder-workspace/.swiftpm/xcode
    builtin-SwiftDriver -- /Applications/Xcode-27.0.0-Release.Candidate.app/Contents/Developer/Toolchains/XcodeDefault.xctoolchain/usr/bin/swiftc -parse-as-library -module-name TikTokOpenSDKCore -Onone @/Users/admin/builder/spi-builder-workspace/.derivedData/Build/Intermediates.noindex/TikTokOpenSDK.build/Debug-watchos/TikTokOpenSDKCore-t.build/Objects-normal/arm64/TikTokOpenSDKCore.SwiftFileList -DSWIFT_PACKAGE -DDEBUG -DSWIFT_MODULE_RESOURCE_BUNDLE_AVAILABLE -DXcode -plugin-path /Applications/Xcode-27.0.0-Release.Candidate.app/Contents/Developer/Toolchains/XcodeDefault.xctoolchain/usr/lib/swift/host/plugins/testing -enable-experimental-feature DebugDescriptionMacro -sdk /Applications/Xcode-27.0.0-Release.Candidate.app/Contents/Developer/Platforms/WatchOS.platform/Developer/SDKs/WatchOS27.0.sdk -target arm64-apple-watchos9.0 -g -module-cache-path /Users/admin/builder/spi-builder-workspace/.derivedData/ModuleCache.noindex -Xfrontend -serialize-debugging-options -enable-testing -suppress-warnings -index-store-path /Users/admin/builder/spi-builder-workspace/.derivedData/Index.noindex/DataStore -Xcc -D_LIBCPP_HARDENING_MODE\=_LIBCPP_HARDENING_MODE_DEBUG -swift-version 5 -I /Users/admin/builder/spi-builder-workspace/.derivedData/Build/Products/Debug-watchos -Isystem /Applications/Xcode-27.0.0-Release.Candidate.app/Contents/Developer/Platforms/WatchOS.platform/Developer/usr/lib -F /Users/admin/builder/spi-builder-workspace/.derivedData/Build/Products/Debug-watchos -F /Applications/Xcode-27.0.0-Release.Candidate.app/Contents/Developer/Platforms/WatchOS.platform/Developer/Library/Frameworks -F /Applications/Xcode-27.0.0-Release.Candidate.app/Contents/Developer/Platforms/WatchOS.platform/Developer/SDKs/WatchOS27.0.sdk/Developer/Library/Frameworks -emit-localized-strings -emit-localized-strings-path /Users/admin/builder/spi-builder-workspace/.derivedData/Build/Intermediates.noindex/TikTokOpenSDK.build/Debug-watchos/TikTokOpenSDKCore-t.build/Objects-normal/arm64 -c -j10 -enable-batch-mode -incremental -Xcc -ivfsstatcache -Xcc /Users/admin/builder/spi-builder-workspace/.derivedData/SDKStatCaches.noindex/watchos27.0-24R360-e829b21a6f8c9b70876ba0858053c04477534ef55a1706bf4c1112bbb242f0a2.sdkstatcache -output-file-map /Users/admin/builder/spi-builder-workspace/.derivedData/Build/Intermediates.noindex/TikTokOpenSDK.build/Debug-watchos/TikTokOpenSDKCore-t.build/Objects-normal/arm64/TikTokOpenSDKCore-OutputFileMap.json -save-temps -no-color-diagnostics -explicit-module-build -module-cache-path /Users/admin/builder/spi-builder-workspace/.derivedData/Build/Intermediates.noindex/SwiftExplicitPrecompiledModules -clang-scanner-module-cache-path /Users/admin/builder/spi-builder-workspace/.derivedData/ModuleCache.noindex -sdk-module-cache-path /Users/admin/builder/spi-builder-workspace/.derivedData/SDKExplicitPrecompiledModules -emit-dependencies -emit-module -emit-module-path /Users/admin/builder/spi-builder-workspace/.derivedData/Build/Intermediates.noindex/TikTokOpenSDK.build/Debug-watchos/TikTokOpenSDKCore-t.build/Objects-normal/arm64/TikTokOpenSDKCore.swiftmodule -serialize-diagnostics -dependency-scan-serialize-diagnostics-path /Users/admin/builder/spi-builder-workspace/.derivedData/Build/Intermediates.noindex/TikTokOpenSDK.build/Debug-watchos/TikTokOpenSDKCore-t.build/Objects-normal/arm64/TikTokOpenSDKCore-dependency-scan.dia -validate-clang-modules-once -clang-build-session-file /Users/admin/builder/spi-builder-workspace/.derivedData/ModuleCache.noindex/Session.modulevalidation -Xcc -fmodules-prune-interval\=86400 -Xcc -fmodules-prune-after\=345600 -emit-const-values -const-gather-protocols-list /Users/admin/builder/spi-builder-workspace/.derivedData/Build/Intermediates.noindex/TikTokOpenSDK.build/Debug-watchos/TikTokOpenSDKCore-t.build/Objects-normal/arm64/TikTokOpenSDKCore_const_extract_protocols.json -Xcc -I/Users/admin/builder/spi-builder-workspace/.derivedData/Build/Products/Debug-watchos/include -Xcc -I/Users/admin/builder/spi-builder-workspace/.derivedData/Build/Intermediates.noindex/TikTokOpenSDK.build/Debug-watchos/TikTokOpenSDKCore-t.build/DerivedSources-normal/arm64 -Xcc -I/Users/admin/builder/spi-builder-workspace/.derivedData/Build/Intermediates.noindex/TikTokOpenSDK.build/Debug-watchos/TikTokOpenSDKCore-t.build/DerivedSources/arm64 -Xcc -I/Users/admin/builder/spi-builder-workspace/.derivedData/Build/Intermediates.noindex/TikTokOpenSDK.build/Debug-watchos/TikTokOpenSDKCore-t.build/DerivedSources -Xcc -DSWIFT_PACKAGE -Xcc -DDEBUG\=1 -emit-objc-header -emit-objc-header-path /Users/admin/builder/spi-builder-workspace/.derivedData/Build/Intermediates.noindex/TikTokOpenSDK.build/Debug-watchos/TikTokOpenSDKCore-t.build/Objects-normal/arm64/TikTokOpenSDKCore-Swift.h -working-directory /Users/admin/builder/spi-builder-workspace/.swiftpm/xcode -experimental-emit-module-separately -disable-cmo
SwiftDriver SaveToDeviceKit normal arm64_32 com.apple.xcode.tools.swift.compiler (in target 'SaveToDeviceKit' from project 'SwiftSocialKit')
    cd /Users/admin/builder/spi-builder-workspace/.swiftpm/xcode
    builtin-SwiftDriver -- /Applications/Xcode-27.0.0-Release.Candidate.app/Contents/Developer/Toolchains/XcodeDefault.xctoolchain/usr/bin/swiftc -parse-as-library -module-name SaveToDeviceKit -Onone @/Users/admin/builder/spi-builder-workspace/.derivedData/Build/Intermediates.noindex/SwiftSocialKit.build/Debug-watchos/SaveToDeviceKit-t.build/Objects-normal/arm64_32/SaveToDeviceKit.SwiftFileList -DSWIFT_PACKAGE -DDEBUG -DSWIFT_MODULE_RESOURCE_BUNDLE_UNAVAILABLE -DXcode -plugin-path /Applications/Xcode-27.0.0-Release.Candidate.app/Contents/Developer/Toolchains/XcodeDefault.xctoolchain/usr/lib/swift/host/plugins/testing -enable-experimental-feature DebugDescriptionMacro -sdk /Applications/Xcode-27.0.0-Release.Candidate.app/Contents/Developer/Platforms/WatchOS.platform/Developer/SDKs/WatchOS27.0.sdk -target arm64_32-apple-watchos9.0 -g -module-cache-path /Users/admin/builder/spi-builder-workspace/.derivedData/ModuleCache.noindex -Xfrontend -serialize-debugging-options -enable-testing -index-store-path /Users/admin/builder/spi-builder-workspace/.derivedData/Index.noindex/DataStore -Xcc -D_LIBCPP_HARDENING_MODE\=_LIBCPP_HARDENING_MODE_DEBUG -swift-version 6 -I /Users/admin/builder/spi-builder-workspace/.derivedData/Build/Products/Debug-watchos -Isystem /Applications/Xcode-27.0.0-Release.Candidate.app/Contents/Developer/Platforms/WatchOS.platform/Developer/usr/lib -F /Users/admin/builder/spi-builder-workspace/.derivedData/Build/Products/Debug-watchos -F /Applications/Xcode-27.0.0-Release.Candidate.app/Contents/Developer/Platforms/WatchOS.platform/Developer/Library/Frameworks -F /Applications/Xcode-27.0.0-Release.Candidate.app/Contents/Developer/Platforms/WatchOS.platform/Developer/SDKs/WatchOS27.0.sdk/Developer/Library/Frameworks -c -j10 -enable-batch-mode -incremental -Xcc -ivfsstatcache -Xcc /Users/admin/builder/spi-builder-workspace/.derivedData/SDKStatCaches.noindex/watchos27.0-24R360-e829b21a6f8c9b70876ba0858053c04477534ef55a1706bf4c1112bbb242f0a2.sdkstatcache -output-file-map /Users/admin/builder/spi-builder-workspace/.derivedData/Build/Intermediates.noindex/SwiftSocialKit.build/Debug-watchos/SaveToDeviceKit-t.build/Objects-normal/arm64_32/SaveToDeviceKit-OutputFileMap.json -save-temps -no-color-diagnostics -explicit-module-build -module-cache-path /Users/admin/builder/spi-builder-workspace/.derivedData/Build/Intermediates.noindex/SwiftExplicitPrecompiledModules -clang-scanner-module-cache-path /Users/admin/builder/spi-builder-workspace/.derivedData/ModuleCache.noindex -sdk-module-cache-path /Users/admin/builder/spi-builder-workspace/.derivedData/SDKExplicitPrecompiledModules -emit-dependencies -emit-module -emit-module-path /Users/admin/builder/spi-builder-workspace/.derivedData/Build/Intermediates.noindex/SwiftSocialKit.build/Debug-watchos/SaveToDeviceKit-t.build/Objects-normal/arm64_32/SaveToDeviceKit.swiftmodule -serialize-diagnostics -dependency-scan-serialize-diagnostics-path /Users/admin/builder/spi-builder-workspace/.derivedData/Build/Intermediates.noindex/SwiftSocialKit.build/Debug-watchos/SaveToDeviceKit-t.build/Objects-normal/arm64_32/SaveToDeviceKit-dependency-scan.dia -validate-clang-modules-once -clang-build-session-file /Users/admin/builder/spi-builder-workspace/.derivedData/ModuleCache.noindex/Session.modulevalidation -Xcc -fmodules-prune-interval\=86400 -Xcc -fmodules-prune-after\=345600 -package-name spi_builder_workspace -emit-const-values -const-gather-protocols-list /Users/admin/builder/spi-builder-workspace/.derivedData/Build/Intermediates.noindex/SwiftSocialKit.build/Debug-watchos/SaveToDeviceKit-t.build/Objects-normal/arm64_32/SaveToDeviceKit_const_extract_protocols.json -Xcc -I/Users/admin/builder/spi-builder-workspace/.derivedData/Build/Products/Debug-watchos/include -Xcc -I/Users/admin/builder/spi-builder-workspace/.derivedData/Build/Intermediates.noindex/SwiftSocialKit.build/Debug-watchos/SaveToDeviceKit-t.build/DerivedSources-normal/arm64_32 -Xcc -I/Users/admin/builder/spi-builder-workspace/.derivedData/Build/Intermediates.noindex/SwiftSocialKit.build/Debug-watchos/SaveToDeviceKit-t.build/DerivedSources/arm64_32 -Xcc -I/Users/admin/builder/spi-builder-workspace/.derivedData/Build/Intermediates.noindex/SwiftSocialKit.build/Debug-watchos/SaveToDeviceKit-t.build/DerivedSources -Xcc -DSWIFT_PACKAGE -Xcc -DDEBUG\=1 -emit-objc-header -emit-objc-header-path /Users/admin/builder/spi-builder-workspace/.derivedData/Build/Intermediates.noindex/SwiftSocialKit.build/Debug-watchos/SaveToDeviceKit-t.build/Objects-normal/arm64_32/SaveToDeviceKit-Swift.h -working-directory /Users/admin/builder/spi-builder-workspace/.swiftpm/xcode -experimental-emit-module-separately -disable-cmo
/Users/admin/builder/spi-builder-workspace/Sources/SaveToDeviceKit/Extensions/UIImage+SaveToPhotos.swift:1:8: error: Unable to resolve module dependency: 'Photos' (in target 'SaveToDeviceKit' from project 'SwiftSocialKit')
    note: A dependency of main module 'SaveToDeviceKit'
    /Users/admin/builder/spi-builder-workspace/Sources/SaveToDeviceKit/Extensions/URL+SaveToPhotos.swift:2:8: note: Also imported here
/Users/admin/builder/spi-builder-workspace/Sources/SaveToDeviceKit/Extensions/UIImage+SaveToPhotos.swift:1:8: note: A dependency of main module 'SaveToDeviceKit'
import Photos
       ^ (in target 'SaveToDeviceKit' from project 'SwiftSocialKit')
/Users/admin/builder/spi-builder-workspace/Sources/SaveToDeviceKit/Extensions/URL+SaveToPhotos.swift:2:8: note: Also imported here
import Photos
       ^ (in target 'SaveToDeviceKit' from project 'SwiftSocialKit')
SwiftDriver InstagramShareKit normal arm64 com.apple.xcode.tools.swift.compiler (in target 'InstagramShareKit' from project 'SwiftSocialKit')
    cd /Users/admin/builder/spi-builder-workspace/.swiftpm/xcode
    builtin-SwiftDriver -- /Applications/Xcode-27.0.0-Release.Candidate.app/Contents/Developer/Toolchains/XcodeDefault.xctoolchain/usr/bin/swiftc -parse-as-library -module-name InstagramShareKit -Onone @/Users/admin/builder/spi-builder-workspace/.derivedData/Build/Intermediates.noindex/SwiftSocialKit.build/Debug-watchos/InstagramShareKit-t.build/Objects-normal/arm64/InstagramShareKit.SwiftFileList -DSWIFT_PACKAGE -DDEBUG -DSWIFT_MODULE_RESOURCE_BUNDLE_UNAVAILABLE -DXcode -plugin-path /Applications/Xcode-27.0.0-Release.Candidate.app/Contents/Developer/Toolchains/XcodeDefault.xctoolchain/usr/lib/swift/host/plugins/testing -enable-experimental-feature DebugDescriptionMacro -sdk /Applications/Xcode-27.0.0-Release.Candidate.app/Contents/Developer/Platforms/WatchOS.platform/Developer/SDKs/WatchOS27.0.sdk -target arm64-apple-watchos9.0 -g -module-cache-path /Users/admin/builder/spi-builder-workspace/.derivedData/ModuleCache.noindex -Xfrontend -serialize-debugging-options -enable-testing -index-store-path /Users/admin/builder/spi-builder-workspace/.derivedData/Index.noindex/DataStore -Xcc -D_LIBCPP_HARDENING_MODE\=_LIBCPP_HARDENING_MODE_DEBUG -swift-version 6 -I /Users/admin/builder/spi-builder-workspace/.derivedData/Build/Products/Debug-watchos -Isystem /Applications/Xcode-27.0.0-Release.Candidate.app/Contents/Developer/Platforms/WatchOS.platform/Developer/usr/lib -F /Users/admin/builder/spi-builder-workspace/.derivedData/Build/Products/Debug-watchos -F /Applications/Xcode-27.0.0-Release.Candidate.app/Contents/Developer/Platforms/WatchOS.platform/Developer/Library/Frameworks -F /Applications/Xcode-27.0.0-Release.Candidate.app/Contents/Developer/Platforms/WatchOS.platform/Developer/SDKs/WatchOS27.0.sdk/Developer/Library/Frameworks -c -j10 -enable-batch-mode -incremental -Xcc -ivfsstatcache -Xcc /Users/admin/builder/spi-builder-workspace/.derivedData/SDKStatCaches.noindex/watchos27.0-24R360-e829b21a6f8c9b70876ba0858053c04477534ef55a1706bf4c1112bbb242f0a2.sdkstatcache -output-file-map /Users/admin/builder/spi-builder-workspace/.derivedData/Build/Intermediates.noindex/SwiftSocialKit.build/Debug-watchos/InstagramShareKit-t.build/Objects-normal/arm64/InstagramShareKit-OutputFileMap.json -save-temps -no-color-diagnostics -explicit-module-build -module-cache-path /Users/admin/builder/spi-builder-workspace/.derivedData/Build/Intermediates.noindex/SwiftExplicitPrecompiledModules -clang-scanner-module-cache-path /Users/admin/builder/spi-builder-workspace/.derivedData/ModuleCache.noindex -sdk-module-cache-path /Users/admin/builder/spi-builder-workspace/.derivedData/SDKExplicitPrecompiledModules -emit-dependencies -emit-module -emit-module-path /Users/admin/builder/spi-builder-workspace/.derivedData/Build/Intermediates.noindex/SwiftSocialKit.build/Debug-watchos/InstagramShareKit-t.build/Objects-normal/arm64/InstagramShareKit.swiftmodule -serialize-diagnostics -dependency-scan-serialize-diagnostics-path /Users/admin/builder/spi-builder-workspace/.derivedData/Build/Intermediates.noindex/SwiftSocialKit.build/Debug-watchos/InstagramShareKit-t.build/Objects-normal/arm64/InstagramShareKit-dependency-scan.dia -validate-clang-modules-once -clang-build-session-file /Users/admin/builder/spi-builder-workspace/.derivedData/ModuleCache.noindex/Session.modulevalidation -Xcc -fmodules-prune-interval\=86400 -Xcc -fmodules-prune-after\=345600 -package-name spi_builder_workspace -emit-const-values -const-gather-protocols-list /Users/admin/builder/spi-builder-workspace/.derivedData/Build/Intermediates.noindex/SwiftSocialKit.build/Debug-watchos/InstagramShareKit-t.build/Objects-normal/arm64/InstagramShareKit_const_extract_protocols.json -Xcc -I/Users/admin/builder/spi-builder-workspace/.derivedData/Build/Products/Debug-watchos/include -Xcc -I/Users/admin/builder/spi-builder-workspace/.derivedData/Build/Intermediates.noindex/SwiftSocialKit.build/Debug-watchos/InstagramShareKit-t.build/DerivedSources-normal/arm64 -Xcc -I/Users/admin/builder/spi-builder-workspace/.derivedData/Build/Intermediates.noindex/SwiftSocialKit.build/Debug-watchos/InstagramShareKit-t.build/DerivedSources/arm64 -Xcc -I/Users/admin/builder/spi-builder-workspace/.derivedData/Build/Intermediates.noindex/SwiftSocialKit.build/Debug-watchos/InstagramShareKit-t.build/DerivedSources -Xcc -DSWIFT_PACKAGE -Xcc -DDEBUG\=1 -emit-objc-header -emit-objc-header-path /Users/admin/builder/spi-builder-workspace/.derivedData/Build/Intermediates.noindex/SwiftSocialKit.build/Debug-watchos/InstagramShareKit-t.build/Objects-normal/arm64/InstagramShareKit-Swift.h -working-directory /Users/admin/builder/spi-builder-workspace/.swiftpm/xcode -experimental-emit-module-separately -disable-cmo
SwiftDriver InstagramShareKit normal arm64_32 com.apple.xcode.tools.swift.compiler (in target 'InstagramShareKit' from project 'SwiftSocialKit')
    cd /Users/admin/builder/spi-builder-workspace/.swiftpm/xcode
    builtin-SwiftDriver -- /Applications/Xcode-27.0.0-Release.Candidate.app/Contents/Developer/Toolchains/XcodeDefault.xctoolchain/usr/bin/swiftc -parse-as-library -module-name InstagramShareKit -Onone @/Users/admin/builder/spi-builder-workspace/.derivedData/Build/Intermediates.noindex/SwiftSocialKit.build/Debug-watchos/InstagramShareKit-t.build/Objects-normal/arm64_32/InstagramShareKit.SwiftFileList -DSWIFT_PACKAGE -DDEBUG -DSWIFT_MODULE_RESOURCE_BUNDLE_UNAVAILABLE -DXcode -plugin-path /Applications/Xcode-27.0.0-Release.Candidate.app/Contents/Developer/Toolchains/XcodeDefault.xctoolchain/usr/lib/swift/host/plugins/testing -enable-experimental-feature DebugDescriptionMacro -sdk /Applications/Xcode-27.0.0-Release.Candidate.app/Contents/Developer/Platforms/WatchOS.platform/Developer/SDKs/WatchOS27.0.sdk -target arm64_32-apple-watchos9.0 -g -module-cache-path /Users/admin/builder/spi-builder-workspace/.derivedData/ModuleCache.noindex -Xfrontend -serialize-debugging-options -enable-testing -index-store-path /Users/admin/builder/spi-builder-workspace/.derivedData/Index.noindex/DataStore -Xcc -D_LIBCPP_HARDENING_MODE\=_LIBCPP_HARDENING_MODE_DEBUG -swift-version 6 -I /Users/admin/builder/spi-builder-workspace/.derivedData/Build/Products/Debug-watchos -Isystem /Applications/Xcode-27.0.0-Release.Candidate.app/Contents/Developer/Platforms/WatchOS.platform/Developer/usr/lib -F /Users/admin/builder/spi-builder-workspace/.derivedData/Build/Products/Debug-watchos -F /Applications/Xcode-27.0.0-Release.Candidate.app/Contents/Developer/Platforms/WatchOS.platform/Developer/Library/Frameworks -F /Applications/Xcode-27.0.0-Release.Candidate.app/Contents/Developer/Platforms/WatchOS.platform/Developer/SDKs/WatchOS27.0.sdk/Developer/Library/Frameworks -c -j10 -enable-batch-mode -incremental -Xcc -ivfsstatcache -Xcc /Users/admin/builder/spi-builder-workspace/.derivedData/SDKStatCaches.noindex/watchos27.0-24R360-e829b21a6f8c9b70876ba0858053c04477534ef55a1706bf4c1112bbb242f0a2.sdkstatcache -output-file-map /Users/admin/builder/spi-builder-workspace/.derivedData/Build/Intermediates.noindex/SwiftSocialKit.build/Debug-watchos/InstagramShareKit-t.build/Objects-normal/arm64_32/InstagramShareKit-OutputFileMap.json -save-temps -no-color-diagnostics -explicit-module-build -module-cache-path /Users/admin/builder/spi-builder-workspace/.derivedData/Build/Intermediates.noindex/SwiftExplicitPrecompiledModules -clang-scanner-module-cache-path /Users/admin/builder/spi-builder-workspace/.derivedData/ModuleCache.noindex -sdk-module-cache-path /Users/admin/builder/spi-builder-workspace/.derivedData/SDKExplicitPrecompiledModules -emit-dependencies -emit-module -emit-module-path /Users/admin/builder/spi-builder-workspace/.derivedData/Build/Intermediates.noindex/SwiftSocialKit.build/Debug-watchos/InstagramShareKit-t.build/Objects-normal/arm64_32/InstagramShareKit.swiftmodule -serialize-diagnostics -dependency-scan-serialize-diagnostics-path /Users/admin/builder/spi-builder-workspace/.derivedData/Build/Intermediates.noindex/SwiftSocialKit.build/Debug-watchos/InstagramShareKit-t.build/Objects-normal/arm64_32/InstagramShareKit-dependency-scan.dia -validate-clang-modules-once -clang-build-session-file /Users/admin/builder/spi-builder-workspace/.derivedData/ModuleCache.noindex/Session.modulevalidation -Xcc -fmodules-prune-interval\=86400 -Xcc -fmodules-prune-after\=345600 -package-name spi_builder_workspace -emit-const-values -const-gather-protocols-list /Users/admin/builder/spi-builder-workspace/.derivedData/Build/Intermediates.noindex/SwiftSocialKit.build/Debug-watchos/InstagramShareKit-t.build/Objects-normal/arm64_32/InstagramShareKit_const_extract_protocols.json -Xcc -I/Users/admin/builder/spi-builder-workspace/.derivedData/Build/Products/Debug-watchos/include -Xcc -I/Users/admin/builder/spi-builder-workspace/.derivedData/Build/Intermediates.noindex/SwiftSocialKit.build/Debug-watchos/InstagramShareKit-t.build/DerivedSources-normal/arm64_32 -Xcc -I/Users/admin/builder/spi-builder-workspace/.derivedData/Build/Intermediates.noindex/SwiftSocialKit.build/Debug-watchos/InstagramShareKit-t.build/DerivedSources/arm64_32 -Xcc -I/Users/admin/builder/spi-builder-workspace/.derivedData/Build/Intermediates.noindex/SwiftSocialKit.build/Debug-watchos/InstagramShareKit-t.build/DerivedSources -Xcc -DSWIFT_PACKAGE -Xcc -DDEBUG\=1 -emit-objc-header -emit-objc-header-path /Users/admin/builder/spi-builder-workspace/.derivedData/Build/Intermediates.noindex/SwiftSocialKit.build/Debug-watchos/InstagramShareKit-t.build/Objects-normal/arm64_32/InstagramShareKit-Swift.h -working-directory /Users/admin/builder/spi-builder-workspace/.swiftpm/xcode -experimental-emit-module-separately -disable-cmo
SwiftDriver TikTokOpenSDKCore normal arm64_32 com.apple.xcode.tools.swift.compiler (in target 'TikTokOpenSDKCore' from project 'TikTokOpenSDK')
    cd /Users/admin/builder/spi-builder-workspace/.swiftpm/xcode
    builtin-SwiftDriver -- /Applications/Xcode-27.0.0-Release.Candidate.app/Contents/Developer/Toolchains/XcodeDefault.xctoolchain/usr/bin/swiftc -parse-as-library -module-name TikTokOpenSDKCore -Onone @/Users/admin/builder/spi-builder-workspace/.derivedData/Build/Intermediates.noindex/TikTokOpenSDK.build/Debug-watchos/TikTokOpenSDKCore-t.build/Objects-normal/arm64_32/TikTokOpenSDKCore.SwiftFileList -DSWIFT_PACKAGE -DDEBUG -DSWIFT_MODULE_RESOURCE_BUNDLE_AVAILABLE -DXcode -plugin-path /Applications/Xcode-27.0.0-Release.Candidate.app/Contents/Developer/Toolchains/XcodeDefault.xctoolchain/usr/lib/swift/host/plugins/testing -enable-experimental-feature DebugDescriptionMacro -sdk /Applications/Xcode-27.0.0-Release.Candidate.app/Contents/Developer/Platforms/WatchOS.platform/Developer/SDKs/WatchOS27.0.sdk -target arm64_32-apple-watchos9.0 -g -module-cache-path /Users/admin/builder/spi-builder-workspace/.derivedData/ModuleCache.noindex -Xfrontend -serialize-debugging-options -enable-testing -suppress-warnings -index-store-path /Users/admin/builder/spi-builder-workspace/.derivedData/Index.noindex/DataStore -Xcc -D_LIBCPP_HARDENING_MODE\=_LIBCPP_HARDENING_MODE_DEBUG -swift-version 5 -I /Users/admin/builder/spi-builder-workspace/.derivedData/Build/Products/Debug-watchos -Isystem /Applications/Xcode-27.0.0-Release.Candidate.app/Contents/Developer/Platforms/WatchOS.platform/Developer/usr/lib -F /Users/admin/builder/spi-builder-workspace/.derivedData/Build/Products/Debug-watchos -F /Applications/Xcode-27.0.0-Release.Candidate.app/Contents/Developer/Platforms/WatchOS.platform/Developer/Library/Frameworks -F /Applications/Xcode-27.0.0-Release.Candidate.app/Contents/Developer/Platforms/WatchOS.platform/Developer/SDKs/WatchOS27.0.sdk/Developer/Library/Frameworks -emit-localized-strings -emit-localized-strings-path /Users/admin/builder/spi-builder-workspace/.derivedData/Build/Intermediates.noindex/TikTokOpenSDK.build/Debug-watchos/TikTokOpenSDKCore-t.build/Objects-normal/arm64_32 -c -j10 -enable-batch-mode -incremental -Xcc -ivfsstatcache -Xcc /Users/admin/builder/spi-builder-workspace/.derivedData/SDKStatCaches.noindex/watchos27.0-24R360-e829b21a6f8c9b70876ba0858053c04477534ef55a1706bf4c1112bbb242f0a2.sdkstatcache -output-file-map /Users/admin/builder/spi-builder-workspace/.derivedData/Build/Intermediates.noindex/TikTokOpenSDK.build/Debug-watchos/TikTokOpenSDKCore-t.build/Objects-normal/arm64_32/TikTokOpenSDKCore-OutputFileMap.json -save-temps -no-color-diagnostics -explicit-module-build -module-cache-path /Users/admin/builder/spi-builder-workspace/.derivedData/Build/Intermediates.noindex/SwiftExplicitPrecompiledModules -clang-scanner-module-cache-path /Users/admin/builder/spi-builder-workspace/.derivedData/ModuleCache.noindex -sdk-module-cache-path /Users/admin/builder/spi-builder-workspace/.derivedData/SDKExplicitPrecompiledModules -emit-dependencies -emit-module -emit-module-path /Users/admin/builder/spi-builder-workspace/.derivedData/Build/Intermediates.noindex/TikTokOpenSDK.build/Debug-watchos/TikTokOpenSDKCore-t.build/Objects-normal/arm64_32/TikTokOpenSDKCore.swiftmodule -serialize-diagnostics -dependency-scan-serialize-diagnostics-path /Users/admin/builder/spi-builder-workspace/.derivedData/Build/Intermediates.noindex/TikTokOpenSDK.build/Debug-watchos/TikTokOpenSDKCore-t.build/Objects-normal/arm64_32/TikTokOpenSDKCore-dependency-scan.dia -validate-clang-modules-once -clang-build-session-file /Users/admin/builder/spi-builder-workspace/.derivedData/ModuleCache.noindex/Session.modulevalidation -Xcc -fmodules-prune-interval\=86400 -Xcc -fmodules-prune-after\=345600 -emit-const-values -const-gather-protocols-list /Users/admin/builder/spi-builder-workspace/.derivedData/Build/Intermediates.noindex/TikTokOpenSDK.build/Debug-watchos/TikTokOpenSDKCore-t.build/Objects-normal/arm64_32/TikTokOpenSDKCore_const_extract_protocols.json -Xcc -I/Users/admin/builder/spi-builder-workspace/.derivedData/Build/Products/Debug-watchos/include -Xcc -I/Users/admin/builder/spi-builder-workspace/.derivedData/Build/Intermediates.noindex/TikTokOpenSDK.build/Debug-watchos/TikTokOpenSDKCore-t.build/DerivedSources-normal/arm64_32 -Xcc -I/Users/admin/builder/spi-builder-workspace/.derivedData/Build/Intermediates.noindex/TikTokOpenSDK.build/Debug-watchos/TikTokOpenSDKCore-t.build/DerivedSources/arm64_32 -Xcc -I/Users/admin/builder/spi-builder-workspace/.derivedData/Build/Intermediates.noindex/TikTokOpenSDK.build/Debug-watchos/TikTokOpenSDKCore-t.build/DerivedSources -Xcc -DSWIFT_PACKAGE -Xcc -DDEBUG\=1 -emit-objc-header -emit-objc-header-path /Users/admin/builder/spi-builder-workspace/.derivedData/Build/Intermediates.noindex/TikTokOpenSDK.build/Debug-watchos/TikTokOpenSDKCore-t.build/Objects-normal/arm64_32/TikTokOpenSDKCore-Swift.h -working-directory /Users/admin/builder/spi-builder-workspace/.swiftpm/xcode -experimental-emit-module-separately -disable-cmo
SwiftDriver SaveToDeviceKit normal arm64 com.apple.xcode.tools.swift.compiler (in target 'SaveToDeviceKit' from project 'SwiftSocialKit')
    cd /Users/admin/builder/spi-builder-workspace/.swiftpm/xcode
    builtin-SwiftDriver -- /Applications/Xcode-27.0.0-Release.Candidate.app/Contents/Developer/Toolchains/XcodeDefault.xctoolchain/usr/bin/swiftc -parse-as-library -module-name SaveToDeviceKit -Onone @/Users/admin/builder/spi-builder-workspace/.derivedData/Build/Intermediates.noindex/SwiftSocialKit.build/Debug-watchos/SaveToDeviceKit-t.build/Objects-normal/arm64/SaveToDeviceKit.SwiftFileList -DSWIFT_PACKAGE -DDEBUG -DSWIFT_MODULE_RESOURCE_BUNDLE_UNAVAILABLE -DXcode -plugin-path /Applications/Xcode-27.0.0-Release.Candidate.app/Contents/Developer/Toolchains/XcodeDefault.xctoolchain/usr/lib/swift/host/plugins/testing -enable-experimental-feature DebugDescriptionMacro -sdk /Applications/Xcode-27.0.0-Release.Candidate.app/Contents/Developer/Platforms/WatchOS.platform/Developer/SDKs/WatchOS27.0.sdk -target arm64-apple-watchos9.0 -g -module-cache-path /Users/admin/builder/spi-builder-workspace/.derivedData/ModuleCache.noindex -Xfrontend -serialize-debugging-options -enable-testing -index-store-path /Users/admin/builder/spi-builder-workspace/.derivedData/Index.noindex/DataStore -Xcc -D_LIBCPP_HARDENING_MODE\=_LIBCPP_HARDENING_MODE_DEBUG -swift-version 6 -I /Users/admin/builder/spi-builder-workspace/.derivedData/Build/Products/Debug-watchos -Isystem /Applications/Xcode-27.0.0-Release.Candidate.app/Contents/Developer/Platforms/WatchOS.platform/Developer/usr/lib -F /Users/admin/builder/spi-builder-workspace/.derivedData/Build/Products/Debug-watchos -F /Applications/Xcode-27.0.0-Release.Candidate.app/Contents/Developer/Platforms/WatchOS.platform/Developer/Library/Frameworks -F /Applications/Xcode-27.0.0-Release.Candidate.app/Contents/Developer/Platforms/WatchOS.platform/Developer/SDKs/WatchOS27.0.sdk/Developer/Library/Frameworks -c -j10 -enable-batch-mode -incremental -Xcc -ivfsstatcache -Xcc /Users/admin/builder/spi-builder-workspace/.derivedData/SDKStatCaches.noindex/watchos27.0-24R360-e829b21a6f8c9b70876ba0858053c04477534ef55a1706bf4c1112bbb242f0a2.sdkstatcache -output-file-map /Users/admin/builder/spi-builder-workspace/.derivedData/Build/Intermediates.noindex/SwiftSocialKit.build/Debug-watchos/SaveToDeviceKit-t.build/Objects-normal/arm64/SaveToDeviceKit-OutputFileMap.json -save-temps -no-color-diagnostics -explicit-module-build -module-cache-path /Users/admin/builder/spi-builder-workspace/.derivedData/Build/Intermediates.noindex/SwiftExplicitPrecompiledModules -clang-scanner-module-cache-path /Users/admin/builder/spi-builder-workspace/.derivedData/ModuleCache.noindex -sdk-module-cache-path /Users/admin/builder/spi-builder-workspace/.derivedData/SDKExplicitPrecompiledModules -emit-dependencies -emit-module -emit-module-path /Users/admin/builder/spi-builder-workspace/.derivedData/Build/Intermediates.noindex/SwiftSocialKit.build/Debug-watchos/SaveToDeviceKit-t.build/Objects-normal/arm64/SaveToDeviceKit.swiftmodule -serialize-diagnostics -dependency-scan-serialize-diagnostics-path /Users/admin/builder/spi-builder-workspace/.derivedData/Build/Intermediates.noindex/SwiftSocialKit.build/Debug-watchos/SaveToDeviceKit-t.build/Objects-normal/arm64/SaveToDeviceKit-dependency-scan.dia -validate-clang-modules-once -clang-build-session-file /Users/admin/builder/spi-builder-workspace/.derivedData/ModuleCache.noindex/Session.modulevalidation -Xcc -fmodules-prune-interval\=86400 -Xcc -fmodules-prune-after\=345600 -package-name spi_builder_workspace -emit-const-values -const-gather-protocols-list /Users/admin/builder/spi-builder-workspace/.derivedData/Build/Intermediates.noindex/SwiftSocialKit.build/Debug-watchos/SaveToDeviceKit-t.build/Objects-normal/arm64/SaveToDeviceKit_const_extract_protocols.json -Xcc -I/Users/admin/builder/spi-builder-workspace/.derivedData/Build/Products/Debug-watchos/include -Xcc -I/Users/admin/builder/spi-builder-workspace/.derivedData/Build/Intermediates.noindex/SwiftSocialKit.build/Debug-watchos/SaveToDeviceKit-t.build/DerivedSources-normal/arm64 -Xcc -I/Users/admin/builder/spi-builder-workspace/.derivedData/Build/Intermediates.noindex/SwiftSocialKit.build/Debug-watchos/SaveToDeviceKit-t.build/DerivedSources/arm64 -Xcc -I/Users/admin/builder/spi-builder-workspace/.derivedData/Build/Intermediates.noindex/SwiftSocialKit.build/Debug-watchos/SaveToDeviceKit-t.build/DerivedSources -Xcc -DSWIFT_PACKAGE -Xcc -DDEBUG\=1 -emit-objc-header -emit-objc-header-path /Users/admin/builder/spi-builder-workspace/.derivedData/Build/Intermediates.noindex/SwiftSocialKit.build/Debug-watchos/SaveToDeviceKit-t.build/Objects-normal/arm64/SaveToDeviceKit-Swift.h -working-directory /Users/admin/builder/spi-builder-workspace/.swiftpm/xcode -experimental-emit-module-separately -disable-cmo
/Users/admin/builder/spi-builder-workspace/Sources/SaveToDeviceKit/Extensions/UIImage+SaveToPhotos.swift:1:8: error: Unable to resolve module dependency: 'Photos' (in target 'SaveToDeviceKit' from project 'SwiftSocialKit')
    note: A dependency of main module 'SaveToDeviceKit'
    /Users/admin/builder/spi-builder-workspace/Sources/SaveToDeviceKit/Extensions/URL+SaveToPhotos.swift:2:8: note: Also imported here
/Users/admin/builder/spi-builder-workspace/Sources/SaveToDeviceKit/Extensions/UIImage+SaveToPhotos.swift:1:8: note: A dependency of main module 'SaveToDeviceKit'
import Photos
       ^ (in target 'SaveToDeviceKit' from project 'SwiftSocialKit')
/Users/admin/builder/spi-builder-workspace/Sources/SaveToDeviceKit/Extensions/URL+SaveToPhotos.swift:2:8: note: Also imported here
import Photos
       ^ (in target 'SaveToDeviceKit' from project 'SwiftSocialKit')
PruneExplicitPrecompiledModules /Users/admin/builder/spi-builder-workspace/.derivedData/SDKExplicitPrecompiledModules
PruneExplicitPrecompiledModules /Users/admin/builder/spi-builder-workspace/.derivedData/Build/Intermediates.noindex/ExplicitPrecompiledModules
PruneExplicitPrecompiledModules /Users/admin/builder/spi-builder-workspace/.derivedData/Build/Intermediates.noindex/SwiftExplicitPrecompiledModules
2026-09-24 22:37:36.763 xcodebuild[687:4275] [MT] IDERunDestination: Supported platforms for the buildables in the current scheme is empty.
** BUILD FAILED **
The following build commands failed:
	SwiftDriver SaveToDeviceKit normal arm64_32 com.apple.xcode.tools.swift.compiler (in target 'SaveToDeviceKit' from project 'SwiftSocialKit')
	SwiftDriver SaveToDeviceKit normal arm64 com.apple.xcode.tools.swift.compiler (in target 'SaveToDeviceKit' from project 'SwiftSocialKit')
	Building workspace SwiftSocialKit with scheme SwiftSocialKit-Package
(3 failures)
Command line invocation:
    /Applications/Xcode-27.0.0-Release.Candidate.app/Contents/Developer/usr/bin/xcodebuild -IDEClonedSourcePackagesDirPathOverride=/Users/admin/builder/spi-builder-workspace/.dependencies -resolvePackageDependencies
Resolve Package Graph
Resolved source packages:
  TikTokOpenSDK: https://github.com/tiktok/tiktok-opensdk-ios @ 2.5.0
  SwiftSocialKit: /Users/admin/builder/spi-builder-workspace
resolved source packages: TikTokOpenSDK, SwiftSocialKit
2026-09-24 22:37:40.855 xcodebuild[712:4806] [MT] IDERunDestination: Supported platforms for the buildables in the current scheme is empty.
{
  "dependencies" : [
    {
      "identity" : "tiktok-opensdk-ios",
      "requirement" : {
        "range" : [
          {
            "lower_bound" : "2.5.0",
            "upper_bound" : "2.6.0"
          }
        ]
      },
      "type" : "sourceControl",
      "url" : "https://github.com/tiktok/tiktok-opensdk-ios"
    }
  ],
  "manifest_display_name" : "SwiftSocialKit",
  "name" : "SwiftSocialKit",
  "path" : "/Users/admin/builder/spi-builder-workspace",
  "platforms" : [
    {
      "name" : "ios",
      "version" : "13.0"
    }
  ],
  "products" : [
    {
      "name" : "SaveToDeviceKit",
      "targets" : [
        "SaveToDeviceKit"
      ],
      "type" : {
        "library" : [
          "automatic"
        ]
      }
    },
    {
      "name" : "InstagramShareKit",
      "targets" : [
        "InstagramShareKit"
      ],
      "type" : {
        "library" : [
          "automatic"
        ]
      }
    },
    {
      "name" : "TikTokShareKit",
      "targets" : [
        "TikTokShareKit"
      ],
      "type" : {
        "library" : [
          "automatic"
        ]
      }
    }
  ],
  "targets" : [
    {
      "c99name" : "TikTokShareKit",
      "module_type" : "SwiftTarget",
      "name" : "TikTokShareKit",
      "path" : "Sources/TikTokShareKit",
      "product_dependencies" : [
        "TikTokOpenSDKCore",
        "TikTokOpenShareSDK"
      ],
      "product_memberships" : [
        "TikTokShareKit"
      ],
      "sources" : [
        "Extensions/LoggerExtension.swift",
        "Extensions/URL+SaveToPhotos.swift",
        "TikTokShareKit+Upload.swift",
        "TikTokShareKit.swift",
        "TikTokShareState.swift"
      ],
      "type" : "library"
    },
    {
      "c99name" : "SaveToDeviceKit",
      "module_type" : "SwiftTarget",
      "name" : "SaveToDeviceKit",
      "path" : "Sources/SaveToDeviceKit",
      "product_memberships" : [
        "SaveToDeviceKit"
      ],
      "sources" : [
        "Extensions/LoggerExtension.swift",
        "Extensions/UIImage+SaveToPhotos.swift",
        "Extensions/URL+SaveToPhotos.swift",
        "SaveState.swift",
        "SaveToDeviceKit+StoreMedia.swift",
        "SaveToDeviceKit.swift"
      ],
      "type" : "library"
    },
    {
      "c99name" : "InstagramShareKit",
      "module_type" : "SwiftTarget",
      "name" : "InstagramShareKit",
      "path" : "Sources/InstagramShareKit",
      "product_memberships" : [
        "InstagramShareKit"
      ],
      "sources" : [
        "Extensions/LoggerExtension.swift",
        "InstagramShareKit+Reels.swift",
        "InstagramShareKit+Story.swift",
        "InstagramShareKit.swift",
        "InstagramShareState.swift"
      ],
      "type" : "library"
    }
  ],
  "tools_version" : "6.1"
}
{
  "workspace" : {
    "name" : "SwiftSocialKit",
    "schemes" : [
      "InstagramShareKit",
      "SaveToDeviceKit",
      "SwiftSocialKit-Package",
      "TikTokShareKit"
    ]
  }
}
2026-09-24 22:37:42.140 xcodebuild[720:4874] [MT] IDERunDestination: Supported platforms for the buildables in the current scheme is empty.
Running build ...
env DEVELOPER_DIR=/Applications/Xcode-27.0.0-Release.Candidate.app xcrun xcodebuild -IDEClonedSourcePackagesDirPathOverride=$PWD/.dependencies -skipMacroValidation -skipPackagePluginValidation -derivedDataPath $PWD/.derivedData build -scheme SwiftSocialKit-Package -destination generic/platform=watchOS
Command line invocation:
    /Applications/Xcode-27.0.0-Release.Candidate.app/Contents/Developer/usr/bin/xcodebuild -IDEClonedSourcePackagesDirPathOverride=/Users/admin/builder/spi-builder-workspace/.dependencies -skipMacroValidation -skipPackagePluginValidation -derivedDataPath /Users/admin/builder/spi-builder-workspace/.derivedData build -scheme SwiftSocialKit-Package -destination generic/platform=watchOS
Resolve Package Graph
Resolved source packages:
  TikTokOpenSDK: https://github.com/tiktok/tiktok-opensdk-ios @ 2.5.0
  SwiftSocialKit: /Users/admin/builder/spi-builder-workspace
ComputePackagePrebuildTargetDependencyGraph
Prepare packages
CreateBuildRequest
SendProjectDescription
CreateBuildOperation
ComputeTargetDependencyGraph
note: Building targets in dependency order
note: Target dependency graph (12 targets)
    Target 'TikTokShareKit-product' in project 'SwiftSocialKit'
        ➜ Explicit dependency on target 'TikTokShareKit' in project 'SwiftSocialKit'
        ➜ Explicit dependency on target 'TikTokOpenSDKCore-product' in project 'TikTokOpenSDK'
        ➜ Explicit dependency on target 'TikTokOpenShareSDK-product' in project 'TikTokOpenSDK'
    Target 'TikTokShareKit' in project 'SwiftSocialKit'
        ➜ Explicit dependency on target 'TikTokOpenSDKCore-product' in project 'TikTokOpenSDK'
        ➜ Explicit dependency on target 'TikTokOpenShareSDK-product' in project 'TikTokOpenSDK'
    Target 'TikTokOpenShareSDK-product' in project 'TikTokOpenSDK'
        ➜ Explicit dependency on target 'TikTokOpenShareSDK' in project 'TikTokOpenSDK'
        ➜ Explicit dependency on target 'TikTokOpenSDK_TikTokOpenShareSDK' in project 'TikTokOpenSDK'
        ➜ Explicit dependency on target 'TikTokOpenSDKCore' in project 'TikTokOpenSDK'
    Target 'TikTokOpenShareSDK' in project 'TikTokOpenSDK'
        ➜ Explicit dependency on target 'TikTokOpenSDK_TikTokOpenShareSDK' in project 'TikTokOpenSDK'
        ➜ Explicit dependency on target 'TikTokOpenSDKCore' in project 'TikTokOpenSDK'
    Target 'TikTokOpenSDK_TikTokOpenShareSDK' in project 'TikTokOpenSDK' (no dependencies)
    Target 'TikTokOpenSDKCore-product' in project 'TikTokOpenSDK'
        ➜ Explicit dependency on target 'TikTokOpenSDKCore' in project 'TikTokOpenSDK'
        ➜ Explicit dependency on target 'TikTokOpenSDK_TikTokOpenSDKCore' in project 'TikTokOpenSDK'
    Target 'TikTokOpenSDKCore' in project 'TikTokOpenSDK'
        ➜ Explicit dependency on target 'TikTokOpenSDK_TikTokOpenSDKCore' in project 'TikTokOpenSDK'
    Target 'TikTokOpenSDK_TikTokOpenSDKCore' in project 'TikTokOpenSDK' (no dependencies)
    Target 'InstagramShareKit-product' in project 'SwiftSocialKit'
        ➜ Explicit dependency on target 'InstagramShareKit' in project 'SwiftSocialKit'
    Target 'InstagramShareKit' in project 'SwiftSocialKit' (no dependencies)
    Target 'SaveToDeviceKit-product' in project 'SwiftSocialKit'
        ➜ Explicit dependency on target 'SaveToDeviceKit' in project 'SwiftSocialKit'
    Target 'SaveToDeviceKit' in project 'SwiftSocialKit' (no dependencies)
GatherProvisioningInputs
CreateBuildDescription
ClangStatCache /Applications/Xcode-27.0.0-Release.Candidate.app/Contents/Developer/Toolchains/XcodeDefault.xctoolchain/usr/bin/clang-stat-cache /Applications/Xcode-27.0.0-Release.Candidate.app/Contents/Developer/Platforms/WatchOS.platform/Developer/SDKs/WatchOS27.0.sdk /Users/admin/builder/spi-builder-workspace/.derivedData/SDKStatCaches.noindex/watchos27.0-24R360-e829b21a6f8c9b70876ba0858053c04477534ef55a1706bf4c1112bbb242f0a2.sdkstatcache
    cd /Users/admin/builder/spi-builder-workspace/.swiftpm/xcode
    /Applications/Xcode-27.0.0-Release.Candidate.app/Contents/Developer/Toolchains/XcodeDefault.xctoolchain/usr/bin/clang-stat-cache /Applications/Xcode-27.0.0-Release.Candidate.app/Contents/Developer/Platforms/WatchOS.platform/Developer/SDKs/WatchOS27.0.sdk -o /Users/admin/builder/spi-builder-workspace/.derivedData/SDKStatCaches.noindex/watchos27.0-24R360-e829b21a6f8c9b70876ba0858053c04477534ef55a1706bf4c1112bbb242f0a2.sdkstatcache
SwiftDriver TikTokOpenSDKCore normal arm64_32 com.apple.xcode.tools.swift.compiler (in target 'TikTokOpenSDKCore' from project 'TikTokOpenSDK')
    cd /Users/admin/builder/spi-builder-workspace/.swiftpm/xcode
    builtin-SwiftDriver -- /Applications/Xcode-27.0.0-Release.Candidate.app/Contents/Developer/Toolchains/XcodeDefault.xctoolchain/usr/bin/swiftc -parse-as-library -module-name TikTokOpenSDKCore -Onone @/Users/admin/builder/spi-builder-workspace/.derivedData/Build/Intermediates.noindex/TikTokOpenSDK.build/Debug-watchos/TikTokOpenSDKCore-t.build/Objects-normal/arm64_32/TikTokOpenSDKCore.SwiftFileList -DSWIFT_PACKAGE -DDEBUG -DSWIFT_MODULE_RESOURCE_BUNDLE_AVAILABLE -DXcode -plugin-path /Applications/Xcode-27.0.0-Release.Candidate.app/Contents/Developer/Toolchains/XcodeDefault.xctoolchain/usr/lib/swift/host/plugins/testing -enable-experimental-feature DebugDescriptionMacro -sdk /Applications/Xcode-27.0.0-Release.Candidate.app/Contents/Developer/Platforms/WatchOS.platform/Developer/SDKs/WatchOS27.0.sdk -target arm64_32-apple-watchos9.0 -g -module-cache-path /Users/admin/builder/spi-builder-workspace/.derivedData/ModuleCache.noindex -Xfrontend -serialize-debugging-options -enable-testing -suppress-warnings -index-store-path /Users/admin/builder/spi-builder-workspace/.derivedData/Index.noindex/DataStore -Xcc -D_LIBCPP_HARDENING_MODE\=_LIBCPP_HARDENING_MODE_DEBUG -swift-version 5 -I /Users/admin/builder/spi-builder-workspace/.derivedData/Build/Products/Debug-watchos -Isystem /Applications/Xcode-27.0.0-Release.Candidate.app/Contents/Developer/Platforms/WatchOS.platform/Developer/usr/lib -F /Users/admin/builder/spi-builder-workspace/.derivedData/Build/Products/Debug-watchos -F /Applications/Xcode-27.0.0-Release.Candidate.app/Contents/Developer/Platforms/WatchOS.platform/Developer/Library/Frameworks -F /Applications/Xcode-27.0.0-Release.Candidate.app/Contents/Developer/Platforms/WatchOS.platform/Developer/SDKs/WatchOS27.0.sdk/Developer/Library/Frameworks -emit-localized-strings -emit-localized-strings-path /Users/admin/builder/spi-builder-workspace/.derivedData/Build/Intermediates.noindex/TikTokOpenSDK.build/Debug-watchos/TikTokOpenSDKCore-t.build/Objects-normal/arm64_32 -c -j10 -enable-batch-mode -incremental -Xcc -ivfsstatcache -Xcc /Users/admin/builder/spi-builder-workspace/.derivedData/SDKStatCaches.noindex/watchos27.0-24R360-e829b21a6f8c9b70876ba0858053c04477534ef55a1706bf4c1112bbb242f0a2.sdkstatcache -output-file-map /Users/admin/builder/spi-builder-workspace/.derivedData/Build/Intermediates.noindex/TikTokOpenSDK.build/Debug-watchos/TikTokOpenSDKCore-t.build/Objects-normal/arm64_32/TikTokOpenSDKCore-OutputFileMap.json -save-temps -no-color-diagnostics -explicit-module-build -module-cache-path /Users/admin/builder/spi-builder-workspace/.derivedData/Build/Intermediates.noindex/SwiftExplicitPrecompiledModules -clang-scanner-module-cache-path /Users/admin/builder/spi-builder-workspace/.derivedData/ModuleCache.noindex -sdk-module-cache-path /Users/admin/builder/spi-builder-workspace/.derivedData/SDKExplicitPrecompiledModules -emit-dependencies -emit-module -emit-module-path /Users/admin/builder/spi-builder-workspace/.derivedData/Build/Intermediates.noindex/TikTokOpenSDK.build/Debug-watchos/TikTokOpenSDKCore-t.build/Objects-normal/arm64_32/TikTokOpenSDKCore.swiftmodule -serialize-diagnostics -dependency-scan-serialize-diagnostics-path /Users/admin/builder/spi-builder-workspace/.derivedData/Build/Intermediates.noindex/TikTokOpenSDK.build/Debug-watchos/TikTokOpenSDKCore-t.build/Objects-normal/arm64_32/TikTokOpenSDKCore-dependency-scan.dia -validate-clang-modules-once -clang-build-session-file /Users/admin/builder/spi-builder-workspace/.derivedData/ModuleCache.noindex/Session.modulevalidation -Xcc -fmodules-prune-interval\=86400 -Xcc -fmodules-prune-after\=345600 -emit-const-values -const-gather-protocols-list /Users/admin/builder/spi-builder-workspace/.derivedData/Build/Intermediates.noindex/TikTokOpenSDK.build/Debug-watchos/TikTokOpenSDKCore-t.build/Objects-normal/arm64_32/TikTokOpenSDKCore_const_extract_protocols.json -Xcc -I/Users/admin/builder/spi-builder-workspace/.derivedData/Build/Products/Debug-watchos/include -Xcc -I/Users/admin/builder/spi-builder-workspace/.derivedData/Build/Intermediates.noindex/TikTokOpenSDK.build/Debug-watchos/TikTokOpenSDKCore-t.build/DerivedSources-normal/arm64_32 -Xcc -I/Users/admin/builder/spi-builder-workspace/.derivedData/Build/Intermediates.noindex/TikTokOpenSDK.build/Debug-watchos/TikTokOpenSDKCore-t.build/DerivedSources/arm64_32 -Xcc -I/Users/admin/builder/spi-builder-workspace/.derivedData/Build/Intermediates.noindex/TikTokOpenSDK.build/Debug-watchos/TikTokOpenSDKCore-t.build/DerivedSources -Xcc -DSWIFT_PACKAGE -Xcc -DDEBUG\=1 -emit-objc-header -emit-objc-header-path /Users/admin/builder/spi-builder-workspace/.derivedData/Build/Intermediates.noindex/TikTokOpenSDK.build/Debug-watchos/TikTokOpenSDKCore-t.build/Objects-normal/arm64_32/TikTokOpenSDKCore-Swift.h -working-directory /Users/admin/builder/spi-builder-workspace/.swiftpm/xcode -experimental-emit-module-separately -disable-cmo
SwiftDriver TikTokOpenSDKCore normal arm64 com.apple.xcode.tools.swift.compiler (in target 'TikTokOpenSDKCore' from project 'TikTokOpenSDK')
    cd /Users/admin/builder/spi-builder-workspace/.swiftpm/xcode
    builtin-SwiftDriver -- /Applications/Xcode-27.0.0-Release.Candidate.app/Contents/Developer/Toolchains/XcodeDefault.xctoolchain/usr/bin/swiftc -parse-as-library -module-name TikTokOpenSDKCore -Onone @/Users/admin/builder/spi-builder-workspace/.derivedData/Build/Intermediates.noindex/TikTokOpenSDK.build/Debug-watchos/TikTokOpenSDKCore-t.build/Objects-normal/arm64/TikTokOpenSDKCore.SwiftFileList -DSWIFT_PACKAGE -DDEBUG -DSWIFT_MODULE_RESOURCE_BUNDLE_AVAILABLE -DXcode -plugin-path /Applications/Xcode-27.0.0-Release.Candidate.app/Contents/Developer/Toolchains/XcodeDefault.xctoolchain/usr/lib/swift/host/plugins/testing -enable-experimental-feature DebugDescriptionMacro -sdk /Applications/Xcode-27.0.0-Release.Candidate.app/Contents/Developer/Platforms/WatchOS.platform/Developer/SDKs/WatchOS27.0.sdk -target arm64-apple-watchos9.0 -g -module-cache-path /Users/admin/builder/spi-builder-workspace/.derivedData/ModuleCache.noindex -Xfrontend -serialize-debugging-options -enable-testing -suppress-warnings -index-store-path /Users/admin/builder/spi-builder-workspace/.derivedData/Index.noindex/DataStore -Xcc -D_LIBCPP_HARDENING_MODE\=_LIBCPP_HARDENING_MODE_DEBUG -swift-version 5 -I /Users/admin/builder/spi-builder-workspace/.derivedData/Build/Products/Debug-watchos -Isystem /Applications/Xcode-27.0.0-Release.Candidate.app/Contents/Developer/Platforms/WatchOS.platform/Developer/usr/lib -F /Users/admin/builder/spi-builder-workspace/.derivedData/Build/Products/Debug-watchos -F /Applications/Xcode-27.0.0-Release.Candidate.app/Contents/Developer/Platforms/WatchOS.platform/Developer/Library/Frameworks -F /Applications/Xcode-27.0.0-Release.Candidate.app/Contents/Developer/Platforms/WatchOS.platform/Developer/SDKs/WatchOS27.0.sdk/Developer/Library/Frameworks -emit-localized-strings -emit-localized-strings-path /Users/admin/builder/spi-builder-workspace/.derivedData/Build/Intermediates.noindex/TikTokOpenSDK.build/Debug-watchos/TikTokOpenSDKCore-t.build/Objects-normal/arm64 -c -j10 -enable-batch-mode -incremental -Xcc -ivfsstatcache -Xcc /Users/admin/builder/spi-builder-workspace/.derivedData/SDKStatCaches.noindex/watchos27.0-24R360-e829b21a6f8c9b70876ba0858053c04477534ef55a1706bf4c1112bbb242f0a2.sdkstatcache -output-file-map /Users/admin/builder/spi-builder-workspace/.derivedData/Build/Intermediates.noindex/TikTokOpenSDK.build/Debug-watchos/TikTokOpenSDKCore-t.build/Objects-normal/arm64/TikTokOpenSDKCore-OutputFileMap.json -save-temps -no-color-diagnostics -explicit-module-build -module-cache-path /Users/admin/builder/spi-builder-workspace/.derivedData/Build/Intermediates.noindex/SwiftExplicitPrecompiledModules -clang-scanner-module-cache-path /Users/admin/builder/spi-builder-workspace/.derivedData/ModuleCache.noindex -sdk-module-cache-path /Users/admin/builder/spi-builder-workspace/.derivedData/SDKExplicitPrecompiledModules -emit-dependencies -emit-module -emit-module-path /Users/admin/builder/spi-builder-workspace/.derivedData/Build/Intermediates.noindex/TikTokOpenSDK.build/Debug-watchos/TikTokOpenSDKCore-t.build/Objects-normal/arm64/TikTokOpenSDKCore.swiftmodule -serialize-diagnostics -dependency-scan-serialize-diagnostics-path /Users/admin/builder/spi-builder-workspace/.derivedData/Build/Intermediates.noindex/TikTokOpenSDK.build/Debug-watchos/TikTokOpenSDKCore-t.build/Objects-normal/arm64/TikTokOpenSDKCore-dependency-scan.dia -validate-clang-modules-once -clang-build-session-file /Users/admin/builder/spi-builder-workspace/.derivedData/ModuleCache.noindex/Session.modulevalidation -Xcc -fmodules-prune-interval\=86400 -Xcc -fmodules-prune-after\=345600 -emit-const-values -const-gather-protocols-list /Users/admin/builder/spi-builder-workspace/.derivedData/Build/Intermediates.noindex/TikTokOpenSDK.build/Debug-watchos/TikTokOpenSDKCore-t.build/Objects-normal/arm64/TikTokOpenSDKCore_const_extract_protocols.json -Xcc -I/Users/admin/builder/spi-builder-workspace/.derivedData/Build/Products/Debug-watchos/include -Xcc -I/Users/admin/builder/spi-builder-workspace/.derivedData/Build/Intermediates.noindex/TikTokOpenSDK.build/Debug-watchos/TikTokOpenSDKCore-t.build/DerivedSources-normal/arm64 -Xcc -I/Users/admin/builder/spi-builder-workspace/.derivedData/Build/Intermediates.noindex/TikTokOpenSDK.build/Debug-watchos/TikTokOpenSDKCore-t.build/DerivedSources/arm64 -Xcc -I/Users/admin/builder/spi-builder-workspace/.derivedData/Build/Intermediates.noindex/TikTokOpenSDK.build/Debug-watchos/TikTokOpenSDKCore-t.build/DerivedSources -Xcc -DSWIFT_PACKAGE -Xcc -DDEBUG\=1 -emit-objc-header -emit-objc-header-path /Users/admin/builder/spi-builder-workspace/.derivedData/Build/Intermediates.noindex/TikTokOpenSDK.build/Debug-watchos/TikTokOpenSDKCore-t.build/Objects-normal/arm64/TikTokOpenSDKCore-Swift.h -working-directory /Users/admin/builder/spi-builder-workspace/.swiftpm/xcode -experimental-emit-module-separately -disable-cmo
SwiftDriver SaveToDeviceKit normal arm64_32 com.apple.xcode.tools.swift.compiler (in target 'SaveToDeviceKit' from project 'SwiftSocialKit')
    cd /Users/admin/builder/spi-builder-workspace/.swiftpm/xcode
    builtin-SwiftDriver -- /Applications/Xcode-27.0.0-Release.Candidate.app/Contents/Developer/Toolchains/XcodeDefault.xctoolchain/usr/bin/swiftc -parse-as-library -module-name SaveToDeviceKit -Onone @/Users/admin/builder/spi-builder-workspace/.derivedData/Build/Intermediates.noindex/SwiftSocialKit.build/Debug-watchos/SaveToDeviceKit-t.build/Objects-normal/arm64_32/SaveToDeviceKit.SwiftFileList -DSWIFT_PACKAGE -DDEBUG -DSWIFT_MODULE_RESOURCE_BUNDLE_UNAVAILABLE -DXcode -plugin-path /Applications/Xcode-27.0.0-Release.Candidate.app/Contents/Developer/Toolchains/XcodeDefault.xctoolchain/usr/lib/swift/host/plugins/testing -enable-experimental-feature DebugDescriptionMacro -sdk /Applications/Xcode-27.0.0-Release.Candidate.app/Contents/Developer/Platforms/WatchOS.platform/Developer/SDKs/WatchOS27.0.sdk -target arm64_32-apple-watchos9.0 -g -module-cache-path /Users/admin/builder/spi-builder-workspace/.derivedData/ModuleCache.noindex -Xfrontend -serialize-debugging-options -enable-testing -index-store-path /Users/admin/builder/spi-builder-workspace/.derivedData/Index.noindex/DataStore -Xcc -D_LIBCPP_HARDENING_MODE\=_LIBCPP_HARDENING_MODE_DEBUG -swift-version 6 -I /Users/admin/builder/spi-builder-workspace/.derivedData/Build/Products/Debug-watchos -Isystem /Applications/Xcode-27.0.0-Release.Candidate.app/Contents/Developer/Platforms/WatchOS.platform/Developer/usr/lib -F /Users/admin/builder/spi-builder-workspace/.derivedData/Build/Products/Debug-watchos -F /Applications/Xcode-27.0.0-Release.Candidate.app/Contents/Developer/Platforms/WatchOS.platform/Developer/Library/Frameworks -F /Applications/Xcode-27.0.0-Release.Candidate.app/Contents/Developer/Platforms/WatchOS.platform/Developer/SDKs/WatchOS27.0.sdk/Developer/Library/Frameworks -c -j10 -enable-batch-mode -incremental -Xcc -ivfsstatcache -Xcc /Users/admin/builder/spi-builder-workspace/.derivedData/SDKStatCaches.noindex/watchos27.0-24R360-e829b21a6f8c9b70876ba0858053c04477534ef55a1706bf4c1112bbb242f0a2.sdkstatcache -output-file-map /Users/admin/builder/spi-builder-workspace/.derivedData/Build/Intermediates.noindex/SwiftSocialKit.build/Debug-watchos/SaveToDeviceKit-t.build/Objects-normal/arm64_32/SaveToDeviceKit-OutputFileMap.json -save-temps -no-color-diagnostics -explicit-module-build -module-cache-path /Users/admin/builder/spi-builder-workspace/.derivedData/Build/Intermediates.noindex/SwiftExplicitPrecompiledModules -clang-scanner-module-cache-path /Users/admin/builder/spi-builder-workspace/.derivedData/ModuleCache.noindex -sdk-module-cache-path /Users/admin/builder/spi-builder-workspace/.derivedData/SDKExplicitPrecompiledModules -emit-dependencies -emit-module -emit-module-path /Users/admin/builder/spi-builder-workspace/.derivedData/Build/Intermediates.noindex/SwiftSocialKit.build/Debug-watchos/SaveToDeviceKit-t.build/Objects-normal/arm64_32/SaveToDeviceKit.swiftmodule -serialize-diagnostics -dependency-scan-serialize-diagnostics-path /Users/admin/builder/spi-builder-workspace/.derivedData/Build/Intermediates.noindex/SwiftSocialKit.build/Debug-watchos/SaveToDeviceKit-t.build/Objects-normal/arm64_32/SaveToDeviceKit-dependency-scan.dia -validate-clang-modules-once -clang-build-session-file /Users/admin/builder/spi-builder-workspace/.derivedData/ModuleCache.noindex/Session.modulevalidation -Xcc -fmodules-prune-interval\=86400 -Xcc -fmodules-prune-after\=345600 -package-name spi_builder_workspace -emit-const-values -const-gather-protocols-list /Users/admin/builder/spi-builder-workspace/.derivedData/Build/Intermediates.noindex/SwiftSocialKit.build/Debug-watchos/SaveToDeviceKit-t.build/Objects-normal/arm64_32/SaveToDeviceKit_const_extract_protocols.json -Xcc -I/Users/admin/builder/spi-builder-workspace/.derivedData/Build/Products/Debug-watchos/include -Xcc -I/Users/admin/builder/spi-builder-workspace/.derivedData/Build/Intermediates.noindex/SwiftSocialKit.build/Debug-watchos/SaveToDeviceKit-t.build/DerivedSources-normal/arm64_32 -Xcc -I/Users/admin/builder/spi-builder-workspace/.derivedData/Build/Intermediates.noindex/SwiftSocialKit.build/Debug-watchos/SaveToDeviceKit-t.build/DerivedSources/arm64_32 -Xcc -I/Users/admin/builder/spi-builder-workspace/.derivedData/Build/Intermediates.noindex/SwiftSocialKit.build/Debug-watchos/SaveToDeviceKit-t.build/DerivedSources -Xcc -DSWIFT_PACKAGE -Xcc -DDEBUG\=1 -emit-objc-header -emit-objc-header-path /Users/admin/builder/spi-builder-workspace/.derivedData/Build/Intermediates.noindex/SwiftSocialKit.build/Debug-watchos/SaveToDeviceKit-t.build/Objects-normal/arm64_32/SaveToDeviceKit-Swift.h -working-directory /Users/admin/builder/spi-builder-workspace/.swiftpm/xcode -experimental-emit-module-separately -disable-cmo
/Users/admin/builder/spi-builder-workspace/Sources/SaveToDeviceKit/Extensions/UIImage+SaveToPhotos.swift:1:8: error: Unable to resolve module dependency: 'Photos' (in target 'SaveToDeviceKit' from project 'SwiftSocialKit')
    note: A dependency of main module 'SaveToDeviceKit'
    /Users/admin/builder/spi-builder-workspace/Sources/SaveToDeviceKit/Extensions/URL+SaveToPhotos.swift:2:8: note: Also imported here
/Users/admin/builder/spi-builder-workspace/Sources/SaveToDeviceKit/Extensions/UIImage+SaveToPhotos.swift:1:8: note: A dependency of main module 'SaveToDeviceKit'
import Photos
       ^ (in target 'SaveToDeviceKit' from project 'SwiftSocialKit')
/Users/admin/builder/spi-builder-workspace/Sources/SaveToDeviceKit/Extensions/URL+SaveToPhotos.swift:2:8: note: Also imported here
import Photos
       ^ (in target 'SaveToDeviceKit' from project 'SwiftSocialKit')
SwiftDriver SaveToDeviceKit normal arm64 com.apple.xcode.tools.swift.compiler (in target 'SaveToDeviceKit' from project 'SwiftSocialKit')
    cd /Users/admin/builder/spi-builder-workspace/.swiftpm/xcode
    builtin-SwiftDriver -- /Applications/Xcode-27.0.0-Release.Candidate.app/Contents/Developer/Toolchains/XcodeDefault.xctoolchain/usr/bin/swiftc -parse-as-library -module-name SaveToDeviceKit -Onone @/Users/admin/builder/spi-builder-workspace/.derivedData/Build/Intermediates.noindex/SwiftSocialKit.build/Debug-watchos/SaveToDeviceKit-t.build/Objects-normal/arm64/SaveToDeviceKit.SwiftFileList -DSWIFT_PACKAGE -DDEBUG -DSWIFT_MODULE_RESOURCE_BUNDLE_UNAVAILABLE -DXcode -plugin-path /Applications/Xcode-27.0.0-Release.Candidate.app/Contents/Developer/Toolchains/XcodeDefault.xctoolchain/usr/lib/swift/host/plugins/testing -enable-experimental-feature DebugDescriptionMacro -sdk /Applications/Xcode-27.0.0-Release.Candidate.app/Contents/Developer/Platforms/WatchOS.platform/Developer/SDKs/WatchOS27.0.sdk -target arm64-apple-watchos9.0 -g -module-cache-path /Users/admin/builder/spi-builder-workspace/.derivedData/ModuleCache.noindex -Xfrontend -serialize-debugging-options -enable-testing -index-store-path /Users/admin/builder/spi-builder-workspace/.derivedData/Index.noindex/DataStore -Xcc -D_LIBCPP_HARDENING_MODE\=_LIBCPP_HARDENING_MODE_DEBUG -swift-version 6 -I /Users/admin/builder/spi-builder-workspace/.derivedData/Build/Products/Debug-watchos -Isystem /Applications/Xcode-27.0.0-Release.Candidate.app/Contents/Developer/Platforms/WatchOS.platform/Developer/usr/lib -F /Users/admin/builder/spi-builder-workspace/.derivedData/Build/Products/Debug-watchos -F /Applications/Xcode-27.0.0-Release.Candidate.app/Contents/Developer/Platforms/WatchOS.platform/Developer/Library/Frameworks -F /Applications/Xcode-27.0.0-Release.Candidate.app/Contents/Developer/Platforms/WatchOS.platform/Developer/SDKs/WatchOS27.0.sdk/Developer/Library/Frameworks -c -j10 -enable-batch-mode -incremental -Xcc -ivfsstatcache -Xcc /Users/admin/builder/spi-builder-workspace/.derivedData/SDKStatCaches.noindex/watchos27.0-24R360-e829b21a6f8c9b70876ba0858053c04477534ef55a1706bf4c1112bbb242f0a2.sdkstatcache -output-file-map /Users/admin/builder/spi-builder-workspace/.derivedData/Build/Intermediates.noindex/SwiftSocialKit.build/Debug-watchos/SaveToDeviceKit-t.build/Objects-normal/arm64/SaveToDeviceKit-OutputFileMap.json -save-temps -no-color-diagnostics -explicit-module-build -module-cache-path /Users/admin/builder/spi-builder-workspace/.derivedData/Build/Intermediates.noindex/SwiftExplicitPrecompiledModules -clang-scanner-module-cache-path /Users/admin/builder/spi-builder-workspace/.derivedData/ModuleCache.noindex -sdk-module-cache-path /Users/admin/builder/spi-builder-workspace/.derivedData/SDKExplicitPrecompiledModules -emit-dependencies -emit-module -emit-module-path /Users/admin/builder/spi-builder-workspace/.derivedData/Build/Intermediates.noindex/SwiftSocialKit.build/Debug-watchos/SaveToDeviceKit-t.build/Objects-normal/arm64/SaveToDeviceKit.swiftmodule -serialize-diagnostics -dependency-scan-serialize-diagnostics-path /Users/admin/builder/spi-builder-workspace/.derivedData/Build/Intermediates.noindex/SwiftSocialKit.build/Debug-watchos/SaveToDeviceKit-t.build/Objects-normal/arm64/SaveToDeviceKit-dependency-scan.dia -validate-clang-modules-once -clang-build-session-file /Users/admin/builder/spi-builder-workspace/.derivedData/ModuleCache.noindex/Session.modulevalidation -Xcc -fmodules-prune-interval\=86400 -Xcc -fmodules-prune-after\=345600 -package-name spi_builder_workspace -emit-const-values -const-gather-protocols-list /Users/admin/builder/spi-builder-workspace/.derivedData/Build/Intermediates.noindex/SwiftSocialKit.build/Debug-watchos/SaveToDeviceKit-t.build/Objects-normal/arm64/SaveToDeviceKit_const_extract_protocols.json -Xcc -I/Users/admin/builder/spi-builder-workspace/.derivedData/Build/Products/Debug-watchos/include -Xcc -I/Users/admin/builder/spi-builder-workspace/.derivedData/Build/Intermediates.noindex/SwiftSocialKit.build/Debug-watchos/SaveToDeviceKit-t.build/DerivedSources-normal/arm64 -Xcc -I/Users/admin/builder/spi-builder-workspace/.derivedData/Build/Intermediates.noindex/SwiftSocialKit.build/Debug-watchos/SaveToDeviceKit-t.build/DerivedSources/arm64 -Xcc -I/Users/admin/builder/spi-builder-workspace/.derivedData/Build/Intermediates.noindex/SwiftSocialKit.build/Debug-watchos/SaveToDeviceKit-t.build/DerivedSources -Xcc -DSWIFT_PACKAGE -Xcc -DDEBUG\=1 -emit-objc-header -emit-objc-header-path /Users/admin/builder/spi-builder-workspace/.derivedData/Build/Intermediates.noindex/SwiftSocialKit.build/Debug-watchos/SaveToDeviceKit-t.build/Objects-normal/arm64/SaveToDeviceKit-Swift.h -working-directory /Users/admin/builder/spi-builder-workspace/.swiftpm/xcode -experimental-emit-module-separately -disable-cmo
/Users/admin/builder/spi-builder-workspace/Sources/SaveToDeviceKit/Extensions/UIImage+SaveToPhotos.swift:1:8: error: Unable to resolve module dependency: 'Photos' (in target 'SaveToDeviceKit' from project 'SwiftSocialKit')
    note: A dependency of main module 'SaveToDeviceKit'
    /Users/admin/builder/spi-builder-workspace/Sources/SaveToDeviceKit/Extensions/URL+SaveToPhotos.swift:2:8: note: Also imported here
/Users/admin/builder/spi-builder-workspace/Sources/SaveToDeviceKit/Extensions/UIImage+SaveToPhotos.swift:1:8: note: A dependency of main module 'SaveToDeviceKit'
import Photos
       ^ (in target 'SaveToDeviceKit' from project 'SwiftSocialKit')
/Users/admin/builder/spi-builder-workspace/Sources/SaveToDeviceKit/Extensions/URL+SaveToPhotos.swift:2:8: note: Also imported here
import Photos
       ^ (in target 'SaveToDeviceKit' from project 'SwiftSocialKit')
SwiftDriver InstagramShareKit normal arm64_32 com.apple.xcode.tools.swift.compiler (in target 'InstagramShareKit' from project 'SwiftSocialKit')
    cd /Users/admin/builder/spi-builder-workspace/.swiftpm/xcode
    builtin-SwiftDriver -- /Applications/Xcode-27.0.0-Release.Candidate.app/Contents/Developer/Toolchains/XcodeDefault.xctoolchain/usr/bin/swiftc -parse-as-library -module-name InstagramShareKit -Onone @/Users/admin/builder/spi-builder-workspace/.derivedData/Build/Intermediates.noindex/SwiftSocialKit.build/Debug-watchos/InstagramShareKit-t.build/Objects-normal/arm64_32/InstagramShareKit.SwiftFileList -DSWIFT_PACKAGE -DDEBUG -DSWIFT_MODULE_RESOURCE_BUNDLE_UNAVAILABLE -DXcode -plugin-path /Applications/Xcode-27.0.0-Release.Candidate.app/Contents/Developer/Toolchains/XcodeDefault.xctoolchain/usr/lib/swift/host/plugins/testing -enable-experimental-feature DebugDescriptionMacro -sdk /Applications/Xcode-27.0.0-Release.Candidate.app/Contents/Developer/Platforms/WatchOS.platform/Developer/SDKs/WatchOS27.0.sdk -target arm64_32-apple-watchos9.0 -g -module-cache-path /Users/admin/builder/spi-builder-workspace/.derivedData/ModuleCache.noindex -Xfrontend -serialize-debugging-options -enable-testing -index-store-path /Users/admin/builder/spi-builder-workspace/.derivedData/Index.noindex/DataStore -Xcc -D_LIBCPP_HARDENING_MODE\=_LIBCPP_HARDENING_MODE_DEBUG -swift-version 6 -I /Users/admin/builder/spi-builder-workspace/.derivedData/Build/Products/Debug-watchos -Isystem /Applications/Xcode-27.0.0-Release.Candidate.app/Contents/Developer/Platforms/WatchOS.platform/Developer/usr/lib -F /Users/admin/builder/spi-builder-workspace/.derivedData/Build/Products/Debug-watchos -F /Applications/Xcode-27.0.0-Release.Candidate.app/Contents/Developer/Platforms/WatchOS.platform/Developer/Library/Frameworks -F /Applications/Xcode-27.0.0-Release.Candidate.app/Contents/Developer/Platforms/WatchOS.platform/Developer/SDKs/WatchOS27.0.sdk/Developer/Library/Frameworks -c -j10 -enable-batch-mode -incremental -Xcc -ivfsstatcache -Xcc /Users/admin/builder/spi-builder-workspace/.derivedData/SDKStatCaches.noindex/watchos27.0-24R360-e829b21a6f8c9b70876ba0858053c04477534ef55a1706bf4c1112bbb242f0a2.sdkstatcache -output-file-map /Users/admin/builder/spi-builder-workspace/.derivedData/Build/Intermediates.noindex/SwiftSocialKit.build/Debug-watchos/InstagramShareKit-t.build/Objects-normal/arm64_32/InstagramShareKit-OutputFileMap.json -save-temps -no-color-diagnostics -explicit-module-build -module-cache-path /Users/admin/builder/spi-builder-workspace/.derivedData/Build/Intermediates.noindex/SwiftExplicitPrecompiledModules -clang-scanner-module-cache-path /Users/admin/builder/spi-builder-workspace/.derivedData/ModuleCache.noindex -sdk-module-cache-path /Users/admin/builder/spi-builder-workspace/.derivedData/SDKExplicitPrecompiledModules -emit-dependencies -emit-module -emit-module-path /Users/admin/builder/spi-builder-workspace/.derivedData/Build/Intermediates.noindex/SwiftSocialKit.build/Debug-watchos/InstagramShareKit-t.build/Objects-normal/arm64_32/InstagramShareKit.swiftmodule -serialize-diagnostics -dependency-scan-serialize-diagnostics-path /Users/admin/builder/spi-builder-workspace/.derivedData/Build/Intermediates.noindex/SwiftSocialKit.build/Debug-watchos/InstagramShareKit-t.build/Objects-normal/arm64_32/InstagramShareKit-dependency-scan.dia -validate-clang-modules-once -clang-build-session-file /Users/admin/builder/spi-builder-workspace/.derivedData/ModuleCache.noindex/Session.modulevalidation -Xcc -fmodules-prune-interval\=86400 -Xcc -fmodules-prune-after\=345600 -package-name spi_builder_workspace -emit-const-values -const-gather-protocols-list /Users/admin/builder/spi-builder-workspace/.derivedData/Build/Intermediates.noindex/SwiftSocialKit.build/Debug-watchos/InstagramShareKit-t.build/Objects-normal/arm64_32/InstagramShareKit_const_extract_protocols.json -Xcc -I/Users/admin/builder/spi-builder-workspace/.derivedData/Build/Products/Debug-watchos/include -Xcc -I/Users/admin/builder/spi-builder-workspace/.derivedData/Build/Intermediates.noindex/SwiftSocialKit.build/Debug-watchos/InstagramShareKit-t.build/DerivedSources-normal/arm64_32 -Xcc -I/Users/admin/builder/spi-builder-workspace/.derivedData/Build/Intermediates.noindex/SwiftSocialKit.build/Debug-watchos/InstagramShareKit-t.build/DerivedSources/arm64_32 -Xcc -I/Users/admin/builder/spi-builder-workspace/.derivedData/Build/Intermediates.noindex/SwiftSocialKit.build/Debug-watchos/InstagramShareKit-t.build/DerivedSources -Xcc -DSWIFT_PACKAGE -Xcc -DDEBUG\=1 -emit-objc-header -emit-objc-header-path /Users/admin/builder/spi-builder-workspace/.derivedData/Build/Intermediates.noindex/SwiftSocialKit.build/Debug-watchos/InstagramShareKit-t.build/Objects-normal/arm64_32/InstagramShareKit-Swift.h -working-directory /Users/admin/builder/spi-builder-workspace/.swiftpm/xcode -experimental-emit-module-separately -disable-cmo
SwiftDriver InstagramShareKit normal arm64 com.apple.xcode.tools.swift.compiler (in target 'InstagramShareKit' from project 'SwiftSocialKit')
    cd /Users/admin/builder/spi-builder-workspace/.swiftpm/xcode
    builtin-SwiftDriver -- /Applications/Xcode-27.0.0-Release.Candidate.app/Contents/Developer/Toolchains/XcodeDefault.xctoolchain/usr/bin/swiftc -parse-as-library -module-name InstagramShareKit -Onone @/Users/admin/builder/spi-builder-workspace/.derivedData/Build/Intermediates.noindex/SwiftSocialKit.build/Debug-watchos/InstagramShareKit-t.build/Objects-normal/arm64/InstagramShareKit.SwiftFileList -DSWIFT_PACKAGE -DDEBUG -DSWIFT_MODULE_RESOURCE_BUNDLE_UNAVAILABLE -DXcode -plugin-path /Applications/Xcode-27.0.0-Release.Candidate.app/Contents/Developer/Toolchains/XcodeDefault.xctoolchain/usr/lib/swift/host/plugins/testing -enable-experimental-feature DebugDescriptionMacro -sdk /Applications/Xcode-27.0.0-Release.Candidate.app/Contents/Developer/Platforms/WatchOS.platform/Developer/SDKs/WatchOS27.0.sdk -target arm64-apple-watchos9.0 -g -module-cache-path /Users/admin/builder/spi-builder-workspace/.derivedData/ModuleCache.noindex -Xfrontend -serialize-debugging-options -enable-testing -index-store-path /Users/admin/builder/spi-builder-workspace/.derivedData/Index.noindex/DataStore -Xcc -D_LIBCPP_HARDENING_MODE\=_LIBCPP_HARDENING_MODE_DEBUG -swift-version 6 -I /Users/admin/builder/spi-builder-workspace/.derivedData/Build/Products/Debug-watchos -Isystem /Applications/Xcode-27.0.0-Release.Candidate.app/Contents/Developer/Platforms/WatchOS.platform/Developer/usr/lib -F /Users/admin/builder/spi-builder-workspace/.derivedData/Build/Products/Debug-watchos -F /Applications/Xcode-27.0.0-Release.Candidate.app/Contents/Developer/Platforms/WatchOS.platform/Developer/Library/Frameworks -F /Applications/Xcode-27.0.0-Release.Candidate.app/Contents/Developer/Platforms/WatchOS.platform/Developer/SDKs/WatchOS27.0.sdk/Developer/Library/Frameworks -c -j10 -enable-batch-mode -incremental -Xcc -ivfsstatcache -Xcc /Users/admin/builder/spi-builder-workspace/.derivedData/SDKStatCaches.noindex/watchos27.0-24R360-e829b21a6f8c9b70876ba0858053c04477534ef55a1706bf4c1112bbb242f0a2.sdkstatcache -output-file-map /Users/admin/builder/spi-builder-workspace/.derivedData/Build/Intermediates.noindex/SwiftSocialKit.build/Debug-watchos/InstagramShareKit-t.build/Objects-normal/arm64/InstagramShareKit-OutputFileMap.json -save-temps -no-color-diagnostics -explicit-module-build -module-cache-path /Users/admin/builder/spi-builder-workspace/.derivedData/Build/Intermediates.noindex/SwiftExplicitPrecompiledModules -clang-scanner-module-cache-path /Users/admin/builder/spi-builder-workspace/.derivedData/ModuleCache.noindex -sdk-module-cache-path /Users/admin/builder/spi-builder-workspace/.derivedData/SDKExplicitPrecompiledModules -emit-dependencies -emit-module -emit-module-path /Users/admin/builder/spi-builder-workspace/.derivedData/Build/Intermediates.noindex/SwiftSocialKit.build/Debug-watchos/InstagramShareKit-t.build/Objects-normal/arm64/InstagramShareKit.swiftmodule -serialize-diagnostics -dependency-scan-serialize-diagnostics-path /Users/admin/builder/spi-builder-workspace/.derivedData/Build/Intermediates.noindex/SwiftSocialKit.build/Debug-watchos/InstagramShareKit-t.build/Objects-normal/arm64/InstagramShareKit-dependency-scan.dia -validate-clang-modules-once -clang-build-session-file /Users/admin/builder/spi-builder-workspace/.derivedData/ModuleCache.noindex/Session.modulevalidation -Xcc -fmodules-prune-interval\=86400 -Xcc -fmodules-prune-after\=345600 -package-name spi_builder_workspace -emit-const-values -const-gather-protocols-list /Users/admin/builder/spi-builder-workspace/.derivedData/Build/Intermediates.noindex/SwiftSocialKit.build/Debug-watchos/InstagramShareKit-t.build/Objects-normal/arm64/InstagramShareKit_const_extract_protocols.json -Xcc -I/Users/admin/builder/spi-builder-workspace/.derivedData/Build/Products/Debug-watchos/include -Xcc -I/Users/admin/builder/spi-builder-workspace/.derivedData/Build/Intermediates.noindex/SwiftSocialKit.build/Debug-watchos/InstagramShareKit-t.build/DerivedSources-normal/arm64 -Xcc -I/Users/admin/builder/spi-builder-workspace/.derivedData/Build/Intermediates.noindex/SwiftSocialKit.build/Debug-watchos/InstagramShareKit-t.build/DerivedSources/arm64 -Xcc -I/Users/admin/builder/spi-builder-workspace/.derivedData/Build/Intermediates.noindex/SwiftSocialKit.build/Debug-watchos/InstagramShareKit-t.build/DerivedSources -Xcc -DSWIFT_PACKAGE -Xcc -DDEBUG\=1 -emit-objc-header -emit-objc-header-path /Users/admin/builder/spi-builder-workspace/.derivedData/Build/Intermediates.noindex/SwiftSocialKit.build/Debug-watchos/InstagramShareKit-t.build/Objects-normal/arm64/InstagramShareKit-Swift.h -working-directory /Users/admin/builder/spi-builder-workspace/.swiftpm/xcode -experimental-emit-module-separately -disable-cmo
PruneExplicitPrecompiledModules /Users/admin/builder/spi-builder-workspace/.derivedData/Build/Intermediates.noindex/SwiftExplicitPrecompiledModules
PruneExplicitPrecompiledModules /Users/admin/builder/spi-builder-workspace/.derivedData/SDKExplicitPrecompiledModules
PruneExplicitPrecompiledModules /Users/admin/builder/spi-builder-workspace/.derivedData/Build/Intermediates.noindex/ExplicitPrecompiledModules
2026-09-24 22:37:43.170 xcodebuild[721:4901] [MT] IDERunDestination: Supported platforms for the buildables in the current scheme is empty.
** BUILD FAILED **
The following build commands failed:
	SwiftDriver SaveToDeviceKit normal arm64_32 com.apple.xcode.tools.swift.compiler (in target 'SaveToDeviceKit' from project 'SwiftSocialKit')
	SwiftDriver SaveToDeviceKit normal arm64 com.apple.xcode.tools.swift.compiler (in target 'SaveToDeviceKit' from project 'SwiftSocialKit')
	Building workspace SwiftSocialKit with scheme SwiftSocialKit-Package
(3 failures)
BUILD FAILURE 6.4 watchOS