The Swift Package Index logo.Swift Package Index

Build Information

Failed to build SwiftDirector, reference 0.0.17 (40f31e), with Swift 6.4 for Wasm on 28 Sep 2026 04:04:30 UTC.

Build Command

bash -c docker run --pull=always --rm -v "checkouts-54344843-0":/host -w "$PWD" -e JAVA_HOME="/root/.sdkman/candidates/java/current" -e SPI_BUILD="1" -e SPI_PROCESSING="1" registry.gitlab.com/saguaro1/spi-images:wasm-6.4-latest swift build --swift-sdk swift-6.4.x-DEVELOPMENT-SNAPSHOT-2026-09-04-a_wasm 2>&1

Build Log

========================================
RunAll
========================================
Builder version: 5.1.0
Interrupt handler set up.
========================================
Checkout
========================================
Clone URL: https://github.com/sersoft-gmbh/SwiftDirector.git
Reference: 0.0.17
Initialized empty Git repository in /host/spi-builder-workspace/.git/
hint: Using 'master' as the name for the initial branch. This default branch name
hint: is subject to change. To configure the initial branch name to use in all
hint: of your new repositories, which will suppress this warning, call:
hint:
hint: 	git config --global init.defaultBranch <name>
hint:
hint: Names commonly chosen instead of 'master' are 'main', 'trunk' and
hint: 'development'. The just-created branch can be renamed via this command:
hint:
hint: 	git branch -m <name>
From https://github.com/sersoft-gmbh/SwiftDirector
 * tag               0.0.17     -> FETCH_HEAD
HEAD is now at 40f31e3 Add support for Swift 6.2, drop support for Swift 5.10, use Swift Testing, add SPI config
Cloned https://github.com/sersoft-gmbh/SwiftDirector.git
Revision (git rev-parse @):
40f31e3c4ece180f2050fc08dd9f678e64c34724
SPI manifest file found: $PWD/.spi.yml
SUCCESS checkout https://github.com/sersoft-gmbh/SwiftDirector.git at 0.0.17
========================================
Build
========================================
Selected platform:         wasm
Swift version:             6.4
Building package at path:  $PWD
https://github.com/sersoft-gmbh/SwiftDirector.git
Running build ...
bash -c docker run --pull=always --rm -v "checkouts-54344843-0":/host -w "$PWD" -e JAVA_HOME="/root/.sdkman/candidates/java/current" -e SPI_BUILD="1" -e SPI_PROCESSING="1" registry.gitlab.com/saguaro1/spi-images:wasm-6.4-latest swift build --swift-sdk swift-6.4.x-DEVELOPMENT-SNAPSHOT-2026-09-04-a_wasm 2>&1
wasm-6.4-latest: Pulling from saguaro1/spi-images
Digest: sha256:4328fdb43c680d205c1d6761b1e3267aa38277eefdda9ddfb17b6a0f1a77857a
Status: Image is up to date for registry.gitlab.com/saguaro1/spi-images:wasm-6.4-latest
Fetching https://github.com/apple/swift-docc-plugin
[1/2345] Fetching swift-docc-plugin
Fetched https://github.com/apple/swift-docc-plugin (0.49s)
Computing version for https://github.com/apple/swift-docc-plugin
Computed https://github.com/apple/swift-docc-plugin at 1.5.0 (1.56s)
Fetching https://github.com/swiftlang/swift-docc-symbolkit
[1/3831] Fetching swift-docc-symbolkit
Fetched https://github.com/swiftlang/swift-docc-symbolkit (0.53s)
Computing version for https://github.com/swiftlang/swift-docc-symbolkit
Computed https://github.com/swiftlang/swift-docc-symbolkit at 1.0.0 (0.75s)
Creating working copy for https://github.com/apple/swift-docc-plugin
Working copy of https://github.com/apple/swift-docc-plugin resolved at 1.5.0
Creating working copy for https://github.com/swiftlang/swift-docc-symbolkit
Working copy of https://github.com/swiftlang/swift-docc-symbolkit resolved at 1.0.0
Building for debugging...
[Pre-planning 1 / 96]
[22 / 31] SwiftDirector
error: SwiftCompile normal wasm32 failed with a nonzero exit code. Command line:     cd /host

[32 / 40] SwiftDirector
/host/spi-builder-workspace/Sources/CLDAPLinux/module.modulemap:2:10: error: header '/usr/include/ldap.h' not found
1 | module CLDAP [system] {
2 |   header "/usr/include/ldap.h"
  |          `- error: header '/usr/include/ldap.h' not found
3 |   link "ldap"
4 |   export *
/host/spi-builder-workspace/Sources/SwiftDirector/LDAPConnection.swift:1:8: error: could not build C module 'CLDAP'
  1 | import CLDAP
    |        `- error: could not build C module 'CLDAP'
  2 | #if canImport(Darwin)
  3 | import Darwin.C
Failed frontend command:
/usr/bin/swift-frontend -frontend -emit-module -experimental-skip-non-inlinable-function-bodies-without-types /host/spi-builder-workspace/.build/out/Intermediates.noindex/SwiftDirector.build/Debug-webassembly-wasm32/SwiftDirector-t.build/DerivedSources/resource_bundle_accessor.swift /host/spi-builder-workspace/Sources/SwiftDirector/LDAPConnection.swift /host/spi-builder-workspace/Sources/SwiftDirector/LDAPError.swift /host/spi-builder-workspace/Sources/SwiftDirector/LDAPServer.swift /host/spi-builder-workspace/Sources/SwiftDirector/Models/Attributes.swift /host/spi-builder-workspace/Sources/SwiftDirector/Models/DistinguishedName.swift /host/spi-builder-workspace/Sources/SwiftDirector/Models/LDAPObject.swift /host/spi-builder-workspace/Sources/SwiftDirector/Models/LDAPValue.swift /host/spi-builder-workspace/Sources/SwiftDirector/ObjectClasses/AnyObjectClass.swift /host/spi-builder-workspace/Sources/SwiftDirector/ObjectClasses/BaseObjectClass.swift /host/spi-builder-workspace/Sources/SwiftDirector/ObjectClasses/GroupOfNames.swift /host/spi-builder-workspace/Sources/SwiftDirector/ObjectClasses/GroupOfUniqueNames.swift /host/spi-builder-workspace/Sources/SwiftDirector/ObjectClasses/InetOrgPerson.swift /host/spi-builder-workspace/Sources/SwiftDirector/ObjectClasses/OrganizationalPerson.swift /host/spi-builder-workspace/Sources/SwiftDirector/ObjectClasses/Person.swift /host/spi-builder-workspace/Sources/SwiftDirector/ObjectClasses/ShadowAccount.swift /host/spi-builder-workspace/Sources/SwiftDirector/ObjectClasses/TopObjectClass.swift -target wasm32-unknown-wasip1 -disable-objc-interop -sdk /root/.swiftpm/swift-sdks/swift-6.4.x-DEVELOPMENT-SNAPSHOT-2026-09-04-a_wasm.artifactbundle/swift-6.4.x-DEVELOPMENT-SNAPSHOT-2026-09-04-a_wasm/wasm32-unknown-wasip1/WASI.sdk -sysroot /root/.swiftpm/swift-sdks/swift-6.4.x-DEVELOPMENT-SNAPSHOT-2026-09-04-a_wasm.artifactbundle/swift-6.4.x-DEVELOPMENT-SNAPSHOT-2026-09-04-a_wasm/wasm32-unknown-wasip1/WASI.sdk -I /host/spi-builder-workspace/.build/out/Products/Debug-webassembly-wasm32 -module-cache-path /host/spi-builder-workspace/.build/out/ModuleCache.noindex -color-diagnostics -Xcc -fcolor-diagnostics -enable-testing -g -debug-info-format\=dwarf -dwarf-version\=4 -swift-version 6 -Onone -D SWIFT_PACKAGE -D DEBUG -D SWIFT_MODULE_RESOURCE_BUNDLE_AVAILABLE -D Xcode -serialize-debugging-options -enable-upcoming-feature ExistentialAny -enable-upcoming-feature InternalImportsByDefault -enable-upcoming-feature MemberImportVisibility -enable-experimental-feature DebugDescriptionMacro -strict-memory-safety -empty-abi-descriptor -external-plugin-path /usr/lib/swift/host/plugins/testing\#/usr/bin/swift-plugin-server -validate-clang-modules-once -clang-build-session-file /host/spi-builder-workspace/.build/out/ModuleCache.noindex/Session.modulevalidation -Xcc -working-directory -Xcc /host -resource-dir /root/.swiftpm/swift-sdks/swift-6.4.x-DEVELOPMENT-SNAPSHOT-2026-09-04-a_wasm.artifactbundle/swift-6.4.x-DEVELOPMENT-SNAPSHOT-2026-09-04-a_wasm/wasm32-unknown-wasip1/swift.xctoolchain/usr/lib/swift_static -use-static-resource-dir -enable-anonymous-context-mangled-names -file-compilation-dir /host -Xcc -resource-dir -Xcc /root/.swiftpm/swift-sdks/swift-6.4.x-DEVELOPMENT-SNAPSHOT-2026-09-04-a_wasm.artifactbundle/swift-6.4.x-DEVELOPMENT-SNAPSHOT-2026-09-04-a_wasm/wasm32-unknown-wasip1/swift.xctoolchain/usr/lib/swift_static/clang -Xcc -fmodule-map-file\=/host/spi-builder-workspace/Sources/CLDAPLinux/module.modulemap -Xcc -D_LIBCPP_HARDENING_MODE\=_LIBCPP_HARDENING_MODE_DEBUG -Xcc -fmodules-prune-interval\=86400 -Xcc -fmodules-prune-after\=345600 -Xcc -I/host/spi-builder-workspace/.build/out/Products/Debug-webassembly-wasm32/include -Xcc -I/host/spi-builder-workspace/.build/out/Intermediates.noindex/SwiftDirector.build/Debug-webassembly-wasm32/SwiftDirector-t.build/DerivedSources-normal/wasm32 -Xcc -I/host/spi-builder-workspace/.build/out/Intermediates.noindex/SwiftDirector.build/Debug-webassembly-wasm32/SwiftDirector-t.build/DerivedSources/wasm32 -Xcc -I/host/spi-builder-workspace/.build/out/Intermediates.noindex/SwiftDirector.build/Debug-webassembly-wasm32/SwiftDirector-t.build/DerivedSources -Xcc -DSWIFT_PACKAGE -Xcc -DDEBUG\=1 -no-auto-bridging-header-chaining -module-name SwiftDirector -package-name spi_builder_workspace -const-gather-protocols-file /host/spi-builder-workspace/.build/out/Intermediates.noindex/SwiftDirector.build/Debug-webassembly-wasm32/SwiftDirector-t.build/Objects-normal/wasm32/SwiftDirector_const_extract_protocols.json -in-process-plugin-server-path /usr/lib/swift/host/libSwiftInProcPluginServer.so -plugin-path /usr/lib/swift/host/plugins -plugin-path /usr/local/lib/swift/host/plugins -emit-module-doc-path /host/spi-builder-workspace/.build/out/Intermediates.noindex/SwiftDirector.build/Debug-webassembly-wasm32/SwiftDirector-t.build/Objects-normal/wasm32/Modules/SwiftDirector.swiftdoc -emit-module-source-info-path /host/spi-builder-workspace/.build/out/Intermediates.noindex/SwiftDirector.build/Debug-webassembly-wasm32/SwiftDirector-t.build/Objects-normal/wasm32/Modules/SwiftDirector.swiftsourceinfo -emit-objc-header-path /host/spi-builder-workspace/.build/out/Intermediates.noindex/SwiftDirector.build/Debug-webassembly-wasm32/SwiftDirector-t.build/Objects-normal/wasm32/SwiftDirector-Swift.h -serialize-diagnostics-path /host/spi-builder-workspace/.build/out/Intermediates.noindex/SwiftDirector.build/Debug-webassembly-wasm32/SwiftDirector-t.build/Objects-normal/wasm32/SwiftDirector-primary-emit-module.dia -emit-dependencies-path /host/spi-builder-workspace/.build/out/Intermediates.noindex/SwiftDirector.build/Debug-webassembly-wasm32/SwiftDirector-t.build/Objects-normal/wasm32/SwiftDirector-primary-emit-module.d -parse-as-library -o /host/spi-builder-workspace/.build/out/Intermediates.noindex/SwiftDirector.build/Debug-webassembly-wasm32/SwiftDirector-t.build/Objects-normal/wasm32/Modules/SwiftDirector.swiftmodule
error: Build failed
BUILD FAILURE 6.4 wasm