The Swift Package Index logo.Swift Package Index

Build Information

Failed to build VelocityAdsSDK, reference 0.11.0 (ae9d2a), with Swift 6.2 for watchOS using Xcode 26.3 on 5 Oct 2026 14:58:55 UTC.

Build Command

env DEVELOPER_DIR=/Applications/Xcode-26.3.0.app xcrun xcodebuild -IDEClonedSourcePackagesDirPathOverride=$PWD/.dependencies -skipMacroValidation -skipPackagePluginValidation -derivedDataPath $PWD/.derivedData build -scheme VelocityAdsSDK -destination generic/platform=watchOS

Build Log

========================================
RunAll
========================================
Builder version: 5.1.1
Interrupt handler set up.
========================================
Checkout
========================================
Clone URL: https://github.com/velocityiodev/velocityads-ios-sdk.git
Reference: 0.11.0
Initialized empty Git repository in /Users/admin/builder/spi-builder-workspace/.git/
From https://github.com/velocityiodev/velocityads-ios-sdk
 * tag               0.11.0     -> FETCH_HEAD
HEAD is now at ae9d2a6 Release 0.11.0
Cloned https://github.com/velocityiodev/velocityads-ios-sdk.git
Revision (git rev-parse @):
ae9d2a6ce0b8b57697fd275997a8a1f4b8f7489f
SUCCESS checkout https://github.com/velocityiodev/velocityads-ios-sdk.git at 0.11.0
========================================
Build
========================================
Selected platform:         watchOS
Swift version:             6.2
Building package at path:  $PWD
https://github.com/velocityiodev/velocityads-ios-sdk.git
Command line invocation:
    /Applications/Xcode-26.3.0.app/Contents/Developer/usr/bin/xcodebuild -IDEClonedSourcePackagesDirPathOverride=/Users/admin/builder/spi-builder-workspace/.dependencies -resolvePackageDependencies
Resolve Package Graph
Resolve Package Graph
Resolved source packages:
  VelocityAdsSDK: /Users/admin/builder/spi-builder-workspace
resolved source packages: VelocityAdsSDK
2026-10-05 10:58:31.006 xcodebuild[538:3095] [MT] IDERunDestination: Supported platforms for the buildables in the current scheme is empty.
{
  "dependencies" : [
  ],
  "manifest_display_name" : "VelocityAdsSDK",
  "name" : "VelocityAdsSDK",
  "path" : "/Users/admin/builder/spi-builder-workspace",
  "platforms" : [
    {
      "name" : "ios",
      "version" : "15.0"
    }
  ],
  "products" : [
    {
      "name" : "VelocityAdsSDK",
      "targets" : [
        "VelocityAdsSDK"
      ],
      "type" : {
        "library" : [
          "automatic"
        ]
      }
    }
  ],
  "targets" : [
    {
      "c99name" : "VelocityAdsSDK",
      "module_type" : "BinaryTarget",
      "name" : "VelocityAdsSDK",
      "path" : "remote/archive/VelocityAdsSDK-0.11.0.zip",
      "product_memberships" : [
        "VelocityAdsSDK"
      ],
      "sources" : [
      ],
      "type" : "binary"
    }
  ],
  "tools_version" : "5.9"
}
{
  "workspace" : {
    "name" : "spi-builder-workspace",
    "schemes" : [
      "VelocityAdsSDK"
    ]
  }
}
2026-10-05 10:58:49.455 xcodebuild[685:4213] [MT] IDERunDestination: Supported platforms for the buildables in the current scheme is empty.
Running build ...
env DEVELOPER_DIR=/Applications/Xcode-26.3.0.app xcrun xcodebuild -IDEClonedSourcePackagesDirPathOverride=$PWD/.dependencies -skipMacroValidation -skipPackagePluginValidation -derivedDataPath $PWD/.derivedData build -scheme VelocityAdsSDK -destination generic/platform=watchOS
Command line invocation:
    /Applications/Xcode-26.3.0.app/Contents/Developer/usr/bin/xcodebuild -IDEClonedSourcePackagesDirPathOverride=/Users/admin/builder/spi-builder-workspace/.dependencies -skipMacroValidation -skipPackagePluginValidation -derivedDataPath /Users/admin/builder/spi-builder-workspace/.derivedData build -scheme VelocityAdsSDK -destination generic/platform=watchOS
Resolve Package Graph
Resolved source packages:
  VelocityAdsSDK: /Users/admin/builder/spi-builder-workspace
ComputePackagePrebuildTargetDependencyGraph
Prepare packages
CreateBuildRequest
SendProjectDescription
CreateBuildOperation
ComputeTargetDependencyGraph
note: Building targets in dependency order
note: Target dependency graph (1 target)
    Target 'VelocityAdsSDK' in project 'VelocityAdsSDK' (no dependencies)
GatherProvisioningInputs
CreateBuildDescription
ExecuteExternalTool /Applications/Xcode-26.3.0.app/Contents/Developer/Toolchains/XcodeDefault.xctoolchain/usr/bin/clang -v -E -dM -isysroot /Applications/Xcode-26.3.0.app/Contents/Developer/Platforms/WatchOS.platform/Developer/SDKs/WatchOS26.2.sdk -x c -c /dev/null
Build description signature: be7c9eceea2cd62ec86026f53440cf47
Build description path: /Users/admin/builder/spi-builder-workspace/.derivedData/Build/Intermediates.noindex/XCBuildData/be7c9eceea2cd62ec86026f53440cf47.xcbuilddata
/Users/admin/builder/spi-builder-workspace/.dependencies/artifacts/spi-builder-workspace/VelocityAdsSDK/VelocityAdsSDK.xcframework:1:1: error: While building for watchOS, no library for this platform was found in '/Users/admin/builder/spi-builder-workspace/.dependencies/artifacts/spi-builder-workspace/VelocityAdsSDK/VelocityAdsSDK.xcframework'. (in target 'VelocityAdsSDK' from project 'VelocityAdsSDK')
2026-10-05 10:58:51.036 xcodebuild[687:4267] [MT] IDERunDestination: Supported platforms for the buildables in the current scheme is empty.
** BUILD FAILED **
The following build commands failed:
	Building workspace spi-builder-workspace with scheme VelocityAdsSDK
(1 failure)
Command line invocation:
    /Applications/Xcode-26.3.0.app/Contents/Developer/usr/bin/xcodebuild -IDEClonedSourcePackagesDirPathOverride=/Users/admin/builder/spi-builder-workspace/.dependencies -resolvePackageDependencies
Resolve Package Graph
Resolved source packages:
  VelocityAdsSDK: /Users/admin/builder/spi-builder-workspace
resolved source packages: VelocityAdsSDK
2026-10-05 10:58:53.311 xcodebuild[700:4368] [MT] IDERunDestination: Supported platforms for the buildables in the current scheme is empty.
{
  "dependencies" : [
  ],
  "manifest_display_name" : "VelocityAdsSDK",
  "name" : "VelocityAdsSDK",
  "path" : "/Users/admin/builder/spi-builder-workspace",
  "platforms" : [
    {
      "name" : "ios",
      "version" : "15.0"
    }
  ],
  "products" : [
    {
      "name" : "VelocityAdsSDK",
      "targets" : [
        "VelocityAdsSDK"
      ],
      "type" : {
        "library" : [
          "automatic"
        ]
      }
    }
  ],
  "targets" : [
    {
      "c99name" : "VelocityAdsSDK",
      "module_type" : "BinaryTarget",
      "name" : "VelocityAdsSDK",
      "path" : "remote/archive/VelocityAdsSDK-0.11.0.zip",
      "product_memberships" : [
        "VelocityAdsSDK"
      ],
      "sources" : [
      ],
      "type" : "binary"
    }
  ],
  "tools_version" : "5.9"
}
{
  "workspace" : {
    "name" : "spi-builder-workspace",
    "schemes" : [
      "VelocityAdsSDK"
    ]
  }
}
2026-10-05 10:58:54.375 xcodebuild[708:4428] [MT] IDERunDestination: Supported platforms for the buildables in the current scheme is empty.
Running build ...
env DEVELOPER_DIR=/Applications/Xcode-26.3.0.app xcrun xcodebuild -IDEClonedSourcePackagesDirPathOverride=$PWD/.dependencies -skipMacroValidation -skipPackagePluginValidation -derivedDataPath $PWD/.derivedData build -scheme VelocityAdsSDK -destination generic/platform=watchOS
Command line invocation:
    /Applications/Xcode-26.3.0.app/Contents/Developer/usr/bin/xcodebuild -IDEClonedSourcePackagesDirPathOverride=/Users/admin/builder/spi-builder-workspace/.dependencies -skipMacroValidation -skipPackagePluginValidation -derivedDataPath /Users/admin/builder/spi-builder-workspace/.derivedData build -scheme VelocityAdsSDK -destination generic/platform=watchOS
Resolve Package Graph
Resolved source packages:
  VelocityAdsSDK: /Users/admin/builder/spi-builder-workspace
ComputePackagePrebuildTargetDependencyGraph
Prepare packages
CreateBuildRequest
SendProjectDescription
CreateBuildOperation
ComputeTargetDependencyGraph
note: Building targets in dependency order
note: Target dependency graph (1 target)
    Target 'VelocityAdsSDK' in project 'VelocityAdsSDK' (no dependencies)
GatherProvisioningInputs
CreateBuildDescription
ExecuteExternalTool /Applications/Xcode-26.3.0.app/Contents/Developer/Toolchains/XcodeDefault.xctoolchain/usr/bin/clang -v -E -dM -isysroot /Applications/Xcode-26.3.0.app/Contents/Developer/Platforms/WatchOS.platform/Developer/SDKs/WatchOS26.2.sdk -x c -c /dev/null
Build description signature: be7c9eceea2cd62ec86026f53440cf47
Build description path: /Users/admin/builder/spi-builder-workspace/.derivedData/Build/Intermediates.noindex/XCBuildData/be7c9eceea2cd62ec86026f53440cf47.xcbuilddata
/Users/admin/builder/spi-builder-workspace/.dependencies/artifacts/spi-builder-workspace/VelocityAdsSDK/VelocityAdsSDK.xcframework:1:1: error: While building for watchOS, no library for this platform was found in '/Users/admin/builder/spi-builder-workspace/.dependencies/artifacts/spi-builder-workspace/VelocityAdsSDK/VelocityAdsSDK.xcframework'. (in target 'VelocityAdsSDK' from project 'VelocityAdsSDK')
2026-10-05 10:58:55.237 xcodebuild[710:4464] [MT] IDERunDestination: Supported platforms for the buildables in the current scheme is empty.
** BUILD FAILED **
The following build commands failed:
	Building workspace spi-builder-workspace with scheme VelocityAdsSDK
(1 failure)
BUILD FAILURE 6.2 watchOS