Build Information
Failed to build LanguageClient, reference main (211384), with Swift 6.1 for Wasm on 22 Sep 2026 10:05:05 UTC.
Build Command
bash -c docker run --pull=always --rm -v "checkouts-54344844-1":/host -w "$PWD" -e JAVA_HOME="/root/.sdkman/candidates/java/current" -e SPI_BUILD="1" -e SPI_PROCESSING="1" registry.gitlab.com/saguaro1/spi-images:wasm-6.1-latest swift build --swift-sdk wasm32-unknown-wasi 2>&1Build Log
========================================
RunAll
========================================
Builder version: 5.1.0
Interrupt handler set up.
========================================
Checkout
========================================
Clone URL: https://github.com/ChimeHQ/LanguageClient.git
Reference: main
Initialized empty Git repository in /host/spi-builder-workspace/.git/
hint: Using 'master' as the name for the initial branch. This default branch name
hint: is subject to change. To configure the initial branch name to use in all
hint: of your new repositories, which will suppress this warning, call:
hint:
hint: git config --global init.defaultBranch <name>
hint:
hint: Names commonly chosen instead of 'master' are 'main', 'trunk' and
hint: 'development'. The just-created branch can be renamed via this command:
hint:
hint: git branch -m <name>
From https://github.com/ChimeHQ/LanguageClient
* branch main -> FETCH_HEAD
* [new branch] main -> origin/main
HEAD is now at 211384c Remove chat, funding
Cloned https://github.com/ChimeHQ/LanguageClient.git
Revision (git rev-parse @):
211384c40e960d5bc12d3fd8f2ada318541d6a24
SPI manifest file found: $PWD/.spi.yml
SUCCESS checkout https://github.com/ChimeHQ/LanguageClient.git at main
========================================
Build
========================================
Selected platform: wasm
Swift version: 6.1
Building package at path: $PWD
https://github.com/ChimeHQ/LanguageClient.git
https://github.com/ChimeHQ/LanguageClient.git
WARNING: environment variable SUPPRESS_SWIFT_6_FLAGS is not set
Running build ...
bash -c docker run --pull=always --rm -v "checkouts-54344844-1":/host -w "$PWD" -e JAVA_HOME="/root/.sdkman/candidates/java/current" -e SPI_BUILD="1" -e SPI_PROCESSING="1" registry.gitlab.com/saguaro1/spi-images:wasm-6.1-latest swift build --swift-sdk wasm32-unknown-wasi -Xswiftc -Xfrontend -Xswiftc -stats-output-dir -Xswiftc -Xfrontend -Xswiftc .stats -Xswiftc -strict-concurrency=complete -Xswiftc -enable-upcoming-feature -Xswiftc StrictConcurrency -Xswiftc -enable-upcoming-feature -Xswiftc DisableOutwardActorInference -Xswiftc -enable-upcoming-feature -Xswiftc GlobalActorIsolatedTypesUsability -Xswiftc -enable-upcoming-feature -Xswiftc InferSendableFromCaptures 2>&1
wasm-6.1-latest: Pulling from saguaro1/spi-images
Digest: sha256:beceeede496da67681f4fa220a6b97cc098a0178841a413735f598dc6bbaf4c8
Status: Image is up to date for registry.gitlab.com/saguaro1/spi-images:wasm-6.1-latest
Fetching https://github.com/mattmassicotte/Queue
Fetching https://github.com/groue/Semaphore
Fetching https://github.com/ChimeHQ/JSONRPC
Fetching https://github.com/Frizlab/FSEventsWrapper
Fetching https://github.com/ChimeHQ/ProcessEnv
Fetching https://github.com/davbeck/swift-glob
[1/214] Fetching processenv
[91/507] Fetching processenv, semaphore
[112/844] Fetching processenv, semaphore, queue
[798/1109] Fetching processenv, semaphore, queue, fseventswrapper
[981/1743] Fetching processenv, semaphore, queue, fseventswrapper, jsonrpc
Fetched https://github.com/groue/Semaphore from cache (0.45s)
Fetching https://github.com/ChimeHQ/LanguageServerProtocol
Fetched https://github.com/ChimeHQ/JSONRPC from cache (0.46s)
[1/938] Fetching swift-glob
Fetched https://github.com/mattmassicotte/Queue from cache (0.52s)
Fetched https://github.com/davbeck/swift-glob from cache (0.52s)
Fetched https://github.com/ChimeHQ/ProcessEnv from cache (0.52s)
Fetched https://github.com/Frizlab/FSEventsWrapper from cache (0.52s)
[1/1964] Fetching languageserverprotocol
Fetched https://github.com/ChimeHQ/LanguageServerProtocol from cache (0.48s)
Computing version for https://github.com/Frizlab/FSEventsWrapper
Computed https://github.com/Frizlab/FSEventsWrapper at 2.1.0 (1.86s)
Computing version for https://github.com/groue/Semaphore
Computed https://github.com/groue/Semaphore at 0.1.0 (0.23s)
Computing version for https://github.com/ChimeHQ/ProcessEnv
Computed https://github.com/ChimeHQ/ProcessEnv at 1.0.1 (0.26s)
Computing version for https://github.com/ChimeHQ/JSONRPC
Computed https://github.com/ChimeHQ/JSONRPC at 0.9.2 (0.25s)
Computing version for https://github.com/mattmassicotte/Queue
Computed https://github.com/mattmassicotte/Queue at 0.2.2 (0.23s)
Computing version for https://github.com/davbeck/swift-glob
Computed https://github.com/davbeck/swift-glob at 0.2.0 (0.22s)
Computing version for https://github.com/ChimeHQ/LanguageServerProtocol
Computed https://github.com/ChimeHQ/LanguageServerProtocol at 0.14.2 (0.23s)
Creating working copy for https://github.com/davbeck/swift-glob
Working copy of https://github.com/davbeck/swift-glob resolved at 0.2.0
Creating working copy for https://github.com/ChimeHQ/ProcessEnv
Working copy of https://github.com/ChimeHQ/ProcessEnv resolved at 1.0.1
Creating working copy for https://github.com/ChimeHQ/LanguageServerProtocol
Working copy of https://github.com/ChimeHQ/LanguageServerProtocol resolved at 0.14.2
Creating working copy for https://github.com/ChimeHQ/JSONRPC
Working copy of https://github.com/ChimeHQ/JSONRPC resolved at 0.9.2
Creating working copy for https://github.com/mattmassicotte/Queue
Working copy of https://github.com/mattmassicotte/Queue resolved at 0.2.2
Creating working copy for https://github.com/Frizlab/FSEventsWrapper
Working copy of https://github.com/Frizlab/FSEventsWrapper resolved at 2.1.0
Creating working copy for https://github.com/groue/Semaphore
Working copy of https://github.com/groue/Semaphore resolved at 0.1.0
Building for debugging...
[0/8] Write sources
[6/8] Write swift-version-24593BA9C3E375BF.txt
[7/8] Compiling FNMDefinitions FNM.c
[9/33] Compiling Queue AsyncSerialQueue.swift
[10/33] Compiling Glob Pattern+Match.swift
[11/34] Emitting module Semaphore
[12/34] Compiling Queue AsyncQueue.swift
[13/34] Emitting module Queue
[14/34] Compiling Glob Pattern.swift
[15/34] Compiling Glob Pattern+Parser.swift
[16/34] Compiling Semaphore AsyncSemaphore.swift
[17/36] Compiling JSONRPC AsyncStreamPolyfill.swift
/host/spi-builder-workspace/.build/checkouts/JSONRPC/Sources/JSONRPC/DataChannel+Stdio.swift:5:8: error: no such module 'Darwin.C'
3 | import Glibc
4 | #else
5 | import Darwin.C
| `- error: no such module 'Darwin.C'
6 | #endif
7 |
[18/36] Compiling JSONRPC DataChannel+Actor.swift
/host/spi-builder-workspace/.build/checkouts/JSONRPC/Sources/JSONRPC/DataChannel+Stdio.swift:5:8: error: no such module 'Darwin.C'
3 | import Glibc
4 | #else
5 | import Darwin.C
| `- error: no such module 'Darwin.C'
6 | #endif
7 |
[19/37] Compiling Glob GlobSearch.swift
[20/37] Compiling JSONRPC JSONRPCSession.swift
/host/spi-builder-workspace/.build/checkouts/JSONRPC/Sources/JSONRPC/DataChannel+Stdio.swift:5:8: error: no such module 'Darwin.C'
3 | import Glibc
4 | #else
5 | import Darwin.C
| `- error: no such module 'Darwin.C'
6 | #endif
7 |
[21/37] Emitting module Glob
[22/37] Compiling Glob InvalidPattern.swift
[23/37] Compiling JSONRPC DataChannel+WebSocket.swift
/host/spi-builder-workspace/.build/checkouts/JSONRPC/Sources/JSONRPC/DataChannel+Stdio.swift:5:8: error: no such module 'Darwin.C'
3 | import Glibc
4 | #else
5 | import Darwin.C
| `- error: no such module 'Darwin.C'
6 | #endif
7 |
[24/37] Compiling JSONRPC DataChannel.swift
/host/spi-builder-workspace/.build/checkouts/JSONRPC/Sources/JSONRPC/DataChannel+Stdio.swift:5:8: error: no such module 'Darwin.C'
3 | import Glibc
4 | #else
5 | import Darwin.C
| `- error: no such module 'Darwin.C'
6 | #endif
7 |
[25/37] Compiling JSONRPC JSONId.swift
/host/spi-builder-workspace/.build/checkouts/JSONRPC/Sources/JSONRPC/DataChannel+Stdio.swift:5:8: error: no such module 'Darwin.C'
3 | import Glibc
4 | #else
5 | import Darwin.C
| `- error: no such module 'Darwin.C'
6 | #endif
7 |
[26/37] Compiling JSONRPC JSONRPCError.swift
/host/spi-builder-workspace/.build/checkouts/JSONRPC/Sources/JSONRPC/DataChannel+Stdio.swift:5:8: error: no such module 'Darwin.C'
3 | import Glibc
4 | #else
5 | import Darwin.C
| `- error: no such module 'Darwin.C'
6 | #endif
7 |
[29/37] Compiling JSONRPC JSONValue.swift
/host/spi-builder-workspace/.build/checkouts/JSONRPC/Sources/JSONRPC/DataChannel+Stdio.swift:5:8: error: no such module 'Darwin.C'
3 | import Glibc
4 | #else
5 | import Darwin.C
| `- error: no such module 'Darwin.C'
6 | #endif
7 |
error: emit-module command failed with exit code 1 (use -v to see invocation)
[30/37] Emitting module JSONRPC
/host/spi-builder-workspace/.build/checkouts/JSONRPC/Sources/JSONRPC/DataChannel+Stdio.swift:5:8: error: no such module 'Darwin.C'
3 | import Glibc
4 | #else
5 | import Darwin.C
| `- error: no such module 'Darwin.C'
6 | #endif
7 |
[31/37] Compiling JSONRPC DataChannel+PredefinedMessages.swift
/host/spi-builder-workspace/.build/checkouts/JSONRPC/Sources/JSONRPC/DataChannel+Stdio.swift:5:8: error: no such module 'Darwin.C'
3 | import Glibc
4 | #else
5 | import Darwin.C
| `- error: no such module 'Darwin.C'
6 | #endif
7 |
[32/37] Compiling JSONRPC DataChannel+Stdio.swift
/host/spi-builder-workspace/.build/checkouts/JSONRPC/Sources/JSONRPC/DataChannel+Stdio.swift:5:8: error: no such module 'Darwin.C'
3 | import Glibc
4 | #else
5 | import Darwin.C
| `- error: no such module 'Darwin.C'
6 | #endif
7 |
[33/37] Compiling JSONRPC JSONValueDecoder.swift
/host/spi-builder-workspace/.build/checkouts/JSONRPC/Sources/JSONRPC/DataChannel+Stdio.swift:5:8: error: no such module 'Darwin.C'
3 | import Glibc
4 | #else
5 | import Darwin.C
| `- error: no such module 'Darwin.C'
6 | #endif
7 |
[34/37] Compiling Glob Pattern+Options.swift
[35/37] Compiling Glob Pattern+Operator.swift
[36/37] Compiling Glob Unicode.GeneralCategory+Helpers.swift
[38/38] Compiling JSONRPC Protocol.swift
/host/spi-builder-workspace/.build/checkouts/JSONRPC/Sources/JSONRPC/DataChannel+Stdio.swift:5:8: error: no such module 'Darwin.C'
3 | import Glibc
4 | #else
5 | import Darwin.C
| `- error: no such module 'Darwin.C'
6 | #endif
7 |
Running build ...
bash -c docker run --pull=always --rm -v "checkouts-54344844-1":/host -w "$PWD" -e JAVA_HOME="/root/.sdkman/candidates/java/current" -e SPI_BUILD="1" -e SPI_PROCESSING="1" registry.gitlab.com/saguaro1/spi-images:wasm-6.1-latest swift build --swift-sdk wasm32-unknown-wasi 2>&1
wasm-6.1-latest: Pulling from saguaro1/spi-images
Digest: sha256:beceeede496da67681f4fa220a6b97cc098a0178841a413735f598dc6bbaf4c8
Status: Image is up to date for registry.gitlab.com/saguaro1/spi-images:wasm-6.1-latest
[0/1] Planning build
Building for debugging...
[0/1] Write swift-version-24593BA9C3E375BF.txt
[2/26] Compiling JSONRPC AsyncStreamPolyfill.swift
/host/spi-builder-workspace/.build/checkouts/JSONRPC/Sources/JSONRPC/DataChannel+Stdio.swift:5:8: error: no such module 'Darwin.C'
3 | import Glibc
4 | #else
5 | import Darwin.C
| `- error: no such module 'Darwin.C'
6 | #endif
7 |
[3/26] Compiling JSONRPC DataChannel+Actor.swift
/host/spi-builder-workspace/.build/checkouts/JSONRPC/Sources/JSONRPC/DataChannel+Stdio.swift:5:8: error: no such module 'Darwin.C'
3 | import Glibc
4 | #else
5 | import Darwin.C
| `- error: no such module 'Darwin.C'
6 | #endif
7 |
[4/26] Compiling JSONRPC DataChannel+PredefinedMessages.swift
/host/spi-builder-workspace/.build/checkouts/JSONRPC/Sources/JSONRPC/DataChannel+Stdio.swift:5:8: error: no such module 'Darwin.C'
3 | import Glibc
4 | #else
5 | import Darwin.C
| `- error: no such module 'Darwin.C'
6 | #endif
7 |
[5/26] Compiling JSONRPC DataChannel+Stdio.swift
/host/spi-builder-workspace/.build/checkouts/JSONRPC/Sources/JSONRPC/DataChannel+Stdio.swift:5:8: error: no such module 'Darwin.C'
3 | import Glibc
4 | #else
5 | import Darwin.C
| `- error: no such module 'Darwin.C'
6 | #endif
7 |
[6/27] Compiling Glob InvalidPattern.swift
[7/28] Compiling Glob Pattern+Operator.swift
[8/28] Compiling JSONRPC DataChannel+WebSocket.swift
/host/spi-builder-workspace/.build/checkouts/JSONRPC/Sources/JSONRPC/DataChannel+Stdio.swift:5:8: error: no such module 'Darwin.C'
3 | import Glibc
4 | #else
5 | import Darwin.C
| `- error: no such module 'Darwin.C'
6 | #endif
7 |
[9/28] Compiling JSONRPC DataChannel.swift
/host/spi-builder-workspace/.build/checkouts/JSONRPC/Sources/JSONRPC/DataChannel+Stdio.swift:5:8: error: no such module 'Darwin.C'
3 | import Glibc
4 | #else
5 | import Darwin.C
| `- error: no such module 'Darwin.C'
6 | #endif
7 |
error: emit-module command failed with exit code 1 (use -v to see invocation)
[10/28] Emitting module JSONRPC
/host/spi-builder-workspace/.build/checkouts/JSONRPC/Sources/JSONRPC/DataChannel+Stdio.swift:5:8: error: no such module 'Darwin.C'
3 | import Glibc
4 | #else
5 | import Darwin.C
| `- error: no such module 'Darwin.C'
6 | #endif
7 |
[11/28] Compiling JSONRPC JSONRPCSession.swift
/host/spi-builder-workspace/.build/checkouts/JSONRPC/Sources/JSONRPC/DataChannel+Stdio.swift:5:8: error: no such module 'Darwin.C'
3 | import Glibc
4 | #else
5 | import Darwin.C
| `- error: no such module 'Darwin.C'
6 | #endif
7 |
[12/28] Compiling Semaphore AsyncSemaphore.swift
[13/28] Emitting module Semaphore
[14/29] Compiling Glob Pattern+Parser.swift
[15/29] Compiling JSONRPC JSONValue.swift
/host/spi-builder-workspace/.build/checkouts/JSONRPC/Sources/JSONRPC/DataChannel+Stdio.swift:5:8: error: no such module 'Darwin.C'
3 | import Glibc
4 | #else
5 | import Darwin.C
| `- error: no such module 'Darwin.C'
6 | #endif
7 |
[16/29] Compiling JSONRPC JSONId.swift
/host/spi-builder-workspace/.build/checkouts/JSONRPC/Sources/JSONRPC/DataChannel+Stdio.swift:5:8: error: no such module 'Darwin.C'
3 | import Glibc
4 | #else
5 | import Darwin.C
| `- error: no such module 'Darwin.C'
6 | #endif
7 |
[17/29] Compiling JSONRPC JSONRPCError.swift
/host/spi-builder-workspace/.build/checkouts/JSONRPC/Sources/JSONRPC/DataChannel+Stdio.swift:5:8: error: no such module 'Darwin.C'
3 | import Glibc
4 | #else
5 | import Darwin.C
| `- error: no such module 'Darwin.C'
6 | #endif
7 |
[18/29] Compiling JSONRPC JSONValueDecoder.swift
/host/spi-builder-workspace/.build/checkouts/JSONRPC/Sources/JSONRPC/DataChannel+Stdio.swift:5:8: error: no such module 'Darwin.C'
3 | import Glibc
4 | #else
5 | import Darwin.C
| `- error: no such module 'Darwin.C'
6 | #endif
7 |
[19/29] Compiling Glob Unicode.GeneralCategory+Helpers.swift
[20/29] Compiling Glob Pattern.swift
[21/29] Compiling Glob Pattern+Options.swift
[23/29] Emitting module Glob
[24/29] Compiling JSONRPC Protocol.swift
/host/spi-builder-workspace/.build/checkouts/JSONRPC/Sources/JSONRPC/DataChannel+Stdio.swift:5:8: error: no such module 'Darwin.C'
3 | import Glibc
4 | #else
5 | import Darwin.C
| `- error: no such module 'Darwin.C'
6 | #endif
7 |
[25/29] Compiling Glob GlobSearch.swift
[26/29] Compiling Queue AsyncSerialQueue.swift
[27/29] Emitting module Queue
BUILD FAILURE 6.1 wasm