Build Information
Failed to build GoogleCloudMetastoreV1, reference main (575a06), with Swift 6.2 for Android on 11 Oct 2026 08:00:39 UTC.
Build Command
bash -c docker run --pull=always --rm -v "checkouts-54344843-2":/host -w "$PWD" -e JAVA_HOME="/root/.sdkman/candidates/java/current" -e SPI_BUILD="1" -e SPI_PROCESSING="1" registry.gitlab.com/saguaro1/spi-images:android-6.2-latest swift build --swift-sdk aarch64-unknown-linux-android28 2>&1Build Log
========================================
RunAll
========================================
Builder version: 5.1.1
Interrupt handler set up.
========================================
Checkout
========================================
Clone URL: https://github.com/googleapis/swift-google-cloud-metastore-v1.git
Reference: main
Initialized empty Git repository in /host/spi-builder-workspace/.git/
hint: Using 'master' as the name for the initial branch. This default branch name
hint: is subject to change. To configure the initial branch name to use in all
hint: of your new repositories, which will suppress this warning, call:
hint:
hint: git config --global init.defaultBranch <name>
hint:
hint: Names commonly chosen instead of 'master' are 'main', 'trunk' and
hint: 'development'. The just-created branch can be renamed via this command:
hint:
hint: git branch -m <name>
From https://github.com/googleapis/swift-google-cloud-metastore-v1
* branch main -> FETCH_HEAD
* [new branch] main -> origin/main
HEAD is now at 575a065 chore: release circa 2026-10-07 (#1382)
Cloned https://github.com/googleapis/swift-google-cloud-metastore-v1.git
Revision (git rev-parse @):
575a06529b86255464f3a3d7dcb1cfb39b63e03b
SPI manifest file found: $PWD/.spi.yml
SUCCESS checkout https://github.com/googleapis/swift-google-cloud-metastore-v1.git at main
========================================
Build
========================================
Selected platform: android
Swift version: 6.2
Building package at path: $PWD
https://github.com/googleapis/swift-google-cloud-metastore-v1.git
Running build ...
bash -c docker run --pull=always --rm -v "checkouts-54344843-2":/host -w "$PWD" -e JAVA_HOME="/root/.sdkman/candidates/java/current" -e SPI_BUILD="1" -e SPI_PROCESSING="1" registry.gitlab.com/saguaro1/spi-images:android-6.2-latest swift build --swift-sdk aarch64-unknown-linux-android28 2>&1
android-6.2-latest: Pulling from saguaro1/spi-images
Digest: sha256:a839c9ce201f1dacc8eb056626ec7ab0a1c6d53d7b77c83feda395f4507c51be
Status: Image is up to date for registry.gitlab.com/saguaro1/spi-images:android-6.2-latest
Fetching https://github.com/apple/swift-log
Fetching https://github.com/googleapis/swift-google-type
Fetching https://github.com/googleapis/swift-google-longrunning
Fetching https://github.com/googleapis/swift-google-wkt
[1/619] Fetching swift-google-longrunning
[20/1642] Fetching swift-google-longrunning, swift-google-wkt
[113/2079] Fetching swift-google-longrunning, swift-google-wkt, swift-google-type
[2080/10336] Fetching swift-google-longrunning, swift-google-wkt, swift-google-type, swift-log
Fetched https://github.com/googleapis/swift-google-type from cache (0.53s)
[2220/9899] Fetching swift-google-longrunning, swift-google-wkt, swift-log
Fetched https://github.com/googleapis/swift-google-longrunning from cache (0.54s)
[1684/9280] Fetching swift-google-wkt, swift-log
Fetching https://github.com/googleapis/swift-google-rpc
Fetching https://github.com/googleapis/swift-google-cloud-location
Fetched https://github.com/googleapis/swift-google-wkt from cache (0.55s)
[1817/8257] Fetching swift-log
Fetching https://github.com/googleapis/swift-google-auth
Fetching https://github.com/googleapis/swift-google-gax
Fetching https://github.com/googleapis/swift-google-iam-v1
Fetched https://github.com/apple/swift-log from cache (0.87s)
[1/552] Fetching swift-google-cloud-location
[2/974] Fetching swift-google-cloud-location, swift-google-rpc
Fetched https://github.com/googleapis/swift-google-cloud-location from cache (0.42s)
Fetched https://github.com/googleapis/swift-google-rpc from cache (0.44s)
[1/1023] Fetching swift-google-auth
Fetched https://github.com/googleapis/swift-google-auth from cache (0.51s)
[1/706] Fetching swift-google-iam-v1
[340/2454] Fetching swift-google-iam-v1, swift-google-gax
Fetched https://github.com/googleapis/swift-google-iam-v1 from cache (0.47s)
[298/1748] Fetching swift-google-gax
Fetched https://github.com/googleapis/swift-google-gax from cache (0.56s)
Computing version for https://github.com/googleapis/swift-google-wkt
Computed https://github.com/googleapis/swift-google-wkt at 0.5.0 (1.73s)
Fetching https://github.com/swift-extras/swift-extras-base64
[1/954] Fetching swift-extras-base64
Fetched https://github.com/swift-extras/swift-extras-base64 from cache (0.46s)
Computing version for https://github.com/googleapis/swift-google-type
Computed https://github.com/googleapis/swift-google-type at 0.5.0 (0.71s)
Computing version for https://github.com/googleapis/swift-google-rpc
Computed https://github.com/googleapis/swift-google-rpc at 0.5.0 (0.32s)
Computing version for https://github.com/googleapis/swift-google-longrunning
Computed https://github.com/googleapis/swift-google-longrunning at 0.5.0 (0.35s)
Computing version for https://github.com/googleapis/swift-google-iam-v1
Computed https://github.com/googleapis/swift-google-iam-v1 at 0.5.0 (0.36s)
Computing version for https://github.com/googleapis/swift-google-gax
Computed https://github.com/googleapis/swift-google-gax at 0.5.0 (0.37s)
Fetching https://github.com/apple/swift-nio
[1/86374] Fetching swift-nio
Fetching https://github.com/swift-server/async-http-client.git
Fetched https://github.com/apple/swift-nio from cache (5.64s)
[1/16464] Fetching async-http-client
Fetched https://github.com/swift-server/async-http-client.git from cache (1.29s)
Computing version for https://github.com/googleapis/swift-google-cloud-location
Computed https://github.com/googleapis/swift-google-cloud-location at 0.5.0 (7.17s)
Computing version for https://github.com/googleapis/swift-google-auth
Computed https://github.com/googleapis/swift-google-auth at 0.5.0 (0.28s)
Fetching https://github.com/apple/swift-system.git
Fetching https://github.com/vapor/jwt-kit.git
[1/7241] Fetching swift-system
[291/17495] Fetching swift-system, jwt-kit
Fetched https://github.com/apple/swift-system.git from cache (0.86s)
[6871/10254] Fetching jwt-kit
Fetched https://github.com/vapor/jwt-kit.git from cache (1.24s)
Computing version for https://github.com/swift-extras/swift-extras-base64
Computed https://github.com/swift-extras/swift-extras-base64 at 1.2.0 (1.53s)
Computing version for https://github.com/swift-server/async-http-client.git
Computed https://github.com/swift-server/async-http-client.git at 1.36.2 (0.37s)
Fetching https://github.com/apple/swift-service-context.git
Fetching https://github.com/apple/swift-nio-http2.git
Fetching https://github.com/apple/swift-algorithms.git
Fetching https://github.com/apple/swift-distributed-tracing.git
[1/6551] Fetching swift-distributed-tracing
[788/8051] Fetching swift-distributed-tracing, swift-service-context
[6742/14215] Fetching swift-distributed-tracing, swift-service-context, swift-algorithms
Fetching https://github.com/apple/swift-nio-extras.git
Fetching https://github.com/apple/swift-nio-ssl.git
[7328/26509] Fetching swift-distributed-tracing, swift-service-context, swift-algorithms, swift-nio-http2
Fetched https://github.com/apple/swift-distributed-tracing.git from cache (0.84s)
[10369/19958] Fetching swift-service-context, swift-algorithms, swift-nio-http2
Fetching https://github.com/apple/swift-atomics.git
Fetched https://github.com/apple/swift-algorithms.git from cache (0.92s)
[5189/13794] Fetching swift-service-context, swift-nio-http2
Fetching https://github.com/apple/swift-nio-transport-services.git
[13795/20497] Fetching swift-service-context, swift-nio-http2, swift-nio-extras
[15471/37368] Fetching swift-service-context, swift-nio-http2, swift-nio-extras, swift-nio-ssl
[16900/39257] Fetching swift-service-context, swift-nio-http2, swift-nio-extras, swift-nio-ssl, swift-atomics
[20184/42124] Fetching swift-service-context, swift-nio-http2, swift-nio-extras, swift-nio-ssl, swift-atomics, swift-nio-transport-services
Fetched https://github.com/apple/swift-nio-transport-services.git from cache (0.58s)
Fetching https://github.com/apple/swift-configuration.git
[23399/39257] Fetching swift-service-context, swift-nio-http2, swift-nio-extras, swift-nio-ssl, swift-atomics
Fetched https://github.com/apple/swift-atomics.git from cache (0.90s)
[22016/37368] Fetching swift-service-context, swift-nio-http2, swift-nio-extras, swift-nio-ssl
[25897/41296] Fetching swift-service-context, swift-nio-http2, swift-nio-extras, swift-nio-ssl, swift-configuration
Fetched https://github.com/apple/swift-service-context.git from cache (2.18s)
[31024/39796] Fetching swift-nio-http2, swift-nio-extras, swift-nio-ssl, swift-configuration
Fetched https://github.com/apple/swift-nio-http2.git from cache (2.19s)
[19401/27502] Fetching swift-nio-extras, swift-nio-ssl, swift-configuration
Fetched https://github.com/apple/swift-configuration.git from cache (0.77s)
[18682/23574] Fetching swift-nio-extras, swift-nio-ssl
Fetched https://github.com/apple/swift-nio-extras.git from cache (2.76s)
Fetched https://github.com/apple/swift-nio-ssl.git from cache (2.78s)
Computing version for https://github.com/apple/swift-service-context.git
Computed https://github.com/apple/swift-service-context.git at 1.3.0 (3.76s)
Computing version for https://github.com/apple/swift-algorithms.git
Computed https://github.com/apple/swift-algorithms.git at 1.2.1 (1.48s)
Fetching https://github.com/apple/swift-numerics.git
[1/6733] Fetching swift-numerics
Fetched https://github.com/apple/swift-numerics.git from cache (0.59s)
Computing version for https://github.com/apple/swift-log
Computed https://github.com/apple/swift-log at 1.16.1 (0.97s)
Computing version for https://github.com/apple/swift-distributed-tracing.git
Computed https://github.com/apple/swift-distributed-tracing.git at 1.5.0 (0.30s)
Computing version for https://github.com/apple/swift-atomics.git
Computed https://github.com/apple/swift-atomics.git at 1.3.1 (0.33s)
Computing version for https://github.com/apple/swift-numerics.git
Computed https://github.com/apple/swift-numerics.git at 1.1.1 (0.26s)
Computing version for https://github.com/apple/swift-nio
Computed https://github.com/apple/swift-nio at 2.104.0 (0.77s)
Fetching https://github.com/apple/swift-collections.git
[1/28703] Fetching swift-collections
Fetched https://github.com/apple/swift-collections.git from cache (1.69s)
Computing version for https://github.com/apple/swift-configuration.git
Computed https://github.com/apple/swift-configuration.git at 1.2.2 (3.10s)
Fetching https://github.com/swift-server/swift-service-lifecycle
[1/2867] Fetching swift-service-lifecycle
Fetched https://github.com/swift-server/swift-service-lifecycle from cache (0.52s)
Computing version for https://github.com/apple/swift-nio-transport-services.git
Computed https://github.com/apple/swift-nio-transport-services.git at 1.28.0 (0.85s)
Computing version for https://github.com/swift-server/swift-service-lifecycle
Computed https://github.com/swift-server/swift-service-lifecycle at 2.12.1 (0.45s)
Fetching https://github.com/apple/swift-async-algorithms.git
[1/6820] Fetching swift-async-algorithms
Fetched https://github.com/apple/swift-async-algorithms.git from cache (0.68s)
Computing version for https://github.com/apple/swift-async-algorithms.git
Computed https://github.com/apple/swift-async-algorithms.git at 1.1.7 (1.03s)
Computing version for https://github.com/apple/swift-collections.git
Computed https://github.com/apple/swift-collections.git at 1.7.2 (0.41s)
Computing version for https://github.com/apple/swift-nio-http2.git
Computed https://github.com/apple/swift-nio-http2.git at 1.46.0 (0.40s)
Computing version for https://github.com/vapor/jwt-kit.git
Computed https://github.com/vapor/jwt-kit.git at 5.7.1 (0.30s)
Fetching https://github.com/apple/swift-certificates.git
Fetching https://github.com/apple/swift-crypto.git
[1/18629] Fetching swift-crypto
[560/26238] Fetching swift-crypto, swift-certificates
Fetched https://github.com/apple/swift-certificates.git from cache (0.83s)
[2236/18629] Fetching swift-crypto
Fetched https://github.com/apple/swift-crypto.git from cache (1.97s)
Computing version for https://github.com/apple/swift-crypto.git
Computed https://github.com/apple/swift-crypto.git at 4.5.2 (2.95s)
Fetching https://github.com/apple/swift-asn1.git
[1/2009] Fetching swift-asn1
Fetched https://github.com/apple/swift-asn1.git from cache (0.50s)
Computing version for https://github.com/apple/swift-asn1.git
Computed https://github.com/apple/swift-asn1.git at 1.7.3 (0.92s)
Computing version for https://github.com/apple/swift-certificates.git
Computed https://github.com/apple/swift-certificates.git at 1.21.0 (0.38s)
Computing version for https://github.com/apple/swift-nio-ssl.git
Computed https://github.com/apple/swift-nio-ssl.git at 2.37.5 (0.40s)
Computing version for https://github.com/apple/swift-system.git
Computed https://github.com/apple/swift-system.git at 1.8.1 (0.45s)
Computing version for https://github.com/apple/swift-nio-extras.git
Computed https://github.com/apple/swift-nio-extras.git at 1.35.1 (0.50s)
Fetching https://github.com/apple/swift-http-structured-headers.git
[13/1253] Fetching swift-http-structured-headers
Fetching https://github.com/apple/swift-http-types.git
Fetched https://github.com/apple/swift-http-structured-headers.git from cache (0.44s)
[1/1939] Fetching swift-http-types
Fetched https://github.com/apple/swift-http-types.git from cache (0.46s)
Computing version for https://github.com/apple/swift-http-structured-headers.git
Computed https://github.com/apple/swift-http-structured-headers.git at 1.7.0 (1.14s)
Computing version for https://github.com/apple/swift-http-types.git
Computed https://github.com/apple/swift-http-types.git at 1.8.0 (0.40s)
Creating working copy for https://github.com/googleapis/swift-google-iam-v1
Working copy of https://github.com/googleapis/swift-google-iam-v1 resolved at 0.5.0
Creating working copy for https://github.com/apple/swift-http-structured-headers.git
Working copy of https://github.com/apple/swift-http-structured-headers.git resolved at 1.7.0
Creating working copy for https://github.com/googleapis/swift-google-auth
Working copy of https://github.com/googleapis/swift-google-auth resolved at 0.5.0
Creating working copy for https://github.com/apple/swift-service-context.git
Working copy of https://github.com/apple/swift-service-context.git resolved at 1.3.0
Creating working copy for https://github.com/apple/swift-atomics.git
Working copy of https://github.com/apple/swift-atomics.git resolved at 1.3.1
Creating working copy for https://github.com/swift-extras/swift-extras-base64
Working copy of https://github.com/swift-extras/swift-extras-base64 resolved at 1.2.0
Creating working copy for https://github.com/apple/swift-configuration.git
Working copy of https://github.com/apple/swift-configuration.git resolved at 1.2.2
Creating working copy for https://github.com/swift-server/swift-service-lifecycle
Working copy of https://github.com/swift-server/swift-service-lifecycle resolved at 2.12.1
Creating working copy for https://github.com/apple/swift-nio
Working copy of https://github.com/apple/swift-nio resolved at 2.104.0
Creating working copy for https://github.com/apple/swift-http-types.git
Working copy of https://github.com/apple/swift-http-types.git resolved at 1.8.0
Creating working copy for https://github.com/apple/swift-crypto.git
Working copy of https://github.com/apple/swift-crypto.git resolved at 4.5.2
Creating working copy for https://github.com/googleapis/swift-google-gax
Working copy of https://github.com/googleapis/swift-google-gax resolved at 0.5.0
Creating working copy for https://github.com/apple/swift-distributed-tracing.git
Working copy of https://github.com/apple/swift-distributed-tracing.git resolved at 1.5.0
Creating working copy for https://github.com/apple/swift-certificates.git
Working copy of https://github.com/apple/swift-certificates.git resolved at 1.21.0
Creating working copy for https://github.com/apple/swift-algorithms.git
Working copy of https://github.com/apple/swift-algorithms.git resolved at 1.2.1
Creating working copy for https://github.com/apple/swift-nio-ssl.git
Working copy of https://github.com/apple/swift-nio-ssl.git resolved at 2.37.5
Creating working copy for https://github.com/googleapis/swift-google-longrunning
Working copy of https://github.com/googleapis/swift-google-longrunning resolved at 0.5.0
Creating working copy for https://github.com/googleapis/swift-google-wkt
Working copy of https://github.com/googleapis/swift-google-wkt resolved at 0.5.0
Creating working copy for https://github.com/googleapis/swift-google-rpc
Working copy of https://github.com/googleapis/swift-google-rpc resolved at 0.5.0
Creating working copy for https://github.com/googleapis/swift-google-type
Working copy of https://github.com/googleapis/swift-google-type resolved at 0.5.0
Creating working copy for https://github.com/swift-server/async-http-client.git
Working copy of https://github.com/swift-server/async-http-client.git resolved at 1.36.2
Creating working copy for https://github.com/apple/swift-collections.git
Working copy of https://github.com/apple/swift-collections.git resolved at 1.7.2
Creating working copy for https://github.com/apple/swift-nio-http2.git
Working copy of https://github.com/apple/swift-nio-http2.git resolved at 1.46.0
Creating working copy for https://github.com/apple/swift-log
Working copy of https://github.com/apple/swift-log resolved at 1.16.1
Creating working copy for https://github.com/apple/swift-async-algorithms.git
Working copy of https://github.com/apple/swift-async-algorithms.git resolved at 1.1.7
Creating working copy for https://github.com/apple/swift-nio-transport-services.git
Working copy of https://github.com/apple/swift-nio-transport-services.git resolved at 1.28.0
Creating working copy for https://github.com/apple/swift-system.git
Working copy of https://github.com/apple/swift-system.git resolved at 1.8.1
Creating working copy for https://github.com/apple/swift-nio-extras.git
Working copy of https://github.com/apple/swift-nio-extras.git resolved at 1.35.1
Creating working copy for https://github.com/apple/swift-numerics.git
Working copy of https://github.com/apple/swift-numerics.git resolved at 1.1.1
Creating working copy for https://github.com/apple/swift-asn1.git
Working copy of https://github.com/apple/swift-asn1.git resolved at 1.7.3
Creating working copy for https://github.com/googleapis/swift-google-cloud-location
Working copy of https://github.com/googleapis/swift-google-cloud-location resolved at 0.5.0
Creating working copy for https://github.com/vapor/jwt-kit.git
Working copy of https://github.com/vapor/jwt-kit.git resolved at 5.7.1
Building for debugging...
[0/1058] Compiling CAsyncHTTPClient CAsyncHTTPClient.c
[1/1058] Write swift-version--11D90AFD9DD3AB2.txt
[2/1058] Compiling _NumericsShims _NumericsShims.c
[2/1058] Write sources
[7/1058] Compiling _AtomicsShims.c
[8/1058] Compiling aes.cc
[9/1064] Compiling a_gentm.cc
[10/1066] Compiling a_d2i_fp.cc
[10/1066] Write sources
[27/1066] Compiling a_i2d_fp.cc
[28/1066] Compiling a_dup.cc
[29/1097] Compiling a_bool.cc
[29/1097] Write sources
[40/1104] Emitting module ServiceContextModule
[40/1108] Compiling a_bitstr.cc
[42/1136] Emitting module InternalCollectionsUtilities
[43/1139] Emitting module _NIOBase64
[44/1139] Compiling _NIOBase64 Base64.swift
[45/1140] Compiling InternalCollectionsUtilities BorrowingIteratorProtocol+Equality.swift
[46/1140] Compiling InternalCollectionsUtilities BorrowingIteratorProtocol+Extras.swift
[47/1141] Emitting module RealModule
[48/1141] Compiling _NIODataStructures _TinyArray.swift
[49/1141] Write sources
[59/1141] Compiling _NIODataStructures PriorityQueue.swift
[60/1141] Compiling RealModule RealFunctions.swift
[60/1141] Wrapping AST for _NIOBase64 for debugging
[61/1141] Write sources
[63/1142] Compiling ServiceContextModule ServiceContextKey.swift
[64/1145] Compiling InternalCollectionsUtilities Debugging.swift
[65/1145] Compiling InternalCollectionsUtilities Descriptions.swift
[66/1145] Compiling RealModule RelaxedArithmetic.swift
[71/1146] Compiling Logging LoggingSystem.swift
[72/1147] Compiling InternalCollectionsUtilities UnsafeMutablePointer+Extras.swift
[73/1147] Compiling InternalCollectionsUtilities UnsafeMutableRawBufferPointer+Extras.swift
[74/1147] Compiling InternalCollectionsUtilities UnsafePointer+Extras.swift
[75/1147] Compiling InternalCollectionsUtilities MutableSpan+Extras.swift
[76/1147] Compiling InternalCollectionsUtilities OutputSpan+Extras.swift
[77/1147] Compiling InternalCollectionsUtilities RandomAccessCollection+Offsets.swift
[78/1147] Compiling InternalCollectionsUtilities Span+Extras.swift
[81/1147] Compiling InternalCollectionsUtilities UnsafeRawBufferPointer+Extras.swift
[82/1147] Compiling InternalCollectionsUtilities _SortedCollection.swift
[83/1147] Compiling InternalCollectionsUtilities _UniqueCollection.swift
[84/1147] Compiling ServiceContextModule ServiceContext.swift
[85/1148] Compiling InternalCollectionsUtilities _UnsafeBitSet+_Word.swift
[86/1148] Compiling InternalCollectionsUtilities _UnsafeBitSet.swift
[87/1148] Compiling InternalCollectionsUtilities UnsafeBufferPointer+Extras.swift
[88/1148] Compiling InternalCollectionsUtilities UnsafeMutableBufferPointer+Extras.swift
[89/1148] Compiling InternalCollectionsUtilities FixedWidthInteger+roundUpToPowerOfTwo.swift
[90/1148] Compiling InternalCollectionsUtilities Integer rank.swift
[91/1148] Compiling InternalCollectionsUtilities UInt+first and last set bit.swift
[92/1148] Compiling InternalCollectionsUtilities UInt+reversed.swift
[93/1148] Compiling InternalCollectionsUtilities Strideable+LimitHelpers.swift
[94/1148] Compiling InternalCollectionsUtilities String+Padding.swift
[95/1148] Compiling InternalCollectionsUtilities TemporaryAllocation.swift
[96/1148] Compiling InternalCollectionsUtilities _UnsafeBitSet+Index.swift
[97/1148] Compiling InternalCollectionsUtilities Iterable+CopyContents.swift
[98/1148] Compiling InternalCollectionsUtilities Iterable+Equality.swift
[99/1148] Compiling InternalCollectionsUtilities LifetimeOverride.swift
[100/1148] Compiling InternalCollectionsUtilities MutableRef.swift
[101/1148] Compiling _NIODataStructures Heap.swift
[102/1148] Emitting module _NIODataStructures
[103/1148] Write sources
[140/1151] Compiling RealModule Float80+Real.swift
[141/1152] Compiling RealModule Real.swift
[144/1156] Compiling RealModule Float16+Real.swift
[145/1157] Emitting module Instrumentation
[147/1157] Wrapping AST for _NIODataStructures for debugging
[150/1157] Compiling Logging Logger+Attributes.swift
[150/1157] Wrapping AST for RealModule for debugging
[152/1157] Compiling Instrumentation NoOpInstrument.swift
[152/1157] Wrapping AST for ServiceContextModule for debugging
[153/1157] Write sources
[163/1157] Compiling CXKCPShims shims.c
[164/1158] Compiling SimpleFIPS202.c
[166/1161] Compiling SpanPreview OutputSpan+InputSpanHelpers.swift
[166/1161] Compiling KeccakSponge.c
[168/1161] Compiling ExtrasBase64 Base64+Span.swift
[169/1161] Emitting module _CertificateInternals
[170/1161] Compiling _CertificateInternals _TinyArray.swift
[171/1162] Compiling Instrumentation MultiplexInstrument.swift
[171/1162] Wrapping AST for InternalCollectionsUtilities for debugging
[173/1162] Compiling SpanPreview MutableSpan+InputSpanHelpers.swift
[174/1162] Compiling SpanPreview InputSpan.swift
[175/1162] Emitting module SpanPreview
[176/1163] Compiling KeccakHash.c
[177/1163] Compiling KeccakP-1600-opt64.c
[179/1163] Compiling CSystem shims.c
[181/1163] Compiling Logging Logger+With.swift
[182/1163] Compiling Logging Logger.swift
[182/1163] Compiling CNIOWindows shim.c
[183/1163] Wrapping AST for SpanPreview for debugging
[184/1163] Wrapping AST for _CertificateInternals for debugging
[185/1187] Compiling CNIOWindows WSAStartup.c
[186/1195] Compiling CNIOWASI CNIOWASI.c
[188/1239] Compiling Instrumentation Instrument.swift
[188/1242] Compiling CNIOPosix event_loop_id.c
[189/1242] Compiling CNIOOpenBSD shim.c
[190/1242] Compiling CNIOLinux shim.c
[192/1242] Compiling SystemPackage IOCompletion.swift
[193/1242] Compiling SystemPackage IORequest.swift
[194/1242] Compiling SystemPackage IORing+Util.swift
[195/1242] Compiling SystemPackage IORing.swift
[196/1242] Compiling SystemPackage RawIORequest.swift
[196/1247] Compiling CNIOLinux liburing_shims.c
[197/1247] Compiling CNIOLLHTTP c_nio_http.c
[199/1247] Compiling SystemPackage FilePathString.swift
[200/1247] Compiling SystemPackage FilePathSyntax.swift
[201/1247] Compiling SystemPackage Backcompat.swift
[202/1247] Compiling SystemPackage CInterop.swift
[203/1247] Compiling SystemPackage Constants.swift
[204/1252] Compiling SystemPackage PlatformString.swift
[205/1252] Compiling SystemPackage SystemString.swift
[206/1252] Compiling SystemPackage Util+StringArray.swift
[207/1252] Compiling SystemPackage Util.swift
[208/1252] Compiling SystemPackage UtilConsumers.swift
[209/1252] Compiling SystemPackage WinSDK+Overlay.swift
[209/1252] Compiling CNIOLLHTTP c_nio_api.c
[210/1252] Compiling CNIOFreeBSD shim.c
[211/1252] Compiling CNIOExtrasZlib zutil.c
[212/1252] Compiling CNIOExtrasZlib trees.c
[213/1252] Compiling CNIOExtrasZlib inftrees.c
[214/1252] Compiling CNIOLLHTTP c_nio_llhttp.c
[216/1252] Compiling SystemPackage FilePathTempPosix.swift
[217/1252] Compiling SystemPackage FilePathTempWindows.swift
[218/1252] Compiling SystemPackage FilePathWindows.swift
[219/1252] Compiling SystemPackage FilePermissions.swift
[220/1252] Compiling SystemPackage FileFlags.swift
[221/1252] Compiling SystemPackage FileMode.swift
[222/1252] Compiling SystemPackage FileDescriptor.swift
[223/1252] Compiling SystemPackage FileHelpers.swift
[224/1252] Compiling SystemPackage FileOperations.swift
[224/1252] Compiling CNIOExtrasZlib inflate.c
[226/1252] Compiling SystemPackage Errno.swift
[227/1252] Compiling SystemPackage ErrnoWindows.swift
[229/1254] Compiling CNIOExtrasZlib inffast.c
[230/1254] Compiling CNIOExtrasZlib deflate.c
[232/1254] Compiling SystemPackage FilePath.swift
[234/1254] Compiling CNIOExtrasZlib crc32.c
[236/1254] Compiling SystemPackage FileType.swift
[237/1254] Compiling SystemPackage Identifiers.swift
[238/1254] Compiling SystemPackage Stat.swift
[239/1254] Compiling SystemPackage FilePathComponentView.swift
[240/1254] Compiling SystemPackage FilePathComponents.swift
[241/1254] Compiling SystemPackage FilePathParsing.swift
[242/1254] Compiling SystemPackage Exports.swift
[243/1254] Compiling SystemPackage Mocking.swift
[244/1254] Compiling SystemPackage RawBuffer.swift
[245/1254] Compiling SystemPackage Syscalls.swift
[246/1254] Compiling SystemPackage WindowsSyscallAdapters.swift
[247/1254] Compiling SystemPackage MachPort.swift
[247/1254] Compiling CNIODarwin shim.c
[248/1254] Compiling CNIOExtrasZlib adler32.c
[249/1254] Compiling fiat_p256_adx_sqr.S
[250/1254] Compiling fiat_p256_adx_mul.S
[251/1254] Compiling CNIOBoringSSLShims shims.c
[252/1254] Compiling fiat_curve25519_adx_mul.S
[253/1254] Compiling fiat_curve25519_adx_square.S
[255/1254] Emitting module SwiftASN1
[264/1254] Compiling SwiftASN1 DER.swift
[265/1254] Compiling SwiftASN1 Errors.swift
[269/1254] Emitting module SystemPackage
[272/1254] Emitting module Logging
[283/1254] Compiling Logging MetadataProvider.swift
[284/1254] Compiling Instrumentation InstrumentationSystem.swift
[285/1254] Compiling Instrumentation Locks.swift
[286/1256] Compiling SystemPackage FilePathTemp.swift
[299/1258] Compiling ExtrasBase64 Base32+Span.swift
[320/1265] Compiling Tracing TracingTime.swift
[321/1265] Emitting module Tracing
[321/1265] Wrapping AST for SwiftASN1 for debugging
[323/1266] Compiling Tracing TracerProtocol+Legacy.swift
[323/1266] Wrapping AST for Logging for debugging
[324/1266] Wrapping AST for Instrumentation for debugging
[326/1266] Compiling Tracing Tracer.swift
[327/1266] Compiling Tracing TracerProtocol.swift
[328/1266] Compiling Tracing WithTracer.swift
[329/1266] Compiling Tracing SpanProtocol.swift
[330/1266] Compiling Tracing NoOpTracer.swift
[331/1266] Compiling Tracing InstrumentationSystem+Tracing.swift
[338/1268] Compiling tls_method.cc
[339/1268] Wrapping AST for Tracing for debugging
[340/1268] Wrapping AST for SystemPackage for debugging
[341/1268] Compiling tls_record.cc
[343/1268] Compiling DequeModule UniqueDeque+Replacements.swift
[344/1268] Compiling DequeModule UniqueDeque.swift
[345/1268] Compiling DequeModule _DequeSlot.swift
[346/1268] Compiling DequeModule _UnsafeDequeHandle.swift
[347/1268] Compiling DequeModule _UnsafeDequeSegments.swift
[347/1268] Compiling tls13_server.cc
[348/1268] Compiling tls13_enc.cc
[349/1268] Compiling tls13_client.cc
[351/1268] Emitting module DequeModule
[352/1269] Compiling ssl_versions.cc
[353/1269] Compiling t1_enc.cc
[354/1312] Compiling tls13_both.cc
[355/1312] Compiling ssl_transcript.cc
[356/1312] Wrapping AST for DequeModule for debugging
[357/1312] Compiling ssl_x509.cc
[359/1312] Compiling ExtrasBase64 Base64.swift
[360/1312] Compiling ExtrasBase64 Base32.swift
[360/1312] Compiling ssl_stat.cc
[361/1312] Compiling ssl_privkey.cc
[362/1312] Compiling ssl_session.cc
[364/1312] Emitting module ExtrasBase64
[364/1313] Compiling ssl_file.cc
[366/1313] Compiling ssl_key_share.cc
[367/1313] Wrapping AST for ExtrasBase64 for debugging
[369/1344] Compiling GoogleWKT WKTEnum.swift
[370/1344] Compiling GoogleWKT WKTEnumValue.swift
[371/1344] Compiling GoogleWKT WKTFloatValue.swift
[372/1344] Compiling GoogleWKT WKTInt32Value.swift
[373/1344] Compiling GoogleWKT WKTInt64Value.swift
[374/1344] Compiling GoogleWKT WKTRecursive.swift
[375/1349] Compiling GoogleWKT WKTField.swift
[376/1349] Compiling GoogleWKT WKTMethod.swift
[377/1349] Compiling GoogleWKT WKTMixin.swift
[378/1349] Compiling GoogleWKT WKTOption.swift
[379/1349] Compiling GoogleWKT WKTValue.swift
[380/1349] Compiling GoogleWKT WKTApi.swift
[381/1349] Emitting module Configuration
[382/1349] Compiling Configuration MutableInMemoryProvider.swift
[383/1349] Compiling Configuration ConfigProvider+Operators.swift
[384/1349] Compiling Configuration KeyMappingProvider.swift
[385/1349] Compiling Configuration SecretsSpecifier.swift
[386/1349] Compiling Configuration AsyncCombineLatestManySequence.swift
[387/1349] Compiling Configuration CombineLatestManyStateMachine.swift
[387/1349] Compiling ssl_lib.cc
[388/1349] Compiling ssl_credential.cc
[389/1349] Compiling ssl_cipher.cc
[391/1349] Compiling Configuration CombineLatestManyStorage.swift
[392/1349] Compiling Configuration AsyncSequences.swift
[393/1349] Compiling Configuration FoundationExtensions.swift
[394/1349] Compiling Configuration Span.swift
[395/1349] Compiling Configuration ConfigBytesFromStringDecoder.swift
[396/1349] Compiling GoogleWKT WKTDoubleValue.swift
[397/1349] Compiling GoogleWKT WKTDuration.swift
[398/1349] Compiling GoogleWKT WKTEmpty.swift
[399/1349] Compiling GoogleWKT WKTFieldMask.swift
[404/1349] Compiling GoogleWKT WKTStringValue.swift
[405/1349] Compiling GoogleWKT WKTTimestamp.swift
[406/1349] Compiling GoogleWKT WKTUInt32Value.swift
[407/1349] Compiling GoogleWKT WKTUInt64Value.swift
[415/1353] Compiling s3_lib.cc
[416/1353] Compiling ssl_cert.cc
[417/1353] Compiling ssl_buffer.cc
[419/1353] Compiling GoogleWKT WKTSourceContext.swift
[420/1353] Compiling GoogleWKT WKTSyntax.swift
[421/1353] Compiling GoogleWKT WKTType.swift
[422/1353] Compiling GoogleWKT PackageVersion.swift
[429/1353] Compiling GoogleWKT WKTAny.swift
[430/1353] Compiling GoogleWKT WKTAnyError.swift
[431/1353] Compiling GoogleWKT WKTBoolValue.swift
[432/1353] Compiling GoogleWKT WKTBytesValue.swift
[435/1353] Compiling Configuration EnvironmentKeyEncoder.swift
[436/1353] Compiling Configuration EnvironmentVariablesProvider.swift
[437/1353] Compiling Configuration CommonProviderFileSystem.swift
[438/1353] Compiling Configuration DirectoryFilesProvider.swift
[439/1353] Compiling Configuration FileProvider.swift
[440/1353] Compiling Configuration FileProviderSnapshot.swift
[441/1353] Compiling GoogleWKT AnyPackable.swift
[442/1353] Compiling GoogleWKT DecodeToDefault.swift
[443/1353] Compiling GoogleWKT DiscoveryBase64.swift
[444/1353] Compiling GoogleWKT ProtoJSONDecoder.swift
[445/1353] Compiling GoogleWKT ProtoJSONEncoder.swift
[446/1353] Compiling GoogleWKT UnknownFields.swift
[446/1354] Compiling ssl_asn1.cc
[448/1354] Wrapping AST for Configuration for debugging
[449/1354] Compiling s3_pkt.cc
[450/1354] Compiling ssl_aead_ctx.cc
[452/1354] Emitting module GoogleWKT
[463/1355] Compiling handshake.cc
[464/1355] Compiling s3_both.cc
[466/1388] Compiling GoogleRpc RequestInfo.swift
[467/1388] Compiling GoogleRpc ResourceInfo.swift
[467/1390] Compiling handshake_client.cc
[468/1390] Compiling handshake_server.cc
[470/1390] Compiling GoogleRpc RetryInfo.swift
[471/1390] Compiling GoogleRpc Status.swift
[471/1390] Wrapping AST for GoogleWKT for debugging
[472/1390] Compiling encrypted_client_hello.cc
[474/1390] Compiling GoogleRpc PreconditionFailure.swift
[475/1390] Compiling GoogleRpc QuotaFailure.swift
[476/1390] Compiling GoogleRpc HttpRequest.swift
[477/1392] Compiling GoogleRpc HttpResponse.swift
[480/1392] Compiling GoogleRpc LocalizedMessage.swift
[481/1392] Compiling GoogleRpc ErrorInfo.swift
[482/1392] Compiling GoogleRpc Help.swift
[483/1392] Compiling GoogleRpc HttpHeader.swift
[484/1392] Emitting module GoogleType
[485/1392] Compiling GoogleRpc BadRequest.swift
[486/1392] Compiling GoogleRpc Code.swift
[487/1392] Compiling GoogleRpc DebugInfo.swift
[488/1392] Compiling GoogleRpc PackageVersion.swift
[491/1392] Compiling GoogleType PhoneNumber.swift
[491/1392] Compiling extensions.cc
[492/1392] Compiling handoff.cc
[500/1392] Emitting module GoogleRpc
[500/1392] Compiling dtls_record.cc
[501/1392] Compiling dtls_method.cc
[503/1392] Compiling GoogleType TimeOfDay.swift
[504/1392] Compiling GoogleType TimeZone.swift
[510/1394] Compiling md5-x86_64-linux.S
[512/1394] Compiling md5-x86_64-apple.S
[514/1394] Compiling md5-586-linux.S
[515/1394] Wrapping AST for GoogleType for debugging
[516/1394] Compiling md5-586-apple.S
[517/1394] Wrapping AST for GoogleRpc for debugging
[518/1394] Compiling chacha20_poly1305_x86_64-linux.S
[519/1394] Compiling chacha20_poly1305_x86_64-apple.S
[520/1394] Compiling d1_srtp.cc
[521/1394] Compiling chacha20_poly1305_armv8-win.S
[522/1394] Compiling chacha20_poly1305_armv8-apple.S
[523/1394] Compiling chacha20_poly1305_armv8-linux.S
[524/1394] Compiling chacha-x86_64-apple.S
[525/1394] Compiling chacha-x86_64-linux.S
[526/1394] Compiling chacha-x86-linux.S
[527/1394] Compiling chacha-x86-apple.S
[528/1394] Compiling chacha-armv8-win.S
[529/1394] Compiling d1_pkt.cc
[530/1394] Compiling chacha-armv8-linux.S
[530/1394] Compiling chacha-armv8-apple.S
[532/1394] Compiling chacha-armv4-linux.S
[533/1394] Compiling x86_64-mont5-linux.S
[534/1394] Compiling aes128gcmsiv-x86_64-linux.S
[535/1394] Compiling aes128gcmsiv-x86_64-apple.S
[536/1394] Compiling err_data.cc
[537/1394] Compiling x86_64-mont5-apple.S
[538/1394] Compiling x86_64-mont-linux.S
[539/1394] Compiling x86-mont-apple.S
[540/1394] Compiling x86-mont-linux.S
[541/1394] Compiling x86_64-mont-apple.S
[542/1394] Compiling vpaes-x86_64-linux.S
[543/1394] Compiling vpaes-x86_64-apple.S
[544/1394] Compiling vpaes-x86-linux.S
[545/1394] Compiling vpaes-armv8-win.S
[546/1394] Compiling vpaes-x86-apple.S
[547/1394] Compiling vpaes-armv8-apple.S
[548/1394] Compiling vpaes-armv8-linux.S
[549/1394] Compiling sha512-x86_64-apple.S
[550/1394] Compiling vpaes-armv7-linux.S
[551/1394] Compiling sha512-x86_64-linux.S
[552/1394] Compiling sha512-armv8-win.S
[553/1394] Compiling sha512-armv8-apple.S
[554/1394] Compiling bio_ssl.cc
[555/1394] Compiling sha512-armv4-linux.S
[556/1394] Compiling sha512-586-linux.S
[557/1394] Compiling sha512-armv8-linux.S
[558/1394] Compiling sha512-586-apple.S
[559/1394] Compiling sha256-x86_64-apple.S
[560/1394] Compiling sha256-armv8-win.S
[561/1394] Compiling sha256-x86_64-linux.S
[562/1394] Compiling sha256-armv4-linux.S
[563/1394] Compiling sha256-armv8-linux.S
[564/1394] Compiling sha256-armv8-apple.S
[565/1394] Compiling sha256-586-linux.S
[566/1394] Compiling sha256-586-apple.S
[567/1394] Compiling sha1-x86_64-linux.S
[568/1394] Compiling sha1-x86_64-apple.S
[569/1394] Compiling sha1-armv8-apple.S
[570/1394] Compiling sha1-armv8-linux.S
[571/1394] Compiling sha1-armv4-large-linux.S
[572/1394] Compiling sha1-586-apple.S
[573/1394] Compiling sha1-armv8-win.S
[574/1394] Compiling sha1-586-linux.S
[575/1394] Compiling rsaz-avx2-apple.S
[576/1394] Compiling rdrand-x86_64-linux.S
[577/1394] Compiling rsaz-avx2-linux.S
[578/1394] Compiling p256_beeu-x86_64-asm-linux.S
[579/1394] Compiling rdrand-x86_64-apple.S
[580/1394] Compiling p256_beeu-armv8-asm-win.S
[580/1394] Compiling p256_beeu-x86_64-asm-apple.S
[582/1394] Compiling p256_beeu-armv8-asm-linux.S
[583/1394] Compiling d1_both.cc
[584/1394] Compiling p256-x86_64-asm-linux.S
[585/1394] Compiling p256_beeu-armv8-asm-apple.S
[586/1394] Compiling p256-armv8-asm-win.S
[587/1394] Compiling p256-x86_64-asm-apple.S
[588/1394] Compiling p256-armv8-asm-apple.S
[589/1394] Compiling p256-armv8-asm-linux.S
[590/1394] Compiling ghashv8-armv8-win.S
[591/1394] Compiling ghashv8-armv8-linux.S
[592/1394] Compiling ghashv8-armv8-apple.S
[593/1394] Compiling ghash-x86_64-apple.S
[594/1394] Compiling ghash-x86_64-linux.S
[595/1394] Compiling ghashv8-armv7-linux.S
[596/1394] Compiling ghash-x86-linux.S
[597/1394] Compiling ghash-x86-apple.S
[598/1394] Compiling d1_lib.cc
[599/1394] Compiling ghash-ssse3-x86_64-apple.S
[600/1394] Compiling ghash-ssse3-x86-linux.S
[601/1394] Compiling ghash-ssse3-x86_64-linux.S
[602/1394] Compiling ghash-neon-armv8-linux.S
[603/1394] Compiling ghash-ssse3-x86-apple.S
[604/1394] Compiling ghash-neon-armv8-apple.S
[605/1394] Compiling ghash-neon-armv8-win.S
[606/1394] Compiling co-586-linux.S
[607/1394] Compiling ghash-armv4-linux.S
[608/1394] Compiling bn-armv8-win.S
[609/1394] Compiling co-586-apple.S
[610/1394] Compiling bn-armv8-linux.S
[611/1394] Compiling armv8-mont-win.S
[612/1394] Compiling bsaes-armv7-linux.S
[613/1394] Compiling bn-586-apple.S
[614/1394] Compiling bn-armv8-apple.S
[615/1394] Compiling bn-586-linux.S
[616/1394] Compiling armv8-mont-apple.S
[617/1394] Compiling armv4-mont-linux.S
[618/1394] Compiling aesv8-gcm-armv8-win.S
[619/1394] Compiling armv8-mont-linux.S
[620/1394] Compiling aesv8-gcm-armv8-linux.S
[621/1394] Compiling aesv8-armv8-linux.S
[622/1394] Compiling aesv8-gcm-armv8-apple.S
[623/1394] Compiling aesv8-armv7-linux.S
[624/1394] Compiling aesv8-armv8-win.S
[625/1394] Compiling aesv8-armv8-apple.S
[626/1394] Compiling aesni-x86_64-linux.S
[627/1394] Compiling aesni-x86-linux.S
[628/1394] Compiling aesni-x86_64-apple.S
[629/1394] Compiling aesni-gcm-x86_64-linux.S
[630/1394] Compiling aesni-x86-apple.S
[631/1394] Compiling aes-gcm-avx2-x86_64-apple.S
[632/1394] Compiling aesni-gcm-x86_64-apple.S
[633/1394] Compiling aes-gcm-avx2-x86_64-linux.S
[634/1394] Compiling aes-gcm-avx10-x86_64-apple.S
[635/1394] Compiling aes-gcm-avx10-x86_64-linux.S
[636/1394] Compiling x_sig.cc
[637/1394] Compiling x_x509a.cc
[638/1394] Compiling x_pubkey.cc
[639/1394] Compiling x_val.cc
[640/1394] Compiling x_name.cc
[641/1394] Compiling x_x509.cc
[642/1394] Compiling x_req.cc
[643/1394] Compiling x_spki.cc
[644/1394] Compiling x_crl.cc
[645/1394] Compiling x_exten.cc
[646/1394] Compiling x_attrib.cc
[647/1394] Compiling x509spki.cc
[648/1394] Compiling x_algor.cc
[649/1394] Compiling x509cset.cc
[650/1394] Compiling x_all.cc
[651/1394] Compiling x509_v3.cc
[652/1394] Compiling x509_vpm.cc
[653/1394] Compiling x509name.cc
[654/1394] Compiling x509_vfy.cc
[655/1394] Compiling x509rset.cc
[656/1394] Compiling x509_txt.cc
[657/1394] Compiling x509_req.cc
[658/1394] Compiling x509_trs.cc
[659/1394] Compiling x509_ext.cc
[660/1394] Compiling x509_set.cc
[661/1394] Compiling x509_def.cc
[662/1394] Compiling x509_obj.cc
[663/1394] Compiling v3_utl.cc
[664/1394] Compiling x509_lu.cc
[665/1394] Compiling x509_att.cc
[666/1394] Compiling v3_skey.cc
[667/1394] Compiling x509_d2.cc
[668/1394] Compiling x509_cmp.cc
[669/1394] Compiling v3_prn.cc
[670/1394] Compiling v3_ocsp.cc
[671/1394] Compiling v3_pmaps.cc
[672/1394] Compiling x509.cc
[673/1394] Compiling v3_ncons.cc
[674/1394] Compiling v3_pcons.cc
[675/1394] Compiling v3_purp.cc
[676/1394] Compiling v3_lib.cc
[677/1394] Compiling v3_int.cc
[678/1394] Compiling v3_crld.cc
[679/1394] Compiling v3_info.cc
[680/1394] Compiling v3_cpols.cc
[681/1394] Compiling v3_ia5.cc
[682/1394] Compiling v3_genn.cc
[683/1394] Compiling v3_extku.cc
[684/1394] Compiling v3_bitst.cc
[685/1394] Compiling v3_enum.cc
[686/1394] Compiling v3_conf.cc
[687/1394] Compiling v3_akey.cc
[688/1394] Compiling v3_alt.cc
[689/1394] Compiling v3_akeya.cc
[690/1394] Compiling t_x509.cc
[691/1394] Compiling v3_bcons.cc
[692/1394] Compiling rsa_pss.cc
[693/1394] Compiling i2d_pr.cc
[694/1394] Compiling t_crl.cc
[695/1394] Compiling t_x509a.cc
[696/1394] Compiling by_file.cc
[697/1394] Compiling t_req.cc
[698/1394] Compiling by_dir.cc
[699/1394] Compiling asn1_gen.cc
[700/1394] Compiling algorithm.cc
[701/1394] Compiling policy.cc
[702/1394] Compiling name_print.cc
[703/1394] Compiling voprf.cc
[704/1394] Compiling a_digest.cc
[705/1394] Compiling trust_token.cc
[706/1394] Compiling a_verify.cc
[707/1394] Compiling pmbtoken.cc
[708/1394] Compiling thread_win.cc
[709/1394] Compiling thread_pthread.cc
[710/1394] Compiling a_sign.cc
[711/1394] Compiling stack.cc
[712/1394] Compiling sha512.cc
[713/1394] Compiling thread.cc
[714/1394] Compiling thread_none.cc
[715/1394] Compiling siphash.cc
[716/1394] Compiling rsa_print.cc
[717/1394] Compiling slhdsa.cc
[718/1394] Compiling sha256.cc
[719/1394] Compiling spake2plus.cc
[720/1394] Compiling sha1.cc
[721/1394] Compiling rsa_extra.cc
[722/1394] Compiling refcount.cc
[723/1394] Compiling rsa_crypt.cc
[724/1394] Compiling rc4.cc
[725/1394] Compiling trusty.cc
[726/1394] Compiling urandom.cc
[727/1394] Compiling rand.cc
[728/1394] Compiling getentropy.cc
[729/1394] Compiling passive.cc
[730/1394] Compiling windows.cc
[731/1394] Compiling rsa_asn1.cc
[732/1394] Compiling poly1305_arm_asm.S
[733/1394] Compiling ios.cc
[734/1394] Compiling forkunsafe.cc
[734/1394] Compiling poly1305_vec.cc
[736/1394] Compiling fork_detect.cc
[737/1394] Compiling poly1305.cc
[738/1394] Compiling pool.cc
[739/1394] Compiling deterministic.cc
[740/1394] Compiling poly1305_arm.cc
[741/1394] Compiling p5_pbev2.cc
[742/1394] Compiling pkcs7.cc
[743/1394] Compiling pem_x509.cc
[744/1394] Compiling pkcs8.cc
[745/1394] Compiling pkcs7_x509.cc
[746/1394] Compiling pem_xaux.cc
[747/1394] Compiling pkcs8_x509.cc
[748/1394] Compiling pem_pkey.cc
[749/1394] Compiling pem_oth.cc
[750/1394] Compiling pem_pk8.cc
[751/1394] Compiling mlkem.cc
[752/1394] Compiling mldsa.cc
[753/1394] Compiling pem_info.cc
[754/1394] Compiling obj_xref.cc
[755/1394] Compiling mem.cc
[756/1394] Compiling lhash.cc
[757/1394] Compiling md5.cc
[758/1394] Compiling obj.cc
[759/1394] Compiling md4.cc
[760/1394] Compiling fips_shared_support.cc
[761/1394] Compiling poly_rq_mul.S
[762/1394] Compiling pem_all.cc
[763/1394] Compiling pem_lib.cc
[764/1394] Compiling scrypt.cc
[765/1394] Compiling kyber.cc
[766/1394] Compiling hrss.cc
[767/1394] Compiling pbkdf.cc
[768/1394] Compiling sign.cc
[769/1394] Compiling ex_data.cc
[770/1394] Compiling print.cc
[771/1394] Compiling p_x25519.cc
[772/1394] Compiling hpke.cc
[773/1394] Compiling p_rsa.cc
[774/1394] Compiling p_rsa_asn1.cc
[775/1394] Compiling p_ed25519.cc
[776/1394] Compiling p_x25519_asn1.cc
[777/1394] Compiling p_ec.cc
[778/1394] Compiling p_ed25519_asn1.cc
[779/1394] Compiling p_dh_asn1.cc
[780/1394] Compiling p_dsa_asn1.cc
[781/1394] Compiling p_hkdf.cc
[782/1394] Compiling p_ec_asn1.cc
[783/1394] Compiling p_dh.cc
[784/1394] Compiling err.cc
[785/1394] Compiling evp.cc
[786/1394] Compiling evp_ctx.cc
[787/1394] Compiling engine.cc
[788/1394] Compiling ecdsa_asn1.cc
[789/1394] Compiling evp_asn1.cc
[790/1394] Compiling ecdh.cc
[791/1394] Compiling ec_derive.cc
[792/1394] Compiling hash_to_curve.cc
[793/1394] Compiling bcm.cc
[794/1394] Compiling ec_asn1.cc
[795/1394] Compiling dh_asn1.cc
[796/1394] Compiling curve25519_64_adx.cc
[797/1394] Compiling digest_extra.cc
[798/1394] Compiling des.cc
[799/1394] Compiling x25519-asm-arm.S
[800/1394] Compiling dsa.cc
[801/1394] Compiling dsa_asn1.cc
[802/1394] Compiling params.cc
[803/1394] Compiling cpu_arm_linux.cc
[804/1394] Compiling curve25519.cc
[805/1394] Compiling spake25519.cc
[806/1394] Compiling crypto.cc
[807/1394] Compiling cpu_arm_freebsd.cc
[808/1394] Compiling cpu_intel.cc
[809/1394] Compiling cpu_aarch64_win.cc
[810/1394] Compiling cpu_aarch64_sysreg.cc
[811/1394] Compiling cpu_aarch64_fuchsia.cc
[812/1394] Compiling cpu_aarch64_linux.cc
[813/1394] Compiling cpu_aarch64_openbsd.cc
[814/1394] Compiling conf.cc
[815/1394] Compiling cpu_aarch64_apple.cc
[816/1394] Compiling e_null.cc
[817/1394] Compiling e_rc4.cc
[818/1394] Compiling tls_cbc.cc
[819/1394] Compiling e_tls.cc
[820/1394] Compiling get_cipher.cc
[821/1394] Compiling e_rc2.cc
[822/1394] Compiling e_chacha20poly1305.cc
[823/1394] Compiling e_des.cc
[824/1394] Compiling e_aesgcmsiv.cc
[825/1394] Compiling cbb.cc
[826/1394] Compiling derive_key.cc
[827/1394] Compiling e_aesctrhmac.cc
[828/1394] Compiling chacha.cc
[829/1394] Compiling unicode.cc
[830/1394] Compiling cbs.cc
[831/1394] Compiling asn1_compat.cc
[832/1394] Compiling buf.cc
[833/1394] Compiling blake2.cc
[834/1394] Compiling ber.cc
[835/1394] Compiling bn_asn1.cc
[836/1394] Compiling convert.cc
[837/1394] Compiling socket.cc
[838/1394] Compiling printf.cc
[839/1394] Compiling socket_helper.cc
[840/1394] Compiling hexdump.cc
[841/1394] Compiling file.cc
[842/1394] Compiling pair.cc
[843/1394] Compiling fd.cc
[844/1394] Compiling errno.cc
[845/1394] Compiling bio.cc
[846/1394] Compiling bio_mem.cc
[847/1394] Compiling base64.cc
[848/1394] Compiling connect.cc
[849/1394] Compiling posix_time.cc
[850/1394] Compiling tasn_typ.cc
[851/1394] Compiling tasn_fre.cc
[852/1394] Compiling f_string.cc
[853/1394] Compiling f_int.cc
[854/1394] Compiling tasn_new.cc
[855/1394] Compiling tasn_enc.cc
[856/1394] Compiling tasn_utl.cc
[857/1394] Compiling asn1_par.cc
[858/1394] Compiling asn_pack.cc
[859/1394] Compiling tasn_dec.cc
[860/1394] Compiling a_utctm.cc
[861/1394] Compiling a_strex.cc
[861/1394] Compiling asn1_lib.cc
[863/1394] Compiling a_octet.cc
[864/1394] Compiling a_type.cc
[865/1394] Compiling a_mbstr.cc
[866/1394] Compiling a_time.cc
[867/1394] Compiling a_strnid.cc
[868/1394] Compiling a_object.cc
[869/1394] Compiling a_i2d_fp.cc
[870/1394] Compiling a_d2i_fp.cc
[871/1394] Compiling CGoogleGaxCRC32C CGoogleGaxCRC32C.c
[872/1394] Compiling a_gentm.cc
[873/1394] Compiling a_int.cc
[874/1394] Compiling fiat_p256_adx_sqr.S
[875/1394] Compiling fiat_curve25519_adx_square.S
[876/1394] Compiling fiat_p256_adx_mul.S
[877/1394] Compiling a_bool.cc
[878/1394] Compiling a_dup.cc
[879/1394] Compiling CCryptoBoringSSLShims shims.c
[880/1394] Compiling md5-x86_64-apple.S
[881/1394] Compiling fiat_curve25519_adx_mul.S
[882/1394] Compiling md5-x86_64-linux.S
[883/1394] Compiling md5-586-linux.S
[884/1394] Compiling a_bitstr.cc
[885/1394] Compiling chacha20_poly1305_armv8-win.S
[885/1394] Compiling md5-586-apple.S
[887/1394] Compiling chacha20_poly1305_x86_64-linux.S
[888/1394] Compiling chacha20_poly1305_x86_64-apple.S
[889/1394] Compiling err_data.cc
[890/1394] Compiling chacha-x86_64-linux.S
[891/1394] Compiling chacha20_poly1305_armv8-linux.S
[891/1394] Compiling chacha20_poly1305_armv8-apple.S
[893/1394] Compiling chacha-x86_64-apple.S
[894/1394] Compiling chacha-x86-linux.S
[895/1394] Compiling chacha-x86-apple.S
[896/1394] Compiling chacha-armv8-apple.S
[897/1394] Compiling chacha-armv4-linux.S
[897/1394] Compiling chacha-armv8-win.S
[899/1394] Compiling chacha-armv8-linux.S
[900/1394] Compiling aes128gcmsiv-x86_64-linux.S
[901/1394] Compiling aes128gcmsiv-x86_64-apple.S
[902/1394] Compiling x86_64-mont5-linux.S
[903/1394] Compiling x86_64-mont-linux.S
[904/1394] Compiling x86_64-mont-apple.S
[905/1394] Compiling x86-mont-linux.S
[906/1394] Compiling x86_64-mont5-apple.S
[907/1394] Compiling x86-mont-apple.S
[908/1394] Compiling vpaes-x86_64-apple.S
[909/1394] Compiling vpaes-x86_64-linux.S
[910/1394] Compiling vpaes-x86-linux.S
[911/1394] Compiling vpaes-armv8-win.S
[912/1394] Compiling vpaes-x86-apple.S
[913/1394] Compiling vpaes-armv8-linux.S
[914/1394] Compiling vpaes-armv8-apple.S
[915/1394] Compiling vpaes-armv7-linux.S
[916/1394] Compiling sha512-x86_64-linux.S
[917/1394] Compiling sha512-x86_64-apple.S
[918/1394] Compiling sha512-armv8-win.S
[919/1394] Compiling sha512-armv4-linux.S
[920/1394] Compiling sha512-armv8-apple.S
[921/1394] Compiling sha512-armv8-linux.S
[922/1394] Compiling sha512-586-linux.S
[923/1394] Compiling sha512-586-apple.S
[924/1394] Compiling sha256-x86_64-linux.S
[925/1394] Compiling sha256-x86_64-apple.S
[926/1394] Compiling c-nioatomics.c
[927/1394] Compiling sha256-armv8-linux.S
[928/1394] Compiling sha256-armv8-apple.S
[929/1394] Compiling sha256-armv8-win.S
[930/1394] Compiling sha256-armv4-linux.S
[931/1394] Compiling sha1-x86_64-linux.S
[932/1394] Compiling sha1-x86_64-apple.S
[933/1394] Compiling sha256-586-apple.S
[934/1394] Compiling sha256-586-linux.S
[935/1394] Compiling sha1-armv8-win.S
[936/1394] Compiling sha1-armv8-linux.S
[937/1394] Compiling sha1-armv4-large-linux.S
[938/1394] Compiling sha1-armv8-apple.S
[939/1394] Compiling sha1-586-linux.S
[940/1394] Compiling rsaz-avx2-apple.S
[940/1394] Compiling rsaz-avx2-linux.S
[942/1394] Compiling sha1-586-apple.S
[943/1394] Compiling rdrand-x86_64-linux.S
[944/1394] Compiling p256_beeu-x86_64-asm-linux.S
[945/1394] Compiling rdrand-x86_64-apple.S
[946/1394] Compiling p256_beeu-armv8-asm-win.S
[947/1394] Compiling p256_beeu-x86_64-asm-apple.S
[948/1394] Compiling p256_beeu-armv8-asm-linux.S
[949/1394] Compiling p256_beeu-armv8-asm-apple.S
[950/1394] Compiling c-atomics.c
[951/1394] Compiling p256-x86_64-asm-linux.S
[952/1394] Compiling p256-x86_64-asm-apple.S
[953/1394] Compiling p256-armv8-asm-apple.S
[954/1394] Compiling p256-armv8-asm-win.S
[955/1401] Compiling ghashv8-armv8-win.S
[956/1401] Compiling ghashv8-armv8-linux.S
[957/1401] Compiling p256-armv8-asm-linux.S
[958/1401] Compiling ghashv8-armv8-apple.S
[959/1401] Compiling ghashv8-armv7-linux.S
[960/1401] Compiling ghash-x86_64-linux.S
[961/1401] Compiling ghash-x86_64-apple.S
[963/1401] Compiling NIOConcurrencyHelpers NIOLockedValueBox.swift
[963/1401] Compiling ghash-x86-linux.S
[964/1401] Compiling ghash-ssse3-x86_64-linux.S
[965/1401] Compiling ghash-x86-apple.S
[966/1401] Compiling ghash-ssse3-x86-linux.S
[967/1401] Compiling ghash-ssse3-x86_64-apple.S
[968/1401] Compiling ghash-ssse3-x86-apple.S
[970/1401] Compiling NIOConcurrencyHelpers NIOThreadPoolWorkAvailable.swift
[971/1401] Compiling NIOConcurrencyHelpers lock.swift
[971/1401] Compiling ghash-neon-armv8-win.S
[972/1401] Compiling ghash-neon-armv8-linux.S
[973/1401] Compiling ghash-neon-armv8-apple.S
[975/1401] Compiling NIOConcurrencyHelpers NIOLock.swift
[976/1401] Compiling NIOConcurrencyHelpers NIOAtomic.swift
[977/1401] Compiling NIOConcurrencyHelpers atomics.swift
[978/1401] Emitting module NIOConcurrencyHelpers
[979/1402] Compiling ghash-armv4-linux.S
[980/1402] Compiling co-586-linux.S
[981/1402] Compiling co-586-apple.S
[982/1402] Compiling bsaes-armv7-linux.S
[983/1402] Wrapping AST for NIOConcurrencyHelpers for debugging
[984/1402] Compiling bn-armv8-win.S
[985/1402] Compiling bn-armv8-linux.S
[986/1402] Compiling bn-armv8-apple.S
[987/1402] Compiling bn-586-apple.S
[988/1402] Compiling bn-586-linux.S
[989/1402] Compiling armv8-mont-win.S
[990/1402] Compiling armv8-mont-apple.S
[991/1402] Compiling armv8-mont-linux.S
[992/1402] Compiling armv4-mont-linux.S
[993/1402] Compiling aesv8-gcm-armv8-win.S
[994/1402] Compiling aesv8-gcm-armv8-linux.S
[995/1402] Compiling aesv8-armv8-win.S
[996/1402] Compiling aesv8-armv8-linux.S
[997/1402] Compiling aesv8-gcm-armv8-apple.S
[998/1402] Compiling aesv8-armv8-apple.S
[999/1402] Compiling aesni-x86_64-linux.S
[1000/1402] Compiling aesv8-armv7-linux.S
[1001/1402] Compiling aesni-x86_64-apple.S
[1002/1402] Compiling aesni-x86-linux.S
[1002/1402] Compiling aesni-x86-apple.S
[1004/1402] Compiling aesni-gcm-x86_64-linux.S
[1005/1402] Compiling aesni-gcm-x86_64-apple.S
[1006/1402] Compiling aes-gcm-avx512-x86_64-linux.S
[1007/1402] Compiling aes-gcm-avx512-x86_64-apple.S
[1008/1402] Compiling aes-gcm-avx2-x86_64-linux.S
[1009/1402] Compiling aes-gcm-avx2-x86_64-apple.S
[1010/1402] Compiling xwing.cc
[1010/1402] Compiling x_x509a.cc
[1012/1402] Compiling x_sig.cc
[1013/1402] Compiling x_pubkey.cc
[1014/1402] Compiling x_name.cc
[1015/1402] Compiling x_x509.cc
[1016/1402] Compiling x_req.cc
[1017/1402] Compiling x_spki.cc
[1018/1402] Compiling x_all.cc
[1019/1402] Compiling x_exten.cc
[1020/1402] Compiling x509rset.cc
[1021/1402] Compiling x_algor.cc
[1022/1402] Compiling x509spki.cc
[1023/1402] Compiling x_attrib.cc
[1024/1402] Compiling x_crl.cc
[1025/1402] Compiling x509cset.cc
[1026/1402] Compiling x509name.cc
[1027/1402] Compiling x509_req.cc
[1028/1402] Compiling x509_vpm.cc
[1029/1402] Compiling x509_trs.cc
[1030/1402] Compiling x509_vfy.cc
[1031/1402] Compiling x509_txt.cc
[1032/1402] Compiling x509_v3.cc
[1033/1402] Compiling x509_set.cc
[1034/1402] Compiling x509_obj.cc
[1035/1402] Compiling x509_ext.cc
[1036/1402] Compiling x509_lu.cc
[1037/1402] Compiling x509_cmp.cc
[1038/1402] Compiling x509_att.cc
[1039/1402] Compiling x509_d2.cc
[1040/1402] Compiling x509_def.cc
[1041/1402] Compiling v3_skey.cc
[1042/1402] Compiling v3_utl.cc
[1043/1402] Compiling v3_purp.cc
[1044/1402] Compiling x509.cc
[1045/1402] Compiling v3_ocsp.cc
[1046/1402] Compiling v3_lib.cc
[1047/1402] Compiling v3_prn.cc
[1048/1402] Compiling v3_ncons.cc
[1049/1402] Compiling v3_int.cc
[1050/1402] Compiling v3_pmaps.cc
[1051/1402] Compiling v3_pcons.cc
[1052/1402] Compiling v3_genn.cc
[1053/1402] Compiling v3_info.cc
[1054/1402] Compiling v3_cpols.cc
[1055/1402] Compiling v3_ia5.cc
[1056/1402] Compiling v3_crld.cc
[1057/1402] Compiling v3_enum.cc
[1058/1402] Compiling v3_extku.cc
[1059/1402] Compiling v3_bitst.cc
[1060/1402] Compiling v3_bcons.cc
[1061/1402] Compiling v3_conf.cc
[1062/1402] Compiling t_req.cc
[1063/1402] Compiling v3_akeya.cc
[1064/1402] Compiling v3_akey.cc
[1065/1402] Compiling t_crl.cc
[1066/1402] Compiling t_x509.cc
[1067/1402] Compiling v3_alt.cc
[1068/1402] Compiling rsa_pss.cc
[1069/1402] Compiling t_x509a.cc
[1070/1402] Compiling policy.cc
[1071/1402] Compiling i2d_pr.cc
[1072/1402] Compiling by_file.cc
[1073/1402] Compiling a_sign.cc
[1074/1402] Compiling name_print.cc
[1075/1402] Compiling asn1_gen.cc
[1076/1402] Compiling by_dir.cc
[1077/1402] Compiling voprf.cc
[1078/1402] Compiling a_verify.cc
[1079/1402] Compiling thread_win.cc
[1080/1402] Compiling thread_none.cc
[1081/1402] Compiling trust_token.cc
[1082/1402] Compiling a_digest.cc
[1083/1402] Compiling algorithm.cc
[1084/1402] Compiling thread_pthread.cc
[1085/1402] Compiling thread.cc
[1086/1402] Compiling stack.cc
[1087/1402] Compiling sha256.cc
[1088/1402] Compiling pmbtoken.cc
[1089/1402] Compiling sha512.cc
[1089/1402] Compiling rsa_print.cc
[1091/1402] Compiling sha1.cc
[1092/1402] Compiling slhdsa.cc
[1093/1402] Compiling spake2plus.cc
[1094/1402] Compiling siphash.cc
[1095/1402] Compiling rsa_extra.cc
[1096/1402] Compiling windows.cc
[1097/1402] Compiling urandom.cc
[1098/1402] Compiling trusty.cc
[1099/1402] Compiling rand.cc
[1100/1402] Compiling passive.cc
[1101/1402] Compiling rc4.cc
[1102/1402] Compiling refcount.cc
[1103/1402] Compiling getentropy.cc
[1104/1402] Compiling ios.cc
[1105/1402] Compiling rsa_crypt.cc
[1106/1402] Compiling forkunsafe.cc
[1107/1402] Compiling poly1305_arm_asm.S
[1108/1402] Compiling fork_detect.cc
[1109/1402] Compiling rsa_asn1.cc
[1110/1402] Compiling poly1305_vec.cc
[1111/1402] Compiling poly1305.cc
[1112/1402] Compiling deterministic.cc
[1113/1402] Compiling poly1305_arm.cc
[1114/1402] Compiling pkcs8.cc
[1115/1402] Compiling pool.cc
[1116/1402] Compiling pkcs7.cc
[1117/1402] Compiling pem_pkey.cc
[1117/1402] Compiling pem_xaux.cc
[1119/1402] Compiling pem_x509.cc
[1120/1402] Compiling pem_oth.cc
[1121/1402] Compiling pkcs8_x509.cc
[1122/1402] Compiling p5_pbev2.cc
[1123/1402] Compiling pkcs7_x509.cc
[1124/1402] Compiling pem_pk8.cc
[1125/1402] Compiling obj_xref.cc
[1126/1402] Compiling pem_lib.cc
[1127/1402] Compiling mldsa.cc
[1128/1402] Compiling pem_info.cc
[1129/1402] Compiling obj.cc
[1130/1402] Compiling mlkem.cc
[1131/1402] Compiling pem_all.cc
[1132/1402] Compiling poly_rq_mul.S
[1133/1402] Compiling md5.cc
[1134/1402] Compiling fips_shared_support.cc
[1135/1402] Compiling mem.cc
[1136/1402] Compiling lhash.cc
[1137/1402] Compiling ex_data.cc
[1138/1402] Compiling md4.cc
[1139/1402] Compiling kyber.cc
[1140/1402] Compiling fuzzer_mode.cc
[1141/1402] Compiling scrypt.cc
[1142/1402] Compiling hrss.cc
[1143/1402] Compiling sign.cc
[1144/1402] Compiling hpke.cc
[1145/1402] Compiling pbkdf.cc
[1146/1402] Compiling print.cc
[1147/1402] Compiling p_x25519.cc
[1148/1402] Compiling p_x25519_asn1.cc
[1149/1402] Compiling p_rsa_asn1.cc
[1150/1402] Compiling p_rsa.cc
[1151/1402] Compiling p_hkdf.cc
[1152/1402] Compiling p_dh_asn1.cc
[1153/1402] Compiling p_ed25519.cc
[1154/1402] Compiling p_ed25519_asn1.cc
[1155/1402] Compiling p_ec.cc
[1156/1402] Compiling p_ec_asn1.cc
[1157/1402] Compiling p_dsa_asn1.cc
[1158/1402] Compiling p_dh.cc
[1159/1402] Compiling evp_ctx.cc
[1160/1402] Compiling err.cc
[1161/1402] Compiling engine.cc
[1162/1402] Compiling evp_asn1.cc
[1163/1402] Compiling evp.cc
[1164/1402] Compiling ec_derive.cc
[1165/1402] Compiling ecdsa_p1363.cc
[1166/1402] Compiling ecdh.cc
[1167/1402] Compiling hash_to_curve.cc
[1168/1402] Compiling ecdsa_asn1.cc
[1169/1402] Compiling dsa.cc
[1170/1402] Compiling dsa_asn1.cc
[1171/1402] Compiling ec_asn1.cc
[1172/1402] Compiling spake25519.cc
[1173/1402] Compiling x25519-asm-arm.S
[1174/1402] Compiling des.cc
[1175/1402] Compiling params.cc
[1176/1402] Compiling digest_extra.cc
[1177/1402] Compiling dh_asn1.cc
[1178/1402] Compiling curve25519_64_adx.cc
[1179/1402] Compiling curve25519.cc
[1180/1402] Compiling cpu_intel.cc
[1181/1402] Compiling cpu_arm_freebsd.cc
[1182/1402] Compiling crypto.cc
[1183/1402] Compiling cpu_arm_linux.cc
[1184/1402] Compiling cpu_aarch64_linux.cc
[1185/1402] Compiling cpu_aarch64_win.cc
[1186/1402] Compiling cpu_aarch64_fuchsia.cc
[1187/1402] Compiling cpu_aarch64_apple.cc
[1188/1402] Compiling cpu_aarch64_sysreg.cc
[1189/1402] Compiling cpu_aarch64_openbsd.cc
[1190/1402] Compiling cms.cc
[1191/1402] Compiling conf.cc
[1192/1402] Compiling get_cipher.cc
[1193/1402] Compiling tls_cbc.cc
[1194/1402] Compiling e_rc2.cc
[1195/1402] Compiling e_tls.cc
[1196/1402] Compiling e_rc4.cc
[1197/1402] Compiling e_null.cc
[1198/1402] Compiling e_des.cc
[1199/1402] Compiling e_chacha20poly1305.cc
[1200/1402] Compiling chacha.cc
[1201/1402] Compiling e_aesgcmsiv.cc
[1202/1402] Compiling e_aesctrhmac.cc
[1203/1402] Compiling bcm.cc
[1204/1402] Compiling e_aeseax.cc
[1205/1402] Compiling derive_key.cc
[1206/1402] Compiling unicode.cc
[1207/1402] Compiling cbb.cc
[1208/1402] Compiling buf.cc
[1209/1402] Compiling cbs.cc
[1210/1402] Compiling sqrt.cc
[1211/1402] Compiling exponentiation.cc
[1212/1402] Compiling bn_asn1.cc
[1213/1402] Compiling convert.cc
[1214/1402] Compiling div.cc
[1215/1402] Compiling blake2.cc
[1216/1402] Compiling ber.cc
[1217/1402] Compiling printf.cc
[1218/1402] Compiling asn1_compat.cc
[1219/1402] Compiling fd.cc
[1220/1402] Compiling errno.cc
[1221/1402] Compiling file.cc
[1222/1402] Compiling pair.cc
[1223/1402] Compiling bio_mem.cc
[1223/1402] Compiling hexdump.cc
[1225/1402] Compiling base64.cc
[1226/1402] Compiling bio.cc
[1227/1402] Compiling tasn_fre.cc
[1228/1402] Compiling tasn_typ.cc
[1229/1402] Compiling posix_time.cc
[1230/1402] Compiling f_int.cc
[1230/1402] Compiling f_string.cc
[1232/1402] Compiling tasn_enc.cc
[1233/1402] Compiling asn_pack.cc
[1234/1402] Compiling asn1_par.cc
[1235/1402] Compiling tasn_utl.cc
[1236/1402] Compiling tasn_new.cc
[1237/1402] Compiling tasn_dec.cc
[1238/1402] Compiling asn1_lib.cc
[1239/1402] Compiling a_strnid.cc
[1240/1402] Compiling a_octet.cc
[1240/1402] Write sources
[1244/1420] Compiling a_time.cc
[1246/1445] Compiling Algorithms Chunked.swift
[1247/1445] Compiling Algorithms Combinations.swift
[1248/1445] Compiling Algorithms Joined.swift
[1249/1445] Compiling Algorithms Keyed.swift
[1249/1447] Compiling a_int.cc
[1251/1447] Compiling Algorithms Permutations.swift
[1252/1447] Compiling Algorithms Product.swift
[1253/1447] Compiling Algorithms FirstNonNil.swift
[1254/1447] Compiling Algorithms Partition.swift
[1255/1447] Compiling Atomics IntegerOperations.swift
[1256/1447] Compiling Atomics Unmanaged extensions.swift
[1256/1447] Compiling a_utctm.cc
[1258/1447] Compiling Algorithms FlattenCollection.swift
[1259/1447] Compiling Algorithms Grouped.swift
[1260/1447] Compiling Algorithms Indexed.swift
[1260/1447] Compiling a_object.cc
[1262/1447] Compiling Algorithms Compacted.swift
[1263/1447] Compiling Algorithms Cycle.swift
[1264/1447] Compiling Algorithms EitherSequence.swift
[1264/1447] Compiling a_mbstr.cc
[1265/1447] Compiling a_type.cc
[1266/1447] Compiling a_strex.cc
[1268/1455] Compiling Algorithms RandomSample.swift
[1269/1455] Compiling Algorithms Reductions.swift
[1270/1455] Compiling Algorithms Rotate.swift
[1272/1458] Compiling Algorithms Stride.swift
[1273/1458] Compiling Algorithms Suffix.swift
[1277/1458] Emitting module CryptoBoringWrapper
[1285/1458] Compiling Algorithms Intersperse.swift
[1286/1458] Compiling CryptoBoringWrapper RandomBytes.swift
[1290/1458] Emitting module Atomics
[1291/1458] Compiling CryptoBoringWrapper FiniteFieldArithmeticContext.swift
[1292/1458] Compiling Algorithms Trim.swift
[1293/1458] Compiling Algorithms Unique.swift
[1294/1458] Compiling Algorithms Windows.swift
[1296/1458] Compiling Algorithms AdjacentPairs.swift
[1297/1458] Compiling Algorithms Chain.swift
[1298/1459] Compiling CryptoBoringWrapper BoringSSLAEAD.swift
[1299/1459] Compiling CryptoBoringWrapper EllipticCurvePoint.swift
[1300/1459] Compiling CryptoBoringWrapper EllipticCurve.swift
[1301/1459] Compiling CryptoBoringWrapper CryptoKitErrors_boring.swift
[1302/1459] Compiling CryptoBoringWrapper ArbitraryPrecisionInteger.swift
[1308/1460] Wrapping AST for Atomics for debugging
[1309/1460] Wrapping AST for CryptoBoringWrapper for debugging
[1311/1608] Emitting module Algorithms
[1312/1609] Wrapping AST for Algorithms for debugging
[1314/1609] Compiling Crypto HashFunctions_SHA3.swift
[1315/1609] Compiling Crypto Digest_xkcp.swift
[1316/1609] Compiling Crypto HPKE-AEAD.swift
[1317/1609] Compiling Crypto HPKE-Ciphersuite.swift
[1318/1609] Compiling Crypto HPKE-KDF.swift
[1319/1609] Compiling Crypto HPKE-KexKeyDerivation.swift
[1320/1609] Compiling Crypto HKDF.swift
[1321/1609] Compiling Crypto AESWrap.swift
[1322/1609] Compiling Crypto AESWrap_boring.swift
[1323/1617] Emitting module Crypto
[1324/1628] Compiling Crypto HPKE-LabeledExtract.swift
[1325/1628] Compiling Crypto HPKE-Utils.swift
[1326/1628] Compiling Crypto DHKEM.swift
[1327/1628] Compiling Crypto HPKE-KEM-Curve25519.swift
[1328/1628] Compiling Crypto HPKE-NIST-EC-KEMs.swift
[1329/1628] Compiling Crypto HPKE-KEM.swift
[1330/1628] Compiling Crypto HPKE-Errors.swift
[1331/1628] Compiling Crypto HPKE.swift
[1332/1628] Compiling Crypto HPKE-Context.swift
[1333/1628] Compiling Crypto ASN1.swift
[1334/1628] Compiling Crypto ASN1Any.swift
[1335/1628] Compiling Crypto ASN1BitString.swift
[1336/1628] Compiling Crypto ASN1Boolean.swift
[1337/1628] Compiling Crypto ASN1Identifier.swift
[1338/1628] Compiling Crypto ASN1Integer.swift
[1339/1628] Compiling Crypto ASN1Null.swift
[1340/1628] Compiling Crypto ASN1OctetString.swift
[1341/1628] Compiling Crypto ASN1Strings.swift
[1342/1628] Compiling Crypto HPKE-KeySchedule.swift
[1343/1628] Compiling Crypto HPKE-Modes.swift
[1344/1628] Compiling Crypto Insecure.swift
[1345/1628] Compiling Crypto AES-GCM.swift
[1346/1628] Compiling Crypto AES-GCM_boring.swift
[1347/1628] Compiling Crypto ChaChaPoly_boring.swift
[1348/1628] Compiling Crypto ChaChaPoly.swift
[1349/1628] Compiling Crypto Cipher.swift
[1350/1628] Compiling Crypto Nonces.swift
[1351/1628] Compiling Crypto DH.swift
[1352/1628] Compiling Crypto ECDH.swift
[1353/1628] Compiling Crypto ANSIx963.swift
[1354/1628] Compiling Crypto CryptoKitErrors.swift
[1355/1628] Compiling Crypto Digest_boring.swift
[1356/1628] Compiling Crypto Digest.swift
[1357/1628] Compiling Crypto Digests.swift
[1358/1628] Compiling Crypto HashFunctions.swift
[1359/1628] Compiling Crypto HashFunctions_SHA2.swift
[1363/1628] Compiling Crypto ArraySliceBigint.swift
[1364/1628] Compiling Crypto GeneralizedTime.swift
[1365/1628] Compiling Crypto ObjectIdentifier.swift
[1366/1628] Compiling Crypto ECDSASignature.swift
[1367/1628] Compiling Crypto PEMDocument.swift
[1368/1628] Compiling Crypto PKCS8PrivateKey.swift
[1369/1628] Compiling Crypto SEC1PrivateKey.swift
[1370/1628] Compiling Crypto SubjectPublicKeyInfo.swift
[1371/1628] Compiling Crypto CryptoError_boring.swift
[1396/1628] Compiling Crypto Insecure_HashFunctions.swift
[1397/1628] Compiling Crypto MLKEM_boring.swift
[1398/1628] Compiling Crypto MLKEM_wrapper.swift
[1399/1628] Compiling Crypto XWing_boring.swift
[1400/1628] Compiling Crypto KEM-Errors.swift
[1401/1628] Compiling Crypto KEM.swift
[1402/1628] Compiling Crypto MLKEM.swift
[1403/1628] Compiling Crypto XWing.swift
[1404/1628] Compiling Crypto ECDH_boring.swift
[1408/1628] Compiling Crypto MACFunctions.swift
[1409/1628] Compiling Crypto MessageAuthenticationCode.swift
[1410/1628] Compiling Crypto AES.swift
[1411/1628] Compiling Crypto ECDSASignature_boring.swift
[1412/1628] Compiling Crypto ECDSA_boring.swift
[1413/1628] Compiling Crypto EdDSA_boring.swift
[1414/1628] Compiling Crypto MLDSA_boring.swift
[1415/1628] Compiling Crypto MLDSA_wrapper.swift
[1416/1628] Compiling Crypto ECDSA.swift
[1417/1628] Compiling Crypto Ed25519.swift
[1418/1628] Compiling Crypto MLDSA.swift
[1422/1628] Compiling NIOCore SingleStepByteToMessageDecoder.swift
[1423/1628] Compiling NIOCore SocketAddresses.swift
[1424/1628] Compiling NIOCore SocketOptionProvider.swift
[1425/1628] Compiling NIOCore SystemCallHelpers.swift
[1426/1628] Compiling NIOCore TimeAmount+Duration.swift
[1427/1628] Compiling NIOCore TypeAssistedChannelHandler.swift
[1428/1628] Compiling NIOCore UniversalBootstrapSupport.swift
[1429/1628] Compiling NIOCore Utilities.swift
[1430/1628] Compiling Crypto HMAC.swift
[1443/1628] Compiling Crypto Signature.swift
[1444/1628] Compiling Crypto CryptoKitErrors_boring.swift
[1445/1628] Compiling Crypto Optional+withUnsafeBytes_boring.swift
[1446/1628] Compiling Crypto RNG_boring.swift
[1447/1628] Compiling Crypto SafeCompare_boring.swift
[1448/1628] Compiling Crypto Zeroization_boring.swift
[1449/1628] Compiling Crypto _CryptoModuleAnchor.swift
[1450/1628] Compiling Crypto PrettyBytes.swift
[1451/1628] Compiling Crypto SafeCompare.swift
[1452/1628] Compiling Crypto SecureBytes.swift
[1453/1628] Compiling Crypto Zeroization.swift
[1454/1629] Wrapping AST for Crypto for debugging
[1464/1691] Emitting module CryptoExtras
[1465/1699] Compiling CryptoExtras ARCServer.swift
[1466/1699] Compiling CryptoExtras ChaCha20CTR_boring.swift
[1467/1699] Compiling CryptoExtras ChaCha20CTR.swift
[1468/1699] Compiling CryptoExtras BoringSSLSHA512256Context.swift
[1469/1699] Compiling CryptoExtras BoringSSLSHA512256HashFunction.swift
[1470/1699] Compiling CryptoExtras SHA512256.swift
[1471/1699] Compiling CryptoExtras SHA512256Digest.swift
[1472/1699] Compiling CryptoExtras Curve25519+PEM.swift
[1473/1699] Compiling CryptoExtras ObjectIdentifier.swift
[1474/1699] Compiling CryptoExtras Data+Extensions.swift
[1475/1699] Compiling CryptoExtras DigestType.swift
[1476/1699] Compiling CryptoExtras Error.swift
[1477/1699] Compiling CryptoExtras I2OSP.swift
[1478/1699] Compiling CryptoExtras IntegerEncoding.swift
[1479/1699] Compiling CryptoExtras PEMDocument.swift
[1480/1699] Compiling CryptoExtras PrettyBytes.swift
[1481/1699] Compiling CryptoExtras SubjectPublicKeyInfo.swift
[1482/1699] Compiling CryptoExtras PKCS8DERRepresentation.swift
[1483/1699] Compiling CryptoExtras PKCS8PrivateKey.swift
[1484/1699] Compiling CryptoExtras RFC8410AlgorithmIdentifier.swift
[1485/1699] Compiling CryptoExtras ECToolbox_boring.swift
[1486/1699] Compiling CryptoExtras ECToolbox.swift
[1487/1699] Compiling CryptoExtras HashToField.swift
[1488/1699] Compiling CryptoExtras KDF.swift
[1489/1699] Compiling CryptoExtras PBKDF2_boring.swift
[1490/1699] Compiling CryptoExtras PBKDF2_commoncrypto.swift
[1491/1699] Compiling CryptoExtras PBKDF2.swift
[1492/1699] Compiling CryptoExtras Scrypt_boring.swift
[1493/1699] Compiling CryptoExtras Scrypt.swift
[1494/1699] Compiling CryptoExtras OPRF.swift
[1495/1699] Compiling CryptoExtras OPRFClient.swift
[1496/1699] Compiling CryptoExtras OPRFServer.swift
[1497/1699] Compiling CryptoExtras VOPRF+API.swift
[1498/1699] Compiling CryptoExtras VOPRFClient.swift
[1499/1699] Compiling CryptoExtras VOPRFServer.swift
[1500/1699] Compiling CryptoExtras ThreadOps.swift
[1501/1699] Compiling CryptoExtras ThreadPosix.swift
[1502/1699] Compiling CryptoExtras ThreadSpecific.swift
[1503/1699] Compiling CryptoExtras ThreadWindows.swift
[1504/1699] Compiling CryptoExtras DLEQ.swift
[1505/1699] Compiling CryptoExtras Prover.swift
[1506/1699] Compiling CryptoExtras Verifier.swift
[1507/1699] Compiling CryptoExtras ZKPToolbox.swift
[1508/1699] Compiling CryptoExtras AES_CBC.swift
[1509/1699] Compiling CryptoExtras AES_CFB.swift
[1510/1699] Compiling CryptoExtras AES_CTR.swift
[1511/1699] Compiling CryptoExtras AES_GCM_SIV.swift
[1512/1699] Compiling CryptoExtras Block Function.swift
[1513/1699] Compiling CryptoExtras AES_CBC_boring.swift
[1514/1699] Compiling CryptoExtras AES_CFB_boring.swift
[1515/1699] Compiling CryptoExtras AES_CTR_boring.swift
[1516/1699] Compiling CryptoExtras AES_GCM_SIV_boring.swift
[1517/1699] Compiling CryptoExtras CMAC.swift
[1518/1699] Compiling CryptoExtras ARC+API.swift
[1519/1699] Compiling CryptoExtras ARC.swift
[1520/1699] Compiling CryptoExtras ARCCredential.swift
[1521/1699] Compiling CryptoExtras ARCEncoding.swift
[1522/1699] Compiling CryptoExtras ARCPrecredential.swift
[1523/1699] Compiling CryptoExtras ARCPresentation.swift
[1524/1699] Compiling CryptoExtras ARCRequest.swift
[1525/1699] Compiling CryptoExtras ARCResponse.swift
[1526/1699] Compiling CryptoExtras BoringSSLPassphraseCallbackManager.swift
[1527/1699] Compiling CryptoExtras RSA+BlindSigning.swift
[1528/1699] Compiling CryptoExtras RSA.swift
[1529/1699] Compiling CryptoExtras RSA_boring.swift
[1530/1699] Compiling CryptoExtras Reexport.swift
[1531/1699] Compiling CryptoExtras Zeroization_boring.swift
[1532/1699] Compiling CryptoExtras BoringSSLHelpers.swift
[1533/1699] Compiling CryptoExtras CryptoKitErrors_boring.swift
[1534/1700] Wrapping AST for CryptoExtras for debugging
[1536/1702] Compiling _CryptoExtras Exports.swift
[1537/1702] Emitting module _CryptoExtras
[1539/1703] Emitting module NIOCore
[1557/1703] Wrapping AST for _CryptoExtras for debugging
[1559/1802] Wrapping AST for NIOCore for debugging
[1561/1856] Compiling NIOFoundationEssentialsCompat Codable+ByteBuffer.swift
[1562/1856] Emitting module NIOEmbedded
[1563/1856] Compiling NIOEmbedded AsyncTestingChannel.swift
[1564/1856] Compiling NIOEmbedded Embedded.swift
[1565/1856] Compiling NIOEmbedded AsyncTestingEventLoop.swift
[1566/1856] Compiling NIOFoundationEssentialsCompat ByteBuffer-foundation.swift
[1567/1856] Emitting module NIOFoundationEssentialsCompat
[1569/1858] Wrapping AST for NIOEmbedded for debugging
[1570/1858] Wrapping AST for NIOFoundationEssentialsCompat for debugging
[1572/1858] Compiling NIOPosix SelectorUring.swift
[1573/1858] Compiling NIOPosix SelectorWSAPoll.swift
[1574/1858] Compiling NIOPosix ServerSocket.swift
[1575/1858] Compiling NIOPosix Socket.swift
[1576/1858] Compiling NIOPosix SocketChannel.swift
[1577/1858] Compiling NIOPosix SocketProtocols.swift
[1578/1858] Compiling NIOPosix StructuredConcurrencyHelpers.swift
[1579/1858] Compiling NIOPosix System.swift
[1580/1858] Compiling X509 SignatureAlgorithm.swift
[1581/1858] Compiling X509 AllOfPolicies.swift
[1582/1858] Compiling X509 AnyPolicy.swift
[1583/1858] Compiling X509 CertificateStore.swift
[1584/1858] Compiling X509 CustomCertificateStore.swift
[1585/1871] Compiling NIOPosix PipeChannel.swift
[1586/1871] Compiling NIOPosix PipePair.swift
[1587/1871] Compiling NIOPosix Pool.swift
[1588/1871] Compiling NIOPosix PosixSingletons+ConcurrencyTakeOver.swift
[1589/1871] Compiling NIOPosix PosixSingletons.swift
[1590/1871] Compiling NIOPosix RawSocketBootstrap.swift
[1591/1871] Compiling NIOPosix Resolver.swift
[1592/1876] Compiling NIOPosix BSDSocketAPICommon.swift
[1593/1876] Compiling NIOPosix BSDSocketAPIPosix.swift
[1594/1876] Compiling NIOPosix BSDSocketAPIWindows.swift
[1595/1876] Compiling NIOPosix BaseSocket.swift
[1596/1876] Compiling NIOPosix BaseSocketChannel+AccessibleTransport.swift
[1597/1876] Compiling NIOPosix BaseSocketChannel+SocketOptionProvider.swift
[1598/1876] Compiling NIOPosix BaseSocketChannel.swift
[1599/1876] Compiling NIOPosix BaseStreamSocketChannel.swift
[1600/1876] Compiling NIOPosix Bootstrap.swift
[1601/1876] Compiling NIOPosix ControlMessage.swift
[1602/1876] Compiling NIOPosix DatagramVectorReadManager.swift
[1603/1876] Compiling NIOPosix Errors+Any.swift
[1604/1876] Compiling NIOPosix FileDescriptor.swift
[1605/1876] Compiling NIOPosix GetaddrinfoResolver.swift
[1606/1878] Compiling NIOPosix MultiThreadedEventLoopGroup.swift
[1607/1878] Compiling NIOPosix NIOPosixSendableMetatype.swift
[1608/1878] Compiling NIOPosix NIORandomizedDNSResolver.swift
[1609/1878] Compiling NIOPosix NIOThreadPool.swift
[1610/1878] Compiling NIOPosix NonBlockingFileIO.swift
[1611/1878] Compiling NIOPosix PendingDatagramWritesManager.swift
[1612/1878] Compiling NIOPosix PendingWritesManager.swift
[1613/1878] Compiling NIOPosix HappyEyeballs.swift
[1614/1878] Compiling NIOPosix IO.swift
[1615/1878] Compiling NIOPosix IntegerBitPacking.swift
[1616/1878] Compiling NIOPosix IntegerTypes.swift
[1617/1878] Compiling NIOPosix Linux.swift
[1618/1878] Compiling NIOPosix LinuxCPUSet.swift
[1619/1878] Compiling NIOPosix LinuxUring.swift
[1620/1878] Compiling X509 NameConstraints.swift
[1621/1878] Compiling X509 SubjectAlternativeName.swift
[1622/1878] Compiling X509 SubjectKeyIdentifier.swift
[1623/1878] Compiling X509 Extension.swift
[1624/1878] Compiling X509 Extensions.swift
[1625/1878] Compiling X509 ExtensionsBuilder.swift
[1626/1878] Compiling X509 GeneralName.swift
[1627/1878] Compiling X509 Lock.swift
[1628/1878] Compiling X509 LockedValueBox.swift
[1629/1878] Compiling X509 BasicOCSPResponse.swift
[1630/1878] Compiling X509 DirectoryString.swift
[1631/1878] Compiling X509 OCSPCertID.swift
[1632/1878] Compiling X509 OCSPCertStatus.swift
[1633/1878] Emitting module NIOPosix
[1634/1878] Compiling NIOPosix Thread.swift
[1635/1878] Compiling NIOPosix ThreadPosix.swift
[1636/1878] Compiling NIOPosix ThreadWindows.swift
[1637/1878] Compiling NIOPosix Utilities.swift
[1638/1878] Compiling NIOPosix VsockAddress.swift
[1639/1878] Compiling NIOPosix VsockChannelEvents.swift
[1640/1878] Compiling NIOPosix Windows.swift
[1676/1878] Compiling NIOPosix Selectable.swift
[1677/1878] Compiling NIOPosix SelectableChannel.swift
[1678/1878] Compiling NIOPosix SelectableEventLoop.swift
[1679/1878] Compiling NIOPosix SelectorEpoll.swift
[1680/1878] Compiling NIOPosix SelectorGeneric.swift
[1681/1878] Compiling NIOPosix SelectorKqueue.swift
[1683/1879] Wrapping AST for NIOPosix for debugging
[1685/1881] Emitting module NIO
[1686/1881] Compiling NIO Exports.swift
[1687/1888] Wrapping AST for NIO for debugging
[1689/1921] Compiling NIOTLS ApplicationProtocolNegotiationHandler.swift
[1690/1921] Compiling NIOSOCKS SelectedAuthenticationMethod.swift
[1691/1922] Emitting module NIOTLS
[1692/1922] Compiling NIOFoundationCompat Exports.swift
[1693/1922] Emitting module NIOFoundationCompat
[1694/1922] Compiling NIOFoundationCompat WaitSpinningRunLoop.swift
[1695/1922] Compiling NIOFoundationCompat JSONSerialization+ByteBuffer.swift
[1696/1923] Compiling NIOSOCKS ServerStateMachine.swift
[1698/1923] Compiling NIOSOCKS ClientStateMachine.swift
[1699/1923] Compiling NIOSOCKS SOCKSResponse.swift
[1715/1923] Compiling X509 OCSPPolicy.swift
[1716/1923] Compiling X509 OCSPRequest.swift
[1717/1923] Compiling X509 OCSPResponse.swift
[1718/1923] Compiling X509 OCSPResponseBytes.swift
[1719/1923] Compiling X509 OCSPResponseData.swift
[1720/1923] Compiling X509 OCSPResponseStatus.swift
[1721/1923] Compiling X509 OCSPSignature.swift
[1722/1923] Compiling X509 OCSPSingleRequest.swift
[1723/1923] Compiling X509 OCSPSingleResponse.swift
[1724/1923] Compiling X509 OCSPTBSRequest.swift
[1725/1923] Compiling X509 OCSPVersion.swift
[1726/1923] Compiling X509 DomainComponent.swift
[1727/1923] Compiling X509 EmailAddress.swift
[1728/1923] Compiling X509 LocalityName.swift
[1729/1923] Compiling X509 OrganizationName.swift
[1730/1923] Compiling X509 OrganizationalUnitName.swift
[1731/1923] Compiling X509 StateOrProvinceName.swift
[1732/1923] Compiling X509 StreetAddress.swift
[1733/1923] Compiling X509 Error.swift
[1734/1923] Compiling X509 AuthorityInformationAccess.swift
[1735/1923] Compiling X509 AuthorityKeyIdentifier.swift
[1736/1923] Compiling X509 BasicConstraints.swift
[1737/1923] Compiling X509 ExtendedKeyUsage.swift
[1738/1923] Compiling X509 ExtensionIdentifiers.swift
[1739/1923] Compiling X509 KeyUsage.swift
[1740/1923] Emitting module X509
[1740/1923] Wrapping AST for NIOFoundationCompat for debugging
[1742/1923] Compiling NIOTLS TLSEvents.swift
[1743/1923] Compiling NIOTLS ProtocolNegotiationHandlerStateMachine.swift
[1744/1923] Compiling NIOTLS NIOTypedApplicationProtocolNegotiationHandler.swift
[1745/1923] Compiling NIOTLS SNIHandler.swift
[1746/1924] Compiling NIOHTTP1 HTTPEncoder.swift
[1747/1924] Compiling NIOHTTP1 HTTPHeaderValidator.swift
[1748/1924] Compiling NIOHTTP1 HTTPServerPipelineHandler.swift
[1749/1924] Compiling NIOHTTP1 HTTPServerProtocolErrorHandler.swift
[1750/1924] Compiling NIOHTTP1 HTTPHeaders+Validation.swift
[1751/1924] Compiling NIOHTTP1 HTTPPipelineSetup.swift
[1753/1924] Emitting module NIOSOCKS
[1754/1924] Compiling NIOHTTP1 ByteCollectionUtils.swift
[1755/1924] Compiling NIOHTTP1 HTTPDecoder.swift
[1756/1925] Wrapping AST for NIOTLS for debugging
[1757/1955] Wrapping AST for NIOSOCKS for debugging
[1759/1955] Compiling NIOSSL SSLErrors.swift
[1760/1955] Compiling NIOSSL SSLInit.swift
[1761/1955] Compiling NIOSSL SSLCallbacks.swift
[1762/1955] Compiling NIOSSL SSLContext.swift
[1763/1957] Compiling NIOSSL NIOSSLClientHandler.swift
[1764/1957] Compiling NIOSSL NIOSSLHandler+Configuration.swift
[1765/1957] Compiling NIOSSL FreeBSDCABundle.swift
[1766/1957] Compiling NIOSSL IdentityVerification.swift
[1767/1957] Compiling NIOSSL LinuxCABundle.swift
[1768/1957] Compiling X509 ValidatedCertificateChain.swift
[1769/1957] Compiling X509 VerificationDiagnostic.swift
[1770/1957] Compiling X509 Verifier.swift
[1771/1957] Compiling X509 VerifierPolicy.swift
[1772/1957] Compiling X509 AlgorithmIdentifier.swift
[1773/1957] Compiling X509 ECDSASignature.swift
[1774/1957] Compiling X509 RSAPKCS1PublicKey.swift
[1775/1957] Compiling X509 SubjectPublicKeyInfo.swift
[1776/1957] Compiling X509 TBSCertificate.swift
[1777/1957] Compiling X509 Time.swift
[1778/1957] Compiling X509 TimeCalculations.swift
[1779/1957] Compiling X509 Validity.swift
[1780/1957] Compiling X509 X509SendableMetatype.swift
[1782/1958] Compiling NIOSSL NIOSSLHandler.swift
[1783/1958] Compiling NIOSSL NIOSSLServerHandler.swift
[1784/1958] Compiling NIOSSL ObjectIdentifier.swift
[1785/1958] Compiling NIOSSL PosixPort.swift
[1785/1958] Wrapping AST for X509 for debugging
[1787/2025] Compiling JWTKit LocaleClaim.swift
[1788/2025] Compiling JWTKit NotBeforeClaim.swift
[1789/2025] Compiling JWTKit SubjectClaim.swift
[1790/2025] Compiling JWTKit TenantIDClaim.swift
[1791/2025] Compiling JWTKit ECDSA.swift
[1792/2025] Compiling JWTKit ECDSACurve.swift
[1793/2025] Compiling JWTKit ECDSACurveType.swift
[1794/2025] Compiling JWTKit ECDSAError.swift
[1795/2025] Compiling JWTKit ECDSAKeyTypes.swift
[1796/2025] Compiling JWTKit ECDSASigner.swift
[1797/2034] Compiling JWTKit IssuerClaim.swift
[1798/2034] Compiling JWTKit JWTClaim.swift
[1799/2034] Emitting module NIOHTTP1
[1804/2035] Compiling JWTKit MLDSAType.swift
[1805/2035] Compiling JWTKit JWTKeyCollection+UnsecuredNone.swift
[1806/2035] Compiling JWTKit UnsecuredNoneSigner.swift
[1807/2035] Compiling JWTKit JWTKeyCollection+RSA.swift
[1808/2035] Compiling JWTKit RSA.swift
[1809/2035] Compiling JWTKit RSAError.swift
[1810/2035] Compiling JWTKit RSASigner.swift
[1811/2035] Compiling JWTKit Base64URL.swift
[1812/2035] Compiling JWTKit CryptoSigner.swift
[1813/2041] Compiling JWTKit JWTSerializer.swift
[1814/2041] Compiling JWTKit JWTSigner.swift
[1815/2041] Compiling JWTKit JWTKeyCollection+MLDSA.swift
[1816/2041] Compiling JWTKit MLDSA.swift
[1817/2041] Compiling JWTKit MLDSA65+MLDSAKey.swift
[1818/2041] Compiling JWTKit MLDSA87+MLDSAKey.swift
[1819/2041] Compiling JWTKit MLDSAError.swift
[1820/2041] Compiling JWTKit MLDSAKey.swift
[1821/2041] Compiling JWTKit MLDSASigner.swift
[1821/2041] Wrapping AST for NIOHTTP1 for debugging
[1823/2052] Emitting module JWTKit
[1824/2052] Compiling JWTKit JWTAlgorithm.swift
[1825/2052] Compiling JWTKit JWTError.swift
[1826/2052] Compiling JWTKit JWTHeader+CommonFields.swift
[1827/2052] Compiling JWTKit JWTHeader.swift
[1828/2052] Compiling JWTKit JWTHeaderField.swift
[1829/2052] Compiling JWTKit JWTKeyCollection.swift
[1830/2052] Compiling JWTKit JWTParser+MandatoryVerificationFields.swift
[1831/2052] Compiling JWTKit JWTParser.swift
[1832/2052] Compiling JWTKit JWTPayload.swift
[1834/2052] Compiling JWTKit AudienceClaim.swift
[1835/2052] Compiling JWTKit BoolClaim.swift
[1836/2052] Compiling JWTKit ExpirationClaim.swift
[1837/2052] Compiling NIOHPACK HeaderTables.swift
[1841/2056] Compiling NIOSSL TLSConfiguration.swift
[1842/2056] Compiling NIOSSL UniversalBootstrapSupport.swift
[1843/2056] Compiling NIOSSL UnsafeKeyAndChainTarget.swift
[1844/2056] Compiling JWTKit JWTKeyCollection+HMAC.swift
[1845/2056] Compiling JWTKit Insecure.swift
[1846/2056] Compiling JWTKit JWK.swift
[1847/2056] Compiling JWTKit JWKIdentifier.swift
[1848/2056] Compiling JWTKit JWKS.swift
[1849/2056] Compiling JWTKit JWKSigner.swift
[1853/2056] Compiling JWTKit GoogleHostedDomainClaim.swift
[1854/2056] Compiling JWTKit IDClaim.swift
[1855/2056] Compiling JWTKit IssuedAtClaim.swift
[1858/2056] Compiling JWTKit JWTMultiValueClaim.swift
[1859/2056] Compiling JWTKit JWTUnixEpochClaim.swift
[1860/2056] Compiling JWTKit ECDSASigningAlgorithm.swift
[1861/2056] Compiling JWTKit JWTKeyCollection+ECDSA.swift
[1862/2056] Compiling JWTKit P256+CurveType.swift
[1863/2056] Compiling JWTKit P384+CurveType.swift
[1864/2056] Compiling JWTKit P521+CurveType.swift
[1865/2056] Compiling JWTKit EdDSA.swift
[1866/2056] Compiling JWTKit EdDSACurve.swift
[1867/2056] Compiling JWTKit EdDSAError.swift
[1868/2056] Compiling JWTKit EdDSASigner.swift
[1869/2056] Compiling NIOSSL Zeroization.swift
[1870/2056] Emitting module NIOSSL
[1871/2056] Compiling NIOHPACK DynamicHeaderTable.swift
[1872/2056] Compiling NIOHPACK HPACKDecoder.swift
[1873/2056] Compiling NIOHPACK HPACKEncoder.swift
[1874/2056] Compiling NIOHPACK HPACKErrors.swift
[1875/2056] Compiling NIOHPACK HPACKHeader.swift
[1876/2056] Compiling NIOHPACK IndexedHeaderTable.swift
[1877/2056] Compiling NIOHPACK IntegerCoding.swift
[1886/2057] Compiling NIOHTTPCompression HTTPDecompression.swift
[1887/2057] Compiling NIOHPACK HuffmanTables.swift
[1888/2057] Compiling JWTKit CustomizedJSONCoders.swift
[1889/2057] Compiling JWTKit Utilities.swift
[1890/2057] Compiling JWTKit AppleIdentityToken.swift
[1891/2057] Compiling JWTKit FirebaseAuthIdentityToken.swift
[1892/2057] Compiling JWTKit GoogleIdentityToken.swift
[1893/2057] Compiling JWTKit MicrosoftIdentityToken.swift
[1894/2057] Compiling JWTKit EmptyPolicy.swift
[1895/2057] Compiling JWTKit ValidationTimePayload.swift
[1896/2057] Compiling JWTKit X5CVerifier.swift
[1897/2057] Emitting module NIOHTTPCompression
[1898/2057] Compiling NIOHTTPCompression HTTPCompression.swift
[1901/2058] Compiling NIOHPACK HuffmanCoding.swift
[1902/2058] Compiling NIOHPACK StaticHeaderTable.swift
[1903/2058] Wrapping AST for JWTKit for debugging
[1905/2058] Emitting module NIOHPACK
[1906/2058] Compiling NIOHTTPCompression HTTPRequestCompressor.swift
[1907/2058] Compiling NIOHTTPCompression HTTPDecompressor.swift
[1908/2058] Compiling NIOHTTPCompression HTTPResponseCompressor.swift
[1909/2059] Wrapping AST for NIOHTTPCompression for debugging
[1923/2060] Wrapping AST for NIOHPACK for debugging
[1925/2123] Compiling NIOHTTP2 ControlFrameBuffer.swift
[1926/2123] Compiling NIOHTTP2 OutboundFlowControlBuffer.swift
[1927/2123] Compiling NIOHTTP2 OutboundFrameBuffer.swift
[1928/2123] Compiling NIOHTTP2 GlitchesMonitor.swift
[1929/2124] Wrapping AST for NIOSSL for debugging
[1931/2124] Compiling NIOHTTP2 MaySendFrames.swift
[1932/2124] Compiling NIOHTTP2 SendingDataState.swift
[1933/2124] Compiling NIOHTTP2 SendingGoawayState.swift
[1934/2124] Compiling NIOHTTP2 SendingHeadersState.swift
[1935/2124] Compiling NIOHTTP2 SendingPushPromiseState.swift
[1936/2124] Compiling NIOHTTP2 SendingRstStreamState.swift
[1937/2124] Compiling NIOHTTP2 SendingWindowUpdateState.swift
[1938/2124] Compiling NIOHTTP2 HTTP2SettingsState.swift
[1939/2124] Compiling NIOHTTP2 HasExtendedConnectSettings.swift
[1940/2132] Compiling NIOHTTP2 HTTP2StreamMultiplexer.swift
[1941/2132] Compiling NIOHTTP2 HTTP2ToHTTP1Codec.swift
[1942/2132] Compiling NIOHTTP2 HTTP2UserEvents.swift
[1943/2132] Compiling NIOHTTP2 InboundEventBuffer.swift
[1944/2132] Compiling NIOHTTP2 InboundWindowManager.swift
[1945/2132] Compiling NIOHTTP2 MultiplexerAbstractChannel.swift
[1946/2132] Compiling NIOHTTP2 NIOHTTP2FrameDelegate.swift
[1947/2132] Compiling NIOHTTP2 NIOHTTP2ServerConnectionManagementHandler+StateMachine.swift
[1948/2132] Emitting module NIOHTTP2
[1949/2132] Compiling NIOHTTP2 DOSHeuristics.swift
[1950/2132] Compiling NIOHTTP2 Error+Any.swift
[1951/2132] Compiling NIOHTTP2 ConcurrentStreamBuffer.swift
[1956/2132] Compiling NIOHTTP2 HPACKHeaders+Validation.swift
[1957/2132] Compiling NIOHTTP2 HTTP2ChannelHandler+InboundStreamMultiplexer.swift
[1958/2132] Compiling NIOHTTP2 NIOHTTP2ServerConnectionManagementHandler.swift
[1959/2132] Compiling NIOHTTP2 StreamChannelFlowController.swift
[1960/2132] Compiling NIOHTTP2 StreamChannelList.swift
[1961/2132] Compiling NIOHTTP2 StreamMap.swift
[1962/2132] Compiling NIOHTTP2 StreamStateMachine.swift
[1963/2132] Compiling NIOHTTP2 Timer.swift
[1964/2132] Compiling NIOHTTP2 UnsafeTransfer.swift
[1965/2132] Compiling NIOHTTP2 WatermarkedFlowController.swift
[1966/2132] Compiling NIOHTTP2 HTTP2FrameParser.swift
[1967/2132] Compiling NIOHTTP2 HTTP2PingData.swift
[1968/2132] Compiling NIOHTTP2 HTTP2PipelineHelpers.swift
[1969/2132] Compiling NIOHTTP2 HTTP2Settings.swift
[1970/2132] Compiling NIOHTTP2 HTTP2Stream.swift
[1971/2132] Compiling NIOHTTP2 HTTP2StreamChannel+OutboundStreamMultiplexer.swift
[1972/2132] Compiling NIOHTTP2 HTTP2StreamChannel.swift
[1973/2132] Compiling NIOHTTP2 HTTP2StreamDelegate.swift
[1974/2132] Compiling NIOHTTP2 HTTP2StreamID.swift
[1975/2132] Compiling NIOHTTP2 HasFlowControlWindows.swift
[1976/2132] Compiling NIOHTTP2 HasLocalSettings.swift
[1977/2132] Compiling NIOHTTP2 HasRemoteSettings.swift
[1978/2132] Compiling NIOHTTP2 LocallyQuiescingState.swift
[1979/2132] Compiling NIOHTTP2 QuiescingState.swift
[1980/2132] Compiling NIOHTTP2 RemotelyQuiescingState.swift
[1981/2132] Compiling NIOHTTP2 SendAndReceiveGoawayState.swift
[1982/2132] Compiling NIOHTTP2 StateMachineResult.swift
[1983/2132] Compiling NIOHTTP2 ContentLengthVerifier.swift
[1984/2132] Compiling NIOHTTP2 HTTP2ChannelHandler+InlineStreamMultiplexer.swift
[1985/2132] Compiling NIOHTTP2 HTTP2ChannelHandler.swift
[1986/2132] Compiling NIOHTTP2 HTTP2CommonInboundStreamMultiplexer.swift
[1987/2132] Compiling NIOHTTP2 HTTP2ConnectionStateChange.swift
[1988/2132] Compiling NIOHTTP2 HTTP2Error.swift
[1989/2132] Compiling NIOHTTP2 HTTP2ErrorCode.swift
[1990/2132] Compiling NIOHTTP2 HTTP2FlowControlWindow.swift
[1991/2132] Compiling NIOHTTP2 HTTP2Frame.swift
[1992/2132] Compiling NIOHTTP2 HTTP2FrameEncoder.swift
[1993/2132] Compiling NIOHTTP2 ConnectionStateMachine.swift
[1994/2132] Compiling NIOHTTP2 ConnectionStreamsState.swift
[1995/2132] Compiling NIOHTTP2 MayReceiveFrames.swift
[1996/2132] Compiling NIOHTTP2 ReceivingDataState.swift
[1997/2132] Compiling NIOHTTP2 ReceivingGoAwayState.swift
[1998/2132] Compiling NIOHTTP2 ReceivingHeadersState.swift
[1999/2132] Compiling NIOHTTP2 ReceivingPushPromiseState.swift
[2000/2132] Compiling NIOHTTP2 ReceivingRstStreamState.swift
[2001/2132] Compiling NIOHTTP2 ReceivingWindowUpdateState.swift
[2002/2133] Wrapping AST for NIOHTTP2 for debugging
[2004/2197] Emitting module AsyncHTTPClient
[2005/2205] Compiling AsyncHTTPClient AnyAsyncSequence.swift
[2006/2205] Compiling AsyncHTTPClient AnyAsyncSequenceProucerDelete.swift
[2007/2205] Compiling AsyncHTTPClient AsyncLazySequence.swift
[2008/2205] Compiling AsyncHTTPClient HTTPClient+execute.swift
[2009/2205] Compiling AsyncHTTPClient HTTPClient+shutdown.swift
[2010/2205] Compiling AsyncHTTPClient HTTPClient+tracing.swift
[2011/2205] Compiling AsyncHTTPClient HTTPClientRequest+Prepared.swift
[2012/2205] Compiling AsyncHTTPClient HTTPClientRequest+auth.swift
[2013/2205] Compiling AsyncHTTPClient HTTPClientRequest.swift
[2014/2205] Compiling AsyncHTTPClient RequestValidation.swift
[2015/2205] Compiling AsyncHTTPClient SSLContextCache.swift
[2016/2205] Compiling AsyncHTTPClient Scheme.swift
[2017/2205] Compiling AsyncHTTPClient Singleton.swift
[2018/2205] Compiling AsyncHTTPClient StringConvertibleInstances.swift
[2019/2205] Compiling AsyncHTTPClient StructuredConcurrencyHelpers.swift
[2020/2205] Compiling AsyncHTTPClient TracingSupport.swift
[2021/2205] Compiling AsyncHTTPClient Utils.swift
[2022/2205] Compiling AsyncHTTPClient HTTPClientResponse.swift
[2023/2205] Compiling AsyncHTTPClient SingleIteratorPrecondition.swift
[2024/2205] Compiling AsyncHTTPClient Transaction+StateMachine.swift
[2025/2205] Compiling AsyncHTTPClient Transaction.swift
[2026/2205] Compiling AsyncHTTPClient Base64.swift
[2027/2205] Compiling AsyncHTTPClient BasicAuth.swift
[2028/2205] Compiling AsyncHTTPClient BestEffortHashableTLSConfiguration.swift
[2029/2205] Compiling AsyncHTTPClient Configuration+BrowserLike.swift
[2030/2205] Compiling AsyncHTTPClient ConnectionPool.swift
[2031/2205] Compiling AsyncHTTPClient HTTP1ProxyConnectHandler.swift
[2032/2205] Compiling AsyncHTTPClient SOCKSEventsHandler.swift
[2033/2205] Compiling AsyncHTTPClient TLSEventsHandler.swift
[2034/2205] Compiling AsyncHTTPClient HTTP1ClientChannelHandler.swift
[2035/2205] Compiling AsyncHTTPClient HTTP1Connection.swift
[2036/2205] Compiling AsyncHTTPClient HTTP1ConnectionStateMachine.swift
[2037/2205] Compiling AsyncHTTPClient HTTP2ClientRequestHandler.swift
[2038/2205] Compiling AsyncHTTPClient HTTP2Connection.swift
[2039/2205] Compiling AsyncHTTPClient HTTP2IdleHandler.swift
[2040/2205] Compiling AsyncHTTPClient HTTPConnectionEvent.swift
[2041/2205] Compiling AsyncHTTPClient HTTPConnectionPool+Factory.swift
[2042/2205] Compiling AsyncHTTPClient HTTPConnectionPool+Manager.swift
[2043/2205] Compiling AsyncHTTPClient HTTPConnectionPool.swift
[2044/2205] Compiling AsyncHTTPClient HTTPExecutableRequest.swift
[2045/2205] Compiling AsyncHTTPClient HTTPRequestStateMachine+Demand.swift
[2046/2205] Compiling AsyncHTTPClient HTTPRequestStateMachine.swift
[2047/2205] Compiling AsyncHTTPClient RequestBodyLength.swift
[2048/2205] Compiling AsyncHTTPClient RequestFramingMetadata.swift
[2049/2205] Compiling AsyncHTTPClient RequestOptions.swift
[2050/2205] Compiling AsyncHTTPClient HTTPConnectionPool+Backoff.swift
[2051/2205] Compiling AsyncHTTPClient HTTPConnectionPool+HTTP1Connections.swift
[2052/2205] Compiling AsyncHTTPClient HTTPConnectionPool+HTTP1StateMachine.swift
[2053/2205] Compiling AsyncHTTPClient HTTPConnectionPool+HTTP2Connections.swift
[2054/2205] Compiling AsyncHTTPClient HTTPConnectionPool+HTTP2StateMachine.swift
[2055/2205] Compiling AsyncHTTPClient HTTPConnectionPool+RequestQueue.swift
[2056/2205] Compiling AsyncHTTPClient HTTPConnectionPool+StateMachine.swift
[2057/2205] Compiling AsyncHTTPClient ConnectionTarget.swift
[2058/2205] Compiling AsyncHTTPClient LRUCache.swift
[2059/2205] Compiling AsyncHTTPClient NIOLoopBound+Execute.swift
[2060/2205] Compiling AsyncHTTPClient NWErrorHandler.swift
[2061/2205] Compiling AsyncHTTPClient NWWaitingHandler.swift
[2062/2205] Compiling AsyncHTTPClient TLSConfiguration.swift
[2063/2205] Compiling AsyncHTTPClient RedirectState.swift
[2064/2205] Compiling AsyncHTTPClient RequestBag+StateMachine.swift
[2065/2205] Compiling AsyncHTTPClient RequestBag+Tracing.swift
[2066/2205] Compiling AsyncHTTPClient RequestBag.swift
[2067/2205] Compiling AsyncHTTPClient DeconstructedURL.swift
[2068/2205] Compiling AsyncHTTPClient FileDownloadDelegate.swift
[2069/2205] Compiling AsyncHTTPClient FoundationExtensions.swift
[2070/2205] Compiling AsyncHTTPClient HTTPClient+HTTPCookie.swift
[2071/2205] Compiling AsyncHTTPClient HTTPClient+Proxy.swift
[2072/2205] Compiling AsyncHTTPClient HTTPClient+StructuredConcurrency.swift
[2073/2205] Compiling AsyncHTTPClient HTTPClient.swift
[2074/2205] Compiling AsyncHTTPClient HTTPClientConfiguration+SwiftConfiguration.swift
[2075/2205] Compiling AsyncHTTPClient HTTPHandler.swift
[2076/2206] Wrapping AST for AsyncHTTPClient for debugging
[2078/2229] Compiling GoogleAuth AnonymousCredentials.swift
[2079/2229] Compiling GoogleAuth ApiKeyCredentials.swift
[2080/2229] Compiling GoogleAuth ExternalAccountCredentials.swift
[2081/2232] Compiling GoogleAuth SubjectTokenProvider.swift
[2082/2232] Compiling GoogleAuth MDSAccessTokenProvider.swift
[2083/2232] Compiling GoogleAuth MDSCredentials.swift
[2084/2232] Compiling GoogleAuth CredentialParserRegistry.swift
[2085/2232] Compiling GoogleAuth Credentials.swift
[2086/2232] Compiling GoogleAuth CredentialsError.swift
[2087/2232] Compiling GoogleAuth ServiceAccountCredentials.swift
[2088/2232] Compiling GoogleAuth ServiceAccountData.swift
[2089/2232] Compiling GoogleAuth ServiceAccountTokenProvider.swift
[2090/2232] Compiling GoogleAuth AuthHTTPClient.swift
[2091/2232] Compiling GoogleAuth AuthHTTPError.swift
[2092/2232] Compiling GoogleAuth RetryEngine.swift
[2093/2232] Compiling GoogleAuth UserAccountData.swift
[2094/2232] Compiling GoogleAuth UserAccountTokenProvider.swift
[2095/2232] Compiling GoogleAuth UserCredentials.swift
[2096/2232] Compiling GoogleAuth ADC.swift
[2097/2232] Compiling GoogleAuth ADCPath.swift
[2098/2232] Compiling GoogleAuth ADCResolver.swift
[2099/2232] Compiling GoogleAuth AuthHeaders.swift
[2100/2232] Emitting module GoogleAuth
[2101/2232] Compiling GoogleAuth STSHandler.swift
[2102/2232] Compiling GoogleAuth TokenCache.swift
[2103/2232] Compiling GoogleAuth PackageVersion.swift
[2104/2233] Wrapping AST for GoogleAuth for debugging
[2106/2291] Compiling GoogleGax AIP194+PollingErrorPolicy.swift
[2107/2291] Compiling GoogleGax AIP194+RetryPolicy.swift
[2108/2291] Compiling GoogleGax AIP194.swift
[2109/2291] Compiling GoogleGax AdaptiveThrottler.swift
[2110/2291] Compiling GoogleGax AlwaysPoll.swift
[2111/2291] Compiling GoogleGax AlwaysRetry.swift
[2112/2291] Compiling GoogleGax ApiClientHeader.swift
[2113/2291] Compiling GoogleGax BackoffPolicy.swift
[2114/2291] Compiling GoogleGax BasePollingErrorPolicy.swift
[2115/2299] Emitting module GoogleGax
[2116/2299] Compiling GoogleGax LimitedAttemptCount+PollingErrorPolicy.swift
[2117/2299] Compiling GoogleGax LimitedAttemptCount+RetryPolicy.swift
[2118/2299] Compiling GoogleGax LimitedAttemptCount.swift
[2119/2299] Compiling GoogleGax LimitedElapsedTime+PollingErrorPolicy.swift
[2120/2299] Compiling GoogleGax LimitedElapsedTime+RetryPolicy.swift
[2121/2299] Compiling GoogleGax LimitedElapsedTime.swift
[2122/2299] Compiling GoogleGax LongRunningOperations.swift
[2123/2299] Compiling GoogleGax NeverRetry.swift
[2124/2299] Compiling GoogleGax Pagination.swift
/host/spi-builder-workspace/.build/checkouts/swift-google-gax/Sources/GoogleGax/Pagination.swift:44:22: error: cannot convert '@Sendable (String) async throws -> (response: ResponseType, items: [Item], nextToken: String)' to 'nonisolated(nonsending) @Sendable (String) async throws -> (response: ResponseType, items: [Item], nextToken: String)' because crossing of an isolation boundary requires parameter and result types to conform to 'Sendable' protocol
42 | ) where ResponseType: _PaginatedResponse<Item> {
43 | self.initialPageToken = initialPageToken ?? ""
44 | self.fetchPage = { token in
| |- error: cannot convert '@Sendable (String) async throws -> (response: ResponseType, items: [Item], nextToken: String)' to 'nonisolated(nonsending) @Sendable (String) async throws -> (response: ResponseType, items: [Item], nextToken: String)' because crossing of an isolation boundary requires parameter and result types to conform to 'Sendable' protocol
| `- note: type 'Item' does not conform to 'Sendable' protocol
45 | let response = try await listRpc(token)
46 | return (response, response._getPaginatedItems(), response._nextPageToken())
[2125/2299] Compiling GoogleGax PollingBackoffPolicy.swift
/host/spi-builder-workspace/.build/checkouts/swift-google-gax/Sources/GoogleGax/Pagination.swift:44:22: error: cannot convert '@Sendable (String) async throws -> (response: ResponseType, items: [Item], nextToken: String)' to 'nonisolated(nonsending) @Sendable (String) async throws -> (response: ResponseType, items: [Item], nextToken: String)' because crossing of an isolation boundary requires parameter and result types to conform to 'Sendable' protocol
42 | ) where ResponseType: _PaginatedResponse<Item> {
43 | self.initialPageToken = initialPageToken ?? ""
44 | self.fetchPage = { token in
| |- error: cannot convert '@Sendable (String) async throws -> (response: ResponseType, items: [Item], nextToken: String)' to 'nonisolated(nonsending) @Sendable (String) async throws -> (response: ResponseType, items: [Item], nextToken: String)' because crossing of an isolation boundary requires parameter and result types to conform to 'Sendable' protocol
| `- note: type 'Item' does not conform to 'Sendable' protocol
45 | let response = try await listRpc(token)
46 | return (response, response._getPaginatedItems(), response._nextPageToken())
[2126/2299] Compiling GoogleGax PollingErrorPolicy.swift
/host/spi-builder-workspace/.build/checkouts/swift-google-gax/Sources/GoogleGax/Pagination.swift:44:22: error: cannot convert '@Sendable (String) async throws -> (response: ResponseType, items: [Item], nextToken: String)' to 'nonisolated(nonsending) @Sendable (String) async throws -> (response: ResponseType, items: [Item], nextToken: String)' because crossing of an isolation boundary requires parameter and result types to conform to 'Sendable' protocol
42 | ) where ResponseType: _PaginatedResponse<Item> {
43 | self.initialPageToken = initialPageToken ?? ""
44 | self.fetchPage = { token in
| |- error: cannot convert '@Sendable (String) async throws -> (response: ResponseType, items: [Item], nextToken: String)' to 'nonisolated(nonsending) @Sendable (String) async throws -> (response: ResponseType, items: [Item], nextToken: String)' because crossing of an isolation boundary requires parameter and result types to conform to 'Sendable' protocol
| `- note: type 'Item' does not conform to 'Sendable' protocol
45 | let response = try await listRpc(token)
46 | return (response, response._getPaginatedItems(), response._nextPageToken())
[2127/2299] Compiling GoogleGax PollingResult.swift
/host/spi-builder-workspace/.build/checkouts/swift-google-gax/Sources/GoogleGax/Pagination.swift:44:22: error: cannot convert '@Sendable (String) async throws -> (response: ResponseType, items: [Item], nextToken: String)' to 'nonisolated(nonsending) @Sendable (String) async throws -> (response: ResponseType, items: [Item], nextToken: String)' because crossing of an isolation boundary requires parameter and result types to conform to 'Sendable' protocol
42 | ) where ResponseType: _PaginatedResponse<Item> {
43 | self.initialPageToken = initialPageToken ?? ""
44 | self.fetchPage = { token in
| |- error: cannot convert '@Sendable (String) async throws -> (response: ResponseType, items: [Item], nextToken: String)' to 'nonisolated(nonsending) @Sendable (String) async throws -> (response: ResponseType, items: [Item], nextToken: String)' because crossing of an isolation boundary requires parameter and result types to conform to 'Sendable' protocol
| `- note: type 'Item' does not conform to 'Sendable' protocol
45 | let response = try await listRpc(token)
46 | return (response, response._getPaginatedItems(), response._nextPageToken())
[2128/2299] Compiling GoogleGax PollingState.swift
/host/spi-builder-workspace/.build/checkouts/swift-google-gax/Sources/GoogleGax/Pagination.swift:44:22: error: cannot convert '@Sendable (String) async throws -> (response: ResponseType, items: [Item], nextToken: String)' to 'nonisolated(nonsending) @Sendable (String) async throws -> (response: ResponseType, items: [Item], nextToken: String)' because crossing of an isolation boundary requires parameter and result types to conform to 'Sendable' protocol
42 | ) where ResponseType: _PaginatedResponse<Item> {
43 | self.initialPageToken = initialPageToken ?? ""
44 | self.fetchPage = { token in
| |- error: cannot convert '@Sendable (String) async throws -> (response: ResponseType, items: [Item], nextToken: String)' to 'nonisolated(nonsending) @Sendable (String) async throws -> (response: ResponseType, items: [Item], nextToken: String)' because crossing of an isolation boundary requires parameter and result types to conform to 'Sendable' protocol
| `- note: type 'Item' does not conform to 'Sendable' protocol
45 | let response = try await listRpc(token)
46 | return (response, response._getPaginatedItems(), response._nextPageToken())
[2129/2299] Compiling GoogleGax ProtobufConversionError.swift
/host/spi-builder-workspace/.build/checkouts/swift-google-gax/Sources/GoogleGax/Pagination.swift:44:22: error: cannot convert '@Sendable (String) async throws -> (response: ResponseType, items: [Item], nextToken: String)' to 'nonisolated(nonsending) @Sendable (String) async throws -> (response: ResponseType, items: [Item], nextToken: String)' because crossing of an isolation boundary requires parameter and result types to conform to 'Sendable' protocol
42 | ) where ResponseType: _PaginatedResponse<Item> {
43 | self.initialPageToken = initialPageToken ?? ""
44 | self.fetchPage = { token in
| |- error: cannot convert '@Sendable (String) async throws -> (response: ResponseType, items: [Item], nextToken: String)' to 'nonisolated(nonsending) @Sendable (String) async throws -> (response: ResponseType, items: [Item], nextToken: String)' because crossing of an isolation boundary requires parameter and result types to conform to 'Sendable' protocol
| `- note: type 'Item' does not conform to 'Sendable' protocol
45 | let response = try await listRpc(token)
46 | return (response, response._getPaginatedItems(), response._nextPageToken())
[2130/2299] Compiling GoogleGax QueryParameter.swift
/host/spi-builder-workspace/.build/checkouts/swift-google-gax/Sources/GoogleGax/Pagination.swift:44:22: error: cannot convert '@Sendable (String) async throws -> (response: ResponseType, items: [Item], nextToken: String)' to 'nonisolated(nonsending) @Sendable (String) async throws -> (response: ResponseType, items: [Item], nextToken: String)' because crossing of an isolation boundary requires parameter and result types to conform to 'Sendable' protocol
42 | ) where ResponseType: _PaginatedResponse<Item> {
43 | self.initialPageToken = initialPageToken ?? ""
44 | self.fetchPage = { token in
| |- error: cannot convert '@Sendable (String) async throws -> (response: ResponseType, items: [Item], nextToken: String)' to 'nonisolated(nonsending) @Sendable (String) async throws -> (response: ResponseType, items: [Item], nextToken: String)' because crossing of an isolation boundary requires parameter and result types to conform to 'Sendable' protocol
| `- note: type 'Item' does not conform to 'Sendable' protocol
45 | let response = try await listRpc(token)
46 | return (response, response._getPaginatedItems(), response._nextPageToken())
[2131/2299] Compiling GoogleGax RequestError.swift
/host/spi-builder-workspace/.build/checkouts/swift-google-gax/Sources/GoogleGax/Pagination.swift:44:22: error: cannot convert '@Sendable (String) async throws -> (response: ResponseType, items: [Item], nextToken: String)' to 'nonisolated(nonsending) @Sendable (String) async throws -> (response: ResponseType, items: [Item], nextToken: String)' because crossing of an isolation boundary requires parameter and result types to conform to 'Sendable' protocol
42 | ) where ResponseType: _PaginatedResponse<Item> {
43 | self.initialPageToken = initialPageToken ?? ""
44 | self.fetchPage = { token in
| |- error: cannot convert '@Sendable (String) async throws -> (response: ResponseType, items: [Item], nextToken: String)' to 'nonisolated(nonsending) @Sendable (String) async throws -> (response: ResponseType, items: [Item], nextToken: String)' because crossing of an isolation boundary requires parameter and result types to conform to 'Sendable' protocol
| `- note: type 'Item' does not conform to 'Sendable' protocol
45 | let response = try await listRpc(token)
46 | return (response, response._getPaginatedItems(), response._nextPageToken())
[2132/2299] Compiling GoogleGax RequestOptions.swift
[2133/2299] Compiling GoogleGax RetryLoop.swift
[2134/2299] Compiling GoogleGax RetryPolicy.swift
[2135/2299] Compiling GoogleGax RetryResult.swift
[2136/2299] Compiling GoogleGax RetryState.swift
[2137/2299] Compiling GoogleGax RetryThrottler.swift
[2138/2299] Compiling GoogleGax RetryThrottlerError.swift
[2139/2299] Compiling GoogleGax RoutingMatcher.swift
[2140/2299] Compiling GoogleGax ContinueOnIO.swift
[2141/2299] Compiling GoogleGax CredentialsProtocol.swift
[2142/2299] Compiling GoogleGax ErrorWrapper.swift
[2143/2299] Compiling GoogleGax ExponentialBackoff+BackoffPolicy.swift
[2144/2299] Compiling GoogleGax ExponentialBackoff+PollingBackoffPolicy.swift
[2145/2299] Compiling GoogleGax ExponentialBackoff.swift
[2146/2299] Compiling GoogleGax HTTPClient.swift
[2147/2299] Compiling GoogleGax HTTPClientHolder.swift
[2148/2299] Compiling GoogleGax BaseRetryPolicy.swift
[2149/2299] Compiling GoogleGax BindingError.swift
[2150/2299] Compiling GoogleGax CRC32C.swift
[2151/2299] Compiling GoogleGax CircuitBreaker.swift
[2152/2299] Compiling GoogleGax ClientError.swift
[2153/2299] Compiling GoogleGax ClientOptions.swift
[2154/2299] Compiling GoogleGax ContinueOnIO+PollingErrorPolicy.swift
[2155/2299] Compiling GoogleGax ContinueOnIO+RetryPolicy.swift
[2156/2299] Compiling GoogleGax HTTPClientProtocol.swift
[2157/2299] Compiling GoogleGax HTTPClientRequest.swift
[2158/2299] Compiling GoogleGax HTTPClientResponse.swift
[2159/2299] Compiling GoogleGax HTTPHeaders.swift
[2160/2299] Compiling GoogleGax HTTPResponseBody.swift
[2161/2299] Compiling GoogleGax HeaderNames.swift
[2162/2299] Compiling GoogleGax Host.swift
[2163/2299] Compiling GoogleGax InProgressResult.swift
[2164/2299] Compiling GoogleGax ServiceError.swift
[2165/2299] Compiling GoogleGax StatusDetail.swift
[2166/2299] Compiling GoogleGax StrictIdempotency.swift
[2167/2299] Compiling GoogleGax ThrottleResult.swift
[2168/2299] Compiling GoogleGax TooManyRequests+PollingErrorPolicy.swift
[2169/2299] Compiling GoogleGax TooManyRequests+RetryPolicy.swift
[2170/2299] Compiling GoogleGax TooManyRequests.swift
[2171/2299] Compiling GoogleGax PackageVersion.swift
BUILD FAILURE 6.2 android