Build Information
Failed to build Ospuze, reference master (7d33d7), with Swift 6.1 for Linux on 19 Jul 2026 03:46:16 UTC.
Build Command
bash -c docker run --pull=always --rm -v "checkouts-54344844-0":/host -w "$PWD" -e JAVA_HOME="/root/.sdkman/candidates/java/current" -e SPI_BUILD="1" -e SPI_PROCESSING="1" registry.gitlab.com/saguaro1/spi-images:basic-6.1-latest swift build --triple x86_64-unknown-linux-gnu 2>&1Build Log
========================================
RunAll
========================================
Builder version: 333316120c8b89ed7d21f1b34865290794301d91
Interrupt handler set up.
========================================
Checkout
========================================
Clone URL: https://github.com/Eisenhuth/Ospuze.git
Reference: master
Initialized empty Git repository in /host/spi-builder-workspace/.git/
hint: Using 'master' as the name for the initial branch. This default branch name
hint: is subject to change. To configure the initial branch name to use in all
hint: of your new repositories, which will suppress this warning, call:
hint:
hint: git config --global init.defaultBranch <name>
hint:
hint: Names commonly chosen instead of 'master' are 'main', 'trunk' and
hint: 'development'. The just-created branch can be renamed via this command:
hint:
hint: git branch -m <name>
From https://github.com/Eisenhuth/Ospuze
* branch master -> FETCH_HEAD
* [new branch] master -> origin/master
HEAD is now at 7d33d7d Season 11
Submodule path 'Sources/Ospuze/Resources/Holtow': checked out 'd0a95e173f0403eb7d1c7911f8f9b65b9b1a2d02'
Submodule 'Sources/Ospuze/Resources/Holtow' (https://github.com/Eisenhuth/Holtow.git) registered for path 'Sources/Ospuze/Resources/Holtow'
Cloning into '/host/spi-builder-workspace/Sources/Ospuze/Resources/Holtow'...
Cloned https://github.com/Eisenhuth/Ospuze.git
Revision (git rev-parse @):
7d33d7df9dc45ad6d87a23b5ed6e35f21993b56c
SPI manifest file found: $PWD/.spi.yml
SUCCESS checkout https://github.com/Eisenhuth/Ospuze.git at master
========================================
Build
========================================
Selected platform: linux
Swift version: 6.1
Building package at path: $PWD
https://github.com/Eisenhuth/Ospuze.git
https://github.com/Eisenhuth/Ospuze.git
WARNING: environment variable SUPPRESS_SWIFT_6_FLAGS is not set
Running build ...
bash -c docker run --pull=always --rm -v "checkouts-54344844-0":/host -w "$PWD" -e JAVA_HOME="/root/.sdkman/candidates/java/current" -e SPI_BUILD="1" -e SPI_PROCESSING="1" registry.gitlab.com/saguaro1/spi-images:basic-6.1-latest swift build --triple x86_64-unknown-linux-gnu -Xswiftc -Xfrontend -Xswiftc -stats-output-dir -Xswiftc -Xfrontend -Xswiftc .stats -Xswiftc -strict-concurrency=complete -Xswiftc -enable-upcoming-feature -Xswiftc StrictConcurrency -Xswiftc -enable-upcoming-feature -Xswiftc DisableOutwardActorInference -Xswiftc -enable-upcoming-feature -Xswiftc GlobalActorIsolatedTypesUsability -Xswiftc -enable-upcoming-feature -Xswiftc InferSendableFromCaptures 2>&1
basic-6.1-latest: Pulling from saguaro1/spi-images
Digest: sha256:0f094b998e61bb35b7a666f42e392cfb12929ea8fa9160622b1badd8b73d5c87
Status: Image is up to date for registry.gitlab.com/saguaro1/spi-images:basic-6.1-latest
Fetching https://github.com/eisenhuth/yasu.git
[1/57] Fetching yasu
Fetched https://github.com/eisenhuth/yasu.git from cache (0.33s)
Computing version for https://github.com/eisenhuth/yasu.git
Computed https://github.com/eisenhuth/yasu.git at 1.0.1 (0.55s)
Creating working copy for https://github.com/eisenhuth/yasu.git
Working copy of https://github.com/eisenhuth/yasu.git resolved at 1.0.1
Building for debugging...
[0/60] Write sources
[0/60] Copying LICENSE
[0/60] Copying S8_powershift.json
[0/60] Copying S8_head2head.json
[0/60] Copying S7_worldtour.json
[0/60] Copying S7_terminalattack.json
[0/60] Copying OB.json
[0/60] Copying CB2.json
[0/60] Copying S8_crossplay.json
[0/60] Copying S7_tdm.json
[0/60] Copying S7_powershift.json
[0/60] Copying S7_sponsor.json
[0/60] Copying S6_worldtour.json
[0/60] Copying S6_terminalattack.json
[0/60] Copying S7_crossplay.json
[1/60] Copying S6_tdm.json
[16/60] Copying S6_powershift.json
[17/60] Copying S6_quickcash.json
[18/60] Copying S6_sponsor.json
[19/60] Copying S5_worldtour.json
[20/60] Copying S6_crossplay.json
[21/60] Copying S7_quickcash.json
[22/60] Copying S9_worldtour.json
[23/60] Copying S9_quickcash.json
[24/60] Copying S9_tdm.json
[24/60] Copying S9_sponsor.json
[26/60] Copying S9_powershift.json
[27/60] Copying S9_pointbreak.json
[28/60] Copying S8_worldtour.json
[29/60] Copying S8_tdm.json
[30/60] Copying S8_quickcash.json
[30/60] Copying S8_sponsor.json
[30/60] Copying S9_head2head.json
[32/60] Copying S9_crossplay.json
[34/60] Copying S4_worldtour.json
[34/60] Copying S5_sponsor.json
[36/60] Copying S3_worldtour.json
[37/60] Copying S5_crossplay.json
[38/60] Copying S4_sponsor.json
[39/60] Copying S4_crossplay.json
[40/60] Copying S3_crossplay.json
[41/60] Copying S2_steam.json
[42/60] Copying S2_xbox.json
[43/60] Copying S2_psn.json
[44/60] Copying S2_crossplay.json
[45/60] Copying S1_steam.json
[46/60] Copying S1_xbox.json
[47/60] Copying S10_worldtour.json
[48/60] Copying S1_crossplay.json
[49/60] Copying S10_tdm.json
[50/60] Copying README.md
[50/60] Copying S1_psn.json
[52/60] Copying S10_sponsor.json
[53/60] Write sources
[54/60] Copying S10_quickcash.json
[55/60] Copying S10_pointbreak.json
[56/60] Copying S10_powershift.json
[57/60] Copying S10_crossplay.json
[58/60] Copying CB1.json
[59/60] Write swift-version-24593BA9C3E375BF.txt
[61/63] Compiling YASU BundleExtension.swift
[62/63] Emitting module YASU
[63/63] Compiling YASU LoadData.swift
/host/spi-builder-workspace/.build/checkouts/yasu/Sources/YASU/Data/LoadData.swift:5:46: error: type 'URLSession' (aka 'AnyObject') has no member 'shared'
3 | public func loadData<T: Decodable>(_ url: URL) async -> T? {
4 | do{
5 | let (data, _) = try await URLSession.shared.data(from: url)
| `- error: type 'URLSession' (aka 'AnyObject') has no member 'shared'
6 | let decoder = JSONDecoder()
7 | let decoded = try decoder.decode(T.self, from: data)
Running build ...
bash -c docker run --pull=always --rm -v "checkouts-54344844-0":/host -w "$PWD" -e JAVA_HOME="/root/.sdkman/candidates/java/current" -e SPI_BUILD="1" -e SPI_PROCESSING="1" registry.gitlab.com/saguaro1/spi-images:basic-6.1-latest swift build --triple x86_64-unknown-linux-gnu 2>&1
basic-6.1-latest: Pulling from saguaro1/spi-images
Digest: sha256:0f094b998e61bb35b7a666f42e392cfb12929ea8fa9160622b1badd8b73d5c87
Status: Image is up to date for registry.gitlab.com/saguaro1/spi-images:basic-6.1-latest
[0/1] Planning build
Building for debugging...
[0/1] Write swift-version-24593BA9C3E375BF.txt
[2/4] Compiling YASU BundleExtension.swift
[3/4] Emitting module YASU
[4/4] Compiling YASU LoadData.swift
/host/spi-builder-workspace/.build/checkouts/yasu/Sources/YASU/Data/LoadData.swift:5:46: error: type 'URLSession' (aka 'AnyObject') has no member 'shared'
3 | public func loadData<T: Decodable>(_ url: URL) async -> T? {
4 | do{
5 | let (data, _) = try await URLSession.shared.data(from: url)
| `- error: type 'URLSession' (aka 'AnyObject') has no member 'shared'
6 | let decoder = JSONDecoder()
7 | let decoded = try decoder.decode(T.self, from: data)
BUILD FAILURE 6.1 linux