Build Information
Failed to build PublisherKit, reference 4.0.2 (0abfe5), with Swift 6.4 for watchOS using Xcode 27.0 on 16 Sep 2026 23:12:39 UTC.
Build Command
env DEVELOPER_DIR=/Applications/Xcode-27.0.0-Release.Candidate.app xcrun xcodebuild -IDEClonedSourcePackagesDirPathOverride=$PWD/.dependencies -skipMacroValidation -skipPackagePluginValidation -derivedDataPath $PWD/.derivedData build -scheme PublisherKit-Package -destination generic/platform=watchOSBuild Log
========================================
RunAll
========================================
Builder version: 5.1.0
Interrupt handler set up.
========================================
Checkout
========================================
Clone URL: https://github.com/ragzy15/PublisherKit.git
Reference: 4.0.2
Initialized empty Git repository in /Users/admin/builder/spi-builder-workspace/.git/
From https://github.com/ragzy15/PublisherKit
* tag 4.0.2 -> FETCH_HEAD
HEAD is now at 0abfe5f Merge pull request #38 from ragzy15/hotfix/validate
Cloned https://github.com/ragzy15/PublisherKit.git
Revision (git rev-parse @):
0abfe5f5d7c5be13f933fcfe2372e8c9ab3ddf90
SUCCESS checkout https://github.com/ragzy15/PublisherKit.git at 4.0.2
========================================
Build
========================================
Selected platform: watchOS
Swift version: 6.4
Building package at path: $PWD
https://github.com/ragzy15/PublisherKit.git
Command line invocation:
/Applications/Xcode-27.0.0-Release.Candidate.app/Contents/Developer/usr/bin/xcodebuild -IDEClonedSourcePackagesDirPathOverride=/Users/admin/builder/spi-builder-workspace/.dependencies -resolvePackageDependencies
resolved source packages:
{
"cxx_language_standard" : "c++1z",
"dependencies" : [
],
"manifest_display_name" : "PublisherKit",
"name" : "PublisherKit",
"path" : "/Users/admin/builder/spi-builder-workspace",
"platforms" : [
{
"name" : "ios",
"version" : "8.0"
},
{
"name" : "macos",
"version" : "10.10"
},
{
"name" : "tvos",
"version" : "9.0"
},
{
"name" : "watchos",
"version" : "3.0"
}
],
"products" : [
{
"name" : "PublisherKit",
"targets" : [
"PublisherKit"
],
"type" : {
"library" : [
"automatic"
]
}
}
],
"targets" : [
{
"c99name" : "PublisherKitTests",
"module_type" : "SwiftTarget",
"name" : "PublisherKitTests",
"path" : "Tests/PublisherKitTests",
"sources" : [
"PublisherKitTests.swift",
"XCTestManifests.swift"
],
"target_dependencies" : [
"PublisherKit"
],
"type" : "test"
},
{
"c99name" : "PublisherKitHelpers",
"module_type" : "ClangTarget",
"name" : "PublisherKitHelpers",
"path" : "Sources/PublisherKitHelpers",
"product_memberships" : [
"PublisherKit"
],
"sources" : [
"PublisherKitHelpers.cpp"
],
"type" : "library"
},
{
"c99name" : "PublisherKit",
"module_type" : "SwiftTarget",
"name" : "PublisherKit",
"path" : "Sources/PublisherKit",
"product_memberships" : [
"PublisherKit"
],
"sources" : [
"Abstract Combine Latest/Abstract Combine Latest.swift",
"Abstract Zip/Abstract Zip.swift",
"Bindable/Bindable Value.swift",
"Cancellables/Any/Any Cancellable.swift",
"Codable/JSONDecoder.swift",
"Codable/JSONEncoder.swift",
"Codable/PropertyListDecoder.swift",
"Codable/PropertyListEncoder.swift",
"Combine Identifier/Combine Identifier.swift",
"Error/HTTP Error.swift",
"Error/URLError.swift",
"Extensions/Array+Extension.swift",
"Extensions/Dictionary+Extension.swift",
"Extensions/Optional+Extension.swift",
"Extensions/Result+Extension.swift",
"Extensions/URL+Extension.swift",
"Extensions/URLRequest+Extension.swift",
"Locks/Locks.swift",
"Logger/Logger.swift",
"Operations/Asynchronous Operation.swift",
"Protocols/Cancellable/Cancellable.swift",
"Protocols/Connectable Publisher/Connectable Publisher.swift",
"Protocols/Custom Combine Identifier Convertible/Custom Combine Identifier Convertible.swift",
"Protocols/Decoder/Top Level Decoder.swift",
"Protocols/Encoder/Top Level Encoder.swift",
"Protocols/Publisher/Publisher+Operators.swift",
"Protocols/Publisher/Publisher+Subscribers.swift",
"Protocols/Publisher/Publisher.swift",
"Protocols/Scheduler/Scheduler.swift",
"Protocols/Subject/Subject.swift",
"Protocols/Subscriber/Subscriber.swift",
"Protocols/Subscription/Subscription.swift",
"Protocols/__KeyValueObservingPKPublisher/__KeyValueObservingPKPublisher.swift",
"Publishers/All Satisfy/All Satisfy.swift",
"Publishers/Any/Any Publisher.swift",
"Publishers/Assert No Failure/Assert No Failure.swift",
"Publishers/Autoconnect/Autoconnect.swift",
"Publishers/Breakpoint/Breakpoint.swift",
"Publishers/Buffer/Buffer.swift",
"Publishers/Catch/Catch.swift",
"Publishers/Collect/Collect.swift",
"Publishers/Combine Latest/Combine Latest.swift",
"Publishers/Compact Map/Compact Map.swift",
"Publishers/Comparison/Comparison.swift",
"Publishers/Concatenate/Concatenate.swift",
"Publishers/Contains Where/Contains Where.swift",
"Publishers/Contains/Contains.swift",
"Publishers/Count/Count.swift",
"Publishers/Debounce/Debounce.swift",
"Publishers/Decode/Decode.swift",
"Publishers/Deferred/Deferred.swift",
"Publishers/Delay/Delay.swift",
"Publishers/Drop Until Output/Drop Until Output.swift",
"Publishers/Drop While/Drop While.swift",
"Publishers/Drop/Drop.swift",
"Publishers/Empty/Empty Publisher.swift",
"Publishers/Encode/Encode.swift",
"Publishers/Fail/Fail.swift",
"Publishers/Filter/Filter.swift",
"Publishers/First/First.swift",
"Publishers/Flat Map/Flat Map.swift",
"Publishers/Future/Future.swift",
"Publishers/Handle Events/Handle Events.swift",
"Publishers/Ignore Output/Ignore Output.swift",
"Publishers/Just/Just+Operators.swift",
"Publishers/Just/Just.swift",
"Publishers/Last/Last.swift",
"Publishers/Make Connectable/Make Connectable.swift",
"Publishers/Map Error/Map Error.swift",
"Publishers/Map Keypath/Map Keypath.swift",
"Publishers/Map/Map.swift",
"Publishers/Matches/First Match.swift",
"Publishers/Matches/Matches.swift",
"Publishers/Measure Interval/Measure Interval.swift",
"Publishers/Merge/Merge.swift",
"Publishers/Merge/_Merged.swift",
"Publishers/Multicast/Multicast.swift",
"Publishers/NSObject/NSObject.swift",
"Publishers/Notification Center/Notification Center.swift",
"Publishers/Optional/Optional+Operators.swift",
"Publishers/Optional/Optional.swift",
"Publishers/Output/Output.swift",
"Publishers/Prefix Until Output/Prefix Until Output.swift",
"Publishers/Prefix While/Prefix While.swift",
"Publishers/Print/Print.swift",
"Publishers/Publishers.swift",
"Publishers/Receive On/Receive On.swift",
"Publishers/Record/Record.swift",
"Publishers/Reduce/Reduce.swift",
"Publishers/Remove Duplicates/Remove Duplicates.swift",
"Publishers/Replace Empty/Replace Empty.swift",
"Publishers/Replace Error/Replace Error.swift",
"Publishers/Result/Result+Operators.swift",
"Publishers/Result/Result.swift",
"Publishers/Retry/Retry.swift",
"Publishers/Scan/Scan.swift",
"Publishers/Sequence/Sequence+Operators.swift",
"Publishers/Sequence/Sequence.swift",
"Publishers/Set Failure Type/Set Failure Type.swift",
"Publishers/Share/Share.swift",
"Publishers/Subscribe On/Subscribe On.swift",
"Publishers/Switch To Latest/Swift To Latest.swift",
"Publishers/Throttle/Throttle.swift",
"Publishers/Timeout/Timeout.swift",
"Publishers/Timer/Timer.swift",
"Publishers/UI/App Kit/NSTextField.swift",
"Publishers/UI/App Kit/NSTextView.swift",
"Publishers/UI/UI Kit/UITextField.swift",
"Publishers/UI/UI Kit/UITextView.swift",
"Publishers/URLSession/Data Task.swift",
"Publishers/URLSession/Download Task.swift",
"Publishers/URLSession/Upload Task.swift",
"Publishers/URLSession/Validate.swift",
"Publishers/Zip/Zip.swift",
"Schedulers/Dispatch Queue.swift",
"Schedulers/Immediate Scheduler.swift",
"Schedulers/Operation Queue.swift",
"Schedulers/Run Loop.swift",
"Subjects/Current Value Subject.swift",
"Subjects/Passthrough Subject.swift",
"Subscribers/Any/Any Subscriber.swift",
"Subscribers/Assign/Assign No Retain.swift",
"Subscribers/Assign/Assign.swift",
"Subscribers/Completion/Completion.swift",
"Subscribers/Demand/Demand.swift",
"Subscribers/Internal/Filter Producer.swift",
"Subscribers/Internal/PartialCompletion.swift",
"Subscribers/Internal/Reduce Producer.swift",
"Subscribers/Internal/Subject Subscriber.swift",
"Subscribers/OnCompletion/OnCompletion.swift",
"Subscribers/Sink/Sink.swift",
"Subscribers/Subscribers.swift",
"Subscriptions/Empty/Empty.swift",
"Subscriptions/Internal/Subscription Status.swift",
"Subscriptions/Subscriptions.swift"
],
"target_dependencies" : [
"PublisherKitHelpers"
],
"type" : "library"
}
],
"tools_version" : "5.1"
}
{
"project" : {
"configurations" : [
"Debug",
"Release"
],
"name" : "PublisherKit",
"schemes" : [
"PublisherKit-Package"
],
"targets" : [
"PublisherKit",
"PublisherKitHelpers",
"PublisherKitPackageDescription",
"PublisherKitPackageTests",
"PublisherKitTests"
]
}
}
Running build ...
env DEVELOPER_DIR=/Applications/Xcode-27.0.0-Release.Candidate.app xcrun xcodebuild -IDEClonedSourcePackagesDirPathOverride=$PWD/.dependencies -skipMacroValidation -skipPackagePluginValidation -derivedDataPath $PWD/.derivedData build -scheme PublisherKit-Package -destination generic/platform=watchOS
Command line invocation:
/Applications/Xcode-27.0.0-Release.Candidate.app/Contents/Developer/usr/bin/xcodebuild -IDEClonedSourcePackagesDirPathOverride=/Users/admin/builder/spi-builder-workspace/.dependencies -skipMacroValidation -skipPackagePluginValidation -derivedDataPath /Users/admin/builder/spi-builder-workspace/.derivedData build -scheme PublisherKit-Package -destination generic/platform=watchOS
ComputePackagePrebuildTargetDependencyGraph
Prepare packages
CreateBuildRequest
SendProjectDescription
CreateBuildOperation
ComputeTargetDependencyGraph
note: Building targets in dependency order
note: Target dependency graph (2 targets)
Target 'PublisherKit' in project 'PublisherKit'
➜ Explicit dependency on target 'PublisherKitHelpers' in project 'PublisherKit'
Target 'PublisherKitHelpers' in project 'PublisherKit' (no dependencies)
GatherProvisioningInputs
CreateBuildDescription
ExecuteExternalTool /Applications/Xcode-27.0.0-Release.Candidate.app/Contents/Developer/Toolchains/XcodeDefault.xctoolchain/usr/bin/clang -v -E -dM -arch arm64 -isysroot /Applications/Xcode-27.0.0-Release.Candidate.app/Contents/Developer/Platforms/WatchOS.platform/Developer/SDKs/WatchOS27.0.sdk -x c++ -c /dev/null
ExecuteExternalTool /Applications/Xcode-27.0.0-Release.Candidate.app/Contents/Developer/Toolchains/XcodeDefault.xctoolchain/usr/bin/clang -v -E -dM -isysroot /Applications/Xcode-27.0.0-Release.Candidate.app/Contents/Developer/Platforms/WatchOS.platform/Developer/SDKs/WatchOS27.0.sdk -x c -c /dev/null
ExecuteExternalTool /Applications/Xcode-27.0.0-Release.Candidate.app/Contents/Developer/Toolchains/XcodeDefault.xctoolchain/usr/bin/swiftc --version
ExecuteExternalTool /Applications/Xcode-27.0.0-Release.Candidate.app/Contents/Developer/Toolchains/XcodeDefault.xctoolchain/usr/bin/clang -v -E -dM -arch arm64 -isysroot /Applications/Xcode-27.0.0-Release.Candidate.app/Contents/Developer/Platforms/WatchOS.platform/Developer/SDKs/WatchOS27.0.sdk -x c -c /dev/null
ExecuteExternalTool /Applications/Xcode-27.0.0-Release.Candidate.app/Contents/Developer/Toolchains/XcodeDefault.xctoolchain/usr/bin/ld -version_details
ExecuteExternalTool /Applications/Xcode-27.0.0-Release.Candidate.app/Contents/Developer/Toolchains/XcodeDefault.xctoolchain/usr/bin/clang -v -E -dM -arch arm64_32 -isysroot /Applications/Xcode-27.0.0-Release.Candidate.app/Contents/Developer/Platforms/WatchOS.platform/Developer/SDKs/WatchOS27.0.sdk -x c++ -c /dev/null
ExecuteExternalTool /Applications/Xcode-27.0.0-Release.Candidate.app/Contents/Developer/Toolchains/XcodeDefault.xctoolchain/usr/bin/clang -v -E -dM -arch arm64_32 -isysroot /Applications/Xcode-27.0.0-Release.Candidate.app/Contents/Developer/Platforms/WatchOS.platform/Developer/SDKs/WatchOS27.0.sdk -x c -c /dev/null
Build description signature: 3379966ea07a4fe6daf54ecb65046655
Build description path: /Users/admin/builder/spi-builder-workspace/.derivedData/Build/Intermediates.noindex/XCBuildData/3379966ea07a4fe6daf54ecb65046655.xcbuilddata
/Users/admin/builder/spi-builder-workspace/PublisherKit.xcodeproj: error: The watchOS deployment target 'WATCHOS_DEPLOYMENT_TARGET' is set to 3.0, but the range of supported deployment target versions is 9.0 to 27.0.x. (in target 'PublisherKitHelpers' from project 'PublisherKit')
error: The armv7k architecture is deprecated. You should update your ARCHS build setting to remove the armv7k architecture. (in target 'PublisherKitHelpers' from project 'PublisherKit')
/Users/admin/builder/spi-builder-workspace/PublisherKit.xcodeproj: error: The watchOS deployment target 'WATCHOS_DEPLOYMENT_TARGET' is set to 3.0, but the range of supported deployment target versions is 9.0 to 27.0.x. (in target 'PublisherKit' from project 'PublisherKit')
error: The armv7k architecture is deprecated. You should update your ARCHS build setting to remove the armv7k architecture. (in target 'PublisherKit' from project 'PublisherKit')
** BUILD FAILED **
The following build commands failed:
Building project PublisherKit with scheme PublisherKit-Package
(1 failure)
Command line invocation:
/Applications/Xcode-27.0.0-Release.Candidate.app/Contents/Developer/usr/bin/xcodebuild -IDEClonedSourcePackagesDirPathOverride=/Users/admin/builder/spi-builder-workspace/.dependencies -resolvePackageDependencies
resolved source packages:
{
"cxx_language_standard" : "c++1z",
"dependencies" : [
],
"manifest_display_name" : "PublisherKit",
"name" : "PublisherKit",
"path" : "/Users/admin/builder/spi-builder-workspace",
"platforms" : [
{
"name" : "ios",
"version" : "8.0"
},
{
"name" : "macos",
"version" : "10.10"
},
{
"name" : "tvos",
"version" : "9.0"
},
{
"name" : "watchos",
"version" : "3.0"
}
],
"products" : [
{
"name" : "PublisherKit",
"targets" : [
"PublisherKit"
],
"type" : {
"library" : [
"automatic"
]
}
}
],
"targets" : [
{
"c99name" : "PublisherKitTests",
"module_type" : "SwiftTarget",
"name" : "PublisherKitTests",
"path" : "Tests/PublisherKitTests",
"sources" : [
"PublisherKitTests.swift",
"XCTestManifests.swift"
],
"target_dependencies" : [
"PublisherKit"
],
"type" : "test"
},
{
"c99name" : "PublisherKitHelpers",
"module_type" : "ClangTarget",
"name" : "PublisherKitHelpers",
"path" : "Sources/PublisherKitHelpers",
"product_memberships" : [
"PublisherKit"
],
"sources" : [
"PublisherKitHelpers.cpp"
],
"type" : "library"
},
{
"c99name" : "PublisherKit",
"module_type" : "SwiftTarget",
"name" : "PublisherKit",
"path" : "Sources/PublisherKit",
"product_memberships" : [
"PublisherKit"
],
"sources" : [
"Abstract Combine Latest/Abstract Combine Latest.swift",
"Abstract Zip/Abstract Zip.swift",
"Bindable/Bindable Value.swift",
"Cancellables/Any/Any Cancellable.swift",
"Codable/JSONDecoder.swift",
"Codable/JSONEncoder.swift",
"Codable/PropertyListDecoder.swift",
"Codable/PropertyListEncoder.swift",
"Combine Identifier/Combine Identifier.swift",
"Error/HTTP Error.swift",
"Error/URLError.swift",
"Extensions/Array+Extension.swift",
"Extensions/Dictionary+Extension.swift",
"Extensions/Optional+Extension.swift",
"Extensions/Result+Extension.swift",
"Extensions/URL+Extension.swift",
"Extensions/URLRequest+Extension.swift",
"Locks/Locks.swift",
"Logger/Logger.swift",
"Operations/Asynchronous Operation.swift",
"Protocols/Cancellable/Cancellable.swift",
"Protocols/Connectable Publisher/Connectable Publisher.swift",
"Protocols/Custom Combine Identifier Convertible/Custom Combine Identifier Convertible.swift",
"Protocols/Decoder/Top Level Decoder.swift",
"Protocols/Encoder/Top Level Encoder.swift",
"Protocols/Publisher/Publisher+Operators.swift",
"Protocols/Publisher/Publisher+Subscribers.swift",
"Protocols/Publisher/Publisher.swift",
"Protocols/Scheduler/Scheduler.swift",
"Protocols/Subject/Subject.swift",
"Protocols/Subscriber/Subscriber.swift",
"Protocols/Subscription/Subscription.swift",
"Protocols/__KeyValueObservingPKPublisher/__KeyValueObservingPKPublisher.swift",
"Publishers/All Satisfy/All Satisfy.swift",
"Publishers/Any/Any Publisher.swift",
"Publishers/Assert No Failure/Assert No Failure.swift",
"Publishers/Autoconnect/Autoconnect.swift",
"Publishers/Breakpoint/Breakpoint.swift",
"Publishers/Buffer/Buffer.swift",
"Publishers/Catch/Catch.swift",
"Publishers/Collect/Collect.swift",
"Publishers/Combine Latest/Combine Latest.swift",
"Publishers/Compact Map/Compact Map.swift",
"Publishers/Comparison/Comparison.swift",
"Publishers/Concatenate/Concatenate.swift",
"Publishers/Contains Where/Contains Where.swift",
"Publishers/Contains/Contains.swift",
"Publishers/Count/Count.swift",
"Publishers/Debounce/Debounce.swift",
"Publishers/Decode/Decode.swift",
"Publishers/Deferred/Deferred.swift",
"Publishers/Delay/Delay.swift",
"Publishers/Drop Until Output/Drop Until Output.swift",
"Publishers/Drop While/Drop While.swift",
"Publishers/Drop/Drop.swift",
"Publishers/Empty/Empty Publisher.swift",
"Publishers/Encode/Encode.swift",
"Publishers/Fail/Fail.swift",
"Publishers/Filter/Filter.swift",
"Publishers/First/First.swift",
"Publishers/Flat Map/Flat Map.swift",
"Publishers/Future/Future.swift",
"Publishers/Handle Events/Handle Events.swift",
"Publishers/Ignore Output/Ignore Output.swift",
"Publishers/Just/Just+Operators.swift",
"Publishers/Just/Just.swift",
"Publishers/Last/Last.swift",
"Publishers/Make Connectable/Make Connectable.swift",
"Publishers/Map Error/Map Error.swift",
"Publishers/Map Keypath/Map Keypath.swift",
"Publishers/Map/Map.swift",
"Publishers/Matches/First Match.swift",
"Publishers/Matches/Matches.swift",
"Publishers/Measure Interval/Measure Interval.swift",
"Publishers/Merge/Merge.swift",
"Publishers/Merge/_Merged.swift",
"Publishers/Multicast/Multicast.swift",
"Publishers/NSObject/NSObject.swift",
"Publishers/Notification Center/Notification Center.swift",
"Publishers/Optional/Optional+Operators.swift",
"Publishers/Optional/Optional.swift",
"Publishers/Output/Output.swift",
"Publishers/Prefix Until Output/Prefix Until Output.swift",
"Publishers/Prefix While/Prefix While.swift",
"Publishers/Print/Print.swift",
"Publishers/Publishers.swift",
"Publishers/Receive On/Receive On.swift",
"Publishers/Record/Record.swift",
"Publishers/Reduce/Reduce.swift",
"Publishers/Remove Duplicates/Remove Duplicates.swift",
"Publishers/Replace Empty/Replace Empty.swift",
"Publishers/Replace Error/Replace Error.swift",
"Publishers/Result/Result+Operators.swift",
"Publishers/Result/Result.swift",
"Publishers/Retry/Retry.swift",
"Publishers/Scan/Scan.swift",
"Publishers/Sequence/Sequence+Operators.swift",
"Publishers/Sequence/Sequence.swift",
"Publishers/Set Failure Type/Set Failure Type.swift",
"Publishers/Share/Share.swift",
"Publishers/Subscribe On/Subscribe On.swift",
"Publishers/Switch To Latest/Swift To Latest.swift",
"Publishers/Throttle/Throttle.swift",
"Publishers/Timeout/Timeout.swift",
"Publishers/Timer/Timer.swift",
"Publishers/UI/App Kit/NSTextField.swift",
"Publishers/UI/App Kit/NSTextView.swift",
"Publishers/UI/UI Kit/UITextField.swift",
"Publishers/UI/UI Kit/UITextView.swift",
"Publishers/URLSession/Data Task.swift",
"Publishers/URLSession/Download Task.swift",
"Publishers/URLSession/Upload Task.swift",
"Publishers/URLSession/Validate.swift",
"Publishers/Zip/Zip.swift",
"Schedulers/Dispatch Queue.swift",
"Schedulers/Immediate Scheduler.swift",
"Schedulers/Operation Queue.swift",
"Schedulers/Run Loop.swift",
"Subjects/Current Value Subject.swift",
"Subjects/Passthrough Subject.swift",
"Subscribers/Any/Any Subscriber.swift",
"Subscribers/Assign/Assign No Retain.swift",
"Subscribers/Assign/Assign.swift",
"Subscribers/Completion/Completion.swift",
"Subscribers/Demand/Demand.swift",
"Subscribers/Internal/Filter Producer.swift",
"Subscribers/Internal/PartialCompletion.swift",
"Subscribers/Internal/Reduce Producer.swift",
"Subscribers/Internal/Subject Subscriber.swift",
"Subscribers/OnCompletion/OnCompletion.swift",
"Subscribers/Sink/Sink.swift",
"Subscribers/Subscribers.swift",
"Subscriptions/Empty/Empty.swift",
"Subscriptions/Internal/Subscription Status.swift",
"Subscriptions/Subscriptions.swift"
],
"target_dependencies" : [
"PublisherKitHelpers"
],
"type" : "library"
}
],
"tools_version" : "5.1"
}
{
"project" : {
"configurations" : [
"Debug",
"Release"
],
"name" : "PublisherKit",
"schemes" : [
"PublisherKit-Package"
],
"targets" : [
"PublisherKit",
"PublisherKitHelpers",
"PublisherKitPackageDescription",
"PublisherKitPackageTests",
"PublisherKitTests"
]
}
}
Running build ...
env DEVELOPER_DIR=/Applications/Xcode-27.0.0-Release.Candidate.app xcrun xcodebuild -IDEClonedSourcePackagesDirPathOverride=$PWD/.dependencies -skipMacroValidation -skipPackagePluginValidation -derivedDataPath $PWD/.derivedData build -scheme PublisherKit-Package -destination generic/platform=watchOS
Command line invocation:
/Applications/Xcode-27.0.0-Release.Candidate.app/Contents/Developer/usr/bin/xcodebuild -IDEClonedSourcePackagesDirPathOverride=/Users/admin/builder/spi-builder-workspace/.dependencies -skipMacroValidation -skipPackagePluginValidation -derivedDataPath /Users/admin/builder/spi-builder-workspace/.derivedData build -scheme PublisherKit-Package -destination generic/platform=watchOS
ComputePackagePrebuildTargetDependencyGraph
Prepare packages
CreateBuildRequest
SendProjectDescription
CreateBuildOperation
ComputeTargetDependencyGraph
note: Building targets in dependency order
note: Target dependency graph (2 targets)
Target 'PublisherKit' in project 'PublisherKit'
➜ Explicit dependency on target 'PublisherKitHelpers' in project 'PublisherKit'
Target 'PublisherKitHelpers' in project 'PublisherKit' (no dependencies)
GatherProvisioningInputs
CreateBuildDescription
error: The armv7k architecture is deprecated. You should update your ARCHS build setting to remove the armv7k architecture. (in target 'PublisherKit' from project 'PublisherKit')
/Users/admin/builder/spi-builder-workspace/PublisherKit.xcodeproj: error: The watchOS deployment target 'WATCHOS_DEPLOYMENT_TARGET' is set to 3.0, but the range of supported deployment target versions is 9.0 to 27.0.x. (in target 'PublisherKit' from project 'PublisherKit')
error: The armv7k architecture is deprecated. You should update your ARCHS build setting to remove the armv7k architecture. (in target 'PublisherKitHelpers' from project 'PublisherKit')
/Users/admin/builder/spi-builder-workspace/PublisherKit.xcodeproj: error: The watchOS deployment target 'WATCHOS_DEPLOYMENT_TARGET' is set to 3.0, but the range of supported deployment target versions is 9.0 to 27.0.x. (in target 'PublisherKitHelpers' from project 'PublisherKit')
** BUILD FAILED **
The following build commands failed:
Building project PublisherKit with scheme PublisherKit-Package
(1 failure)
BUILD FAILURE 6.4 watchOS