The Swift Package Index logo.Swift Package Index

Build Information

Failed to build ScrollableTabBar, reference v0.2.8 (abcd4e), with Swift 6.3 for watchOS using Xcode 26.4 on 29 Oct 2026 04:45:09 UTC.

Build Command

No build command. This typically means the build failed at an early stage where we determine the build command.

Build Log

========================================
RunAll
========================================
Builder version: 5.1.3
Interrupt handler set up.
========================================
Checkout
========================================
Clone URL: https://github.com/lynnswap/ScrollableTabBar.git
Reference: v0.2.8
Initialized empty Git repository in /Users/admin/builder/spi-builder-workspace/.git/
From https://github.com/lynnswap/ScrollableTabBar
 * tag               v0.2.8     -> FETCH_HEAD
HEAD is now at abcd4ed Adopt ABIBridge 0.13.2 runtime fixes (#21)
Cloned https://github.com/lynnswap/ScrollableTabBar.git
Revision (git rev-parse @):
abcd4ed8910fdefb8089c58fab58d6847ed4052e
SUCCESS checkout https://github.com/lynnswap/ScrollableTabBar.git at v0.2.8
========================================
Build
========================================
Selected platform:         watchOS
Swift version:             6.3
Building package at path:  $PWD
https://github.com/lynnswap/ScrollableTabBar.git
Command line invocation:
    /Applications/Xcode-26.5.0.app/Contents/Developer/usr/bin/xcodebuild -IDEClonedSourcePackagesDirPathOverride=/Users/admin/builder/spi-builder-workspace/.dependencies -resolvePackageDependencies
Resolve Package Graph
unknown package 'ScrollableTabBar' in dependencies of target 'ScrollableTabBarProductContractTests'; valid packages are: 'spi-builder-workspace' (at '/Users/admin/builder/spi-builder-workspace')
Resolve Package Graph
unknown package 'ScrollableTabBar' in dependencies of target 'ScrollableTabBarProductContractTests'; valid packages are: 'spi-builder-workspace' (at '/Users/admin/builder/spi-builder-workspace')
Resolved source packages:
  spi-builder-workspace: (null)
  ContractTests: (null)
2026-10-29 00:44:50.447 xcodebuild[542:3094] [MT] IDERunDestination: Supported platforms for the buildables in the current scheme is empty.
2026-10-29 00:44:50.544 xcodebuild[542:3094] [MT] IDERunDestination: Supported platforms for the buildables in the current scheme is empty.
2026-10-29 00:44:51.517 xcodebuild[542:3094] [MT] IDERunDestination: Supported platforms for the buildables in the current scheme is empty.
2026-10-29 00:45:07.788 xcodebuild[542:3094] Writing error result bundle to /var/folders/xq/y_g06wb113726d38xsyx71_h0000gn/T/ResultBundle_2026-29-10_00-45-0007.xcresult
xcodebuild: error: Could not resolve package dependencies:
  unknown package 'ScrollableTabBar' in dependencies of target 'ScrollableTabBarProductContractTests'; valid packages are: 'spi-builder-workspace' (at '/Users/admin/builder/spi-builder-workspace')
Command line invocation:
    /Applications/Xcode-26.5.0.app/Contents/Developer/usr/bin/xcodebuild -IDEClonedSourcePackagesDirPathOverride=/Users/admin/builder/spi-builder-workspace/.dependencies -resolvePackageDependencies
Resolve Package Graph
unknown package 'ScrollableTabBar' in dependencies of target 'ScrollableTabBarProductContractTests'; valid packages are: 'spi-builder-workspace' (at '/Users/admin/builder/spi-builder-workspace')
Resolved source packages:
  ContractTests: (null)
  spi-builder-workspace: (null)
2026-10-29 00:45:08.524 xcodebuild[625:3827] [MT] IDERunDestination: Supported platforms for the buildables in the current scheme is empty.
2026-10-29 00:45:08.626 xcodebuild[625:3827] [MT] IDERunDestination: Supported platforms for the buildables in the current scheme is empty.
2026-10-29 00:45:09.161 xcodebuild[625:3827] Writing error result bundle to /var/folders/xq/y_g06wb113726d38xsyx71_h0000gn/T/ResultBundle_2026-29-10_00-45-0009.xcresult
xcodebuild: error: Could not resolve package dependencies:
  unknown package 'ScrollableTabBar' in dependencies of target 'ScrollableTabBarProductContractTests'; valid packages are: 'spi-builder-workspace' (at '/Users/admin/builder/spi-builder-workspace')
BUILD FAILURE 6.3 watchOS