Build Information
Failed to build RoktContracts, reference 2.0.2 (4c450b), with Swift 6.1 for Linux on 11 Sep 2026 14:34:35 UTC.
Build Command
bash -c docker run --pull=always --rm -v "checkouts-53886770-1":/host -w "$PWD" -e JAVA_HOME="/root/.sdkman/candidates/java/current" -e SPI_BUILD="1" -e SPI_PROCESSING="1" registry.gitlab.com/saguaro1/spi-images:basic-6.1-latest swift build --triple x86_64-unknown-linux-gnu 2>&1Build Log
========================================
RunAll
========================================
Builder version: 5.0.2
Interrupt handler set up.
========================================
Checkout
========================================
Clone URL: https://github.com/ROKT/rokt-contracts-apple.git
Reference: 2.0.2
Initialized empty Git repository in /host/spi-builder-workspace/.git/
hint: Using 'master' as the name for the initial branch. This default branch name
hint: is subject to change. To configure the initial branch name to use in all
hint: of your new repositories, which will suppress this warning, call:
hint:
hint: git config --global init.defaultBranch <name>
hint:
hint: Names commonly chosen instead of 'master' are 'main', 'trunk' and
hint: 'development'. The just-created branch can be renamed via this command:
hint:
hint: git branch -m <name>
From https://github.com/ROKT/rokt-contracts-apple
* tag 2.0.2 -> FETCH_HEAD
HEAD is now at 4c450be Release 2.0.2 (#26)
Cloned https://github.com/ROKT/rokt-contracts-apple.git
Revision (git rev-parse @):
4c450be00085eba6a16d846a66f44b96f1fc59c8
SUCCESS checkout https://github.com/ROKT/rokt-contracts-apple.git at 2.0.2
========================================
Build
========================================
Selected platform: linux
Swift version: 6.1
Building package at path: $PWD
https://github.com/ROKT/rokt-contracts-apple.git
https://github.com/ROKT/rokt-contracts-apple.git
WARNING: environment variable SUPPRESS_SWIFT_6_FLAGS is not set
Running build ...
bash -c docker run --pull=always --rm -v "checkouts-53886770-1":/host -w "$PWD" -e JAVA_HOME="/root/.sdkman/candidates/java/current" -e SPI_BUILD="1" -e SPI_PROCESSING="1" registry.gitlab.com/saguaro1/spi-images:basic-6.1-latest swift build --triple x86_64-unknown-linux-gnu -Xswiftc -Xfrontend -Xswiftc -stats-output-dir -Xswiftc -Xfrontend -Xswiftc .stats -Xswiftc -strict-concurrency=complete -Xswiftc -enable-upcoming-feature -Xswiftc StrictConcurrency -Xswiftc -enable-upcoming-feature -Xswiftc DisableOutwardActorInference -Xswiftc -enable-upcoming-feature -Xswiftc GlobalActorIsolatedTypesUsability -Xswiftc -enable-upcoming-feature -Xswiftc InferSendableFromCaptures 2>&1
basic-6.1-latest: Pulling from saguaro1/spi-images
Digest: sha256:bebe373f64586285d153a73cebf57004d534988a7110464fd581e50dd24c756b
Status: Image is up to date for registry.gitlab.com/saguaro1/spi-images:basic-6.1-latest
Building for debugging...
[0/2] Write sources
[1/2] Write swift-version-24593BA9C3E375BF.txt
error: emit-module command failed with exit code 1 (use -v to see invocation)
[3/9] Emitting module RoktContracts
/host/spi-builder-workspace/Sources/RoktContracts/Events/RoktEvent.swift:1:8: error: no such module 'CoreGraphics'
1 | import CoreGraphics
| `- error: no such module 'CoreGraphics'
2 | import Foundation
3 |
[4/9] Compiling RoktContracts RoktEmbeddedView.swift
/host/spi-builder-workspace/Sources/RoktContracts/Events/RoktEvent.swift:1:8: error: no such module 'CoreGraphics'
1 | import CoreGraphics
| `- error: no such module 'CoreGraphics'
2 | import Foundation
3 |
[5/9] Compiling RoktContracts PaymentExtension.swift
/host/spi-builder-workspace/Sources/RoktContracts/Events/RoktEvent.swift:1:8: error: no such module 'CoreGraphics'
1 | import CoreGraphics
| `- error: no such module 'CoreGraphics'
2 | import Foundation
3 |
[6/9] Compiling RoktContracts PaymentTypes.swift
/host/spi-builder-workspace/Sources/RoktContracts/Events/RoktEvent.swift:1:8: error: no such module 'CoreGraphics'
1 | import CoreGraphics
| `- error: no such module 'CoreGraphics'
2 | import Foundation
3 |
[7/9] Compiling RoktContracts RoktPlacementOptions.swift
/host/spi-builder-workspace/Sources/RoktContracts/Events/RoktEvent.swift:1:8: error: no such module 'CoreGraphics'
1 | import CoreGraphics
| `- error: no such module 'CoreGraphics'
2 | import Foundation
3 |
[8/9] Compiling RoktContracts RoktEvent.swift
/host/spi-builder-workspace/Sources/RoktContracts/Events/RoktEvent.swift:1:8: error: no such module 'CoreGraphics'
1 | import CoreGraphics
| `- error: no such module 'CoreGraphics'
2 | import Foundation
3 |
[9/9] Compiling RoktContracts RoktConfig.swift
/host/spi-builder-workspace/Sources/RoktContracts/Events/RoktEvent.swift:1:8: error: no such module 'CoreGraphics'
1 | import CoreGraphics
| `- error: no such module 'CoreGraphics'
2 | import Foundation
3 |
Running build ...
bash -c docker run --pull=always --rm -v "checkouts-53886770-1":/host -w "$PWD" -e JAVA_HOME="/root/.sdkman/candidates/java/current" -e SPI_BUILD="1" -e SPI_PROCESSING="1" registry.gitlab.com/saguaro1/spi-images:basic-6.1-latest swift build --triple x86_64-unknown-linux-gnu 2>&1
basic-6.1-latest: Pulling from saguaro1/spi-images
Digest: sha256:bebe373f64586285d153a73cebf57004d534988a7110464fd581e50dd24c756b
Status: Image is up to date for registry.gitlab.com/saguaro1/spi-images:basic-6.1-latest
[0/1] Planning build
Building for debugging...
[0/1] Write swift-version-24593BA9C3E375BF.txt
[2/8] Compiling RoktContracts PaymentTypes.swift
/host/spi-builder-workspace/Sources/RoktContracts/Events/RoktEvent.swift:1:8: error: no such module 'CoreGraphics'
1 | import CoreGraphics
| `- error: no such module 'CoreGraphics'
2 | import Foundation
3 |
[3/8] Compiling RoktContracts RoktEmbeddedView.swift
/host/spi-builder-workspace/Sources/RoktContracts/Events/RoktEvent.swift:1:8: error: no such module 'CoreGraphics'
1 | import CoreGraphics
| `- error: no such module 'CoreGraphics'
2 | import Foundation
3 |
[4/8] Compiling RoktContracts PaymentExtension.swift
/host/spi-builder-workspace/Sources/RoktContracts/Events/RoktEvent.swift:1:8: error: no such module 'CoreGraphics'
1 | import CoreGraphics
| `- error: no such module 'CoreGraphics'
2 | import Foundation
3 |
[5/8] Compiling RoktContracts RoktPlacementOptions.swift
/host/spi-builder-workspace/Sources/RoktContracts/Events/RoktEvent.swift:1:8: error: no such module 'CoreGraphics'
1 | import CoreGraphics
| `- error: no such module 'CoreGraphics'
2 | import Foundation
3 |
[6/8] Compiling RoktContracts RoktEvent.swift
/host/spi-builder-workspace/Sources/RoktContracts/Events/RoktEvent.swift:1:8: error: no such module 'CoreGraphics'
1 | import CoreGraphics
| `- error: no such module 'CoreGraphics'
2 | import Foundation
3 |
error: emit-module command failed with exit code 1 (use -v to see invocation)
[7/8] Emitting module RoktContracts
/host/spi-builder-workspace/Sources/RoktContracts/Events/RoktEvent.swift:1:8: error: no such module 'CoreGraphics'
1 | import CoreGraphics
| `- error: no such module 'CoreGraphics'
2 | import Foundation
3 |
[8/8] Compiling RoktContracts RoktConfig.swift
/host/spi-builder-workspace/Sources/RoktContracts/Events/RoktEvent.swift:1:8: error: no such module 'CoreGraphics'
1 | import CoreGraphics
| `- error: no such module 'CoreGraphics'
2 | import Foundation
3 |
BUILD FAILURE 6.1 linux