Build Information
Failed to build Quickie, reference develop (12fc6b), with Swift 6.4 for watchOS using Xcode 27.0 on 18 Sep 2026 15:56:05 UTC.
Build Command
env DEVELOPER_DIR=/Applications/Xcode-27.0.0-Release.Candidate.app xcrun xcodebuild -IDEClonedSourcePackagesDirPathOverride=$PWD/.dependencies -skipMacroValidation -skipPackagePluginValidation -derivedDataPath $PWD/.derivedData build -scheme Quickie-Package -destination generic/platform=watchOSBuild Log
========================================
RunAll
========================================
Builder version: 5.1.0
Interrupt handler set up.
========================================
Checkout
========================================
Clone URL: https://github.com/Blackjacx/Quickie.git
Reference: develop
Initialized empty Git repository in /Users/admin/builder/spi-builder-workspace/.git/
From https://github.com/Blackjacx/Quickie
* branch develop -> FETCH_HEAD
* [new branch] develop -> origin/develop
HEAD is now at 12fc6b7 Various dependency updates
Cloned https://github.com/Blackjacx/Quickie.git
Revision (git rev-parse @):
12fc6b7effddd175a38aeffc6a940d2163147edc
SUCCESS checkout https://github.com/Blackjacx/Quickie.git at develop
========================================
Build
========================================
Selected platform: watchOS
Swift version: 6.4
Building package at path: $PWD
https://github.com/Blackjacx/Quickie.git
Command line invocation:
/Applications/Xcode-27.0.0-Release.Candidate.app/Contents/Developer/usr/bin/xcodebuild -IDEClonedSourcePackagesDirPathOverride=/Users/admin/builder/spi-builder-workspace/.dependencies -resolvePackageDependencies
resolved source packages:
{
"dependencies" : [
],
"manifest_display_name" : "Quickie",
"name" : "Quickie",
"path" : "/Users/admin/builder/spi-builder-workspace",
"platforms" : [
],
"products" : [
{
"name" : "Quickie",
"targets" : [
"Quickie"
],
"type" : {
"library" : [
"automatic"
]
}
}
],
"targets" : [
{
"c99name" : "QuickieTests",
"module_type" : "SwiftTarget",
"name" : "QuickieTests",
"path" : "Tests/QuickieTests",
"sources" : [
"Foundation/QuickieTests.swift",
"Foundation/URLTests.swift",
"Models/Person.swift",
"PropertyWrappers/ClampingTests.swift",
"UIKit/UIColorTests.swift",
"XCTestManifests.swift"
],
"target_dependencies" : [
"Quickie"
],
"type" : "test"
},
{
"c99name" : "Quickie",
"module_type" : "SwiftTarget",
"name" : "Quickie",
"path" : "Sources/Quickie",
"product_memberships" : [
"Quickie"
],
"sources" : [
"Foundation/Bundle+Extensions.swift",
"Foundation/Sequence+Extensions.swift",
"Foundation/String+Extensions.swift",
"Foundation/URL+Extensions.swift",
"Foundation/URLRequest+Description.swift",
"Foundation/UserDefaults+Subscripts.swift",
"PropertyWrappers/Clamping.swift",
"Quickie.swift",
"UIKit/UIColor+Extensions.swift",
"UIKit/UIImage+Extensions.swift",
"UIKit/UIView+Extensions.swift",
"UIKit/UIViewController+Extensions.swift"
],
"type" : "library"
}
],
"tools_version" : "5.2"
}
{
"project" : {
"configurations" : [
"Debug",
"Release"
],
"name" : "Quickie",
"schemes" : [
"Quickie-Package"
],
"targets" : [
"Quickie",
"QuickiePackageDescription",
"QuickiePackageTests",
"QuickieTests"
]
}
}
Running build ...
env DEVELOPER_DIR=/Applications/Xcode-27.0.0-Release.Candidate.app xcrun xcodebuild -IDEClonedSourcePackagesDirPathOverride=$PWD/.dependencies -skipMacroValidation -skipPackagePluginValidation -derivedDataPath $PWD/.derivedData build -scheme Quickie-Package -destination generic/platform=watchOS
Command line invocation:
/Applications/Xcode-27.0.0-Release.Candidate.app/Contents/Developer/usr/bin/xcodebuild -IDEClonedSourcePackagesDirPathOverride=/Users/admin/builder/spi-builder-workspace/.dependencies -skipMacroValidation -skipPackagePluginValidation -derivedDataPath /Users/admin/builder/spi-builder-workspace/.derivedData build -scheme Quickie-Package -destination generic/platform=watchOS
ComputePackagePrebuildTargetDependencyGraph
Prepare packages
CreateBuildRequest
SendProjectDescription
CreateBuildOperation
ComputeTargetDependencyGraph
note: Building targets in dependency order
note: Target dependency graph (1 target)
Target 'Quickie' in project 'Quickie' (no dependencies)
GatherProvisioningInputs
CreateBuildDescription
ExecuteExternalTool /Applications/Xcode-27.0.0-Release.Candidate.app/Contents/Developer/Toolchains/XcodeDefault.xctoolchain/usr/bin/clang -v -E -dM -isysroot /Applications/Xcode-27.0.0-Release.Candidate.app/Contents/Developer/Platforms/WatchOS.platform/Developer/SDKs/WatchOS27.0.sdk -x c -c /dev/null
ExecuteExternalTool /Applications/Xcode-27.0.0-Release.Candidate.app/Contents/Developer/Toolchains/XcodeDefault.xctoolchain/usr/bin/swiftc --version
ExecuteExternalTool /Applications/Xcode-27.0.0-Release.Candidate.app/Contents/Developer/Toolchains/XcodeDefault.xctoolchain/usr/bin/ld -version_details
Build description signature: 2a66edce8e5ab673401177ea12e1e93a
Build description path: /Users/admin/builder/spi-builder-workspace/.derivedData/Build/Intermediates.noindex/XCBuildData/2a66edce8e5ab673401177ea12e1e93a.xcbuilddata
/Users/admin/builder/spi-builder-workspace/Quickie.xcodeproj: error: The watchOS deployment target 'WATCHOS_DEPLOYMENT_TARGET' is set to 2.0, but the range of supported deployment target versions is 9.0 to 27.0.x. (in target 'Quickie' from project 'Quickie')
error: The armv7k architecture is deprecated. You should update your ARCHS build setting to remove the armv7k architecture. (in target 'Quickie' from project 'Quickie')
** BUILD FAILED **
The following build commands failed:
Building project Quickie with scheme Quickie-Package
(1 failure)
Command line invocation:
/Applications/Xcode-27.0.0-Release.Candidate.app/Contents/Developer/usr/bin/xcodebuild -IDEClonedSourcePackagesDirPathOverride=/Users/admin/builder/spi-builder-workspace/.dependencies -resolvePackageDependencies
resolved source packages:
{
"dependencies" : [
],
"manifest_display_name" : "Quickie",
"name" : "Quickie",
"path" : "/Users/admin/builder/spi-builder-workspace",
"platforms" : [
],
"products" : [
{
"name" : "Quickie",
"targets" : [
"Quickie"
],
"type" : {
"library" : [
"automatic"
]
}
}
],
"targets" : [
{
"c99name" : "QuickieTests",
"module_type" : "SwiftTarget",
"name" : "QuickieTests",
"path" : "Tests/QuickieTests",
"sources" : [
"Foundation/QuickieTests.swift",
"Foundation/URLTests.swift",
"Models/Person.swift",
"PropertyWrappers/ClampingTests.swift",
"UIKit/UIColorTests.swift",
"XCTestManifests.swift"
],
"target_dependencies" : [
"Quickie"
],
"type" : "test"
},
{
"c99name" : "Quickie",
"module_type" : "SwiftTarget",
"name" : "Quickie",
"path" : "Sources/Quickie",
"product_memberships" : [
"Quickie"
],
"sources" : [
"Foundation/Bundle+Extensions.swift",
"Foundation/Sequence+Extensions.swift",
"Foundation/String+Extensions.swift",
"Foundation/URL+Extensions.swift",
"Foundation/URLRequest+Description.swift",
"Foundation/UserDefaults+Subscripts.swift",
"PropertyWrappers/Clamping.swift",
"Quickie.swift",
"UIKit/UIColor+Extensions.swift",
"UIKit/UIImage+Extensions.swift",
"UIKit/UIView+Extensions.swift",
"UIKit/UIViewController+Extensions.swift"
],
"type" : "library"
}
],
"tools_version" : "5.2"
}
{
"project" : {
"configurations" : [
"Debug",
"Release"
],
"name" : "Quickie",
"schemes" : [
"Quickie-Package"
],
"targets" : [
"Quickie",
"QuickiePackageDescription",
"QuickiePackageTests",
"QuickieTests"
]
}
}
Running build ...
env DEVELOPER_DIR=/Applications/Xcode-27.0.0-Release.Candidate.app xcrun xcodebuild -IDEClonedSourcePackagesDirPathOverride=$PWD/.dependencies -skipMacroValidation -skipPackagePluginValidation -derivedDataPath $PWD/.derivedData build -scheme Quickie-Package -destination generic/platform=watchOS
Command line invocation:
/Applications/Xcode-27.0.0-Release.Candidate.app/Contents/Developer/usr/bin/xcodebuild -IDEClonedSourcePackagesDirPathOverride=/Users/admin/builder/spi-builder-workspace/.dependencies -skipMacroValidation -skipPackagePluginValidation -derivedDataPath /Users/admin/builder/spi-builder-workspace/.derivedData build -scheme Quickie-Package -destination generic/platform=watchOS
ComputePackagePrebuildTargetDependencyGraph
Prepare packages
CreateBuildRequest
SendProjectDescription
CreateBuildOperation
ComputeTargetDependencyGraph
note: Building targets in dependency order
note: Target dependency graph (1 target)
Target 'Quickie' in project 'Quickie' (no dependencies)
GatherProvisioningInputs
CreateBuildDescription
error: The armv7k architecture is deprecated. You should update your ARCHS build setting to remove the armv7k architecture. (in target 'Quickie' from project 'Quickie')
/Users/admin/builder/spi-builder-workspace/Quickie.xcodeproj: error: The watchOS deployment target 'WATCHOS_DEPLOYMENT_TARGET' is set to 2.0, but the range of supported deployment target versions is 9.0 to 27.0.x. (in target 'Quickie' from project 'Quickie')
** BUILD FAILED **
The following build commands failed:
Building project Quickie with scheme Quickie-Package
(1 failure)
BUILD FAILURE 6.4 watchOS