The Swift Package Index logo.Swift Package Index

Build Information

Failed to build cujira, reference 0.4.1 (e7fec7), with Swift 6.4 for Android on 16 Sep 2026 04:26:25 UTC.

Build Command

bash -c docker run --pull=always --rm -v "checkouts-54344845-0":/host -w "$PWD" -e JAVA_HOME="/root/.sdkman/candidates/java/current" -e SPI_BUILD="1" -e SPI_PROCESSING="1" registry.gitlab.com/saguaro1/spi-images:android-6.4-latest swift build --swift-sdk aarch64-unknown-linux-android28 2>&1

Build Log

========================================
RunAll
========================================
Builder version: 5.1.0
Interrupt handler set up.
========================================
Checkout
========================================
Clone URL: https://github.com/cats-oss/cujira.git
Reference: 0.4.1
Initialized empty Git repository in /host/spi-builder-workspace/.git/
hint: Using 'master' as the name for the initial branch. This default branch name
hint: is subject to change. To configure the initial branch name to use in all
hint: of your new repositories, which will suppress this warning, call:
hint:
hint: 	git config --global init.defaultBranch <name>
hint:
hint: Names commonly chosen instead of 'master' are 'main', 'trunk' and
hint: 'development'. The just-created branch can be renamed via this command:
hint:
hint: 	git branch -m <name>
From https://github.com/cats-oss/cujira
 * tag               0.4.1      -> FETCH_HEAD
HEAD is now at e7fec7d fix multi issuetype bug
Cloned https://github.com/cats-oss/cujira.git
Revision (git rev-parse @):
e7fec7dbd79b7a3187e86f4b982eb3d9e6b6d1df
SUCCESS checkout https://github.com/cats-oss/cujira.git at 0.4.1
========================================
Build
========================================
Selected platform:         android
Swift version:             6.4
Building package at path:  $PWD
https://github.com/cats-oss/cujira.git
Running build ...
bash -c docker run --pull=always --rm -v "checkouts-54344845-0":/host -w "$PWD" -e JAVA_HOME="/root/.sdkman/candidates/java/current" -e SPI_BUILD="1" -e SPI_PROCESSING="1" registry.gitlab.com/saguaro1/spi-images:android-6.4-latest swift build --swift-sdk aarch64-unknown-linux-android28 2>&1
android-6.4-latest: Pulling from saguaro1/spi-images
Digest: sha256:abadcff584c273feba50641b454858d377ba30b35ea7287a94f45ebd8afd0ea0
Status: Image is up to date for registry.gitlab.com/saguaro1/spi-images:android-6.4-latest
Building for debugging...
[Planning deferred tasks]
[23 / 35] Core
error: SwiftCompile normal aarch64 failed with a nonzero exit code. Command line:     cd /host

/host/spi-builder-workspace/Sources/Core/API/JiraSession.swift:19:30: error: 'HTTPURLResponse' is unavailable: This type has moved to the FoundationNetworking module. Import that module to use it.
 17 |     public enum Error: Swift.Error {
 18 |         case emptyResult
 19 |         case invalidResopnse(HTTPURLResponse)
    |                              `- error: 'HTTPURLResponse' is unavailable: This type has moved to the FoundationNetworking module. Import that module to use it.
 20 |         case unknown
 21 |     }
Foundation.HTTPURLResponse:2:18: note: 'HTTPURLResponse' has been explicitly marked unavailable here
1 | @available(*, unavailable, message: "This type has moved to the FoundationNetworking module. Import that module to use it.")
2 | public typealias HTTPURLResponse = AnyObject
  |                  `- note: 'HTTPURLResponse' has been explicitly marked unavailable here
/host/spi-builder-workspace/Sources/Core/API/JiraSession.swift:32:26: error: 'URLSession' is unavailable: This type has moved to the FoundationNetworking module. Import that module to use it.
 30 |
 31 |
 32 |     private let session: URLSession
    |                          `- error: 'URLSession' is unavailable: This type has moved to the FoundationNetworking module. Import that module to use it.
 33 |
 34 |     /// JiraSession Initializer
Foundation.URLSession:2:18: note: 'URLSession' has been explicitly marked unavailable here
1 | @available(*, unavailable, message: "This type has moved to the FoundationNetworking module. Import that module to use it.")
2 | public typealias URLSession = AnyObject
  |                  `- note: 'URLSession' has been explicitly marked unavailable here
/host/spi-builder-workspace/Sources/Core/API/JiraSession.swift:40:26: error: 'URLSession' is unavailable: This type has moved to the FoundationNetworking module. Import that module to use it.
 38 |     ///             apiKey: it is called every request.
 39 |     ///             username: it is called every request.
 40 |     public init(session: URLSession = .shared,
    |                          `- error: 'URLSession' is unavailable: This type has moved to the FoundationNetworking module. Import that module to use it.
 41 |                 domain: @escaping () throws -> String,
 42 |                 apiKey: @escaping () throws -> String,
Foundation.URLSession:2:18: note: 'URLSession' has been explicitly marked unavailable here
1 | @available(*, unavailable, message: "This type has moved to the FoundationNetworking module. Import that module to use it.")
2 | public typealias URLSession = AnyObject
  |                  `- note: 'URLSession' has been explicitly marked unavailable here
/host/spi-builder-workspace/Sources/Core/API/JiraSession.swift:40:40: error: type 'URLSession' (aka 'AnyObject') has no member 'shared'
 38 |     ///             apiKey: it is called every request.
 39 |     ///             username: it is called every request.
 40 |     public init(session: URLSession = .shared,
    |                                        `- error: type 'URLSession' (aka 'AnyObject') has no member 'shared'
 41 |                 domain: @escaping () throws -> String,
 42 |                 apiKey: @escaping () throws -> String,
/host/spi-builder-workspace/Sources/Core/API/JiraSession.swift:40:40: error: value of type '_' expected to be instance of class or class-constrained type
 38 |     ///             apiKey: it is called every request.
 39 |     ///             username: it is called every request.
 40 |     public init(session: URLSession = .shared,
    |                                        `- error: value of type '_' expected to be instance of class or class-constrained type
 41 |                 domain: @escaping () throws -> String,
 42 |                 apiKey: @escaping () throws -> String,
/host/spi-builder-workspace/Sources/Core/API/URLRequestBuilder.swift:16:78: error: cannot find type 'URLRequest' in scope
14 |     }
15 |
16 |     public static func build<T: Request>(_ proxy: RequestProxy<T>) throws -> URLRequest {
   |                                                                              `- error: cannot find type 'URLRequest' in scope
17 |         let baseURL = proxy.baseURL.appendingPathComponent(proxy.path)
18 |
Failed frontend command:
/root/.local/share/swiftly/toolchains/6.4.x-snapshot-2026-09-04/usr/bin/swift-frontend -frontend -emit-module -experimental-skip-non-inlinable-function-bodies-without-types /host/spi-builder-workspace/Sources/Core/API/BodyParameter.swift /host/spi-builder-workspace/Sources/Core/API/JiraSession.swift /host/spi-builder-workspace/Sources/Core/API/Request/GetAllBoardsRequest.swift /host/spi-builder-workspace/Sources/Core/API/Request/GetAllFieldsRequest.swift /host/spi-builder-workspace/Sources/Core/API/Request/GetAllIssueTypesRequest.swift /host/spi-builder-workspace/Sources/Core/API/Request/GetAllSprintsRequest.swift /host/spi-builder-workspace/Sources/Core/API/Request/GetAllStatusesRequest.swift /host/spi-builder-workspace/Sources/Core/API/Request/GetEpicRequest.swift /host/spi-builder-workspace/Sources/Core/API/Request/Request.swift /host/spi-builder-workspace/Sources/Core/API/Request/RequestProxy.swift /host/spi-builder-workspace/Sources/Core/API/Request/SearchRequest.swift /host/spi-builder-workspace/Sources/Core/API/Response/AnyCodingKey.swift /host/spi-builder-workspace/Sources/Core/API/Response/Board.swift /host/spi-builder-workspace/Sources/Core/API/Response/Epic.swift /host/spi-builder-workspace/Sources/Core/API/Response/Field.swift /host/spi-builder-workspace/Sources/Core/API/Response/Issue.swift /host/spi-builder-workspace/Sources/Core/API/Response/IssueType.swift /host/spi-builder-workspace/Sources/Core/API/Response/ListResponse.swift /host/spi-builder-workspace/Sources/Core/API/Response/Project.swift /host/spi-builder-workspace/Sources/Core/API/Response/Sprint.swift /host/spi-builder-workspace/Sources/Core/API/Response/Status.swift /host/spi-builder-workspace/Sources/Core/API/Response/User.swift /host/spi-builder-workspace/Sources/Core/API/Response/Version.swift /host/spi-builder-workspace/Sources/Core/API/URLRequestBuilder.swift /host/spi-builder-workspace/Sources/Core/Common/CoreExtension.swift /host/spi-builder-workspace/Sources/Core/Common/Enumerable.swift /host/spi-builder-workspace/Sources/Core/Common/Extension/DateFormatter.core.swift /host/spi-builder-workspace/Sources/Core/Common/Extension/Gap.swift /host/spi-builder-workspace/Sources/Core/Common/Extension/JSONDecoder.DateDecodingStrategy.core.swift /host/spi-builder-workspace/Sources/Core/DataManager/BoardDataManager.swift /host/spi-builder-workspace/Sources/Core/DataManager/ConfigManager.swift /host/spi-builder-workspace/Sources/Core/DataManager/CustomFieldAliasManager.swift /host/spi-builder-workspace/Sources/Core/DataManager/DataManager.swift /host/spi-builder-workspace/Sources/Core/DataManager/EpicDataManager.swift /host/spi-builder-workspace/Sources/Core/DataManager/FieldDataManager.swift /host/spi-builder-workspace/Sources/Core/DataManager/IssueTypeDataManager.swift /host/spi-builder-workspace/Sources/Core/DataManager/JQLAliasManager.swift /host/spi-builder-workspace/Sources/Core/DataManager/ProjectAliasManager.swift /host/spi-builder-workspace/Sources/Core/DataManager/SprintDataManager.swift /host/spi-builder-workspace/Sources/Core/DataManager/StatusDataManager.swift /host/spi-builder-workspace/Sources/Core/Facade/Facade.Board.swift /host/spi-builder-workspace/Sources/Core/Facade/Facade.Config.swift /host/spi-builder-workspace/Sources/Core/Facade/Facade.Field.swift /host/spi-builder-workspace/Sources/Core/Facade/Facade.Issue.swift /host/spi-builder-workspace/Sources/Core/Facade/Facade.JQL.swift /host/spi-builder-workspace/Sources/Core/Facade/Facade.Project.swift /host/spi-builder-workspace/Sources/Core/Facade/Facade.Sprint.swift /host/spi-builder-workspace/Sources/Core/Facade/Facade.swift /host/spi-builder-workspace/Sources/Core/Model/Config.swift /host/spi-builder-workspace/Sources/Core/Model/FieldAlias.swift /host/spi-builder-workspace/Sources/Core/Model/IssueAggregation.swift /host/spi-builder-workspace/Sources/Core/Model/IssueResult.swift /host/spi-builder-workspace/Sources/Core/Model/JQLAlias.swift /host/spi-builder-workspace/Sources/Core/Model/ProjectAlias.swift /host/spi-builder-workspace/Sources/Core/Model/SearchResult.swift /host/spi-builder-workspace/Sources/Core/Service/BoardService.swift /host/spi-builder-workspace/Sources/Core/Service/ConfigService.swift /host/spi-builder-workspace/Sources/Core/Service/FieldService.swift /host/spi-builder-workspace/Sources/Core/Service/IssueService.swift /host/spi-builder-workspace/Sources/Core/Service/JQLService.swift /host/spi-builder-workspace/Sources/Core/Service/ProjectService.swift /host/spi-builder-workspace/Sources/Core/Service/SprintService.swift -target aarch64-unknown-linux-android28 -Xllvm -aarch64-use-tbi -disable-objc-interop -sdk /android-ndk/android-ndk-r27d/toolchains/llvm/prebuilt/linux-x86_64/sysroot -sysroot /android-ndk/android-ndk-r27d/toolchains/llvm/prebuilt/linux-x86_64/sysroot -I /host/spi-builder-workspace/.build/out/Products/Debug-android-aarch64 -module-cache-path /host/spi-builder-workspace/.build/out/ModuleCache.noindex -color-diagnostics -Xcc -fcolor-diagnostics -enable-testing -g -debug-info-format\=dwarf -dwarf-version\=4 -swift-version 4.2 -Onone -D SWIFT_PACKAGE -D DEBUG -D SWIFT_MODULE_RESOURCE_BUNDLE_UNAVAILABLE -D Xcode -serialize-debugging-options -enable-experimental-feature DebugDescriptionMacro -empty-abi-descriptor -external-plugin-path /root/.local/share/swiftly/toolchains/6.4.x-snapshot-2026-09-04/usr/lib/swift/host/plugins/testing\#/root/.local/share/swiftly/toolchains/6.4.x-snapshot-2026-09-04/usr/bin/swift-plugin-server -validate-clang-modules-once -clang-build-session-file /host/spi-builder-workspace/.build/out/ModuleCache.noindex/Session.modulevalidation -Xcc -working-directory -Xcc /host -resource-dir /root/.swiftpm/swift-sdks/swift-6.4.x-DEVELOPMENT-SNAPSHOT-2026-09-04-a_android.artifactbundle/swift-android/swift-resources/usr/lib/swift-aarch64 -enable-anonymous-context-mangled-names -file-compilation-dir /host -Xcc -resource-dir -Xcc /android-ndk/android-ndk-r27d/toolchains/llvm/prebuilt/linux-x86_64/lib/clang/18 -Xcc -fno-omit-frame-pointer -Xcc -D_LIBCPP_HARDENING_MODE\=_LIBCPP_HARDENING_MODE_DEBUG -Xcc -fmodules-prune-interval\=86400 -Xcc -fmodules-prune-after\=345600 -Xcc -I/host/spi-builder-workspace/.build/out/Products/Debug-android-aarch64/include -Xcc -I/host/spi-builder-workspace/.build/out/Intermediates.noindex/cujira.build/Debug-android-aarch64/Core-t.build/DerivedSources-normal/aarch64 -Xcc -I/host/spi-builder-workspace/.build/out/Intermediates.noindex/cujira.build/Debug-android-aarch64/Core-t.build/DerivedSources/aarch64 -Xcc -I/host/spi-builder-workspace/.build/out/Intermediates.noindex/cujira.build/Debug-android-aarch64/Core-t.build/DerivedSources -Xcc -DSWIFT_PACKAGE -Xcc -DDEBUG\=1 -no-auto-bridging-header-chaining -module-name Core -const-gather-protocols-file /host/spi-builder-workspace/.build/out/Intermediates.noindex/cujira.build/Debug-android-aarch64/Core-t.build/Objects-normal/aarch64/Core_const_extract_protocols.json -in-process-plugin-server-path /root/.local/share/swiftly/toolchains/6.4.x-snapshot-2026-09-04/usr/lib/swift/host/libSwiftInProcPluginServer.so -plugin-path /root/.local/share/swiftly/toolchains/6.4.x-snapshot-2026-09-04/usr/lib/swift/host/plugins -plugin-path /root/.local/share/swiftly/toolchains/6.4.x-snapshot-2026-09-04/usr/local/lib/swift/host/plugins -emit-module-doc-path /host/spi-builder-workspace/.build/out/Intermediates.noindex/cujira.build/Debug-android-aarch64/Core-t.build/Objects-normal/aarch64/Modules/Core.swiftdoc -emit-module-source-info-path /host/spi-builder-workspace/.build/out/Intermediates.noindex/cujira.build/Debug-android-aarch64/Core-t.build/Objects-normal/aarch64/Modules/Core.swiftsourceinfo -emit-objc-header-path /host/spi-builder-workspace/.build/out/Intermediates.noindex/cujira.build/Debug-android-aarch64/Core-t.build/Objects-normal/aarch64/Core-Swift.h -serialize-diagnostics-path /host/spi-builder-workspace/.build/out/Intermediates.noindex/cujira.build/Debug-android-aarch64/Core-t.build/Objects-normal/aarch64/Core-primary-emit-module.dia -emit-dependencies-path /host/spi-builder-workspace/.build/out/Intermediates.noindex/cujira.build/Debug-android-aarch64/Core-t.build/Objects-normal/aarch64/Core-primary-emit-module.d -parse-as-library -o /host/spi-builder-workspace/.build/out/Intermediates.noindex/cujira.build/Debug-android-aarch64/Core-t.build/Objects-normal/aarch64/Modules/Core.swiftmodule
error: Build failed
BUILD FAILURE 6.4 android