The Swift Package Index logo.Swift Package Index

Build Information

Failed to build PalicoEngine, reference main (8d7a10), with Swift 6.4 for tvOS using Xcode 27.0 on 18 Sep 2026 02:45:29 UTC.

Build Command

env DEVELOPER_DIR=/Applications/Xcode-27.0.0-Release.Candidate.app xcrun xcodebuild -IDEClonedSourcePackagesDirPathOverride=$PWD/.dependencies -skipMacroValidation -skipPackagePluginValidation -derivedDataPath $PWD/.derivedData build -scheme PalicoEngine-Package -destination generic/platform=tvOS

Build Log

SwiftDriver ImGui normal arm64 com.apple.xcode.tools.swift.compiler (in target 'ImGui' from project 'ImGui')
    cd /Users/admin/builder/spi-builder-workspace/.swiftpm/xcode
    builtin-SwiftDriver -- /Applications/Xcode-27.0.0-Release.Candidate.app/Contents/Developer/Toolchains/XcodeDefault.xctoolchain/usr/bin/swiftc -parse-as-library -module-name ImGui -Onone @/Users/admin/builder/spi-builder-workspace/.derivedData/Build/Intermediates.noindex/ImGui.build/Debug-appletvos/ImGui-t.build/Objects-normal/arm64/ImGui.SwiftFileList -DSWIFT_PACKAGE -DDEBUG -DSWIFT_MODULE_RESOURCE_BUNDLE_UNAVAILABLE -Xcc -fmodule-map-file\=/Users/admin/builder/spi-builder-workspace/.derivedData/Build/Intermediates.noindex/GeneratedModuleMaps-appletvos/CImGui.modulemap -DXcode -plugin-path /Applications/Xcode-27.0.0-Release.Candidate.app/Contents/Developer/Toolchains/XcodeDefault.xctoolchain/usr/lib/swift/host/plugins/testing -enable-experimental-feature DebugDescriptionMacro -sdk /Applications/Xcode-27.0.0-Release.Candidate.app/Contents/Developer/Platforms/AppleTVOS.platform/Developer/SDKs/AppleTVOS27.0.sdk -target arm64-apple-tvos15.0 -g -module-cache-path /Users/admin/builder/spi-builder-workspace/.derivedData/ModuleCache.noindex -Xfrontend -serialize-debugging-options -enable-testing -suppress-warnings -index-store-path /Users/admin/builder/spi-builder-workspace/.derivedData/Index.noindex/DataStore -Xcc -D_LIBCPP_HARDENING_MODE\=_LIBCPP_HARDENING_MODE_DEBUG -swift-version 5 -I /Users/admin/builder/spi-builder-workspace/.derivedData/Build/Products/Debug-appletvos -Isystem /Applications/Xcode-27.0.0-Release.Candidate.app/Contents/Developer/Platforms/AppleTVOS.platform/Developer/usr/lib -F /Users/admin/builder/spi-builder-workspace/.derivedData/Build/Products/Debug-appletvos/PackageFrameworks -F /Users/admin/builder/spi-builder-workspace/.derivedData/Build/Products/Debug-appletvos -F /Applications/Xcode-27.0.0-Release.Candidate.app/Contents/Developer/Platforms/AppleTVOS.platform/Developer/Library/Frameworks -F /Applications/Xcode-27.0.0-Release.Candidate.app/Contents/Developer/Platforms/AppleTVOS.platform/Developer/SDKs/AppleTVOS27.0.sdk/Developer/Library/Frameworks -c -j10 -enable-batch-mode -incremental -Xcc -ivfsstatcache -Xcc /Users/admin/builder/spi-builder-workspace/.derivedData/SDKStatCaches.noindex/appletvos27.0-24J360-e829b21a6f8c9b70876ba0858053c044b32bfd8d43560033f8d89884cdb90028.sdkstatcache -output-file-map /Users/admin/builder/spi-builder-workspace/.derivedData/Build/Intermediates.noindex/ImGui.build/Debug-appletvos/ImGui-t.build/Objects-normal/arm64/ImGui-OutputFileMap.json -save-temps -no-color-diagnostics -explicit-module-build -module-cache-path /Users/admin/builder/spi-builder-workspace/.derivedData/Build/Intermediates.noindex/SwiftExplicitPrecompiledModules -clang-scanner-module-cache-path /Users/admin/builder/spi-builder-workspace/.derivedData/ModuleCache.noindex -sdk-module-cache-path /Users/admin/builder/spi-builder-workspace/.derivedData/SDKExplicitPrecompiledModules -emit-dependencies -emit-module -emit-module-path /Users/admin/builder/spi-builder-workspace/.derivedData/Build/Intermediates.noindex/ImGui.build/Debug-appletvos/ImGui-t.build/Objects-normal/arm64/ImGui.swiftmodule -serialize-diagnostics -dependency-scan-serialize-diagnostics-path /Users/admin/builder/spi-builder-workspace/.derivedData/Build/Intermediates.noindex/ImGui.build/Debug-appletvos/ImGui-t.build/Objects-normal/arm64/ImGui-dependency-scan.dia -validate-clang-modules-once -clang-build-session-file /Users/admin/builder/spi-builder-workspace/.derivedData/ModuleCache.noindex/Session.modulevalidation -Xcc -fmodules-prune-interval\=86400 -Xcc -fmodules-prune-after\=345600 -emit-const-values -const-gather-protocols-list /Users/admin/builder/spi-builder-workspace/.derivedData/Build/Intermediates.noindex/ImGui.build/Debug-appletvos/ImGui-t.build/Objects-normal/arm64/ImGui_const_extract_protocols.json -Xcc -I/Users/admin/builder/spi-builder-workspace/.dependencies/checkouts/SwiftImGui/Sources/CImGui/include -Xcc -I/Users/admin/builder/spi-builder-workspace/.derivedData/Build/Products/Debug-appletvos/include -Xcc -I/Users/admin/builder/spi-builder-workspace/.derivedData/Build/Intermediates.noindex/ImGui.build/Debug-appletvos/ImGui-t.build/DerivedSources-normal/arm64 -Xcc -I/Users/admin/builder/spi-builder-workspace/.derivedData/Build/Intermediates.noindex/ImGui.build/Debug-appletvos/ImGui-t.build/DerivedSources/arm64 -Xcc -I/Users/admin/builder/spi-builder-workspace/.derivedData/Build/Intermediates.noindex/ImGui.build/Debug-appletvos/ImGui-t.build/DerivedSources -Xcc -DSWIFT_PACKAGE -Xcc -DDEBUG\=1 -emit-objc-header -emit-objc-header-path /Users/admin/builder/spi-builder-workspace/.derivedData/Build/Intermediates.noindex/ImGui.build/Debug-appletvos/ImGui-t.build/Objects-normal/arm64/ImGui-Swift.h -working-directory /Users/admin/builder/spi-builder-workspace/.swiftpm/xcode -experimental-emit-module-separately -disable-cmo
SwiftDriver OhMyLog normal arm64 com.apple.xcode.tools.swift.compiler (in target 'OhMyLog' from project 'OhMyLog')
    cd /Users/admin/builder/spi-builder-workspace/.swiftpm/xcode
    builtin-SwiftDriver -- /Applications/Xcode-27.0.0-Release.Candidate.app/Contents/Developer/Toolchains/XcodeDefault.xctoolchain/usr/bin/swiftc -parse-as-library -module-name OhMyLog -Onone @/Users/admin/builder/spi-builder-workspace/.derivedData/Build/Intermediates.noindex/OhMyLog.build/Debug-appletvos/OhMyLog-t.build/Objects-normal/arm64/OhMyLog.SwiftFileList -DSWIFT_PACKAGE -DDEBUG -DSWIFT_MODULE_RESOURCE_BUNDLE_UNAVAILABLE -DXcode -plugin-path /Applications/Xcode-27.0.0-Release.Candidate.app/Contents/Developer/Toolchains/XcodeDefault.xctoolchain/usr/lib/swift/host/plugins/testing -enable-experimental-feature DebugDescriptionMacro -sdk /Applications/Xcode-27.0.0-Release.Candidate.app/Contents/Developer/Platforms/AppleTVOS.platform/Developer/SDKs/AppleTVOS27.0.sdk -target arm64-apple-tvos15.0 -g -module-cache-path /Users/admin/builder/spi-builder-workspace/.derivedData/ModuleCache.noindex -Xfrontend -serialize-debugging-options -enable-testing -suppress-warnings -index-store-path /Users/admin/builder/spi-builder-workspace/.derivedData/Index.noindex/DataStore -Xcc -D_LIBCPP_HARDENING_MODE\=_LIBCPP_HARDENING_MODE_DEBUG -swift-version 5 -I /Users/admin/builder/spi-builder-workspace/.derivedData/Build/Products/Debug-appletvos -Isystem /Applications/Xcode-27.0.0-Release.Candidate.app/Contents/Developer/Platforms/AppleTVOS.platform/Developer/usr/lib -F /Users/admin/builder/spi-builder-workspace/.derivedData/Build/Products/Debug-appletvos -F /Applications/Xcode-27.0.0-Release.Candidate.app/Contents/Developer/Platforms/AppleTVOS.platform/Developer/Library/Frameworks -F /Applications/Xcode-27.0.0-Release.Candidate.app/Contents/Developer/Platforms/AppleTVOS.platform/Developer/SDKs/AppleTVOS27.0.sdk/Developer/Library/Frameworks -c -j10 -enable-batch-mode -incremental -Xcc -ivfsstatcache -Xcc /Users/admin/builder/spi-builder-workspace/.derivedData/SDKStatCaches.noindex/appletvos27.0-24J360-e829b21a6f8c9b70876ba0858053c044b32bfd8d43560033f8d89884cdb90028.sdkstatcache -output-file-map /Users/admin/builder/spi-builder-workspace/.derivedData/Build/Intermediates.noindex/OhMyLog.build/Debug-appletvos/OhMyLog-t.build/Objects-normal/arm64/OhMyLog-OutputFileMap.json -save-temps -no-color-diagnostics -explicit-module-build -module-cache-path /Users/admin/builder/spi-builder-workspace/.derivedData/Build/Intermediates.noindex/SwiftExplicitPrecompiledModules -clang-scanner-module-cache-path /Users/admin/builder/spi-builder-workspace/.derivedData/ModuleCache.noindex -sdk-module-cache-path /Users/admin/builder/spi-builder-workspace/.derivedData/SDKExplicitPrecompiledModules -emit-dependencies -emit-module -emit-module-path /Users/admin/builder/spi-builder-workspace/.derivedData/Build/Intermediates.noindex/OhMyLog.build/Debug-appletvos/OhMyLog-t.build/Objects-normal/arm64/OhMyLog.swiftmodule -serialize-diagnostics -dependency-scan-serialize-diagnostics-path /Users/admin/builder/spi-builder-workspace/.derivedData/Build/Intermediates.noindex/OhMyLog.build/Debug-appletvos/OhMyLog-t.build/Objects-normal/arm64/OhMyLog-dependency-scan.dia -validate-clang-modules-once -clang-build-session-file /Users/admin/builder/spi-builder-workspace/.derivedData/ModuleCache.noindex/Session.modulevalidation -Xcc -fmodules-prune-interval\=86400 -Xcc -fmodules-prune-after\=345600 -emit-const-values -const-gather-protocols-list /Users/admin/builder/spi-builder-workspace/.derivedData/Build/Intermediates.noindex/OhMyLog.build/Debug-appletvos/OhMyLog-t.build/Objects-normal/arm64/OhMyLog_const_extract_protocols.json -Xcc -I/Users/admin/builder/spi-builder-workspace/.derivedData/Build/Products/Debug-appletvos/include -Xcc -I/Users/admin/builder/spi-builder-workspace/.derivedData/Build/Intermediates.noindex/OhMyLog.build/Debug-appletvos/OhMyLog-t.build/DerivedSources-normal/arm64 -Xcc -I/Users/admin/builder/spi-builder-workspace/.derivedData/Build/Intermediates.noindex/OhMyLog.build/Debug-appletvos/OhMyLog-t.build/DerivedSources/arm64 -Xcc -I/Users/admin/builder/spi-builder-workspace/.derivedData/Build/Intermediates.noindex/OhMyLog.build/Debug-appletvos/OhMyLog-t.build/DerivedSources -Xcc -DSWIFT_PACKAGE -Xcc -DDEBUG\=1 -emit-objc-header -emit-objc-header-path /Users/admin/builder/spi-builder-workspace/.derivedData/Build/Intermediates.noindex/OhMyLog.build/Debug-appletvos/OhMyLog-t.build/Objects-normal/arm64/OhMyLog-Swift.h -working-directory /Users/admin/builder/spi-builder-workspace/.swiftpm/xcode -experimental-emit-module-separately -disable-cmo
SwiftDriver MothECS normal arm64 com.apple.xcode.tools.swift.compiler (in target 'MothECS' from project 'MothECS')
    cd /Users/admin/builder/spi-builder-workspace/.swiftpm/xcode
    builtin-SwiftDriver -- /Applications/Xcode-27.0.0-Release.Candidate.app/Contents/Developer/Toolchains/XcodeDefault.xctoolchain/usr/bin/swiftc -parse-as-library -module-name MothECS -Onone @/Users/admin/builder/spi-builder-workspace/.derivedData/Build/Intermediates.noindex/MothECS.build/Debug-appletvos/MothECS-t.build/Objects-normal/arm64/MothECS.SwiftFileList -DSWIFT_PACKAGE -DDEBUG -DSWIFT_MODULE_RESOURCE_BUNDLE_UNAVAILABLE -DXcode -plugin-path /Applications/Xcode-27.0.0-Release.Candidate.app/Contents/Developer/Toolchains/XcodeDefault.xctoolchain/usr/lib/swift/host/plugins/testing -enable-experimental-feature DebugDescriptionMacro -sdk /Applications/Xcode-27.0.0-Release.Candidate.app/Contents/Developer/Platforms/AppleTVOS.platform/Developer/SDKs/AppleTVOS27.0.sdk -target arm64-apple-tvos15.0 -g -module-cache-path /Users/admin/builder/spi-builder-workspace/.derivedData/ModuleCache.noindex -Xfrontend -serialize-debugging-options -enable-testing -suppress-warnings -index-store-path /Users/admin/builder/spi-builder-workspace/.derivedData/Index.noindex/DataStore -Xcc -D_LIBCPP_HARDENING_MODE\=_LIBCPP_HARDENING_MODE_DEBUG -swift-version 5 -I /Users/admin/builder/spi-builder-workspace/.derivedData/Build/Products/Debug-appletvos -Isystem /Applications/Xcode-27.0.0-Release.Candidate.app/Contents/Developer/Platforms/AppleTVOS.platform/Developer/usr/lib -F /Users/admin/builder/spi-builder-workspace/.derivedData/Build/Products/Debug-appletvos -F /Applications/Xcode-27.0.0-Release.Candidate.app/Contents/Developer/Platforms/AppleTVOS.platform/Developer/Library/Frameworks -F /Applications/Xcode-27.0.0-Release.Candidate.app/Contents/Developer/Platforms/AppleTVOS.platform/Developer/SDKs/AppleTVOS27.0.sdk/Developer/Library/Frameworks -c -j10 -enable-batch-mode -incremental -Xcc -ivfsstatcache -Xcc /Users/admin/builder/spi-builder-workspace/.derivedData/SDKStatCaches.noindex/appletvos27.0-24J360-e829b21a6f8c9b70876ba0858053c044b32bfd8d43560033f8d89884cdb90028.sdkstatcache -output-file-map /Users/admin/builder/spi-builder-workspace/.derivedData/Build/Intermediates.noindex/MothECS.build/Debug-appletvos/MothECS-t.build/Objects-normal/arm64/MothECS-OutputFileMap.json -save-temps -no-color-diagnostics -explicit-module-build -module-cache-path /Users/admin/builder/spi-builder-workspace/.derivedData/Build/Intermediates.noindex/SwiftExplicitPrecompiledModules -clang-scanner-module-cache-path /Users/admin/builder/spi-builder-workspace/.derivedData/ModuleCache.noindex -sdk-module-cache-path /Users/admin/builder/spi-builder-workspace/.derivedData/SDKExplicitPrecompiledModules -emit-dependencies -emit-module -emit-module-path /Users/admin/builder/spi-builder-workspace/.derivedData/Build/Intermediates.noindex/MothECS.build/Debug-appletvos/MothECS-t.build/Objects-normal/arm64/MothECS.swiftmodule -serialize-diagnostics -dependency-scan-serialize-diagnostics-path /Users/admin/builder/spi-builder-workspace/.derivedData/Build/Intermediates.noindex/MothECS.build/Debug-appletvos/MothECS-t.build/Objects-normal/arm64/MothECS-dependency-scan.dia -validate-clang-modules-once -clang-build-session-file /Users/admin/builder/spi-builder-workspace/.derivedData/ModuleCache.noindex/Session.modulevalidation -Xcc -fmodules-prune-interval\=86400 -Xcc -fmodules-prune-after\=345600 -emit-const-values -const-gather-protocols-list /Users/admin/builder/spi-builder-workspace/.derivedData/Build/Intermediates.noindex/MothECS.build/Debug-appletvos/MothECS-t.build/Objects-normal/arm64/MothECS_const_extract_protocols.json -Xcc -I/Users/admin/builder/spi-builder-workspace/.derivedData/Build/Products/Debug-appletvos/include -Xcc -I/Users/admin/builder/spi-builder-workspace/.derivedData/Build/Intermediates.noindex/MothECS.build/Debug-appletvos/MothECS-t.build/DerivedSources-normal/arm64 -Xcc -I/Users/admin/builder/spi-builder-workspace/.derivedData/Build/Intermediates.noindex/MothECS.build/Debug-appletvos/MothECS-t.build/DerivedSources/arm64 -Xcc -I/Users/admin/builder/spi-builder-workspace/.derivedData/Build/Intermediates.noindex/MothECS.build/Debug-appletvos/MothECS-t.build/DerivedSources -Xcc -DSWIFT_PACKAGE -Xcc -DDEBUG\=1 -emit-objc-header -emit-objc-header-path /Users/admin/builder/spi-builder-workspace/.derivedData/Build/Intermediates.noindex/MothECS.build/Debug-appletvos/MothECS-t.build/Objects-normal/arm64/MothECS-Swift.h -working-directory /Users/admin/builder/spi-builder-workspace/.swiftpm/xcode -experimental-emit-module-separately -disable-cmo
SwiftDriver MathLib normal arm64 com.apple.xcode.tools.swift.compiler (in target 'MathLib' from project 'MathLib')
    cd /Users/admin/builder/spi-builder-workspace/.swiftpm/xcode
    builtin-SwiftDriver -- /Applications/Xcode-27.0.0-Release.Candidate.app/Contents/Developer/Toolchains/XcodeDefault.xctoolchain/usr/bin/swiftc -parse-as-library -module-name MathLib -Onone @/Users/admin/builder/spi-builder-workspace/.derivedData/Build/Intermediates.noindex/MathLib.build/Debug-appletvos/MathLib-t.build/Objects-normal/arm64/MathLib.SwiftFileList -DSWIFT_PACKAGE -DDEBUG -DSWIFT_MODULE_RESOURCE_BUNDLE_UNAVAILABLE -DXcode -plugin-path /Applications/Xcode-27.0.0-Release.Candidate.app/Contents/Developer/Toolchains/XcodeDefault.xctoolchain/usr/lib/swift/host/plugins/testing -enable-experimental-feature DebugDescriptionMacro -sdk /Applications/Xcode-27.0.0-Release.Candidate.app/Contents/Developer/Platforms/AppleTVOS.platform/Developer/SDKs/AppleTVOS27.0.sdk -target arm64-apple-tvos15.0 -g -module-cache-path /Users/admin/builder/spi-builder-workspace/.derivedData/ModuleCache.noindex -Xfrontend -serialize-debugging-options -enable-testing -suppress-warnings -index-store-path /Users/admin/builder/spi-builder-workspace/.derivedData/Index.noindex/DataStore -Xcc -D_LIBCPP_HARDENING_MODE\=_LIBCPP_HARDENING_MODE_DEBUG -swift-version 5 -I /Users/admin/builder/spi-builder-workspace/.derivedData/Build/Products/Debug-appletvos -Isystem /Applications/Xcode-27.0.0-Release.Candidate.app/Contents/Developer/Platforms/AppleTVOS.platform/Developer/usr/lib -F /Users/admin/builder/spi-builder-workspace/.derivedData/Build/Products/Debug-appletvos -F /Applications/Xcode-27.0.0-Release.Candidate.app/Contents/Developer/Platforms/AppleTVOS.platform/Developer/Library/Frameworks -F /Applications/Xcode-27.0.0-Release.Candidate.app/Contents/Developer/Platforms/AppleTVOS.platform/Developer/SDKs/AppleTVOS27.0.sdk/Developer/Library/Frameworks -c -j10 -enable-batch-mode -incremental -Xcc -ivfsstatcache -Xcc /Users/admin/builder/spi-builder-workspace/.derivedData/SDKStatCaches.noindex/appletvos27.0-24J360-e829b21a6f8c9b70876ba0858053c044b32bfd8d43560033f8d89884cdb90028.sdkstatcache -output-file-map /Users/admin/builder/spi-builder-workspace/.derivedData/Build/Intermediates.noindex/MathLib.build/Debug-appletvos/MathLib-t.build/Objects-normal/arm64/MathLib-OutputFileMap.json -save-temps -no-color-diagnostics -explicit-module-build -module-cache-path /Users/admin/builder/spi-builder-workspace/.derivedData/Build/Intermediates.noindex/SwiftExplicitPrecompiledModules -clang-scanner-module-cache-path /Users/admin/builder/spi-builder-workspace/.derivedData/ModuleCache.noindex -sdk-module-cache-path /Users/admin/builder/spi-builder-workspace/.derivedData/SDKExplicitPrecompiledModules -emit-dependencies -emit-module -emit-module-path /Users/admin/builder/spi-builder-workspace/.derivedData/Build/Intermediates.noindex/MathLib.build/Debug-appletvos/MathLib-t.build/Objects-normal/arm64/MathLib.swiftmodule -serialize-diagnostics -dependency-scan-serialize-diagnostics-path /Users/admin/builder/spi-builder-workspace/.derivedData/Build/Intermediates.noindex/MathLib.build/Debug-appletvos/MathLib-t.build/Objects-normal/arm64/MathLib-dependency-scan.dia -validate-clang-modules-once -clang-build-session-file /Users/admin/builder/spi-builder-workspace/.derivedData/ModuleCache.noindex/Session.modulevalidation -Xcc -fmodules-prune-interval\=86400 -Xcc -fmodules-prune-after\=345600 -emit-const-values -const-gather-protocols-list /Users/admin/builder/spi-builder-workspace/.derivedData/Build/Intermediates.noindex/MathLib.build/Debug-appletvos/MathLib-t.build/Objects-normal/arm64/MathLib_const_extract_protocols.json -Xcc -I/Users/admin/builder/spi-builder-workspace/.derivedData/Build/Products/Debug-appletvos/include -Xcc -I/Users/admin/builder/spi-builder-workspace/.derivedData/Build/Intermediates.noindex/MathLib.build/Debug-appletvos/MathLib-t.build/DerivedSources-normal/arm64 -Xcc -I/Users/admin/builder/spi-builder-workspace/.derivedData/Build/Intermediates.noindex/MathLib.build/Debug-appletvos/MathLib-t.build/DerivedSources/arm64 -Xcc -I/Users/admin/builder/spi-builder-workspace/.derivedData/Build/Intermediates.noindex/MathLib.build/Debug-appletvos/MathLib-t.build/DerivedSources -Xcc -DSWIFT_PACKAGE -Xcc -DDEBUG\=1 -emit-objc-header -emit-objc-header-path /Users/admin/builder/spi-builder-workspace/.derivedData/Build/Intermediates.noindex/MathLib.build/Debug-appletvos/MathLib-t.build/Objects-normal/arm64/MathLib-Swift.h -working-directory /Users/admin/builder/spi-builder-workspace/.swiftpm/xcode -experimental-emit-module-separately -disable-cmo
SwiftExplicitDependencyGeneratePcm arm64 /Users/admin/builder/spi-builder-workspace/.derivedData/SDKExplicitPrecompiledModules/SwiftShims-8N4EXJ4RUJTR8K9OO3CMOH1EP.pcm
SwiftExplicitDependencyGeneratePcm arm64 /Users/admin/builder/spi-builder-workspace/.derivedData/SDKExplicitPrecompiledModules/_SwiftConcurrencyShims-BY5PD8KF1L5KF6F4Q69HE3TJ4.pcm
SwiftExplicitDependencyGeneratePcm arm64 /Users/admin/builder/spi-builder-workspace/.derivedData/SDKExplicitPrecompiledModules/_Builtin_stddef-9ZJZ6FDEZNKTZU8YLPMFT9RAQ.pcm
SwiftExplicitDependencyGeneratePcm arm64 /Users/admin/builder/spi-builder-workspace/.derivedData/SDKExplicitPrecompiledModules/_Builtin_stdbool-AHRDH5EKLY6D04C5E42F3VCQI.pcm
SwiftEmitModule normal arm64 Emitting\ module\ for\ MothECS (in target 'MothECS' from project 'MothECS')
SwiftCompile normal arm64 (in target 'MothECS' from project 'MothECS')
    cd /Users/admin/builder/spi-builder-workspace/.swiftpm/xcode

SwiftExplicitDependencyGeneratePcm arm64 /Users/admin/builder/spi-builder-workspace/.derivedData/SDKExplicitPrecompiledModules/_Builtin_float-8ZJAYZ85YBOAOP52Y9H6IUNP3.pcm
SwiftExplicitDependencyGeneratePcm arm64 /Users/admin/builder/spi-builder-workspace/.derivedData/SDKExplicitPrecompiledModules/_AvailabilityInternal-BV2EDDP0MI5QJDDPEEV4D9D3V.pcm
SwiftExplicitDependencyGeneratePcm arm64 /Users/admin/builder/spi-builder-workspace/.derivedData/SDKExplicitPrecompiledModules/ptrcheck-2AZ6B5IBYD3RRRTFWN2ONASY3.pcm
SwiftExplicitDependencyGeneratePcm arm64 /Users/admin/builder/spi-builder-workspace/.derivedData/SDKExplicitPrecompiledModules/_Builtin_stdarg-BO2OCAUYVAXDRVQWQ8ISKGNUQ.pcm
SwiftCompile normal arm64 Compiling\ Moth+Component.swift /Users/admin/builder/spi-builder-workspace/.dependencies/checkouts/MothECS/Sources/MothECS/Moth+Component.swift (in target 'MothECS' from project 'MothECS')
SwiftCompile normal arm64 /Users/admin/builder/spi-builder-workspace/.dependencies/checkouts/MothECS/Sources/MothECS/Moth+Component.swift (in target 'MothECS' from project 'MothECS')
    cd /Users/admin/builder/spi-builder-workspace/.swiftpm/xcode
    builtin-SwiftPerFileCompile Moth+Component.swift
SwiftCompile normal arm64 Compiling\ Moth+Identifiers.swift /Users/admin/builder/spi-builder-workspace/.dependencies/checkouts/MothECS/Sources/MothECS/Moth+Identifiers.swift (in target 'MothECS' from project 'MothECS')
SwiftCompile normal arm64 /Users/admin/builder/spi-builder-workspace/.dependencies/checkouts/MothECS/Sources/MothECS/Moth+Identifiers.swift (in target 'MothECS' from project 'MothECS')
    cd /Users/admin/builder/spi-builder-workspace/.swiftpm/xcode
    builtin-SwiftPerFileCompile Moth+Identifiers.swift
SwiftCompile normal arm64 Compiling\ Moth.swift /Users/admin/builder/spi-builder-workspace/.dependencies/checkouts/MothECS/Sources/MothECS/Moth.swift (in target 'MothECS' from project 'MothECS')
SwiftCompile normal arm64 /Users/admin/builder/spi-builder-workspace/.dependencies/checkouts/MothECS/Sources/MothECS/Moth.swift (in target 'MothECS' from project 'MothECS')
    cd /Users/admin/builder/spi-builder-workspace/.swiftpm/xcode
    builtin-SwiftPerFileCompile Moth.swift
SwiftDriverJobDiscovery normal arm64 Emitting module for MothECS (in target 'MothECS' from project 'MothECS')
SwiftDriver\ Compilation\ Requirements MothECS normal arm64 com.apple.xcode.tools.swift.compiler (in target 'MothECS' from project 'MothECS')
    cd /Users/admin/builder/spi-builder-workspace/.swiftpm/xcode
    builtin-Swift-Compilation-Requirements -- /Applications/Xcode-27.0.0-Release.Candidate.app/Contents/Developer/Toolchains/XcodeDefault.xctoolchain/usr/bin/swiftc -parse-as-library -module-name MothECS -Onone @/Users/admin/builder/spi-builder-workspace/.derivedData/Build/Intermediates.noindex/MothECS.build/Debug-appletvos/MothECS-t.build/Objects-normal/arm64/MothECS.SwiftFileList -DSWIFT_PACKAGE -DDEBUG -DSWIFT_MODULE_RESOURCE_BUNDLE_UNAVAILABLE -DXcode -plugin-path /Applications/Xcode-27.0.0-Release.Candidate.app/Contents/Developer/Toolchains/XcodeDefault.xctoolchain/usr/lib/swift/host/plugins/testing -enable-experimental-feature DebugDescriptionMacro -sdk /Applications/Xcode-27.0.0-Release.Candidate.app/Contents/Developer/Platforms/AppleTVOS.platform/Developer/SDKs/AppleTVOS27.0.sdk -target arm64-apple-tvos15.0 -g -module-cache-path /Users/admin/builder/spi-builder-workspace/.derivedData/ModuleCache.noindex -Xfrontend -serialize-debugging-options -enable-testing -suppress-warnings -index-store-path /Users/admin/builder/spi-builder-workspace/.derivedData/Index.noindex/DataStore -Xcc -D_LIBCPP_HARDENING_MODE\=_LIBCPP_HARDENING_MODE_DEBUG -swift-version 5 -I /Users/admin/builder/spi-builder-workspace/.derivedData/Build/Products/Debug-appletvos -Isystem /Applications/Xcode-27.0.0-Release.Candidate.app/Contents/Developer/Platforms/AppleTVOS.platform/Developer/usr/lib -F /Users/admin/builder/spi-builder-workspace/.derivedData/Build/Products/Debug-appletvos -F /Applications/Xcode-27.0.0-Release.Candidate.app/Contents/Developer/Platforms/AppleTVOS.platform/Developer/Library/Frameworks -F /Applications/Xcode-27.0.0-Release.Candidate.app/Contents/Developer/Platforms/AppleTVOS.platform/Developer/SDKs/AppleTVOS27.0.sdk/Developer/Library/Frameworks -c -j10 -enable-batch-mode -incremental -Xcc -ivfsstatcache -Xcc /Users/admin/builder/spi-builder-workspace/.derivedData/SDKStatCaches.noindex/appletvos27.0-24J360-e829b21a6f8c9b70876ba0858053c044b32bfd8d43560033f8d89884cdb90028.sdkstatcache -output-file-map /Users/admin/builder/spi-builder-workspace/.derivedData/Build/Intermediates.noindex/MothECS.build/Debug-appletvos/MothECS-t.build/Objects-normal/arm64/MothECS-OutputFileMap.json -save-temps -no-color-diagnostics -explicit-module-build -module-cache-path /Users/admin/builder/spi-builder-workspace/.derivedData/Build/Intermediates.noindex/SwiftExplicitPrecompiledModules -clang-scanner-module-cache-path /Users/admin/builder/spi-builder-workspace/.derivedData/ModuleCache.noindex -sdk-module-cache-path /Users/admin/builder/spi-builder-workspace/.derivedData/SDKExplicitPrecompiledModules -emit-dependencies -emit-module -emit-module-path /Users/admin/builder/spi-builder-workspace/.derivedData/Build/Intermediates.noindex/MothECS.build/Debug-appletvos/MothECS-t.build/Objects-normal/arm64/MothECS.swiftmodule -serialize-diagnostics -dependency-scan-serialize-diagnostics-path /Users/admin/builder/spi-builder-workspace/.derivedData/Build/Intermediates.noindex/MothECS.build/Debug-appletvos/MothECS-t.build/Objects-normal/arm64/MothECS-dependency-scan.dia -validate-clang-modules-once -clang-build-session-file /Users/admin/builder/spi-builder-workspace/.derivedData/ModuleCache.noindex/Session.modulevalidation -Xcc -fmodules-prune-interval\=86400 -Xcc -fmodules-prune-after\=345600 -emit-const-values -const-gather-protocols-list /Users/admin/builder/spi-builder-workspace/.derivedData/Build/Intermediates.noindex/MothECS.build/Debug-appletvos/MothECS-t.build/Objects-normal/arm64/MothECS_const_extract_protocols.json -Xcc -I/Users/admin/builder/spi-builder-workspace/.derivedData/Build/Products/Debug-appletvos/include -Xcc -I/Users/admin/builder/spi-builder-workspace/.derivedData/Build/Intermediates.noindex/MothECS.build/Debug-appletvos/MothECS-t.build/DerivedSources-normal/arm64 -Xcc -I/Users/admin/builder/spi-builder-workspace/.derivedData/Build/Intermediates.noindex/MothECS.build/Debug-appletvos/MothECS-t.build/DerivedSources/arm64 -Xcc -I/Users/admin/builder/spi-builder-workspace/.derivedData/Build/Intermediates.noindex/MothECS.build/Debug-appletvos/MothECS-t.build/DerivedSources -Xcc -DSWIFT_PACKAGE -Xcc -DDEBUG\=1 -emit-objc-header -emit-objc-header-path /Users/admin/builder/spi-builder-workspace/.derivedData/Build/Intermediates.noindex/MothECS.build/Debug-appletvos/MothECS-t.build/Objects-normal/arm64/MothECS-Swift.h -working-directory /Users/admin/builder/spi-builder-workspace/.swiftpm/xcode -experimental-emit-module-separately -disable-cmo
SwiftCompile normal arm64 Compiling\ Moth+Entity.swift /Users/admin/builder/spi-builder-workspace/.dependencies/checkouts/MothECS/Sources/MothECS/Moth+Entity.swift (in target 'MothECS' from project 'MothECS')
SwiftCompile normal arm64 /Users/admin/builder/spi-builder-workspace/.dependencies/checkouts/MothECS/Sources/MothECS/Moth+Entity.swift (in target 'MothECS' from project 'MothECS')
    cd /Users/admin/builder/spi-builder-workspace/.swiftpm/xcode
    builtin-SwiftPerFileCompile Moth+Entity.swift
SwiftMergeGeneratedHeaders /Users/admin/builder/spi-builder-workspace/.derivedData/Build/Intermediates.noindex/GeneratedModuleMaps-appletvos/MothECS-Swift.h /Users/admin/builder/spi-builder-workspace/.derivedData/Build/Intermediates.noindex/MothECS.build/Debug-appletvos/MothECS-t.build/Objects-normal/arm64/MothECS-Swift.h (in target 'MothECS' from project 'MothECS')
    cd /Users/admin/builder/spi-builder-workspace/.dependencies/checkouts/MothECS
    builtin-swiftHeaderTool -arch arm64 /Users/admin/builder/spi-builder-workspace/.derivedData/Build/Intermediates.noindex/MothECS.build/Debug-appletvos/MothECS-t.build/Objects-normal/arm64/MothECS-Swift.h -o /Users/admin/builder/spi-builder-workspace/.derivedData/Build/Intermediates.noindex/GeneratedModuleMaps-appletvos/MothECS-Swift.h
Copy /Users/admin/builder/spi-builder-workspace/.derivedData/Build/Products/Debug-appletvos/MothECS.swiftmodule/arm64-apple-tvos.swiftmodule /Users/admin/builder/spi-builder-workspace/.derivedData/Build/Intermediates.noindex/MothECS.build/Debug-appletvos/MothECS-t.build/Objects-normal/arm64/MothECS.swiftmodule (in target 'MothECS' from project 'MothECS')
    cd /Users/admin/builder/spi-builder-workspace/.dependencies/checkouts/MothECS
    builtin-copy -exclude .DS_Store -exclude CVS -exclude .svn -exclude .git -exclude .hg -resolve-src-symlinks -rename /Users/admin/builder/spi-builder-workspace/.derivedData/Build/Intermediates.noindex/MothECS.build/Debug-appletvos/MothECS-t.build/Objects-normal/arm64/MothECS.swiftmodule /Users/admin/builder/spi-builder-workspace/.derivedData/Build/Products/Debug-appletvos/MothECS.swiftmodule/arm64-apple-tvos.swiftmodule
Copy /Users/admin/builder/spi-builder-workspace/.derivedData/Build/Products/Debug-appletvos/MothECS.swiftmodule/arm64-apple-tvos.swiftdoc /Users/admin/builder/spi-builder-workspace/.derivedData/Build/Intermediates.noindex/MothECS.build/Debug-appletvos/MothECS-t.build/Objects-normal/arm64/MothECS.swiftdoc (in target 'MothECS' from project 'MothECS')
    cd /Users/admin/builder/spi-builder-workspace/.dependencies/checkouts/MothECS
    builtin-copy -exclude .DS_Store -exclude CVS -exclude .svn -exclude .git -exclude .hg -resolve-src-symlinks -rename /Users/admin/builder/spi-builder-workspace/.derivedData/Build/Intermediates.noindex/MothECS.build/Debug-appletvos/MothECS-t.build/Objects-normal/arm64/MothECS.swiftdoc /Users/admin/builder/spi-builder-workspace/.derivedData/Build/Products/Debug-appletvos/MothECS.swiftmodule/arm64-apple-tvos.swiftdoc
Copy /Users/admin/builder/spi-builder-workspace/.derivedData/Build/Products/Debug-appletvos/MothECS.swiftmodule/arm64-apple-tvos.abi.json /Users/admin/builder/spi-builder-workspace/.derivedData/Build/Intermediates.noindex/MothECS.build/Debug-appletvos/MothECS-t.build/Objects-normal/arm64/MothECS.abi.json (in target 'MothECS' from project 'MothECS')
    cd /Users/admin/builder/spi-builder-workspace/.dependencies/checkouts/MothECS
    builtin-copy -exclude .DS_Store -exclude CVS -exclude .svn -exclude .git -exclude .hg -resolve-src-symlinks -rename /Users/admin/builder/spi-builder-workspace/.derivedData/Build/Intermediates.noindex/MothECS.build/Debug-appletvos/MothECS-t.build/Objects-normal/arm64/MothECS.abi.json /Users/admin/builder/spi-builder-workspace/.derivedData/Build/Products/Debug-appletvos/MothECS.swiftmodule/arm64-apple-tvos.abi.json
Copy /Users/admin/builder/spi-builder-workspace/.derivedData/Build/Products/Debug-appletvos/MothECS.swiftmodule/Project/arm64-apple-tvos.swiftsourceinfo /Users/admin/builder/spi-builder-workspace/.derivedData/Build/Intermediates.noindex/MothECS.build/Debug-appletvos/MothECS-t.build/Objects-normal/arm64/MothECS.swiftsourceinfo (in target 'MothECS' from project 'MothECS')
    cd /Users/admin/builder/spi-builder-workspace/.dependencies/checkouts/MothECS
    builtin-copy -exclude .DS_Store -exclude CVS -exclude .svn -exclude .git -exclude .hg -resolve-src-symlinks -rename /Users/admin/builder/spi-builder-workspace/.derivedData/Build/Intermediates.noindex/MothECS.build/Debug-appletvos/MothECS-t.build/Objects-normal/arm64/MothECS.swiftsourceinfo /Users/admin/builder/spi-builder-workspace/.derivedData/Build/Products/Debug-appletvos/MothECS.swiftmodule/Project/arm64-apple-tvos.swiftsourceinfo
SwiftExplicitDependencyGeneratePcm arm64 /Users/admin/builder/spi-builder-workspace/.derivedData/SDKExplicitPrecompiledModules/_DarwinFoundation1-JOTYMOA1YZCIJ2NON6FQ848O.pcm
SwiftCompile normal arm64 Compiling\ Moth+Mask.swift /Users/admin/builder/spi-builder-workspace/.dependencies/checkouts/MothECS/Sources/MothECS/Moth+Mask.swift (in target 'MothECS' from project 'MothECS')
SwiftCompile normal arm64 /Users/admin/builder/spi-builder-workspace/.dependencies/checkouts/MothECS/Sources/MothECS/Moth+Mask.swift (in target 'MothECS' from project 'MothECS')
    cd /Users/admin/builder/spi-builder-workspace/.swiftpm/xcode
    builtin-SwiftPerFileCompile Moth+Mask.swift
SwiftExplicitDependencyGeneratePcm arm64 /Users/admin/builder/spi-builder-workspace/.derivedData/SDKExplicitPrecompiledModules/ptrauth-8X2KEPL7CTRPS40TUB9APHPK6.pcm
SwiftExplicitDependencyGeneratePcm arm64 /Users/admin/builder/spi-builder-workspace/.derivedData/SDKExplicitPrecompiledModules/_DarwinFoundation2-AOGAN1O02NKXRJN5V73AV3V3M.pcm
SwiftExplicitDependencyGeneratePcm arm64 /Users/admin/builder/spi-builder-workspace/.derivedData/SDKExplicitPrecompiledModules/_Builtin_limits-7JU2HP127LIT1X9E2V3D8WZ1.pcm
SwiftExplicitDependencyGeneratePcm arm64 /Users/admin/builder/spi-builder-workspace/.derivedData/SDKExplicitPrecompiledModules/sys_types-8GCAV1YMG5UUGHUID3CA20TCH.pcm
SwiftExplicitDependencyGeneratePcm arm64 /Users/admin/builder/spi-builder-workspace/.derivedData/SDKExplicitPrecompiledModules/_Builtin_tgmath-7ULT1EUHDHW4OZPSTT33H6QGE.pcm
SwiftExplicitDependencyGeneratePcm arm64 /Users/admin/builder/spi-builder-workspace/.derivedData/SDKExplicitPrecompiledModules/string_h-6EVHP7A717OUS5DMC78F79HWO.pcm
SwiftExplicitDependencyGeneratePcm arm64 /Users/admin/builder/spi-builder-workspace/.derivedData/SDKExplicitPrecompiledModules/_Builtin_stdint-6NFTB6IBKS143IVPGT1EKB7HO.pcm
SwiftExplicitDependencyGeneratePcm arm64 /Users/admin/builder/spi-builder-workspace/.derivedData/SDKExplicitPrecompiledModules/_Builtin_intrinsics-437O2R2NID4WAQVENR63GR82C.pcm
SwiftExplicitDependencyGeneratePcm arm64 /Users/admin/builder/spi-builder-workspace/.derivedData/SDKExplicitPrecompiledModules/_DarwinFoundation3-8SR3855WDFHQPR6G9GHOI2C07.pcm
SwiftExplicitDependencyGeneratePcm arm64 /Users/admin/builder/spi-builder-workspace/.derivedData/Build/Intermediates.noindex/SwiftExplicitPrecompiledModules/CImGui-36Q2T4WSN0IF8SG1YP519L1KM.pcm
Ld /Users/admin/builder/spi-builder-workspace/.derivedData/Build/Products/Debug-appletvos/CImGui.o normal (in target 'CImGui' from project 'ImGui')
    cd /Users/admin/builder/spi-builder-workspace/.dependencies/checkouts/SwiftImGui
    /Applications/Xcode-27.0.0-Release.Candidate.app/Contents/Developer/Toolchains/XcodeDefault.xctoolchain/usr/bin/clang++ -Xlinker -reproducible -target arm64-apple-tvos15.0 -r -isysroot /Applications/Xcode-27.0.0-Release.Candidate.app/Contents/Developer/Platforms/AppleTVOS.platform/Developer/SDKs/AppleTVOS27.0.sdk -O0 -w -Xlinker -no_warn_duplicate_libraries -F/Users/admin/builder/spi-builder-workspace/.derivedData/Build/Intermediates.noindex/EagerLinkingTBDs/Debug-appletvos -F/Users/admin/builder/spi-builder-workspace/.derivedData/Build/Products/Debug-appletvos -iframework /Applications/Xcode-27.0.0-Release.Candidate.app/Contents/Developer/Platforms/AppleTVOS.platform/Developer/Library/Frameworks -iframework /Applications/Xcode-27.0.0-Release.Candidate.app/Contents/Developer/Platforms/AppleTVOS.platform/Developer/SDKs/AppleTVOS27.0.sdk/Developer/Library/Frameworks -filelist /Users/admin/builder/spi-builder-workspace/.derivedData/Build/Intermediates.noindex/ImGui.build/Debug-appletvos/CImGui-t.build/Objects-normal/arm64/CImGui.LinkFileList -nostdlib -Xlinker -object_path_lto -Xlinker /Users/admin/builder/spi-builder-workspace/.derivedData/Build/Intermediates.noindex/ImGui.build/Debug-appletvos/CImGui-t.build/Objects-normal/arm64/CImGui_lto.o -Xlinker -no_deduplicate -Xlinker -dependency_info -Xlinker /Users/admin/builder/spi-builder-workspace/.derivedData/Build/Intermediates.noindex/ImGui.build/Debug-appletvos/CImGui-t.build/Objects-normal/arm64/CImGui_dependency_info.dat -o /Users/admin/builder/spi-builder-workspace/.derivedData/Build/Products/Debug-appletvos/CImGui.o
SwiftExplicitDependencyGeneratePcm arm64 /Users/admin/builder/spi-builder-workspace/.derivedData/SDKExplicitPrecompiledModules/_Builtin_inttypes-6X1IQ3QK9KEVKXOK9Y79EW7J3.pcm
SwiftEmitModule normal arm64 Emitting\ module\ for\ ImGui (in target 'ImGui' from project 'ImGui')
SwiftCompile normal arm64 (in target 'ImGui' from project 'ImGui')
    cd /Users/admin/builder/spi-builder-workspace/.swiftpm/xcode

SwiftCompile normal arm64 Compiling\ Export.swift /Users/admin/builder/spi-builder-workspace/.dependencies/checkouts/SwiftImGui/Sources/ImGui/Export.swift (in target 'ImGui' from project 'ImGui')
SwiftCompile normal arm64 /Users/admin/builder/spi-builder-workspace/.dependencies/checkouts/SwiftImGui/Sources/ImGui/Export.swift (in target 'ImGui' from project 'ImGui')
    cd /Users/admin/builder/spi-builder-workspace/.swiftpm/xcode
    builtin-SwiftPerFileCompile Export.swift
SwiftCompile normal arm64 Compiling\ ImGui+Definitions.swift /Users/admin/builder/spi-builder-workspace/.dependencies/checkouts/SwiftImGui/Sources/ImGui/ImGui+Definitions.swift (in target 'ImGui' from project 'ImGui')
SwiftCompile normal arm64 /Users/admin/builder/spi-builder-workspace/.dependencies/checkouts/SwiftImGui/Sources/ImGui/ImGui+Definitions.swift (in target 'ImGui' from project 'ImGui')
    cd /Users/admin/builder/spi-builder-workspace/.swiftpm/xcode
    builtin-SwiftPerFileCompile ImGui+Definitions.swift
SwiftDriverJobDiscovery normal arm64 Compiling Moth+Identifiers.swift (in target 'MothECS' from project 'MothECS')
SwiftCompile normal arm64 Compiling\ Helper.swift /Users/admin/builder/spi-builder-workspace/.dependencies/checkouts/SwiftImGui/Sources/ImGui/Helper.swift (in target 'ImGui' from project 'ImGui')
SwiftCompile normal arm64 /Users/admin/builder/spi-builder-workspace/.dependencies/checkouts/SwiftImGui/Sources/ImGui/Helper.swift (in target 'ImGui' from project 'ImGui')
    cd /Users/admin/builder/spi-builder-workspace/.swiftpm/xcode
    builtin-SwiftPerFileCompile Helper.swift
SwiftDriverJobDiscovery normal arm64 Compiling Moth+Entity.swift (in target 'MothECS' from project 'MothECS')
SwiftCompile normal arm64 Compiling\ ImVec+Extensions.swift /Users/admin/builder/spi-builder-workspace/.dependencies/checkouts/SwiftImGui/Sources/ImGui/ImVec+Extensions.swift (in target 'ImGui' from project 'ImGui')
SwiftCompile normal arm64 /Users/admin/builder/spi-builder-workspace/.dependencies/checkouts/SwiftImGui/Sources/ImGui/ImVec+Extensions.swift (in target 'ImGui' from project 'ImGui')
    cd /Users/admin/builder/spi-builder-workspace/.swiftpm/xcode
    builtin-SwiftPerFileCompile ImVec+Extensions.swift
SwiftExplicitDependencyGeneratePcm arm64 /Users/admin/builder/spi-builder-workspace/.derivedData/SDKExplicitPrecompiledModules/Darwin-DBSQAVBBPC3D2OMU5ZI2RXMST.pcm
SwiftDriverJobDiscovery normal arm64 Compiling Moth+Mask.swift (in target 'MothECS' from project 'MothECS')
SwiftDriverJobDiscovery normal arm64 Compiling Moth+Component.swift (in target 'MothECS' from project 'MothECS')
SwiftExplicitDependencyGeneratePcm arm64 /Users/admin/builder/spi-builder-workspace/.derivedData/SDKExplicitPrecompiledModules/simd-117QUXEUT3Z7UQCUYWV2UA228.pcm
SwiftDriverJobDiscovery normal arm64 Compiling Moth.swift (in target 'MothECS' from project 'MothECS')
SwiftDriver\ Compilation MothECS normal arm64 com.apple.xcode.tools.swift.compiler (in target 'MothECS' from project 'MothECS')
    cd /Users/admin/builder/spi-builder-workspace/.swiftpm/xcode
    builtin-Swift-Compilation -- /Applications/Xcode-27.0.0-Release.Candidate.app/Contents/Developer/Toolchains/XcodeDefault.xctoolchain/usr/bin/swiftc -parse-as-library -module-name MothECS -Onone @/Users/admin/builder/spi-builder-workspace/.derivedData/Build/Intermediates.noindex/MothECS.build/Debug-appletvos/MothECS-t.build/Objects-normal/arm64/MothECS.SwiftFileList -DSWIFT_PACKAGE -DDEBUG -DSWIFT_MODULE_RESOURCE_BUNDLE_UNAVAILABLE -DXcode -plugin-path /Applications/Xcode-27.0.0-Release.Candidate.app/Contents/Developer/Toolchains/XcodeDefault.xctoolchain/usr/lib/swift/host/plugins/testing -enable-experimental-feature DebugDescriptionMacro -sdk /Applications/Xcode-27.0.0-Release.Candidate.app/Contents/Developer/Platforms/AppleTVOS.platform/Developer/SDKs/AppleTVOS27.0.sdk -target arm64-apple-tvos15.0 -g -module-cache-path /Users/admin/builder/spi-builder-workspace/.derivedData/ModuleCache.noindex -Xfrontend -serialize-debugging-options -enable-testing -suppress-warnings -index-store-path /Users/admin/builder/spi-builder-workspace/.derivedData/Index.noindex/DataStore -Xcc -D_LIBCPP_HARDENING_MODE\=_LIBCPP_HARDENING_MODE_DEBUG -swift-version 5 -I /Users/admin/builder/spi-builder-workspace/.derivedData/Build/Products/Debug-appletvos -Isystem /Applications/Xcode-27.0.0-Release.Candidate.app/Contents/Developer/Platforms/AppleTVOS.platform/Developer/usr/lib -F /Users/admin/builder/spi-builder-workspace/.derivedData/Build/Products/Debug-appletvos -F /Applications/Xcode-27.0.0-Release.Candidate.app/Contents/Developer/Platforms/AppleTVOS.platform/Developer/Library/Frameworks -F /Applications/Xcode-27.0.0-Release.Candidate.app/Contents/Developer/Platforms/AppleTVOS.platform/Developer/SDKs/AppleTVOS27.0.sdk/Developer/Library/Frameworks -c -j10 -enable-batch-mode -incremental -Xcc -ivfsstatcache -Xcc /Users/admin/builder/spi-builder-workspace/.derivedData/SDKStatCaches.noindex/appletvos27.0-24J360-e829b21a6f8c9b70876ba0858053c044b32bfd8d43560033f8d89884cdb90028.sdkstatcache -output-file-map /Users/admin/builder/spi-builder-workspace/.derivedData/Build/Intermediates.noindex/MothECS.build/Debug-appletvos/MothECS-t.build/Objects-normal/arm64/MothECS-OutputFileMap.json -save-temps -no-color-diagnostics -explicit-module-build -module-cache-path /Users/admin/builder/spi-builder-workspace/.derivedData/Build/Intermediates.noindex/SwiftExplicitPrecompiledModules -clang-scanner-module-cache-path /Users/admin/builder/spi-builder-workspace/.derivedData/ModuleCache.noindex -sdk-module-cache-path /Users/admin/builder/spi-builder-workspace/.derivedData/SDKExplicitPrecompiledModules -emit-dependencies -emit-module -emit-module-path /Users/admin/builder/spi-builder-workspace/.derivedData/Build/Intermediates.noindex/MothECS.build/Debug-appletvos/MothECS-t.build/Objects-normal/arm64/MothECS.swiftmodule -serialize-diagnostics -dependency-scan-serialize-diagnostics-path /Users/admin/builder/spi-builder-workspace/.derivedData/Build/Intermediates.noindex/MothECS.build/Debug-appletvos/MothECS-t.build/Objects-normal/arm64/MothECS-dependency-scan.dia -validate-clang-modules-once -clang-build-session-file /Users/admin/builder/spi-builder-workspace/.derivedData/ModuleCache.noindex/Session.modulevalidation -Xcc -fmodules-prune-interval\=86400 -Xcc -fmodules-prune-after\=345600 -emit-const-values -const-gather-protocols-list /Users/admin/builder/spi-builder-workspace/.derivedData/Build/Intermediates.noindex/MothECS.build/Debug-appletvos/MothECS-t.build/Objects-normal/arm64/MothECS_const_extract_protocols.json -Xcc -I/Users/admin/builder/spi-builder-workspace/.derivedData/Build/Products/Debug-appletvos/include -Xcc -I/Users/admin/builder/spi-builder-workspace/.derivedData/Build/Intermediates.noindex/MothECS.build/Debug-appletvos/MothECS-t.build/DerivedSources-normal/arm64 -Xcc -I/Users/admin/builder/spi-builder-workspace/.derivedData/Build/Intermediates.noindex/MothECS.build/Debug-appletvos/MothECS-t.build/DerivedSources/arm64 -Xcc -I/Users/admin/builder/spi-builder-workspace/.derivedData/Build/Intermediates.noindex/MothECS.build/Debug-appletvos/MothECS-t.build/DerivedSources -Xcc -DSWIFT_PACKAGE -Xcc -DDEBUG\=1 -emit-objc-header -emit-objc-header-path /Users/admin/builder/spi-builder-workspace/.derivedData/Build/Intermediates.noindex/MothECS.build/Debug-appletvos/MothECS-t.build/Objects-normal/arm64/MothECS-Swift.h -working-directory /Users/admin/builder/spi-builder-workspace/.swiftpm/xcode -experimental-emit-module-separately -disable-cmo
Ld /Users/admin/builder/spi-builder-workspace/.derivedData/Build/Products/Debug-appletvos/MothECS.o normal (in target 'MothECS' from project 'MothECS')
    cd /Users/admin/builder/spi-builder-workspace/.dependencies/checkouts/MothECS
    /Applications/Xcode-27.0.0-Release.Candidate.app/Contents/Developer/Toolchains/XcodeDefault.xctoolchain/usr/bin/clang -Xlinker -reproducible -target arm64-apple-tvos15.0 -r -isysroot /Applications/Xcode-27.0.0-Release.Candidate.app/Contents/Developer/Platforms/AppleTVOS.platform/Developer/SDKs/AppleTVOS27.0.sdk -O0 -w -Xlinker -no_warn_duplicate_libraries -F/Users/admin/builder/spi-builder-workspace/.derivedData/Build/Intermediates.noindex/EagerLinkingTBDs/Debug-appletvos -F/Users/admin/builder/spi-builder-workspace/.derivedData/Build/Products/Debug-appletvos -iframework /Applications/Xcode-27.0.0-Release.Candidate.app/Contents/Developer/Platforms/AppleTVOS.platform/Developer/Library/Frameworks -iframework /Applications/Xcode-27.0.0-Release.Candidate.app/Contents/Developer/Platforms/AppleTVOS.platform/Developer/SDKs/AppleTVOS27.0.sdk/Developer/Library/Frameworks -filelist /Users/admin/builder/spi-builder-workspace/.derivedData/Build/Intermediates.noindex/MothECS.build/Debug-appletvos/MothECS-t.build/Objects-normal/arm64/MothECS.LinkFileList -nostdlib -Xlinker -object_path_lto -Xlinker /Users/admin/builder/spi-builder-workspace/.derivedData/Build/Intermediates.noindex/MothECS.build/Debug-appletvos/MothECS-t.build/Objects-normal/arm64/MothECS_lto.o -Xlinker -no_deduplicate -Xlinker -dependency_info -Xlinker /Users/admin/builder/spi-builder-workspace/.derivedData/Build/Intermediates.noindex/MothECS.build/Debug-appletvos/MothECS-t.build/Objects-normal/arm64/MothECS_dependency_info.dat -fobjc-link-runtime -L/Applications/Xcode-27.0.0-Release.Candidate.app/Contents/Developer/Toolchains/XcodeDefault.xctoolchain/usr/lib/swift/appletvos -L/usr/lib/swift -Xlinker -add_ast_path -Xlinker /Users/admin/builder/spi-builder-workspace/.derivedData/Build/Intermediates.noindex/MothECS.build/Debug-appletvos/MothECS-t.build/Objects-normal/arm64/MothECS.swiftmodule -o /Users/admin/builder/spi-builder-workspace/.derivedData/Build/Products/Debug-appletvos/MothECS.o
SwiftDriverJobDiscovery normal arm64 Compiling Export.swift (in target 'ImGui' from project 'ImGui')
SwiftDriverJobDiscovery normal arm64 Compiling ImVec+Extensions.swift (in target 'ImGui' from project 'ImGui')
ExtractAppIntentsMetadata (in target 'MothECS' from project 'MothECS')
    cd /Users/admin/builder/spi-builder-workspace/.dependencies/checkouts/MothECS
    /Applications/Xcode-27.0.0-Release.Candidate.app/Contents/Developer/Toolchains/XcodeDefault.xctoolchain/usr/bin/appintentsmetadataprocessor --toolchain-dir /var/run/com.apple.security.cryptexd/mnt/com.apple.MobileAsset.MetalToolchain-v27.1.266.1.YfKZOL/Metal.xctoolchain --module-name MothECS --sdk-root /Applications/Xcode-27.0.0-Release.Candidate.app/Contents/Developer/Platforms/AppleTVOS.platform/Developer/SDKs/AppleTVOS27.0.sdk --xcode-version 27A266a --platform-family tvOS --deployment-target 15.0 --bundle-identifier mothecs.MothECS --output /Users/admin/builder/spi-builder-workspace/.derivedData/Build/Products/Debug-appletvos/MothECS.appintents --target-triple arm64-apple-tvos15.0 --binary-file /Users/admin/builder/spi-builder-workspace/.derivedData/Build/Products/Debug-appletvos/MothECS.o --dependency-file /Users/admin/builder/spi-builder-workspace/.derivedData/Build/Intermediates.noindex/MothECS.build/Debug-appletvos/MothECS-t.build/Objects-normal/arm64/MothECS_dependency_info.dat --stringsdata-file /Users/admin/builder/spi-builder-workspace/.derivedData/Build/Intermediates.noindex/MothECS.build/Debug-appletvos/MothECS-t.build/Objects-normal/arm64/ExtractedAppShortcutsMetadata.stringsdata --source-file-list /Users/admin/builder/spi-builder-workspace/.derivedData/Build/Intermediates.noindex/MothECS.build/Debug-appletvos/MothECS-t.build/Objects-normal/arm64/MothECS.SwiftFileList --metadata-file-list /Users/admin/builder/spi-builder-workspace/.derivedData/Build/Intermediates.noindex/MothECS.build/Debug-appletvos/MothECS-t.build/MothECS.DependencyMetadataFileList --static-metadata-file-list /Users/admin/builder/spi-builder-workspace/.derivedData/Build/Intermediates.noindex/MothECS.build/Debug-appletvos/MothECS-t.build/MothECS.DependencyStaticMetadataFileList --swift-const-vals-list /Users/admin/builder/spi-builder-workspace/.derivedData/Build/Intermediates.noindex/MothECS.build/Debug-appletvos/MothECS-t.build/Objects-normal/arm64/MothECS.SwiftConstValuesFileList --force --compile-time-extraction --deployment-aware-processing --no-app-shortcuts-localization
2026-09-17 22:45:22.278 appintentsmetadataprocessor[1072:5938] Starting appintentsmetadataprocessor export
2026-09-17 22:45:22.371 appintentsmetadataprocessor[1072:5938] Extracted no relevant App Intents symbols, skipping writing output
SwiftDriverJobDiscovery normal arm64 Compiling Helper.swift (in target 'ImGui' from project 'ImGui')
SwiftExplicitDependencyGeneratePcm arm64 /Users/admin/builder/spi-builder-workspace/.derivedData/SDKExplicitPrecompiledModules/ObjectiveC-5250FDCE56N8508OR6XUYDKZM.pcm
SwiftExplicitDependencyGeneratePcm arm64 /Users/admin/builder/spi-builder-workspace/.derivedData/SDKExplicitPrecompiledModules/os_object-E2DGZ0SX0TULQHULZRPO6OKNW.pcm
SwiftExplicitDependencyGeneratePcm arm64 /Users/admin/builder/spi-builder-workspace/.derivedData/SDKExplicitPrecompiledModules/os_workgroup-DBUFF7811DKMX7VPBOJPGGF1U.pcm
SwiftDriverJobDiscovery normal arm64 Emitting module for ImGui (in target 'ImGui' from project 'ImGui')
SwiftDriver\ Compilation\ Requirements ImGui normal arm64 com.apple.xcode.tools.swift.compiler (in target 'ImGui' from project 'ImGui')
    cd /Users/admin/builder/spi-builder-workspace/.swiftpm/xcode
    builtin-Swift-Compilation-Requirements -- /Applications/Xcode-27.0.0-Release.Candidate.app/Contents/Developer/Toolchains/XcodeDefault.xctoolchain/usr/bin/swiftc -parse-as-library -module-name ImGui -Onone @/Users/admin/builder/spi-builder-workspace/.derivedData/Build/Intermediates.noindex/ImGui.build/Debug-appletvos/ImGui-t.build/Objects-normal/arm64/ImGui.SwiftFileList -DSWIFT_PACKAGE -DDEBUG -DSWIFT_MODULE_RESOURCE_BUNDLE_UNAVAILABLE -Xcc -fmodule-map-file\=/Users/admin/builder/spi-builder-workspace/.derivedData/Build/Intermediates.noindex/GeneratedModuleMaps-appletvos/CImGui.modulemap -DXcode -plugin-path /Applications/Xcode-27.0.0-Release.Candidate.app/Contents/Developer/Toolchains/XcodeDefault.xctoolchain/usr/lib/swift/host/plugins/testing -enable-experimental-feature DebugDescriptionMacro -sdk /Applications/Xcode-27.0.0-Release.Candidate.app/Contents/Developer/Platforms/AppleTVOS.platform/Developer/SDKs/AppleTVOS27.0.sdk -target arm64-apple-tvos15.0 -g -module-cache-path /Users/admin/builder/spi-builder-workspace/.derivedData/ModuleCache.noindex -Xfrontend -serialize-debugging-options -enable-testing -suppress-warnings -index-store-path /Users/admin/builder/spi-builder-workspace/.derivedData/Index.noindex/DataStore -Xcc -D_LIBCPP_HARDENING_MODE\=_LIBCPP_HARDENING_MODE_DEBUG -swift-version 5 -I /Users/admin/builder/spi-builder-workspace/.derivedData/Build/Products/Debug-appletvos -Isystem /Applications/Xcode-27.0.0-Release.Candidate.app/Contents/Developer/Platforms/AppleTVOS.platform/Developer/usr/lib -F /Users/admin/builder/spi-builder-workspace/.derivedData/Build/Products/Debug-appletvos/PackageFrameworks -F /Users/admin/builder/spi-builder-workspace/.derivedData/Build/Products/Debug-appletvos -F /Applications/Xcode-27.0.0-Release.Candidate.app/Contents/Developer/Platforms/AppleTVOS.platform/Developer/Library/Frameworks -F /Applications/Xcode-27.0.0-Release.Candidate.app/Contents/Developer/Platforms/AppleTVOS.platform/Developer/SDKs/AppleTVOS27.0.sdk/Developer/Library/Frameworks -c -j10 -enable-batch-mode -incremental -Xcc -ivfsstatcache -Xcc /Users/admin/builder/spi-builder-workspace/.derivedData/SDKStatCaches.noindex/appletvos27.0-24J360-e829b21a6f8c9b70876ba0858053c044b32bfd8d43560033f8d89884cdb90028.sdkstatcache -output-file-map /Users/admin/builder/spi-builder-workspace/.derivedData/Build/Intermediates.noindex/ImGui.build/Debug-appletvos/ImGui-t.build/Objects-normal/arm64/ImGui-OutputFileMap.json -save-temps -no-color-diagnostics -explicit-module-build -module-cache-path /Users/admin/builder/spi-builder-workspace/.derivedData/Build/Intermediates.noindex/SwiftExplicitPrecompiledModules -clang-scanner-module-cache-path /Users/admin/builder/spi-builder-workspace/.derivedData/ModuleCache.noindex -sdk-module-cache-path /Users/admin/builder/spi-builder-workspace/.derivedData/SDKExplicitPrecompiledModules -emit-dependencies -emit-module -emit-module-path /Users/admin/builder/spi-builder-workspace/.derivedData/Build/Intermediates.noindex/ImGui.build/Debug-appletvos/ImGui-t.build/Objects-normal/arm64/ImGui.swiftmodule -serialize-diagnostics -dependency-scan-serialize-diagnostics-path /Users/admin/builder/spi-builder-workspace/.derivedData/Build/Intermediates.noindex/ImGui.build/Debug-appletvos/ImGui-t.build/Objects-normal/arm64/ImGui-dependency-scan.dia -validate-clang-modules-once -clang-build-session-file /Users/admin/builder/spi-builder-workspace/.derivedData/ModuleCache.noindex/Session.modulevalidation -Xcc -fmodules-prune-interval\=86400 -Xcc -fmodules-prune-after\=345600 -emit-const-values -const-gather-protocols-list /Users/admin/builder/spi-builder-workspace/.derivedData/Build/Intermediates.noindex/ImGui.build/Debug-appletvos/ImGui-t.build/Objects-normal/arm64/ImGui_const_extract_protocols.json -Xcc -I/Users/admin/builder/spi-builder-workspace/.dependencies/checkouts/SwiftImGui/Sources/CImGui/include -Xcc -I/Users/admin/builder/spi-builder-workspace/.derivedData/Build/Products/Debug-appletvos/include -Xcc -I/Users/admin/builder/spi-builder-workspace/.derivedData/Build/Intermediates.noindex/ImGui.build/Debug-appletvos/ImGui-t.build/DerivedSources-normal/arm64 -Xcc -I/Users/admin/builder/spi-builder-workspace/.derivedData/Build/Intermediates.noindex/ImGui.build/Debug-appletvos/ImGui-t.build/DerivedSources/arm64 -Xcc -I/Users/admin/builder/spi-builder-workspace/.derivedData/Build/Intermediates.noindex/ImGui.build/Debug-appletvos/ImGui-t.build/DerivedSources -Xcc -DSWIFT_PACKAGE -Xcc -DDEBUG\=1 -emit-objc-header -emit-objc-header-path /Users/admin/builder/spi-builder-workspace/.derivedData/Build/Intermediates.noindex/ImGui.build/Debug-appletvos/ImGui-t.build/Objects-normal/arm64/ImGui-Swift.h -working-directory /Users/admin/builder/spi-builder-workspace/.swiftpm/xcode -experimental-emit-module-separately -disable-cmo
SwiftMergeGeneratedHeaders /Users/admin/builder/spi-builder-workspace/.derivedData/Build/Intermediates.noindex/GeneratedModuleMaps-appletvos/ImGui-Swift.h /Users/admin/builder/spi-builder-workspace/.derivedData/Build/Intermediates.noindex/ImGui.build/Debug-appletvos/ImGui-t.build/Objects-normal/arm64/ImGui-Swift.h (in target 'ImGui' from project 'ImGui')
    cd /Users/admin/builder/spi-builder-workspace/.dependencies/checkouts/SwiftImGui
    builtin-swiftHeaderTool -arch arm64 /Users/admin/builder/spi-builder-workspace/.derivedData/Build/Intermediates.noindex/ImGui.build/Debug-appletvos/ImGui-t.build/Objects-normal/arm64/ImGui-Swift.h -o /Users/admin/builder/spi-builder-workspace/.derivedData/Build/Intermediates.noindex/GeneratedModuleMaps-appletvos/ImGui-Swift.h
Copy /Users/admin/builder/spi-builder-workspace/.derivedData/Build/Products/Debug-appletvos/ImGui.swiftmodule/arm64-apple-tvos.swiftdoc /Users/admin/builder/spi-builder-workspace/.derivedData/Build/Intermediates.noindex/ImGui.build/Debug-appletvos/ImGui-t.build/Objects-normal/arm64/ImGui.swiftdoc (in target 'ImGui' from project 'ImGui')
    cd /Users/admin/builder/spi-builder-workspace/.dependencies/checkouts/SwiftImGui
    builtin-copy -exclude .DS_Store -exclude CVS -exclude .svn -exclude .git -exclude .hg -resolve-src-symlinks -rename /Users/admin/builder/spi-builder-workspace/.derivedData/Build/Intermediates.noindex/ImGui.build/Debug-appletvos/ImGui-t.build/Objects-normal/arm64/ImGui.swiftdoc /Users/admin/builder/spi-builder-workspace/.derivedData/Build/Products/Debug-appletvos/ImGui.swiftmodule/arm64-apple-tvos.swiftdoc
Copy /Users/admin/builder/spi-builder-workspace/.derivedData/Build/Products/Debug-appletvos/ImGui.swiftmodule/arm64-apple-tvos.abi.json /Users/admin/builder/spi-builder-workspace/.derivedData/Build/Intermediates.noindex/ImGui.build/Debug-appletvos/ImGui-t.build/Objects-normal/arm64/ImGui.abi.json (in target 'ImGui' from project 'ImGui')
    cd /Users/admin/builder/spi-builder-workspace/.dependencies/checkouts/SwiftImGui
    builtin-copy -exclude .DS_Store -exclude CVS -exclude .svn -exclude .git -exclude .hg -resolve-src-symlinks -rename /Users/admin/builder/spi-builder-workspace/.derivedData/Build/Intermediates.noindex/ImGui.build/Debug-appletvos/ImGui-t.build/Objects-normal/arm64/ImGui.abi.json /Users/admin/builder/spi-builder-workspace/.derivedData/Build/Products/Debug-appletvos/ImGui.swiftmodule/arm64-apple-tvos.abi.json
Copy /Users/admin/builder/spi-builder-workspace/.derivedData/Build/Products/Debug-appletvos/ImGui.swiftmodule/arm64-apple-tvos.swiftmodule /Users/admin/builder/spi-builder-workspace/.derivedData/Build/Intermediates.noindex/ImGui.build/Debug-appletvos/ImGui-t.build/Objects-normal/arm64/ImGui.swiftmodule (in target 'ImGui' from project 'ImGui')
    cd /Users/admin/builder/spi-builder-workspace/.dependencies/checkouts/SwiftImGui
    builtin-copy -exclude .DS_Store -exclude CVS -exclude .svn -exclude .git -exclude .hg -resolve-src-symlinks -rename /Users/admin/builder/spi-builder-workspace/.derivedData/Build/Intermediates.noindex/ImGui.build/Debug-appletvos/ImGui-t.build/Objects-normal/arm64/ImGui.swiftmodule /Users/admin/builder/spi-builder-workspace/.derivedData/Build/Products/Debug-appletvos/ImGui.swiftmodule/arm64-apple-tvos.swiftmodule
Copy /Users/admin/builder/spi-builder-workspace/.derivedData/Build/Products/Debug-appletvos/ImGui.swiftmodule/Project/arm64-apple-tvos.swiftsourceinfo /Users/admin/builder/spi-builder-workspace/.derivedData/Build/Intermediates.noindex/ImGui.build/Debug-appletvos/ImGui-t.build/Objects-normal/arm64/ImGui.swiftsourceinfo (in target 'ImGui' from project 'ImGui')
    cd /Users/admin/builder/spi-builder-workspace/.dependencies/checkouts/SwiftImGui
    builtin-copy -exclude .DS_Store -exclude CVS -exclude .svn -exclude .git -exclude .hg -resolve-src-symlinks -rename /Users/admin/builder/spi-builder-workspace/.derivedData/Build/Intermediates.noindex/ImGui.build/Debug-appletvos/ImGui-t.build/Objects-normal/arm64/ImGui.swiftsourceinfo /Users/admin/builder/spi-builder-workspace/.derivedData/Build/Products/Debug-appletvos/ImGui.swiftmodule/Project/arm64-apple-tvos.swiftsourceinfo
CompileC /Users/admin/builder/spi-builder-workspace/.derivedData/Build/Intermediates.noindex/ImGuizmo.build/Debug-appletvos/CImGuizmo-t.build/Objects-normal/arm64/ImSequencer.o /Users/admin/builder/spi-builder-workspace/.dependencies/checkouts/SwiftImGuizmo/Sources/CImGuizmo/ImSequencer.cpp normal arm64 c++ com.apple.compilers.llvm.clang.1_0.compiler (in target 'CImGuizmo' from project 'ImGuizmo')
    cd /Users/admin/builder/spi-builder-workspace/.swiftpm/xcode

    Using response file: /Users/admin/builder/spi-builder-workspace/.derivedData/Build/Intermediates.noindex/ImGuizmo.build/Debug-appletvos/CImGuizmo-t.build/Objects-normal/arm64/82b82416624d2658e5098eb0a28c15c5-common-args.resp

    /Applications/Xcode-27.0.0-Release.Candidate.app/Contents/Developer/Toolchains/XcodeDefault.xctoolchain/usr/bin/clang -x c++ -ivfsstatcache /Users/admin/builder/spi-builder-workspace/.derivedData/SDKStatCaches.noindex/appletvos27.0-24J360-e829b21a6f8c9b70876ba0858053c044b32bfd8d43560033f8d89884cdb90028.sdkstatcache -target arm64-apple-tvos15.0 -fmessage-length\=0 -fdiagnostics-show-note-include-stack -fmacro-backtrace-limit\=0 -fno-color-diagnostics -fmodules-prune-interval\=86400 -fmodules-prune-after\=345600 -fbuild-session-file\=/Users/admin/builder/spi-builder-workspace/.derivedData/ModuleCache.noindex/Session.modulevalidation -fmodules-validate-once-per-build-session -Wnon-modular-include-in-framework-module -Werror\=non-modular-include-in-framework-module -Wno-trigraphs -Wno-missing-field-initializers -Wno-missing-prototypes -Wno-return-type -Wno-non-virtual-dtor -Wno-overloaded-virtual -Wno-exit-time-destructors -Wno-missing-braces -Wparentheses -Wswitch -Wno-unused-function -Wno-unused-label -Wno-unused-parameter -Wno-unused-variable -Wunused-value -Wno-empty-body -Wno-uninitialized -Wno-unknown-pragmas -w -Wno-shadow -Wno-four-char-constants -Wno-conversion -Wno-constant-conversion -Wno-int-conversion -Wno-bool-conversion -Wno-enum-conversion -Wno-float-conversion -Wno-non-literal-null-conversion -Wno-objc-literal-conversion -Wshorten-64-to-32 -Wno-newline-eof -Wno-c++11-extensions -Wno-implicit-fallthrough -isysroot /Applications/Xcode-27.0.0-Release.Candidate.app/Contents/Developer/Platforms/AppleTVOS.platform/Developer/SDKs/AppleTVOS27.0.sdk -fstrict-aliasing -Wdeprecated-declarations -Winvalid-offsetof -Wno-sign-conversion -Wno-infinite-recursion -Wno-move -Wno-comma -Wno-block-capture-autoreleasing -Wno-strict-prototypes -Wno-range-loop-analysis -Wno-semicolon-before-method-body -index-store-path /Users/admin/builder/spi-builder-workspace/.derivedData/Index.noindex/DataStore @/Users/admin/builder/spi-builder-workspace/.derivedData/Build/Intermediates.noindex/ImGuizmo.build/Debug-appletvos/CImGuizmo-t.build/Objects-normal/arm64/82b82416624d2658e5098eb0a28c15c5-common-args.resp -MMD -MT dependencies -MF /Users/admin/builder/spi-builder-workspace/.derivedData/Build/Intermediates.noindex/ImGuizmo.build/Debug-appletvos/CImGuizmo-t.build/Objects-normal/arm64/ImSequencer.d --serialize-diagnostics /Users/admin/builder/spi-builder-workspace/.derivedData/Build/Intermediates.noindex/ImGuizmo.build/Debug-appletvos/CImGuizmo-t.build/Objects-normal/arm64/ImSequencer.dia -c /Users/admin/builder/spi-builder-workspace/.dependencies/checkouts/SwiftImGuizmo/Sources/CImGuizmo/ImSequencer.cpp -o /Users/admin/builder/spi-builder-workspace/.derivedData/Build/Intermediates.noindex/ImGuizmo.build/Debug-appletvos/CImGuizmo-t.build/Objects-normal/arm64/ImSequencer.o -index-unit-output-path /ImGuizmo.build/Debug-appletvos/CImGuizmo-t.build/Objects-normal/arm64/ImSequencer.o
CompileC /Users/admin/builder/spi-builder-workspace/.derivedData/Build/Intermediates.noindex/ImGuizmo.build/Debug-appletvos/CImGuizmo-t.build/Objects-normal/arm64/ImGuizmo.o /Users/admin/builder/spi-builder-workspace/.dependencies/checkouts/SwiftImGuizmo/Sources/CImGuizmo/ImGuizmo.cpp normal arm64 c++ com.apple.compilers.llvm.clang.1_0.compiler (in target 'CImGuizmo' from project 'ImGuizmo')
    cd /Users/admin/builder/spi-builder-workspace/.swiftpm/xcode

    Using response file: /Users/admin/builder/spi-builder-workspace/.derivedData/Build/Intermediates.noindex/ImGuizmo.build/Debug-appletvos/CImGuizmo-t.build/Objects-normal/arm64/82b82416624d2658e5098eb0a28c15c5-common-args.resp

    /Applications/Xcode-27.0.0-Release.Candidate.app/Contents/Developer/Toolchains/XcodeDefault.xctoolchain/usr/bin/clang -x c++ -ivfsstatcache /Users/admin/builder/spi-builder-workspace/.derivedData/SDKStatCaches.noindex/appletvos27.0-24J360-e829b21a6f8c9b70876ba0858053c044b32bfd8d43560033f8d89884cdb90028.sdkstatcache -target arm64-apple-tvos15.0 -fmessage-length\=0 -fdiagnostics-show-note-include-stack -fmacro-backtrace-limit\=0 -fno-color-diagnostics -fmodules-prune-interval\=86400 -fmodules-prune-after\=345600 -fbuild-session-file\=/Users/admin/builder/spi-builder-workspace/.derivedData/ModuleCache.noindex/Session.modulevalidation -fmodules-validate-once-per-build-session -Wnon-modular-include-in-framework-module -Werror\=non-modular-include-in-framework-module -Wno-trigraphs -Wno-missing-field-initializers -Wno-missing-prototypes -Wno-return-type -Wno-non-virtual-dtor -Wno-overloaded-virtual -Wno-exit-time-destructors -Wno-missing-braces -Wparentheses -Wswitch -Wno-unused-function -Wno-unused-label -Wno-unused-parameter -Wno-unused-variable -Wunused-value -Wno-empty-body -Wno-uninitialized -Wno-unknown-pragmas -w -Wno-shadow -Wno-four-char-constants -Wno-conversion -Wno-constant-conversion -Wno-int-conversion -Wno-bool-conversion -Wno-enum-conversion -Wno-float-conversion -Wno-non-literal-null-conversion -Wno-objc-literal-conversion -Wshorten-64-to-32 -Wno-newline-eof -Wno-c++11-extensions -Wno-implicit-fallthrough -isysroot /Applications/Xcode-27.0.0-Release.Candidate.app/Contents/Developer/Platforms/AppleTVOS.platform/Developer/SDKs/AppleTVOS27.0.sdk -fstrict-aliasing -Wdeprecated-declarations -Winvalid-offsetof -Wno-sign-conversion -Wno-infinite-recursion -Wno-move -Wno-comma -Wno-block-capture-autoreleasing -Wno-strict-prototypes -Wno-range-loop-analysis -Wno-semicolon-before-method-body -index-store-path /Users/admin/builder/spi-builder-workspace/.derivedData/Index.noindex/DataStore @/Users/admin/builder/spi-builder-workspace/.derivedData/Build/Intermediates.noindex/ImGuizmo.build/Debug-appletvos/CImGuizmo-t.build/Objects-normal/arm64/82b82416624d2658e5098eb0a28c15c5-common-args.resp -MMD -MT dependencies -MF /Users/admin/builder/spi-builder-workspace/.derivedData/Build/Intermediates.noindex/ImGuizmo.build/Debug-appletvos/CImGuizmo-t.build/Objects-normal/arm64/ImGuizmo.d --serialize-diagnostics /Users/admin/builder/spi-builder-workspace/.derivedData/Build/Intermediates.noindex/ImGuizmo.build/Debug-appletvos/CImGuizmo-t.build/Objects-normal/arm64/ImGuizmo.dia -c /Users/admin/builder/spi-builder-workspace/.dependencies/checkouts/SwiftImGuizmo/Sources/CImGuizmo/ImGuizmo.cpp -o /Users/admin/builder/spi-builder-workspace/.derivedData/Build/Intermediates.noindex/ImGuizmo.build/Debug-appletvos/CImGuizmo-t.build/Objects-normal/arm64/ImGuizmo.o -index-unit-output-path /ImGuizmo.build/Debug-appletvos/CImGuizmo-t.build/Objects-normal/arm64/ImGuizmo.o
CompileC /Users/admin/builder/spi-builder-workspace/.derivedData/Build/Intermediates.noindex/ImGuizmo.build/Debug-appletvos/CImGuizmo-t.build/Objects-normal/arm64/ImGradient.o /Users/admin/builder/spi-builder-workspace/.dependencies/checkouts/SwiftImGuizmo/Sources/CImGuizmo/ImGradient.cpp normal arm64 c++ com.apple.compilers.llvm.clang.1_0.compiler (in target 'CImGuizmo' from project 'ImGuizmo')
    cd /Users/admin/builder/spi-builder-workspace/.swiftpm/xcode

    Using response file: /Users/admin/builder/spi-builder-workspace/.derivedData/Build/Intermediates.noindex/ImGuizmo.build/Debug-appletvos/CImGuizmo-t.build/Objects-normal/arm64/82b82416624d2658e5098eb0a28c15c5-common-args.resp

    /Applications/Xcode-27.0.0-Release.Candidate.app/Contents/Developer/Toolchains/XcodeDefault.xctoolchain/usr/bin/clang -x c++ -ivfsstatcache /Users/admin/builder/spi-builder-workspace/.derivedData/SDKStatCaches.noindex/appletvos27.0-24J360-e829b21a6f8c9b70876ba0858053c044b32bfd8d43560033f8d89884cdb90028.sdkstatcache -target arm64-apple-tvos15.0 -fmessage-length\=0 -fdiagnostics-show-note-include-stack -fmacro-backtrace-limit\=0 -fno-color-diagnostics -fmodules-prune-interval\=86400 -fmodules-prune-after\=345600 -fbuild-session-file\=/Users/admin/builder/spi-builder-workspace/.derivedData/ModuleCache.noindex/Session.modulevalidation -fmodules-validate-once-per-build-session -Wnon-modular-include-in-framework-module -Werror\=non-modular-include-in-framework-module -Wno-trigraphs -Wno-missing-field-initializers -Wno-missing-prototypes -Wno-return-type -Wno-non-virtual-dtor -Wno-overloaded-virtual -Wno-exit-time-destructors -Wno-missing-braces -Wparentheses -Wswitch -Wno-unused-function -Wno-unused-label -Wno-unused-parameter -Wno-unused-variable -Wunused-value -Wno-empty-body -Wno-uninitialized -Wno-unknown-pragmas -w -Wno-shadow -Wno-four-char-constants -Wno-conversion -Wno-constant-conversion -Wno-int-conversion -Wno-bool-conversion -Wno-enum-conversion -Wno-float-conversion -Wno-non-literal-null-conversion -Wno-objc-literal-conversion -Wshorten-64-to-32 -Wno-newline-eof -Wno-c++11-extensions -Wno-implicit-fallthrough -isysroot /Applications/Xcode-27.0.0-Release.Candidate.app/Contents/Developer/Platforms/AppleTVOS.platform/Developer/SDKs/AppleTVOS27.0.sdk -fstrict-aliasing -Wdeprecated-declarations -Winvalid-offsetof -Wno-sign-conversion -Wno-infinite-recursion -Wno-move -Wno-comma -Wno-block-capture-autoreleasing -Wno-strict-prototypes -Wno-range-loop-analysis -Wno-semicolon-before-method-body -index-store-path /Users/admin/builder/spi-builder-workspace/.derivedData/Index.noindex/DataStore @/Users/admin/builder/spi-builder-workspace/.derivedData/Build/Intermediates.noindex/ImGuizmo.build/Debug-appletvos/CImGuizmo-t.build/Objects-normal/arm64/82b82416624d2658e5098eb0a28c15c5-common-args.resp -MMD -MT dependencies -MF /Users/admin/builder/spi-builder-workspace/.derivedData/Build/Intermediates.noindex/ImGuizmo.build/Debug-appletvos/CImGuizmo-t.build/Objects-normal/arm64/ImGradient.d --serialize-diagnostics /Users/admin/builder/spi-builder-workspace/.derivedData/Build/Intermediates.noindex/ImGuizmo.build/Debug-appletvos/CImGuizmo-t.build/Objects-normal/arm64/ImGradient.dia -c /Users/admin/builder/spi-builder-workspace/.dependencies/checkouts/SwiftImGuizmo/Sources/CImGuizmo/ImGradient.cpp -o /Users/admin/builder/spi-builder-workspace/.derivedData/Build/Intermediates.noindex/ImGuizmo.build/Debug-appletvos/CImGuizmo-t.build/Objects-normal/arm64/ImGradient.o -index-unit-output-path /ImGuizmo.build/Debug-appletvos/CImGuizmo-t.build/Objects-normal/arm64/ImGradient.o
CompileC /Users/admin/builder/spi-builder-workspace/.derivedData/Build/Intermediates.noindex/ImGuizmo.build/Debug-appletvos/CImGuizmo-t.build/Objects-normal/arm64/CImGuizmo.o /Users/admin/builder/spi-builder-workspace/.dependencies/checkouts/SwiftImGuizmo/Sources/CImGuizmo/CImGuizmo.cpp normal arm64 c++ com.apple.compilers.llvm.clang.1_0.compiler (in target 'CImGuizmo' from project 'ImGuizmo')
    cd /Users/admin/builder/spi-builder-workspace/.swiftpm/xcode

    Using response file: /Users/admin/builder/spi-builder-workspace/.derivedData/Build/Intermediates.noindex/ImGuizmo.build/Debug-appletvos/CImGuizmo-t.build/Objects-normal/arm64/82b82416624d2658e5098eb0a28c15c5-common-args.resp

    /Applications/Xcode-27.0.0-Release.Candidate.app/Contents/Developer/Toolchains/XcodeDefault.xctoolchain/usr/bin/clang -x c++ -ivfsstatcache /Users/admin/builder/spi-builder-workspace/.derivedData/SDKStatCaches.noindex/appletvos27.0-24J360-e829b21a6f8c9b70876ba0858053c044b32bfd8d43560033f8d89884cdb90028.sdkstatcache -target arm64-apple-tvos15.0 -fmessage-length\=0 -fdiagnostics-show-note-include-stack -fmacro-backtrace-limit\=0 -fno-color-diagnostics -fmodules-prune-interval\=86400 -fmodules-prune-after\=345600 -fbuild-session-file\=/Users/admin/builder/spi-builder-workspace/.derivedData/ModuleCache.noindex/Session.modulevalidation -fmodules-validate-once-per-build-session -Wnon-modular-include-in-framework-module -Werror\=non-modular-include-in-framework-module -Wno-trigraphs -Wno-missing-field-initializers -Wno-missing-prototypes -Wno-return-type -Wno-non-virtual-dtor -Wno-overloaded-virtual -Wno-exit-time-destructors -Wno-missing-braces -Wparentheses -Wswitch -Wno-unused-function -Wno-unused-label -Wno-unused-parameter -Wno-unused-variable -Wunused-value -Wno-empty-body -Wno-uninitialized -Wno-unknown-pragmas -w -Wno-shadow -Wno-four-char-constants -Wno-conversion -Wno-constant-conversion -Wno-int-conversion -Wno-bool-conversion -Wno-enum-conversion -Wno-float-conversion -Wno-non-literal-null-conversion -Wno-objc-literal-conversion -Wshorten-64-to-32 -Wno-newline-eof -Wno-c++11-extensions -Wno-implicit-fallthrough -isysroot /Applications/Xcode-27.0.0-Release.Candidate.app/Contents/Developer/Platforms/AppleTVOS.platform/Developer/SDKs/AppleTVOS27.0.sdk -fstrict-aliasing -Wdeprecated-declarations -Winvalid-offsetof -Wno-sign-conversion -Wno-infinite-recursion -Wno-move -Wno-comma -Wno-block-capture-autoreleasing -Wno-strict-prototypes -Wno-range-loop-analysis -Wno-semicolon-before-method-body -index-store-path /Users/admin/builder/spi-builder-workspace/.derivedData/Index.noindex/DataStore @/Users/admin/builder/spi-builder-workspace/.derivedData/Build/Intermediates.noindex/ImGuizmo.build/Debug-appletvos/CImGuizmo-t.build/Objects-normal/arm64/82b82416624d2658e5098eb0a28c15c5-common-args.resp -MMD -MT dependencies -MF /Users/admin/builder/spi-builder-workspace/.derivedData/Build/Intermediates.noindex/ImGuizmo.build/Debug-appletvos/CImGuizmo-t.build/Objects-normal/arm64/CImGuizmo.d --serialize-diagnostics /Users/admin/builder/spi-builder-workspace/.derivedData/Build/Intermediates.noindex/ImGuizmo.build/Debug-appletvos/CImGuizmo-t.build/Objects-normal/arm64/CImGuizmo.dia -c /Users/admin/builder/spi-builder-workspace/.dependencies/checkouts/SwiftImGuizmo/Sources/CImGuizmo/CImGuizmo.cpp -o /Users/admin/builder/spi-builder-workspace/.derivedData/Build/Intermediates.noindex/ImGuizmo.build/Debug-appletvos/CImGuizmo-t.build/Objects-normal/arm64/CImGuizmo.o -index-unit-output-path /ImGuizmo.build/Debug-appletvos/CImGuizmo-t.build/Objects-normal/arm64/CImGuizmo.o
CompileC /Users/admin/builder/spi-builder-workspace/.derivedData/Build/Intermediates.noindex/ImGuizmo.build/Debug-appletvos/CImGuizmo-t.build/Objects-normal/arm64/ImCurveEdit.o /Users/admin/builder/spi-builder-workspace/.dependencies/checkouts/SwiftImGuizmo/Sources/CImGuizmo/ImCurveEdit.cpp normal arm64 c++ com.apple.compilers.llvm.clang.1_0.compiler (in target 'CImGuizmo' from project 'ImGuizmo')
    cd /Users/admin/builder/spi-builder-workspace/.swiftpm/xcode

    Using response file: /Users/admin/builder/spi-builder-workspace/.derivedData/Build/Intermediates.noindex/ImGuizmo.build/Debug-appletvos/CImGuizmo-t.build/Objects-normal/arm64/82b82416624d2658e5098eb0a28c15c5-common-args.resp

    /Applications/Xcode-27.0.0-Release.Candidate.app/Contents/Developer/Toolchains/XcodeDefault.xctoolchain/usr/bin/clang -x c++ -ivfsstatcache /Users/admin/builder/spi-builder-workspace/.derivedData/SDKStatCaches.noindex/appletvos27.0-24J360-e829b21a6f8c9b70876ba0858053c044b32bfd8d43560033f8d89884cdb90028.sdkstatcache -target arm64-apple-tvos15.0 -fmessage-length\=0 -fdiagnostics-show-note-include-stack -fmacro-backtrace-limit\=0 -fno-color-diagnostics -fmodules-prune-interval\=86400 -fmodules-prune-after\=345600 -fbuild-session-file\=/Users/admin/builder/spi-builder-workspace/.derivedData/ModuleCache.noindex/Session.modulevalidation -fmodules-validate-once-per-build-session -Wnon-modular-include-in-framework-module -Werror\=non-modular-include-in-framework-module -Wno-trigraphs -Wno-missing-field-initializers -Wno-missing-prototypes -Wno-return-type -Wno-non-virtual-dtor -Wno-overloaded-virtual -Wno-exit-time-destructors -Wno-missing-braces -Wparentheses -Wswitch -Wno-unused-function -Wno-unused-label -Wno-unused-parameter -Wno-unused-variable -Wunused-value -Wno-empty-body -Wno-uninitialized -Wno-unknown-pragmas -w -Wno-shadow -Wno-four-char-constants -Wno-conversion -Wno-constant-conversion -Wno-int-conversion -Wno-bool-conversion -Wno-enum-conversion -Wno-float-conversion -Wno-non-literal-null-conversion -Wno-objc-literal-conversion -Wshorten-64-to-32 -Wno-newline-eof -Wno-c++11-extensions -Wno-implicit-fallthrough -isysroot /Applications/Xcode-27.0.0-Release.Candidate.app/Contents/Developer/Platforms/AppleTVOS.platform/Developer/SDKs/AppleTVOS27.0.sdk -fstrict-aliasing -Wdeprecated-declarations -Winvalid-offsetof -Wno-sign-conversion -Wno-infinite-recursion -Wno-move -Wno-comma -Wno-block-capture-autoreleasing -Wno-strict-prototypes -Wno-range-loop-analysis -Wno-semicolon-before-method-body -index-store-path /Users/admin/builder/spi-builder-workspace/.derivedData/Index.noindex/DataStore @/Users/admin/builder/spi-builder-workspace/.derivedData/Build/Intermediates.noindex/ImGuizmo.build/Debug-appletvos/CImGuizmo-t.build/Objects-normal/arm64/82b82416624d2658e5098eb0a28c15c5-common-args.resp -MMD -MT dependencies -MF /Users/admin/builder/spi-builder-workspace/.derivedData/Build/Intermediates.noindex/ImGuizmo.build/Debug-appletvos/CImGuizmo-t.build/Objects-normal/arm64/ImCurveEdit.d --serialize-diagnostics /Users/admin/builder/spi-builder-workspace/.derivedData/Build/Intermediates.noindex/ImGuizmo.build/Debug-appletvos/CImGuizmo-t.build/Objects-normal/arm64/ImCurveEdit.dia -c /Users/admin/builder/spi-builder-workspace/.dependencies/checkouts/SwiftImGuizmo/Sources/CImGuizmo/ImCurveEdit.cpp -o /Users/admin/builder/spi-builder-workspace/.derivedData/Build/Intermediates.noindex/ImGuizmo.build/Debug-appletvos/CImGuizmo-t.build/Objects-normal/arm64/ImCurveEdit.o -index-unit-output-path /ImGuizmo.build/Debug-appletvos/CImGuizmo-t.build/Objects-normal/arm64/ImCurveEdit.o
SwiftDriver ImGuizmo normal arm64 com.apple.xcode.tools.swift.compiler (in target 'ImGuizmo' from project 'ImGuizmo')
    cd /Users/admin/builder/spi-builder-workspace/.swiftpm/xcode
    builtin-SwiftDriver -- /Applications/Xcode-27.0.0-Release.Candidate.app/Contents/Developer/Toolchains/XcodeDefault.xctoolchain/usr/bin/swiftc -parse-as-library -module-name ImGuizmo -Onone @/Users/admin/builder/spi-builder-workspace/.derivedData/Build/Intermediates.noindex/ImGuizmo.build/Debug-appletvos/ImGuizmo-t.build/Objects-normal/arm64/ImGuizmo.SwiftFileList -DSWIFT_PACKAGE -DDEBUG -DSWIFT_MODULE_RESOURCE_BUNDLE_UNAVAILABLE -Xcc -fmodule-map-file\=/Users/admin/builder/spi-builder-workspace/.derivedData/Build/Intermediates.noindex/GeneratedModuleMaps-appletvos/CImGui.modulemap -Xcc -fmodule-map-file\=/Users/admin/builder/spi-builder-workspace/.derivedData/Build/Intermediates.noindex/GeneratedModuleMaps-appletvos/CImGuizmo.modulemap -DXcode -plugin-path /Applications/Xcode-27.0.0-Release.Candidate.app/Contents/Developer/Toolchains/XcodeDefault.xctoolchain/usr/lib/swift/host/plugins/testing -enable-experimental-feature DebugDescriptionMacro -sdk /Applications/Xcode-27.0.0-Release.Candidate.app/Contents/Developer/Platforms/AppleTVOS.platform/Developer/SDKs/AppleTVOS27.0.sdk -target arm64-apple-tvos15.0 -g -module-cache-path /Users/admin/builder/spi-builder-workspace/.derivedData/ModuleCache.noindex -Xfrontend -serialize-debugging-options -enable-testing -suppress-warnings -index-store-path /Users/admin/builder/spi-builder-workspace/.derivedData/Index.noindex/DataStore -Xcc -D_LIBCPP_HARDENING_MODE\=_LIBCPP_HARDENING_MODE_DEBUG -swift-version 5 -I /Users/admin/builder/spi-builder-workspace/.derivedData/Build/Products/Debug-appletvos -Isystem /Applications/Xcode-27.0.0-Release.Candidate.app/Contents/Developer/Platforms/AppleTVOS.platform/Developer/usr/lib -F /Users/admin/builder/spi-builder-workspace/.derivedData/Build/Products/Debug-appletvos/PackageFrameworks -F /Users/admin/builder/spi-builder-workspace/.derivedData/Build/Products/Debug-appletvos -F /Applications/Xcode-27.0.0-Release.Candidate.app/Contents/Developer/Platforms/AppleTVOS.platform/Developer/Library/Frameworks -F /Applications/Xcode-27.0.0-Release.Candidate.app/Contents/Developer/Platforms/AppleTVOS.platform/Developer/SDKs/AppleTVOS27.0.sdk/Developer/Library/Frameworks -c -j10 -enable-batch-mode -incremental -Xcc -ivfsstatcache -Xcc /Users/admin/builder/spi-builder-workspace/.derivedData/SDKStatCaches.noindex/appletvos27.0-24J360-e829b21a6f8c9b70876ba0858053c044b32bfd8d43560033f8d89884cdb90028.sdkstatcache -output-file-map /Users/admin/builder/spi-builder-workspace/.derivedData/Build/Intermediates.noindex/ImGuizmo.build/Debug-appletvos/ImGuizmo-t.build/Objects-normal/arm64/ImGuizmo-OutputFileMap.json -save-temps -no-color-diagnostics -explicit-module-build -module-cache-path /Users/admin/builder/spi-builder-workspace/.derivedData/Build/Intermediates.noindex/SwiftExplicitPrecompiledModules -clang-scanner-module-cache-path /Users/admin/builder/spi-builder-workspace/.derivedData/ModuleCache.noindex -sdk-module-cache-path /Users/admin/builder/spi-builder-workspace/.derivedData/SDKExplicitPrecompiledModules -emit-dependencies -emit-module -emit-module-path /Users/admin/builder/spi-builder-workspace/.derivedData/Build/Intermediates.noindex/ImGuizmo.build/Debug-appletvos/ImGuizmo-t.build/Objects-normal/arm64/ImGuizmo.swiftmodule -serialize-diagnostics -dependency-scan-serialize-diagnostics-path /Users/admin/builder/spi-builder-workspace/.derivedData/Build/Intermediates.noindex/ImGuizmo.build/Debug-appletvos/ImGuizmo-t.build/Objects-normal/arm64/ImGuizmo-dependency-scan.dia -validate-clang-modules-once -clang-build-session-file /Users/admin/builder/spi-builder-workspace/.derivedData/ModuleCache.noindex/Session.modulevalidation -Xcc -fmodules-prune-interval\=86400 -Xcc -fmodules-prune-after\=345600 -emit-const-values -const-gather-protocols-list /Users/admin/builder/spi-builder-workspace/.derivedData/Build/Intermediates.noindex/ImGuizmo.build/Debug-appletvos/ImGuizmo-t.build/Objects-normal/arm64/ImGuizmo_const_extract_protocols.json -Xcc -I/Users/admin/builder/spi-builder-workspace/.dependencies/checkouts/SwiftImGui/Sources/CImGui/include -Xcc -I/Users/admin/builder/spi-builder-workspace/.dependencies/checkouts/SwiftImGuizmo/Sources/CImGuizmo/include -Xcc -I/Users/admin/builder/spi-builder-workspace/.derivedData/Build/Products/Debug-appletvos/include -Xcc -I/Users/admin/builder/spi-builder-workspace/.derivedData/Build/Intermediates.noindex/ImGuizmo.build/Debug-appletvos/ImGuizmo-t.build/DerivedSources-normal/arm64 -Xcc -I/Users/admin/builder/spi-builder-workspace/.derivedData/Build/Intermediates.noindex/ImGuizmo.build/Debug-appletvos/ImGuizmo-t.build/DerivedSources/arm64 -Xcc -I/Users/admin/builder/spi-builder-workspace/.derivedData/Build/Intermediates.noindex/ImGuizmo.build/Debug-appletvos/ImGuizmo-t.build/DerivedSources -Xcc -DSWIFT_PACKAGE -Xcc -DDEBUG\=1 -emit-objc-header -emit-objc-header-path /Users/admin/builder/spi-builder-workspace/.derivedData/Build/Intermediates.noindex/ImGuizmo.build/Debug-appletvos/ImGuizmo-t.build/Objects-normal/arm64/ImGuizmo-Swift.h -working-directory /Users/admin/builder/spi-builder-workspace/.swiftpm/xcode -experimental-emit-module-separately -disable-cmo
SwiftExplicitDependencyGeneratePcm arm64 /Users/admin/builder/spi-builder-workspace/.derivedData/SDKExplicitPrecompiledModules/Dispatch-1QL58A0V50C39KVAIC6C38SHL.pcm
SwiftExplicitDependencyGeneratePcm arm64 /Users/admin/builder/spi-builder-workspace/.derivedData/Build/Intermediates.noindex/SwiftExplicitPrecompiledModules/CImGuizmo-GWBD9JKY1JBV6M2BCDMCD52H.pcm
SwiftExplicitDependencyGeneratePcm arm64 /Users/admin/builder/spi-builder-workspace/.derivedData/SDKExplicitPrecompiledModules/CoreFoundation-7TPJ7ENDC4L1A1ESHYI9TXS0D.pcm
SwiftExplicitDependencyGeneratePcm arm64 /Users/admin/builder/spi-builder-workspace/.derivedData/SDKExplicitPrecompiledModules/XPC-6O2DJFT3QUJ7QKTD3SNUB6PCR.pcm
SwiftCompile normal arm64 Compiling\ Helper.swift /Users/admin/builder/spi-builder-workspace/.dependencies/checkouts/SwiftImGuizmo/Sources/ImGuizmo/Helper.swift (in target 'ImGuizmo' from project 'ImGuizmo')
SwiftCompile normal arm64 /Users/admin/builder/spi-builder-workspace/.dependencies/checkouts/SwiftImGuizmo/Sources/ImGuizmo/Helper.swift (in target 'ImGuizmo' from project 'ImGuizmo')
    cd /Users/admin/builder/spi-builder-workspace/.swiftpm/xcode
    builtin-SwiftPerFileCompile Helper.swift
SwiftEmitModule normal arm64 Emitting\ module\ for\ ImGuizmo (in target 'ImGuizmo' from project 'ImGuizmo')
SwiftCompile normal arm64 (in target 'ImGuizmo' from project 'ImGuizmo')
    cd /Users/admin/builder/spi-builder-workspace/.swiftpm/xcode

SwiftCompile normal arm64 Compiling\ Export.swift /Users/admin/builder/spi-builder-workspace/.dependencies/checkouts/SwiftImGuizmo/Sources/ImGuizmo/Export.swift (in target 'ImGuizmo' from project 'ImGuizmo')
SwiftCompile normal arm64 /Users/admin/builder/spi-builder-workspace/.dependencies/checkouts/SwiftImGuizmo/Sources/ImGuizmo/Export.swift (in target 'ImGuizmo' from project 'ImGuizmo')
    cd /Users/admin/builder/spi-builder-workspace/.swiftpm/xcode
    builtin-SwiftPerFileCompile Export.swift
SwiftCompile normal arm64 Compiling\ ImGui+Definitions.swift /Users/admin/builder/spi-builder-workspace/.dependencies/checkouts/SwiftImGuizmo/Sources/ImGuizmo/ImGui+Definitions.swift (in target 'ImGuizmo' from project 'ImGuizmo')
SwiftCompile normal arm64 /Users/admin/builder/spi-builder-workspace/.dependencies/checkouts/SwiftImGuizmo/Sources/ImGuizmo/ImGui+Definitions.swift (in target 'ImGuizmo' from project 'ImGuizmo')
    cd /Users/admin/builder/spi-builder-workspace/.swiftpm/xcode
    builtin-SwiftPerFileCompile ImGui+Definitions.swift
SwiftDriverJobDiscovery normal arm64 Compiling Export.swift (in target 'ImGuizmo' from project 'ImGuizmo')
SwiftExplicitDependencyGeneratePcm arm64 /Users/admin/builder/spi-builder-workspace/.derivedData/SDKExplicitPrecompiledModules/CFNetwork-2CUR2VK9S3S3WPFXPNXNUWYGN.pcm
SwiftExplicitDependencyGeneratePcm arm64 /Users/admin/builder/spi-builder-workspace/.derivedData/SDKExplicitPrecompiledModules/Security-8VMXEKVDA3MHUH9AOTP905DID.pcm
SwiftDriverJobDiscovery normal arm64 Compiling ImGui+Definitions.swift (in target 'ImGuizmo' from project 'ImGuizmo')
SwiftDriverJobDiscovery normal arm64 Emitting module for ImGuizmo (in target 'ImGuizmo' from project 'ImGuizmo')
SwiftDriver\ Compilation\ Requirements ImGuizmo normal arm64 com.apple.xcode.tools.swift.compiler (in target 'ImGuizmo' from project 'ImGuizmo')
    cd /Users/admin/builder/spi-builder-workspace/.swiftpm/xcode
    builtin-Swift-Compilation-Requirements -- /Applications/Xcode-27.0.0-Release.Candidate.app/Contents/Developer/Toolchains/XcodeDefault.xctoolchain/usr/bin/swiftc -parse-as-library -module-name ImGuizmo -Onone @/Users/admin/builder/spi-builder-workspace/.derivedData/Build/Intermediates.noindex/ImGuizmo.build/Debug-appletvos/ImGuizmo-t.build/Objects-normal/arm64/ImGuizmo.SwiftFileList -DSWIFT_PACKAGE -DDEBUG -DSWIFT_MODULE_RESOURCE_BUNDLE_UNAVAILABLE -Xcc -fmodule-map-file\=/Users/admin/builder/spi-builder-workspace/.derivedData/Build/Intermediates.noindex/GeneratedModuleMaps-appletvos/CImGui.modulemap -Xcc -fmodule-map-file\=/Users/admin/builder/spi-builder-workspace/.derivedData/Build/Intermediates.noindex/GeneratedModuleMaps-appletvos/CImGuizmo.modulemap -DXcode -plugin-path /Applications/Xcode-27.0.0-Release.Candidate.app/Contents/Developer/Toolchains/XcodeDefault.xctoolchain/usr/lib/swift/host/plugins/testing -enable-experimental-feature DebugDescriptionMacro -sdk /Applications/Xcode-27.0.0-Release.Candidate.app/Contents/Developer/Platforms/AppleTVOS.platform/Developer/SDKs/AppleTVOS27.0.sdk -target arm64-apple-tvos15.0 -g -module-cache-path /Users/admin/builder/spi-builder-workspace/.derivedData/ModuleCache.noindex -Xfrontend -serialize-debugging-options -enable-testing -suppress-warnings -index-store-path /Users/admin/builder/spi-builder-workspace/.derivedData/Index.noindex/DataStore -Xcc -D_LIBCPP_HARDENING_MODE\=_LIBCPP_HARDENING_MODE_DEBUG -swift-version 5 -I /Users/admin/builder/spi-builder-workspace/.derivedData/Build/Products/Debug-appletvos -Isystem /Applications/Xcode-27.0.0-Release.Candidate.app/Contents/Developer/Platforms/AppleTVOS.platform/Developer/usr/lib -F /Users/admin/builder/spi-builder-workspace/.derivedData/Build/Products/Debug-appletvos/PackageFrameworks -F /Users/admin/builder/spi-builder-workspace/.derivedData/Build/Products/Debug-appletvos -F /Applications/Xcode-27.0.0-Release.Candidate.app/Contents/Developer/Platforms/AppleTVOS.platform/Developer/Library/Frameworks -F /Applications/Xcode-27.0.0-Release.Candidate.app/Contents/Developer/Platforms/AppleTVOS.platform/Developer/SDKs/AppleTVOS27.0.sdk/Developer/Library/Frameworks -c -j10 -enable-batch-mode -incremental -Xcc -ivfsstatcache -Xcc /Users/admin/builder/spi-builder-workspace/.derivedData/SDKStatCaches.noindex/appletvos27.0-24J360-e829b21a6f8c9b70876ba0858053c044b32bfd8d43560033f8d89884cdb90028.sdkstatcache -output-file-map /Users/admin/builder/spi-builder-workspace/.derivedData/Build/Intermediates.noindex/ImGuizmo.build/Debug-appletvos/ImGuizmo-t.build/Objects-normal/arm64/ImGuizmo-OutputFileMap.json -save-temps -no-color-diagnostics -explicit-module-build -module-cache-path /Users/admin/builder/spi-builder-workspace/.derivedData/Build/Intermediates.noindex/SwiftExplicitPrecompiledModules -clang-scanner-module-cache-path /Users/admin/builder/spi-builder-workspace/.derivedData/ModuleCache.noindex -sdk-module-cache-path /Users/admin/builder/spi-builder-workspace/.derivedData/SDKExplicitPrecompiledModules -emit-dependencies -emit-module -emit-module-path /Users/admin/builder/spi-builder-workspace/.derivedData/Build/Intermediates.noindex/ImGuizmo.build/Debug-appletvos/ImGuizmo-t.build/Objects-normal/arm64/ImGuizmo.swiftmodule -serialize-diagnostics -dependency-scan-serialize-diagnostics-path /Users/admin/builder/spi-builder-workspace/.derivedData/Build/Intermediates.noindex/ImGuizmo.build/Debug-appletvos/ImGuizmo-t.build/Objects-normal/arm64/ImGuizmo-dependency-scan.dia -validate-clang-modules-once -clang-build-session-file /Users/admin/builder/spi-builder-workspace/.derivedData/ModuleCache.noindex/Session.modulevalidation -Xcc -fmodules-prune-interval\=86400 -Xcc -fmodules-prune-after\=345600 -emit-const-values -const-gather-protocols-list /Users/admin/builder/spi-builder-workspace/.derivedData/Build/Intermediates.noindex/ImGuizmo.build/Debug-appletvos/ImGuizmo-t.build/Objects-normal/arm64/ImGuizmo_const_extract_protocols.json -Xcc -I/Users/admin/builder/spi-builder-workspace/.dependencies/checkouts/SwiftImGui/Sources/CImGui/include -Xcc -I/Users/admin/builder/spi-builder-workspace/.dependencies/checkouts/SwiftImGuizmo/Sources/CImGuizmo/include -Xcc -I/Users/admin/builder/spi-builder-workspace/.derivedData/Build/Products/Debug-appletvos/include -Xcc -I/Users/admin/builder/spi-builder-workspace/.derivedData/Build/Intermediates.noindex/ImGuizmo.build/Debug-appletvos/ImGuizmo-t.build/DerivedSources-normal/arm64 -Xcc -I/Users/admin/builder/spi-builder-workspace/.derivedData/Build/Intermediates.noindex/ImGuizmo.build/Debug-appletvos/ImGuizmo-t.build/DerivedSources/arm64 -Xcc -I/Users/admin/builder/spi-builder-workspace/.derivedData/Build/Intermediates.noindex/ImGuizmo.build/Debug-appletvos/ImGuizmo-t.build/DerivedSources -Xcc -DSWIFT_PACKAGE -Xcc -DDEBUG\=1 -emit-objc-header -emit-objc-header-path /Users/admin/builder/spi-builder-workspace/.derivedData/Build/Intermediates.noindex/ImGuizmo.build/Debug-appletvos/ImGuizmo-t.build/Objects-normal/arm64/ImGuizmo-Swift.h -working-directory /Users/admin/builder/spi-builder-workspace/.swiftpm/xcode -experimental-emit-module-separately -disable-cmo
SwiftMergeGeneratedHeaders /Users/admin/builder/spi-builder-workspace/.derivedData/Build/Intermediates.noindex/GeneratedModuleMaps-appletvos/ImGuizmo-Swift.h /Users/admin/builder/spi-builder-workspace/.derivedData/Build/Intermediates.noindex/ImGuizmo.build/Debug-appletvos/ImGuizmo-t.build/Objects-normal/arm64/ImGuizmo-Swift.h (in target 'ImGuizmo' from project 'ImGuizmo')
    cd /Users/admin/builder/spi-builder-workspace/.dependencies/checkouts/SwiftImGuizmo
    builtin-swiftHeaderTool -arch arm64 /Users/admin/builder/spi-builder-workspace/.derivedData/Build/Intermediates.noindex/ImGuizmo.build/Debug-appletvos/ImGuizmo-t.build/Objects-normal/arm64/ImGuizmo-Swift.h -o /Users/admin/builder/spi-builder-workspace/.derivedData/Build/Intermediates.noindex/GeneratedModuleMaps-appletvos/ImGuizmo-Swift.h
Copy /Users/admin/builder/spi-builder-workspace/.derivedData/Build/Products/Debug-appletvos/ImGuizmo.swiftmodule/arm64-apple-tvos.swiftdoc /Users/admin/builder/spi-builder-workspace/.derivedData/Build/Intermediates.noindex/ImGuizmo.build/Debug-appletvos/ImGuizmo-t.build/Objects-normal/arm64/ImGuizmo.swiftdoc (in target 'ImGuizmo' from project 'ImGuizmo')
    cd /Users/admin/builder/spi-builder-workspace/.dependencies/checkouts/SwiftImGuizmo
    builtin-copy -exclude .DS_Store -exclude CVS -exclude .svn -exclude .git -exclude .hg -resolve-src-symlinks -rename /Users/admin/builder/spi-builder-workspace/.derivedData/Build/Intermediates.noindex/ImGuizmo.build/Debug-appletvos/ImGuizmo-t.build/Objects-normal/arm64/ImGuizmo.swiftdoc /Users/admin/builder/spi-builder-workspace/.derivedData/Build/Products/Debug-appletvos/ImGuizmo.swiftmodule/arm64-apple-tvos.swiftdoc
Copy /Users/admin/builder/spi-builder-workspace/.derivedData/Build/Products/Debug-appletvos/ImGuizmo.swiftmodule/arm64-apple-tvos.swiftmodule /Users/admin/builder/spi-builder-workspace/.derivedData/Build/Intermediates.noindex/ImGuizmo.build/Debug-appletvos/ImGuizmo-t.build/Objects-normal/arm64/ImGuizmo.swiftmodule (in target 'ImGuizmo' from project 'ImGuizmo')
    cd /Users/admin/builder/spi-builder-workspace/.dependencies/checkouts/SwiftImGuizmo
    builtin-copy -exclude .DS_Store -exclude CVS -exclude .svn -exclude .git -exclude .hg -resolve-src-symlinks -rename /Users/admin/builder/spi-builder-workspace/.derivedData/Build/Intermediates.noindex/ImGuizmo.build/Debug-appletvos/ImGuizmo-t.build/Objects-normal/arm64/ImGuizmo.swiftmodule /Users/admin/builder/spi-builder-workspace/.derivedData/Build/Products/Debug-appletvos/ImGuizmo.swiftmodule/arm64-apple-tvos.swiftmodule
Copy /Users/admin/builder/spi-builder-workspace/.derivedData/Build/Products/Debug-appletvos/ImGuizmo.swiftmodule/arm64-apple-tvos.abi.json /Users/admin/builder/spi-builder-workspace/.derivedData/Build/Intermediates.noindex/ImGuizmo.build/Debug-appletvos/ImGuizmo-t.build/Objects-normal/arm64/ImGuizmo.abi.json (in target 'ImGuizmo' from project 'ImGuizmo')
    cd /Users/admin/builder/spi-builder-workspace/.dependencies/checkouts/SwiftImGuizmo
    builtin-copy -exclude .DS_Store -exclude CVS -exclude .svn -exclude .git -exclude .hg -resolve-src-symlinks -rename /Users/admin/builder/spi-builder-workspace/.derivedData/Build/Intermediates.noindex/ImGuizmo.build/Debug-appletvos/ImGuizmo-t.build/Objects-normal/arm64/ImGuizmo.abi.json /Users/admin/builder/spi-builder-workspace/.derivedData/Build/Products/Debug-appletvos/ImGuizmo.swiftmodule/arm64-apple-tvos.abi.json
Copy /Users/admin/builder/spi-builder-workspace/.derivedData/Build/Products/Debug-appletvos/ImGuizmo.swiftmodule/Project/arm64-apple-tvos.swiftsourceinfo /Users/admin/builder/spi-builder-workspace/.derivedData/Build/Intermediates.noindex/ImGuizmo.build/Debug-appletvos/ImGuizmo-t.build/Objects-normal/arm64/ImGuizmo.swiftsourceinfo (in target 'ImGuizmo' from project 'ImGuizmo')
    cd /Users/admin/builder/spi-builder-workspace/.dependencies/checkouts/SwiftImGuizmo
    builtin-copy -exclude .DS_Store -exclude CVS -exclude .svn -exclude .git -exclude .hg -resolve-src-symlinks -rename /Users/admin/builder/spi-builder-workspace/.derivedData/Build/Intermediates.noindex/ImGuizmo.build/Debug-appletvos/ImGuizmo-t.build/Objects-normal/arm64/ImGuizmo.swiftsourceinfo /Users/admin/builder/spi-builder-workspace/.derivedData/Build/Products/Debug-appletvos/ImGuizmo.swiftmodule/Project/arm64-apple-tvos.swiftsourceinfo
SwiftExplicitDependencyGeneratePcm arm64 /Users/admin/builder/spi-builder-workspace/.derivedData/SDKExplicitPrecompiledModules/Foundation-BSSIP64DIGUKMAYJOG1WPQ78X.pcm
SwiftDriverJobDiscovery normal arm64 Compiling Helper.swift (in target 'ImGuizmo' from project 'ImGuizmo')
SwiftDriver\ Compilation ImGuizmo normal arm64 com.apple.xcode.tools.swift.compiler (in target 'ImGuizmo' from project 'ImGuizmo')
    cd /Users/admin/builder/spi-builder-workspace/.swiftpm/xcode
    builtin-Swift-Compilation -- /Applications/Xcode-27.0.0-Release.Candidate.app/Contents/Developer/Toolchains/XcodeDefault.xctoolchain/usr/bin/swiftc -parse-as-library -module-name ImGuizmo -Onone @/Users/admin/builder/spi-builder-workspace/.derivedData/Build/Intermediates.noindex/ImGuizmo.build/Debug-appletvos/ImGuizmo-t.build/Objects-normal/arm64/ImGuizmo.SwiftFileList -DSWIFT_PACKAGE -DDEBUG -DSWIFT_MODULE_RESOURCE_BUNDLE_UNAVAILABLE -Xcc -fmodule-map-file\=/Users/admin/builder/spi-builder-workspace/.derivedData/Build/Intermediates.noindex/GeneratedModuleMaps-appletvos/CImGui.modulemap -Xcc -fmodule-map-file\=/Users/admin/builder/spi-builder-workspace/.derivedData/Build/Intermediates.noindex/GeneratedModuleMaps-appletvos/CImGuizmo.modulemap -DXcode -plugin-path /Applications/Xcode-27.0.0-Release.Candidate.app/Contents/Developer/Toolchains/XcodeDefault.xctoolchain/usr/lib/swift/host/plugins/testing -enable-experimental-feature DebugDescriptionMacro -sdk /Applications/Xcode-27.0.0-Release.Candidate.app/Contents/Developer/Platforms/AppleTVOS.platform/Developer/SDKs/AppleTVOS27.0.sdk -target arm64-apple-tvos15.0 -g -module-cache-path /Users/admin/builder/spi-builder-workspace/.derivedData/ModuleCache.noindex -Xfrontend -serialize-debugging-options -enable-testing -suppress-warnings -index-store-path /Users/admin/builder/spi-builder-workspace/.derivedData/Index.noindex/DataStore -Xcc -D_LIBCPP_HARDENING_MODE\=_LIBCPP_HARDENING_MODE_DEBUG -swift-version 5 -I /Users/admin/builder/spi-builder-workspace/.derivedData/Build/Products/Debug-appletvos -Isystem /Applications/Xcode-27.0.0-Release.Candidate.app/Contents/Developer/Platforms/AppleTVOS.platform/Developer/usr/lib -F /Users/admin/builder/spi-builder-workspace/.derivedData/Build/Products/Debug-appletvos/PackageFrameworks -F /Users/admin/builder/spi-builder-workspace/.derivedData/Build/Products/Debug-appletvos -F /Applications/Xcode-27.0.0-Release.Candidate.app/Contents/Developer/Platforms/AppleTVOS.platform/Developer/Library/Frameworks -F /Applications/Xcode-27.0.0-Release.Candidate.app/Contents/Developer/Platforms/AppleTVOS.platform/Developer/SDKs/AppleTVOS27.0.sdk/Developer/Library/Frameworks -c -j10 -enable-batch-mode -incremental -Xcc -ivfsstatcache -Xcc /Users/admin/builder/spi-builder-workspace/.derivedData/SDKStatCaches.noindex/appletvos27.0-24J360-e829b21a6f8c9b70876ba0858053c044b32bfd8d43560033f8d89884cdb90028.sdkstatcache -output-file-map /Users/admin/builder/spi-builder-workspace/.derivedData/Build/Intermediates.noindex/ImGuizmo.build/Debug-appletvos/ImGuizmo-t.build/Objects-normal/arm64/ImGuizmo-OutputFileMap.json -save-temps -no-color-diagnostics -explicit-module-build -module-cache-path /Users/admin/builder/spi-builder-workspace/.derivedData/Build/Intermediates.noindex/SwiftExplicitPrecompiledModules -clang-scanner-module-cache-path /Users/admin/builder/spi-builder-workspace/.derivedData/ModuleCache.noindex -sdk-module-cache-path /Users/admin/builder/spi-builder-workspace/.derivedData/SDKExplicitPrecompiledModules -emit-dependencies -emit-module -emit-module-path /Users/admin/builder/spi-builder-workspace/.derivedData/Build/Intermediates.noindex/ImGuizmo.build/Debug-appletvos/ImGuizmo-t.build/Objects-normal/arm64/ImGuizmo.swiftmodule -serialize-diagnostics -dependency-scan-serialize-diagnostics-path /Users/admin/builder/spi-builder-workspace/.derivedData/Build/Intermediates.noindex/ImGuizmo.build/Debug-appletvos/ImGuizmo-t.build/Objects-normal/arm64/ImGuizmo-dependency-scan.dia -validate-clang-modules-once -clang-build-session-file /Users/admin/builder/spi-builder-workspace/.derivedData/ModuleCache.noindex/Session.modulevalidation -Xcc -fmodules-prune-interval\=86400 -Xcc -fmodules-prune-after\=345600 -emit-const-values -const-gather-protocols-list /Users/admin/builder/spi-builder-workspace/.derivedData/Build/Intermediates.noindex/ImGuizmo.build/Debug-appletvos/ImGuizmo-t.build/Objects-normal/arm64/ImGuizmo_const_extract_protocols.json -Xcc -I/Users/admin/builder/spi-builder-workspace/.dependencies/checkouts/SwiftImGui/Sources/CImGui/include -Xcc -I/Users/admin/builder/spi-builder-workspace/.dependencies/checkouts/SwiftImGuizmo/Sources/CImGuizmo/include -Xcc -I/Users/admin/builder/spi-builder-workspace/.derivedData/Build/Products/Debug-appletvos/include -Xcc -I/Users/admin/builder/spi-builder-workspace/.derivedData/Build/Intermediates.noindex/ImGuizmo.build/Debug-appletvos/ImGuizmo-t.build/DerivedSources-normal/arm64 -Xcc -I/Users/admin/builder/spi-builder-workspace/.derivedData/Build/Intermediates.noindex/ImGuizmo.build/Debug-appletvos/ImGuizmo-t.build/DerivedSources/arm64 -Xcc -I/Users/admin/builder/spi-builder-workspace/.derivedData/Build/Intermediates.noindex/ImGuizmo.build/Debug-appletvos/ImGuizmo-t.build/DerivedSources -Xcc -DSWIFT_PACKAGE -Xcc -DDEBUG\=1 -emit-objc-header -emit-objc-header-path /Users/admin/builder/spi-builder-workspace/.derivedData/Build/Intermediates.noindex/ImGuizmo.build/Debug-appletvos/ImGuizmo-t.build/Objects-normal/arm64/ImGuizmo-Swift.h -working-directory /Users/admin/builder/spi-builder-workspace/.swiftpm/xcode -experimental-emit-module-separately -disable-cmo
SwiftDriverJobDiscovery normal arm64 Compiling ImGui+Definitions.swift (in target 'ImGui' from project 'ImGui')
SwiftDriver\ Compilation ImGui normal arm64 com.apple.xcode.tools.swift.compiler (in target 'ImGui' from project 'ImGui')
    cd /Users/admin/builder/spi-builder-workspace/.swiftpm/xcode
    builtin-Swift-Compilation -- /Applications/Xcode-27.0.0-Release.Candidate.app/Contents/Developer/Toolchains/XcodeDefault.xctoolchain/usr/bin/swiftc -parse-as-library -module-name ImGui -Onone @/Users/admin/builder/spi-builder-workspace/.derivedData/Build/Intermediates.noindex/ImGui.build/Debug-appletvos/ImGui-t.build/Objects-normal/arm64/ImGui.SwiftFileList -DSWIFT_PACKAGE -DDEBUG -DSWIFT_MODULE_RESOURCE_BUNDLE_UNAVAILABLE -Xcc -fmodule-map-file\=/Users/admin/builder/spi-builder-workspace/.derivedData/Build/Intermediates.noindex/GeneratedModuleMaps-appletvos/CImGui.modulemap -DXcode -plugin-path /Applications/Xcode-27.0.0-Release.Candidate.app/Contents/Developer/Toolchains/XcodeDefault.xctoolchain/usr/lib/swift/host/plugins/testing -enable-experimental-feature DebugDescriptionMacro -sdk /Applications/Xcode-27.0.0-Release.Candidate.app/Contents/Developer/Platforms/AppleTVOS.platform/Developer/SDKs/AppleTVOS27.0.sdk -target arm64-apple-tvos15.0 -g -module-cache-path /Users/admin/builder/spi-builder-workspace/.derivedData/ModuleCache.noindex -Xfrontend -serialize-debugging-options -enable-testing -suppress-warnings -index-store-path /Users/admin/builder/spi-builder-workspace/.derivedData/Index.noindex/DataStore -Xcc -D_LIBCPP_HARDENING_MODE\=_LIBCPP_HARDENING_MODE_DEBUG -swift-version 5 -I /Users/admin/builder/spi-builder-workspace/.derivedData/Build/Products/Debug-appletvos -Isystem /Applications/Xcode-27.0.0-Release.Candidate.app/Contents/Developer/Platforms/AppleTVOS.platform/Developer/usr/lib -F /Users/admin/builder/spi-builder-workspace/.derivedData/Build/Products/Debug-appletvos/PackageFrameworks -F /Users/admin/builder/spi-builder-workspace/.derivedData/Build/Products/Debug-appletvos -F /Applications/Xcode-27.0.0-Release.Candidate.app/Contents/Developer/Platforms/AppleTVOS.platform/Developer/Library/Frameworks -F /Applications/Xcode-27.0.0-Release.Candidate.app/Contents/Developer/Platforms/AppleTVOS.platform/Developer/SDKs/AppleTVOS27.0.sdk/Developer/Library/Frameworks -c -j10 -enable-batch-mode -incremental -Xcc -ivfsstatcache -Xcc /Users/admin/builder/spi-builder-workspace/.derivedData/SDKStatCaches.noindex/appletvos27.0-24J360-e829b21a6f8c9b70876ba0858053c044b32bfd8d43560033f8d89884cdb90028.sdkstatcache -output-file-map /Users/admin/builder/spi-builder-workspace/.derivedData/Build/Intermediates.noindex/ImGui.build/Debug-appletvos/ImGui-t.build/Objects-normal/arm64/ImGui-OutputFileMap.json -save-temps -no-color-diagnostics -explicit-module-build -module-cache-path /Users/admin/builder/spi-builder-workspace/.derivedData/Build/Intermediates.noindex/SwiftExplicitPrecompiledModules -clang-scanner-module-cache-path /Users/admin/builder/spi-builder-workspace/.derivedData/ModuleCache.noindex -sdk-module-cache-path /Users/admin/builder/spi-builder-workspace/.derivedData/SDKExplicitPrecompiledModules -emit-dependencies -emit-module -emit-module-path /Users/admin/builder/spi-builder-workspace/.derivedData/Build/Intermediates.noindex/ImGui.build/Debug-appletvos/ImGui-t.build/Objects-normal/arm64/ImGui.swiftmodule -serialize-diagnostics -dependency-scan-serialize-diagnostics-path /Users/admin/builder/spi-builder-workspace/.derivedData/Build/Intermediates.noindex/ImGui.build/Debug-appletvos/ImGui-t.build/Objects-normal/arm64/ImGui-dependency-scan.dia -validate-clang-modules-once -clang-build-session-file /Users/admin/builder/spi-builder-workspace/.derivedData/ModuleCache.noindex/Session.modulevalidation -Xcc -fmodules-prune-interval\=86400 -Xcc -fmodules-prune-after\=345600 -emit-const-values -const-gather-protocols-list /Users/admin/builder/spi-builder-workspace/.derivedData/Build/Intermediates.noindex/ImGui.build/Debug-appletvos/ImGui-t.build/Objects-normal/arm64/ImGui_const_extract_protocols.json -Xcc -I/Users/admin/builder/spi-builder-workspace/.dependencies/checkouts/SwiftImGui/Sources/CImGui/include -Xcc -I/Users/admin/builder/spi-builder-workspace/.derivedData/Build/Products/Debug-appletvos/include -Xcc -I/Users/admin/builder/spi-builder-workspace/.derivedData/Build/Intermediates.noindex/ImGui.build/Debug-appletvos/ImGui-t.build/DerivedSources-normal/arm64 -Xcc -I/Users/admin/builder/spi-builder-workspace/.derivedData/Build/Intermediates.noindex/ImGui.build/Debug-appletvos/ImGui-t.build/DerivedSources/arm64 -Xcc -I/Users/admin/builder/spi-builder-workspace/.derivedData/Build/Intermediates.noindex/ImGui.build/Debug-appletvos/ImGui-t.build/DerivedSources -Xcc -DSWIFT_PACKAGE -Xcc -DDEBUG\=1 -emit-objc-header -emit-objc-header-path /Users/admin/builder/spi-builder-workspace/.derivedData/Build/Intermediates.noindex/ImGui.build/Debug-appletvos/ImGui-t.build/Objects-normal/arm64/ImGui-Swift.h -working-directory /Users/admin/builder/spi-builder-workspace/.swiftpm/xcode -experimental-emit-module-separately -disable-cmo
Ld /Users/admin/builder/spi-builder-workspace/.derivedData/Build/Products/Debug-appletvos/ImGui.o normal (in target 'ImGui' from project 'ImGui')
    cd /Users/admin/builder/spi-builder-workspace/.dependencies/checkouts/SwiftImGui
    /Applications/Xcode-27.0.0-Release.Candidate.app/Contents/Developer/Toolchains/XcodeDefault.xctoolchain/usr/bin/clang -Xlinker -reproducible -target arm64-apple-tvos15.0 -r -isysroot /Applications/Xcode-27.0.0-Release.Candidate.app/Contents/Developer/Platforms/AppleTVOS.platform/Developer/SDKs/AppleTVOS27.0.sdk -O0 -w -Xlinker -no_warn_duplicate_libraries -F/Users/admin/builder/spi-builder-workspace/.derivedData/Build/Intermediates.noindex/EagerLinkingTBDs/Debug-appletvos -F/Users/admin/builder/spi-builder-workspace/.derivedData/Build/Products/Debug-appletvos/PackageFrameworks -F/Users/admin/builder/spi-builder-workspace/.derivedData/Build/Products/Debug-appletvos -iframework /Applications/Xcode-27.0.0-Release.Candidate.app/Contents/Developer/Platforms/AppleTVOS.platform/Developer/Library/Frameworks -iframework /Applications/Xcode-27.0.0-Release.Candidate.app/Contents/Developer/Platforms/AppleTVOS.platform/Developer/SDKs/AppleTVOS27.0.sdk/Developer/Library/Frameworks -filelist /Users/admin/builder/spi-builder-workspace/.derivedData/Build/Intermediates.noindex/ImGui.build/Debug-appletvos/ImGui-t.build/Objects-normal/arm64/ImGui.LinkFileList -nostdlib -Xlinker -object_path_lto -Xlinker /Users/admin/builder/spi-builder-workspace/.derivedData/Build/Intermediates.noindex/ImGui.build/Debug-appletvos/ImGui-t.build/Objects-normal/arm64/ImGui_lto.o -Xlinker -no_deduplicate -Xlinker -dependency_info -Xlinker /Users/admin/builder/spi-builder-workspace/.derivedData/Build/Intermediates.noindex/ImGui.build/Debug-appletvos/ImGui-t.build/Objects-normal/arm64/ImGui_dependency_info.dat -fobjc-link-runtime -L/Applications/Xcode-27.0.0-Release.Candidate.app/Contents/Developer/Toolchains/XcodeDefault.xctoolchain/usr/lib/swift/appletvos -L/usr/lib/swift -Xlinker -add_ast_path -Xlinker /Users/admin/builder/spi-builder-workspace/.derivedData/Build/Intermediates.noindex/ImGui.build/Debug-appletvos/ImGui-t.build/Objects-normal/arm64/ImGui.swiftmodule -o /Users/admin/builder/spi-builder-workspace/.derivedData/Build/Products/Debug-appletvos/ImGui.o
ExtractAppIntentsMetadata (in target 'ImGui' from project 'ImGui')
    cd /Users/admin/builder/spi-builder-workspace/.dependencies/checkouts/SwiftImGui
    /Applications/Xcode-27.0.0-Release.Candidate.app/Contents/Developer/Toolchains/XcodeDefault.xctoolchain/usr/bin/appintentsmetadataprocessor --toolchain-dir /var/run/com.apple.security.cryptexd/mnt/com.apple.MobileAsset.MetalToolchain-v27.1.266.1.YfKZOL/Metal.xctoolchain --module-name ImGui --sdk-root /Applications/Xcode-27.0.0-Release.Candidate.app/Contents/Developer/Platforms/AppleTVOS.platform/Developer/SDKs/AppleTVOS27.0.sdk --xcode-version 27A266a --platform-family tvOS --deployment-target 15.0 --bundle-identifier swiftimgui.ImGui --output /Users/admin/builder/spi-builder-workspace/.derivedData/Build/Products/Debug-appletvos/ImGui.appintents --target-triple arm64-apple-tvos15.0 --binary-file /Users/admin/builder/spi-builder-workspace/.derivedData/Build/Products/Debug-appletvos/ImGui.o --dependency-file /Users/admin/builder/spi-builder-workspace/.derivedData/Build/Intermediates.noindex/ImGui.build/Debug-appletvos/ImGui-t.build/Objects-normal/arm64/ImGui_dependency_info.dat --stringsdata-file /Users/admin/builder/spi-builder-workspace/.derivedData/Build/Intermediates.noindex/ImGui.build/Debug-appletvos/ImGui-t.build/Objects-normal/arm64/ExtractedAppShortcutsMetadata.stringsdata --source-file-list /Users/admin/builder/spi-builder-workspace/.derivedData/Build/Intermediates.noindex/ImGui.build/Debug-appletvos/ImGui-t.build/Objects-normal/arm64/ImGui.SwiftFileList --metadata-file-list /Users/admin/builder/spi-builder-workspace/.derivedData/Build/Intermediates.noindex/ImGui.build/Debug-appletvos/ImGui-t.build/ImGui.DependencyMetadataFileList --static-metadata-file-list /Users/admin/builder/spi-builder-workspace/.derivedData/Build/Intermediates.noindex/ImGui.build/Debug-appletvos/ImGui-t.build/ImGui.DependencyStaticMetadataFileList --swift-const-vals-list /Users/admin/builder/spi-builder-workspace/.derivedData/Build/Intermediates.noindex/ImGui.build/Debug-appletvos/ImGui-t.build/Objects-normal/arm64/ImGui.SwiftConstValuesFileList --force --compile-time-extraction --deployment-aware-processing --no-app-shortcuts-localization
2026-09-17 22:45:23.162 appintentsmetadataprocessor[1099:6020] Starting appintentsmetadataprocessor export
2026-09-17 22:45:23.232 appintentsmetadataprocessor[1099:6020] Extracted no relevant App Intents symbols, skipping writing output
SwiftEmitModule normal arm64 Emitting\ module\ for\ MathLib (in target 'MathLib' from project 'MathLib')
SwiftCompile normal arm64 (in target 'MathLib' from project 'MathLib')
    cd /Users/admin/builder/spi-builder-workspace/.swiftpm/xcode

SwiftCompile normal arm64 Compiling\ Scalar.swift /Users/admin/builder/spi-builder-workspace/.dependencies/checkouts/MathLib/Sources/MathLib/Scalar.swift (in target 'MathLib' from project 'MathLib')
SwiftCompile normal arm64 /Users/admin/builder/spi-builder-workspace/.dependencies/checkouts/MathLib/Sources/MathLib/Scalar.swift (in target 'MathLib' from project 'MathLib')
    cd /Users/admin/builder/spi-builder-workspace/.swiftpm/xcode
    builtin-SwiftPerFileCompile Scalar.swift
SwiftCompile normal arm64 Compiling\ Other.swift /Users/admin/builder/spi-builder-workspace/.dependencies/checkouts/MathLib/Sources/MathLib/Other.swift (in target 'MathLib' from project 'MathLib')
SwiftCompile normal arm64 /Users/admin/builder/spi-builder-workspace/.dependencies/checkouts/MathLib/Sources/MathLib/Other.swift (in target 'MathLib' from project 'MathLib')
    cd /Users/admin/builder/spi-builder-workspace/.swiftpm/xcode
    builtin-SwiftPerFileCompile Other.swift
SwiftCompile normal arm64 Compiling\ Vector+Float.swift /Users/admin/builder/spi-builder-workspace/.dependencies/checkouts/MathLib/Sources/MathLib/Vector+Float.swift (in target 'MathLib' from project 'MathLib')
SwiftCompile normal arm64 /Users/admin/builder/spi-builder-workspace/.dependencies/checkouts/MathLib/Sources/MathLib/Vector+Float.swift (in target 'MathLib' from project 'MathLib')
    cd /Users/admin/builder/spi-builder-workspace/.swiftpm/xcode
    builtin-SwiftPerFileCompile Vector+Float.swift
SwiftEmitModule normal arm64 Emitting\ module\ for\ OhMyLog (in target 'OhMyLog' from project 'OhMyLog')
SwiftCompile normal arm64 (in target 'OhMyLog' from project 'OhMyLog')
    cd /Users/admin/builder/spi-builder-workspace/.swiftpm/xcode

SwiftCompile normal arm64 Compiling\ Log+String.swift /Users/admin/builder/spi-builder-workspace/.dependencies/checkouts/OhMyLog/Sources/OhMyLog/Log+String.swift (in target 'OhMyLog' from project 'OhMyLog')
SwiftCompile normal arm64 /Users/admin/builder/spi-builder-workspace/.dependencies/checkouts/OhMyLog/Sources/OhMyLog/Log+String.swift (in target 'OhMyLog' from project 'OhMyLog')
    cd /Users/admin/builder/spi-builder-workspace/.swiftpm/xcode
    builtin-SwiftPerFileCompile Log+String.swift
SwiftCompile normal arm64 Compiling\ Logger+String.swift /Users/admin/builder/spi-builder-workspace/.dependencies/checkouts/OhMyLog/Sources/OhMyLog/Logger+String.swift (in target 'OhMyLog' from project 'OhMyLog')
SwiftCompile normal arm64 /Users/admin/builder/spi-builder-workspace/.dependencies/checkouts/OhMyLog/Sources/OhMyLog/Logger+String.swift (in target 'OhMyLog' from project 'OhMyLog')
    cd /Users/admin/builder/spi-builder-workspace/.swiftpm/xcode
    builtin-SwiftPerFileCompile Logger+String.swift
SwiftCompile normal arm64 Compiling\ Logger.swift /Users/admin/builder/spi-builder-workspace/.dependencies/checkouts/OhMyLog/Sources/OhMyLog/Logger.swift (in target 'OhMyLog' from project 'OhMyLog')
SwiftCompile normal arm64 /Users/admin/builder/spi-builder-workspace/.dependencies/checkouts/OhMyLog/Sources/OhMyLog/Logger.swift (in target 'OhMyLog' from project 'OhMyLog')
    cd /Users/admin/builder/spi-builder-workspace/.swiftpm/xcode
    builtin-SwiftPerFileCompile Logger.swift
SwiftCompile normal arm64 Compiling\ Logger+Any.swift /Users/admin/builder/spi-builder-workspace/.dependencies/checkouts/OhMyLog/Sources/OhMyLog/Logger+Any.swift (in target 'OhMyLog' from project 'OhMyLog')
SwiftCompile normal arm64 /Users/admin/builder/spi-builder-workspace/.dependencies/checkouts/OhMyLog/Sources/OhMyLog/Logger+Any.swift (in target 'OhMyLog' from project 'OhMyLog')
    cd /Users/admin/builder/spi-builder-workspace/.swiftpm/xcode
    builtin-SwiftPerFileCompile Logger+Any.swift
SwiftDriverJobDiscovery normal arm64 Compiling Scalar.swift (in target 'MathLib' from project 'MathLib')
SwiftCompile normal arm64 Compiling\ Log.swift /Users/admin/builder/spi-builder-workspace/.dependencies/checkouts/OhMyLog/Sources/OhMyLog/Log.swift (in target 'OhMyLog' from project 'OhMyLog')
SwiftCompile normal arm64 /Users/admin/builder/spi-builder-workspace/.dependencies/checkouts/OhMyLog/Sources/OhMyLog/Log.swift (in target 'OhMyLog' from project 'OhMyLog')
    cd /Users/admin/builder/spi-builder-workspace/.swiftpm/xcode
    builtin-SwiftPerFileCompile Log.swift
SwiftCompile normal arm64 Compiling\ Log+Any.swift /Users/admin/builder/spi-builder-workspace/.dependencies/checkouts/OhMyLog/Sources/OhMyLog/Log+Any.swift (in target 'OhMyLog' from project 'OhMyLog')
SwiftCompile normal arm64 /Users/admin/builder/spi-builder-workspace/.dependencies/checkouts/OhMyLog/Sources/OhMyLog/Log+Any.swift (in target 'OhMyLog' from project 'OhMyLog')
    cd /Users/admin/builder/spi-builder-workspace/.swiftpm/xcode
    builtin-SwiftPerFileCompile Log+Any.swift
SwiftCompile normal arm64 Compiling\ Functions.swift /Users/admin/builder/spi-builder-workspace/.dependencies/checkouts/MathLib/Sources/MathLib/Functions.swift (in target 'MathLib' from project 'MathLib')
SwiftCompile normal arm64 /Users/admin/builder/spi-builder-workspace/.dependencies/checkouts/MathLib/Sources/MathLib/Functions.swift (in target 'MathLib' from project 'MathLib')
    cd /Users/admin/builder/spi-builder-workspace/.swiftpm/xcode
    builtin-SwiftPerFileCompile Functions.swift
SwiftDriverJobDiscovery normal arm64 Emitting module for OhMyLog (in target 'OhMyLog' from project 'OhMyLog')
SwiftDriver\ Compilation\ Requirements OhMyLog normal arm64 com.apple.xcode.tools.swift.compiler (in target 'OhMyLog' from project 'OhMyLog')
    cd /Users/admin/builder/spi-builder-workspace/.swiftpm/xcode
    builtin-Swift-Compilation-Requirements -- /Applications/Xcode-27.0.0-Release.Candidate.app/Contents/Developer/Toolchains/XcodeDefault.xctoolchain/usr/bin/swiftc -parse-as-library -module-name OhMyLog -Onone @/Users/admin/builder/spi-builder-workspace/.derivedData/Build/Intermediates.noindex/OhMyLog.build/Debug-appletvos/OhMyLog-t.build/Objects-normal/arm64/OhMyLog.SwiftFileList -DSWIFT_PACKAGE -DDEBUG -DSWIFT_MODULE_RESOURCE_BUNDLE_UNAVAILABLE -DXcode -plugin-path /Applications/Xcode-27.0.0-Release.Candidate.app/Contents/Developer/Toolchains/XcodeDefault.xctoolchain/usr/lib/swift/host/plugins/testing -enable-experimental-feature DebugDescriptionMacro -sdk /Applications/Xcode-27.0.0-Release.Candidate.app/Contents/Developer/Platforms/AppleTVOS.platform/Developer/SDKs/AppleTVOS27.0.sdk -target arm64-apple-tvos15.0 -g -module-cache-path /Users/admin/builder/spi-builder-workspace/.derivedData/ModuleCache.noindex -Xfrontend -serialize-debugging-options -enable-testing -suppress-warnings -index-store-path /Users/admin/builder/spi-builder-workspace/.derivedData/Index.noindex/DataStore -Xcc -D_LIBCPP_HARDENING_MODE\=_LIBCPP_HARDENING_MODE_DEBUG -swift-version 5 -I /Users/admin/builder/spi-builder-workspace/.derivedData/Build/Products/Debug-appletvos -Isystem /Applications/Xcode-27.0.0-Release.Candidate.app/Contents/Developer/Platforms/AppleTVOS.platform/Developer/usr/lib -F /Users/admin/builder/spi-builder-workspace/.derivedData/Build/Products/Debug-appletvos -F /Applications/Xcode-27.0.0-Release.Candidate.app/Contents/Developer/Platforms/AppleTVOS.platform/Developer/Library/Frameworks -F /Applications/Xcode-27.0.0-Release.Candidate.app/Contents/Developer/Platforms/AppleTVOS.platform/Developer/SDKs/AppleTVOS27.0.sdk/Developer/Library/Frameworks -c -j10 -enable-batch-mode -incremental -Xcc -ivfsstatcache -Xcc /Users/admin/builder/spi-builder-workspace/.derivedData/SDKStatCaches.noindex/appletvos27.0-24J360-e829b21a6f8c9b70876ba0858053c044b32bfd8d43560033f8d89884cdb90028.sdkstatcache -output-file-map /Users/admin/builder/spi-builder-workspace/.derivedData/Build/Intermediates.noindex/OhMyLog.build/Debug-appletvos/OhMyLog-t.build/Objects-normal/arm64/OhMyLog-OutputFileMap.json -save-temps -no-color-diagnostics -explicit-module-build -module-cache-path /Users/admin/builder/spi-builder-workspace/.derivedData/Build/Intermediates.noindex/SwiftExplicitPrecompiledModules -clang-scanner-module-cache-path /Users/admin/builder/spi-builder-workspace/.derivedData/ModuleCache.noindex -sdk-module-cache-path /Users/admin/builder/spi-builder-workspace/.derivedData/SDKExplicitPrecompiledModules -emit-dependencies -emit-module -emit-module-path /Users/admin/builder/spi-builder-workspace/.derivedData/Build/Intermediates.noindex/OhMyLog.build/Debug-appletvos/OhMyLog-t.build/Objects-normal/arm64/OhMyLog.swiftmodule -serialize-diagnostics -dependency-scan-serialize-diagnostics-path /Users/admin/builder/spi-builder-workspace/.derivedData/Build/Intermediates.noindex/OhMyLog.build/Debug-appletvos/OhMyLog-t.build/Objects-normal/arm64/OhMyLog-dependency-scan.dia -validate-clang-modules-once -clang-build-session-file /Users/admin/builder/spi-builder-workspace/.derivedData/ModuleCache.noindex/Session.modulevalidation -Xcc -fmodules-prune-interval\=86400 -Xcc -fmodules-prune-after\=345600 -emit-const-values -const-gather-protocols-list /Users/admin/builder/spi-builder-workspace/.derivedData/Build/Intermediates.noindex/OhMyLog.build/Debug-appletvos/OhMyLog-t.build/Objects-normal/arm64/OhMyLog_const_extract_protocols.json -Xcc -I/Users/admin/builder/spi-builder-workspace/.derivedData/Build/Products/Debug-appletvos/include -Xcc -I/Users/admin/builder/spi-builder-workspace/.derivedData/Build/Intermediates.noindex/OhMyLog.build/Debug-appletvos/OhMyLog-t.build/DerivedSources-normal/arm64 -Xcc -I/Users/admin/builder/spi-builder-workspace/.derivedData/Build/Intermediates.noindex/OhMyLog.build/Debug-appletvos/OhMyLog-t.build/DerivedSources/arm64 -Xcc -I/Users/admin/builder/spi-builder-workspace/.derivedData/Build/Intermediates.noindex/OhMyLog.build/Debug-appletvos/OhMyLog-t.build/DerivedSources -Xcc -DSWIFT_PACKAGE -Xcc -DDEBUG\=1 -emit-objc-header -emit-objc-header-path /Users/admin/builder/spi-builder-workspace/.derivedData/Build/Intermediates.noindex/OhMyLog.build/Debug-appletvos/OhMyLog-t.build/Objects-normal/arm64/OhMyLog-Swift.h -working-directory /Users/admin/builder/spi-builder-workspace/.swiftpm/xcode -experimental-emit-module-separately -disable-cmo
SwiftDriverJobDiscovery normal arm64 Compiling Other.swift (in target 'MathLib' from project 'MathLib')
SwiftCompile normal arm64 Compiling\ Constants.swift /Users/admin/builder/spi-builder-workspace/.dependencies/checkouts/MathLib/Sources/MathLib/Constants.swift (in target 'MathLib' from project 'MathLib')
SwiftCompile normal arm64 /Users/admin/builder/spi-builder-workspace/.dependencies/checkouts/MathLib/Sources/MathLib/Constants.swift (in target 'MathLib' from project 'MathLib')
    cd /Users/admin/builder/spi-builder-workspace/.swiftpm/xcode
    builtin-SwiftPerFileCompile Constants.swift
SwiftMergeGeneratedHeaders /Users/admin/builder/spi-builder-workspace/.derivedData/Build/Intermediates.noindex/GeneratedModuleMaps-appletvos/OhMyLog-Swift.h /Users/admin/builder/spi-builder-workspace/.derivedData/Build/Intermediates.noindex/OhMyLog.build/Debug-appletvos/OhMyLog-t.build/Objects-normal/arm64/OhMyLog-Swift.h (in target 'OhMyLog' from project 'OhMyLog')
    cd /Users/admin/builder/spi-builder-workspace/.dependencies/checkouts/OhMyLog
    builtin-swiftHeaderTool -arch arm64 /Users/admin/builder/spi-builder-workspace/.derivedData/Build/Intermediates.noindex/OhMyLog.build/Debug-appletvos/OhMyLog-t.build/Objects-normal/arm64/OhMyLog-Swift.h -o /Users/admin/builder/spi-builder-workspace/.derivedData/Build/Intermediates.noindex/GeneratedModuleMaps-appletvos/OhMyLog-Swift.h
SwiftDriverJobDiscovery normal arm64 Emitting module for MathLib (in target 'MathLib' from project 'MathLib')
Copy /Users/admin/builder/spi-builder-workspace/.derivedData/Build/Products/Debug-appletvos/OhMyLog.swiftmodule/arm64-apple-tvos.swiftmodule /Users/admin/builder/spi-builder-workspace/.derivedData/Build/Intermediates.noindex/OhMyLog.build/Debug-appletvos/OhMyLog-t.build/Objects-normal/arm64/OhMyLog.swiftmodule (in target 'OhMyLog' from project 'OhMyLog')
    cd /Users/admin/builder/spi-builder-workspace/.dependencies/checkouts/OhMyLog
    builtin-copy -exclude .DS_Store -exclude CVS -exclude .svn -exclude .git -exclude .hg -resolve-src-symlinks -rename /Users/admin/builder/spi-builder-workspace/.derivedData/Build/Intermediates.noindex/OhMyLog.build/Debug-appletvos/OhMyLog-t.build/Objects-normal/arm64/OhMyLog.swiftmodule /Users/admin/builder/spi-builder-workspace/.derivedData/Build/Products/Debug-appletvos/OhMyLog.swiftmodule/arm64-apple-tvos.swiftmodule
Copy /Users/admin/builder/spi-builder-workspace/.derivedData/Build/Products/Debug-appletvos/OhMyLog.swiftmodule/arm64-apple-tvos.swiftdoc /Users/admin/builder/spi-builder-workspace/.derivedData/Build/Intermediates.noindex/OhMyLog.build/Debug-appletvos/OhMyLog-t.build/Objects-normal/arm64/OhMyLog.swiftdoc (in target 'OhMyLog' from project 'OhMyLog')
    cd /Users/admin/builder/spi-builder-workspace/.dependencies/checkouts/OhMyLog
    builtin-copy -exclude .DS_Store -exclude CVS -exclude .svn -exclude .git -exclude .hg -resolve-src-symlinks -rename /Users/admin/builder/spi-builder-workspace/.derivedData/Build/Intermediates.noindex/OhMyLog.build/Debug-appletvos/OhMyLog-t.build/Objects-normal/arm64/OhMyLog.swiftdoc /Users/admin/builder/spi-builder-workspace/.derivedData/Build/Products/Debug-appletvos/OhMyLog.swiftmodule/arm64-apple-tvos.swiftdoc
Copy /Users/admin/builder/spi-builder-workspace/.derivedData/Build/Products/Debug-appletvos/OhMyLog.swiftmodule/arm64-apple-tvos.abi.json /Users/admin/builder/spi-builder-workspace/.derivedData/Build/Intermediates.noindex/OhMyLog.build/Debug-appletvos/OhMyLog-t.build/Objects-normal/arm64/OhMyLog.abi.json (in target 'OhMyLog' from project 'OhMyLog')
    cd /Users/admin/builder/spi-builder-workspace/.dependencies/checkouts/OhMyLog
    builtin-copy -exclude .DS_Store -exclude CVS -exclude .svn -exclude .git -exclude .hg -resolve-src-symlinks -rename /Users/admin/builder/spi-builder-workspace/.derivedData/Build/Intermediates.noindex/OhMyLog.build/Debug-appletvos/OhMyLog-t.build/Objects-normal/arm64/OhMyLog.abi.json /Users/admin/builder/spi-builder-workspace/.derivedData/Build/Products/Debug-appletvos/OhMyLog.swiftmodule/arm64-apple-tvos.abi.json
Copy /Users/admin/builder/spi-builder-workspace/.derivedData/Build/Products/Debug-appletvos/OhMyLog.swiftmodule/Project/arm64-apple-tvos.swiftsourceinfo /Users/admin/builder/spi-builder-workspace/.derivedData/Build/Intermediates.noindex/OhMyLog.build/Debug-appletvos/OhMyLog-t.build/Objects-normal/arm64/OhMyLog.swiftsourceinfo (in target 'OhMyLog' from project 'OhMyLog')
    cd /Users/admin/builder/spi-builder-workspace/.dependencies/checkouts/OhMyLog
    builtin-copy -exclude .DS_Store -exclude CVS -exclude .svn -exclude .git -exclude .hg -resolve-src-symlinks -rename /Users/admin/builder/spi-builder-workspace/.derivedData/Build/Intermediates.noindex/OhMyLog.build/Debug-appletvos/OhMyLog-t.build/Objects-normal/arm64/OhMyLog.swiftsourceinfo /Users/admin/builder/spi-builder-workspace/.derivedData/Build/Products/Debug-appletvos/OhMyLog.swiftmodule/Project/arm64-apple-tvos.swiftsourceinfo
SwiftDriver\ Compilation\ Requirements MathLib normal arm64 com.apple.xcode.tools.swift.compiler (in target 'MathLib' from project 'MathLib')
    cd /Users/admin/builder/spi-builder-workspace/.swiftpm/xcode
    builtin-Swift-Compilation-Requirements -- /Applications/Xcode-27.0.0-Release.Candidate.app/Contents/Developer/Toolchains/XcodeDefault.xctoolchain/usr/bin/swiftc -parse-as-library -module-name MathLib -Onone @/Users/admin/builder/spi-builder-workspace/.derivedData/Build/Intermediates.noindex/MathLib.build/Debug-appletvos/MathLib-t.build/Objects-normal/arm64/MathLib.SwiftFileList -DSWIFT_PACKAGE -DDEBUG -DSWIFT_MODULE_RESOURCE_BUNDLE_UNAVAILABLE -DXcode -plugin-path /Applications/Xcode-27.0.0-Release.Candidate.app/Contents/Developer/Toolchains/XcodeDefault.xctoolchain/usr/lib/swift/host/plugins/testing -enable-experimental-feature DebugDescriptionMacro -sdk /Applications/Xcode-27.0.0-Release.Candidate.app/Contents/Developer/Platforms/AppleTVOS.platform/Developer/SDKs/AppleTVOS27.0.sdk -target arm64-apple-tvos15.0 -g -module-cache-path /Users/admin/builder/spi-builder-workspace/.derivedData/ModuleCache.noindex -Xfrontend -serialize-debugging-options -enable-testing -suppress-warnings -index-store-path /Users/admin/builder/spi-builder-workspace/.derivedData/Index.noindex/DataStore -Xcc -D_LIBCPP_HARDENING_MODE\=_LIBCPP_HARDENING_MODE_DEBUG -swift-version 5 -I /Users/admin/builder/spi-builder-workspace/.derivedData/Build/Products/Debug-appletvos -Isystem /Applications/Xcode-27.0.0-Release.Candidate.app/Contents/Developer/Platforms/AppleTVOS.platform/Developer/usr/lib -F /Users/admin/builder/spi-builder-workspace/.derivedData/Build/Products/Debug-appletvos -F /Applications/Xcode-27.0.0-Release.Candidate.app/Contents/Developer/Platforms/AppleTVOS.platform/Developer/Library/Frameworks -F /Applications/Xcode-27.0.0-Release.Candidate.app/Contents/Developer/Platforms/AppleTVOS.platform/Developer/SDKs/AppleTVOS27.0.sdk/Developer/Library/Frameworks -c -j10 -enable-batch-mode -incremental -Xcc -ivfsstatcache -Xcc /Users/admin/builder/spi-builder-workspace/.derivedData/SDKStatCaches.noindex/appletvos27.0-24J360-e829b21a6f8c9b70876ba0858053c044b32bfd8d43560033f8d89884cdb90028.sdkstatcache -output-file-map /Users/admin/builder/spi-builder-workspace/.derivedData/Build/Intermediates.noindex/MathLib.build/Debug-appletvos/MathLib-t.build/Objects-normal/arm64/MathLib-OutputFileMap.json -save-temps -no-color-diagnostics -explicit-module-build -module-cache-path /Users/admin/builder/spi-builder-workspace/.derivedData/Build/Intermediates.noindex/SwiftExplicitPrecompiledModules -clang-scanner-module-cache-path /Users/admin/builder/spi-builder-workspace/.derivedData/ModuleCache.noindex -sdk-module-cache-path /Users/admin/builder/spi-builder-workspace/.derivedData/SDKExplicitPrecompiledModules -emit-dependencies -emit-module -emit-module-path /Users/admin/builder/spi-builder-workspace/.derivedData/Build/Intermediates.noindex/MathLib.build/Debug-appletvos/MathLib-t.build/Objects-normal/arm64/MathLib.swiftmodule -serialize-diagnostics -dependency-scan-serialize-diagnostics-path /Users/admin/builder/spi-builder-workspace/.derivedData/Build/Intermediates.noindex/MathLib.build/Debug-appletvos/MathLib-t.build/Objects-normal/arm64/MathLib-dependency-scan.dia -validate-clang-modules-once -clang-build-session-file /Users/admin/builder/spi-builder-workspace/.derivedData/ModuleCache.noindex/Session.modulevalidation -Xcc -fmodules-prune-interval\=86400 -Xcc -fmodules-prune-after\=345600 -emit-const-values -const-gather-protocols-list /Users/admin/builder/spi-builder-workspace/.derivedData/Build/Intermediates.noindex/MathLib.build/Debug-appletvos/MathLib-t.build/Objects-normal/arm64/MathLib_const_extract_protocols.json -Xcc -I/Users/admin/builder/spi-builder-workspace/.derivedData/Build/Products/Debug-appletvos/include -Xcc -I/Users/admin/builder/spi-builder-workspace/.derivedData/Build/Intermediates.noindex/MathLib.build/Debug-appletvos/MathLib-t.build/DerivedSources-normal/arm64 -Xcc -I/Users/admin/builder/spi-builder-workspace/.derivedData/Build/Intermediates.noindex/MathLib.build/Debug-appletvos/MathLib-t.build/DerivedSources/arm64 -Xcc -I/Users/admin/builder/spi-builder-workspace/.derivedData/Build/Intermediates.noindex/MathLib.build/Debug-appletvos/MathLib-t.build/DerivedSources -Xcc -DSWIFT_PACKAGE -Xcc -DDEBUG\=1 -emit-objc-header -emit-objc-header-path /Users/admin/builder/spi-builder-workspace/.derivedData/Build/Intermediates.noindex/MathLib.build/Debug-appletvos/MathLib-t.build/Objects-normal/arm64/MathLib-Swift.h -working-directory /Users/admin/builder/spi-builder-workspace/.swiftpm/xcode -experimental-emit-module-separately -disable-cmo
SwiftMergeGeneratedHeaders /Users/admin/builder/spi-builder-workspace/.derivedData/Build/Intermediates.noindex/GeneratedModuleMaps-appletvos/MathLib-Swift.h /Users/admin/builder/spi-builder-workspace/.derivedData/Build/Intermediates.noindex/MathLib.build/Debug-appletvos/MathLib-t.build/Objects-normal/arm64/MathLib-Swift.h (in target 'MathLib' from project 'MathLib')
    cd /Users/admin/builder/spi-builder-workspace/.dependencies/checkouts/MathLib
    builtin-swiftHeaderTool -arch arm64 /Users/admin/builder/spi-builder-workspace/.derivedData/Build/Intermediates.noindex/MathLib.build/Debug-appletvos/MathLib-t.build/Objects-normal/arm64/MathLib-Swift.h -o /Users/admin/builder/spi-builder-workspace/.derivedData/Build/Intermediates.noindex/GeneratedModuleMaps-appletvos/MathLib-Swift.h
Copy /Users/admin/builder/spi-builder-workspace/.derivedData/Build/Products/Debug-appletvos/MathLib.swiftmodule/arm64-apple-tvos.swiftmodule /Users/admin/builder/spi-builder-workspace/.derivedData/Build/Intermediates.noindex/MathLib.build/Debug-appletvos/MathLib-t.build/Objects-normal/arm64/MathLib.swiftmodule (in target 'MathLib' from project 'MathLib')
    cd /Users/admin/builder/spi-builder-workspace/.dependencies/checkouts/MathLib
    builtin-copy -exclude .DS_Store -exclude CVS -exclude .svn -exclude .git -exclude .hg -resolve-src-symlinks -rename /Users/admin/builder/spi-builder-workspace/.derivedData/Build/Intermediates.noindex/MathLib.build/Debug-appletvos/MathLib-t.build/Objects-normal/arm64/MathLib.swiftmodule /Users/admin/builder/spi-builder-workspace/.derivedData/Build/Products/Debug-appletvos/MathLib.swiftmodule/arm64-apple-tvos.swiftmodule
Copy /Users/admin/builder/spi-builder-workspace/.derivedData/Build/Products/Debug-appletvos/MathLib.swiftmodule/arm64-apple-tvos.swiftdoc /Users/admin/builder/spi-builder-workspace/.derivedData/Build/Intermediates.noindex/MathLib.build/Debug-appletvos/MathLib-t.build/Objects-normal/arm64/MathLib.swiftdoc (in target 'MathLib' from project 'MathLib')
    cd /Users/admin/builder/spi-builder-workspace/.dependencies/checkouts/MathLib
    builtin-copy -exclude .DS_Store -exclude CVS -exclude .svn -exclude .git -exclude .hg -resolve-src-symlinks -rename /Users/admin/builder/spi-builder-workspace/.derivedData/Build/Intermediates.noindex/MathLib.build/Debug-appletvos/MathLib-t.build/Objects-normal/arm64/MathLib.swiftdoc /Users/admin/builder/spi-builder-workspace/.derivedData/Build/Products/Debug-appletvos/MathLib.swiftmodule/arm64-apple-tvos.swiftdoc
Copy /Users/admin/builder/spi-builder-workspace/.derivedData/Build/Products/Debug-appletvos/MathLib.swiftmodule/arm64-apple-tvos.abi.json /Users/admin/builder/spi-builder-workspace/.derivedData/Build/Intermediates.noindex/MathLib.build/Debug-appletvos/MathLib-t.build/Objects-normal/arm64/MathLib.abi.json (in target 'MathLib' from project 'MathLib')
    cd /Users/admin/builder/spi-builder-workspace/.dependencies/checkouts/MathLib
    builtin-copy -exclude .DS_Store -exclude CVS -exclude .svn -exclude .git -exclude .hg -resolve-src-symlinks -rename /Users/admin/builder/spi-builder-workspace/.derivedData/Build/Intermediates.noindex/MathLib.build/Debug-appletvos/MathLib-t.build/Objects-normal/arm64/MathLib.abi.json /Users/admin/builder/spi-builder-workspace/.derivedData/Build/Products/Debug-appletvos/MathLib.swiftmodule/arm64-apple-tvos.abi.json
Copy /Users/admin/builder/spi-builder-workspace/.derivedData/Build/Products/Debug-appletvos/MathLib.swiftmodule/Project/arm64-apple-tvos.swiftsourceinfo /Users/admin/builder/spi-builder-workspace/.derivedData/Build/Intermediates.noindex/MathLib.build/Debug-appletvos/MathLib-t.build/Objects-normal/arm64/MathLib.swiftsourceinfo (in target 'MathLib' from project 'MathLib')
    cd /Users/admin/builder/spi-builder-workspace/.dependencies/checkouts/MathLib
    builtin-copy -exclude .DS_Store -exclude CVS -exclude .svn -exclude .git -exclude .hg -resolve-src-symlinks -rename /Users/admin/builder/spi-builder-workspace/.derivedData/Build/Intermediates.noindex/MathLib.build/Debug-appletvos/MathLib-t.build/Objects-normal/arm64/MathLib.swiftsourceinfo /Users/admin/builder/spi-builder-workspace/.derivedData/Build/Products/Debug-appletvos/MathLib.swiftmodule/Project/arm64-apple-tvos.swiftsourceinfo
SwiftCompile normal arm64 Compiling\ Vector+Int.swift /Users/admin/builder/spi-builder-workspace/.dependencies/checkouts/MathLib/Sources/MathLib/Vector+Int.swift (in target 'MathLib' from project 'MathLib')
SwiftCompile normal arm64 /Users/admin/builder/spi-builder-workspace/.dependencies/checkouts/MathLib/Sources/MathLib/Vector+Int.swift (in target 'MathLib' from project 'MathLib')
    cd /Users/admin/builder/spi-builder-workspace/.swiftpm/xcode
    builtin-SwiftPerFileCompile Vector+Int.swift
SwiftDriverJobDiscovery normal arm64 Compiling Constants.swift (in target 'MathLib' from project 'MathLib')
SwiftCompile normal arm64 Compiling\ Matrix.swift /Users/admin/builder/spi-builder-workspace/.dependencies/checkouts/MathLib/Sources/MathLib/Matrix.swift (in target 'MathLib' from project 'MathLib')
SwiftCompile normal arm64 /Users/admin/builder/spi-builder-workspace/.dependencies/checkouts/MathLib/Sources/MathLib/Matrix.swift (in target 'MathLib' from project 'MathLib')
    cd /Users/admin/builder/spi-builder-workspace/.swiftpm/xcode
    builtin-SwiftPerFileCompile Matrix.swift
SwiftDriverJobDiscovery normal arm64 Compiling Vector+Int.swift (in target 'MathLib' from project 'MathLib')
SwiftCompile normal arm64 Compiling\ Vector.swift /Users/admin/builder/spi-builder-workspace/.dependencies/checkouts/MathLib/Sources/MathLib/Vector.swift (in target 'MathLib' from project 'MathLib')
SwiftCompile normal arm64 /Users/admin/builder/spi-builder-workspace/.dependencies/checkouts/MathLib/Sources/MathLib/Vector.swift (in target 'MathLib' from project 'MathLib')
    cd /Users/admin/builder/spi-builder-workspace/.swiftpm/xcode
    builtin-SwiftPerFileCompile Vector.swift
SwiftDriverJobDiscovery normal arm64 Compiling Vector.swift (in target 'MathLib' from project 'MathLib')
SwiftCompile normal arm64 Compiling\ Quaternion.swift /Users/admin/builder/spi-builder-workspace/.dependencies/checkouts/MathLib/Sources/MathLib/Quaternion.swift (in target 'MathLib' from project 'MathLib')
SwiftCompile normal arm64 /Users/admin/builder/spi-builder-workspace/.dependencies/checkouts/MathLib/Sources/MathLib/Quaternion.swift (in target 'MathLib' from project 'MathLib')
    cd /Users/admin/builder/spi-builder-workspace/.swiftpm/xcode
    builtin-SwiftPerFileCompile Quaternion.swift
SwiftDriverJobDiscovery normal arm64 Compiling Quaternion.swift (in target 'MathLib' from project 'MathLib')
SwiftDriver Palico normal arm64 com.apple.xcode.tools.swift.compiler (in target 'Palico' from project 'PalicoEngine')
    cd /Users/admin/builder/spi-builder-workspace/.swiftpm/xcode
    builtin-SwiftDriver -- /Applications/Xcode-27.0.0-Release.Candidate.app/Contents/Developer/Toolchains/XcodeDefault.xctoolchain/usr/bin/swiftc -parse-as-library -module-name Palico -Onone @/Users/admin/builder/spi-builder-workspace/.derivedData/Build/Intermediates.noindex/PalicoEngine.build/Debug-appletvos/Palico-t.build/Objects-normal/arm64/Palico.SwiftFileList -DSWIFT_PACKAGE -DDEBUG -DSWIFT_MODULE_RESOURCE_BUNDLE_AVAILABLE -Xcc -fmodule-map-file\=/Users/admin/builder/spi-builder-workspace/.derivedData/Build/Intermediates.noindex/GeneratedModuleMaps-appletvos/CImGui.modulemap -Xcc -fmodule-map-file\=/Users/admin/builder/spi-builder-workspace/.derivedData/Build/Intermediates.noindex/GeneratedModuleMaps-appletvos/CImGuizmo.modulemap -DXcode -plugin-path /Applications/Xcode-27.0.0-Release.Candidate.app/Contents/Developer/Toolchains/XcodeDefault.xctoolchain/usr/lib/swift/host/plugins/testing -enable-experimental-feature DebugDescriptionMacro -sdk /Applications/Xcode-27.0.0-Release.Candidate.app/Contents/Developer/Platforms/AppleTVOS.platform/Developer/SDKs/AppleTVOS27.0.sdk -target arm64-apple-tvos15.0 -g -module-cache-path /Users/admin/builder/spi-builder-workspace/.derivedData/ModuleCache.noindex -Xfrontend -serialize-debugging-options -enable-testing -index-store-path /Users/admin/builder/spi-builder-workspace/.derivedData/Index.noindex/DataStore -Xcc -D_LIBCPP_HARDENING_MODE\=_LIBCPP_HARDENING_MODE_DEBUG -swift-version 5 -I /Users/admin/builder/spi-builder-workspace/.derivedData/Build/Products/Debug-appletvos -Isystem /Applications/Xcode-27.0.0-Release.Candidate.app/Contents/Developer/Platforms/AppleTVOS.platform/Developer/usr/lib -F /Users/admin/builder/spi-builder-workspace/.derivedData/Build/Products/Debug-appletvos/PackageFrameworks -F /Users/admin/builder/spi-builder-workspace/.derivedData/Build/Products/Debug-appletvos -F /Applications/Xcode-27.0.0-Release.Candidate.app/Contents/Developer/Platforms/AppleTVOS.platform/Developer/Library/Frameworks -F /Applications/Xcode-27.0.0-Release.Candidate.app/Contents/Developer/Platforms/AppleTVOS.platform/Developer/SDKs/AppleTVOS27.0.sdk/Developer/Library/Frameworks -c -j10 -enable-batch-mode -incremental -Xcc -ivfsstatcache -Xcc /Users/admin/builder/spi-builder-workspace/.derivedData/SDKStatCaches.noindex/appletvos27.0-24J360-e829b21a6f8c9b70876ba0858053c044b32bfd8d43560033f8d89884cdb90028.sdkstatcache -output-file-map /Users/admin/builder/spi-builder-workspace/.derivedData/Build/Intermediates.noindex/PalicoEngine.build/Debug-appletvos/Palico-t.build/Objects-normal/arm64/Palico-OutputFileMap.json -save-temps -no-color-diagnostics -explicit-module-build -module-cache-path /Users/admin/builder/spi-builder-workspace/.derivedData/Build/Intermediates.noindex/SwiftExplicitPrecompiledModules -clang-scanner-module-cache-path /Users/admin/builder/spi-builder-workspace/.derivedData/ModuleCache.noindex -sdk-module-cache-path /Users/admin/builder/spi-builder-workspace/.derivedData/SDKExplicitPrecompiledModules -emit-dependencies -emit-module -emit-module-path /Users/admin/builder/spi-builder-workspace/.derivedData/Build/Intermediates.noindex/PalicoEngine.build/Debug-appletvos/Palico-t.build/Objects-normal/arm64/Palico.swiftmodule -serialize-diagnostics -dependency-scan-serialize-diagnostics-path /Users/admin/builder/spi-builder-workspace/.derivedData/Build/Intermediates.noindex/PalicoEngine.build/Debug-appletvos/Palico-t.build/Objects-normal/arm64/Palico-dependency-scan.dia -validate-clang-modules-once -clang-build-session-file /Users/admin/builder/spi-builder-workspace/.derivedData/ModuleCache.noindex/Session.modulevalidation -Xcc -fmodules-prune-interval\=86400 -Xcc -fmodules-prune-after\=345600 -emit-const-values -const-gather-protocols-list /Users/admin/builder/spi-builder-workspace/.derivedData/Build/Intermediates.noindex/PalicoEngine.build/Debug-appletvos/Palico-t.build/Objects-normal/arm64/Palico_const_extract_protocols.json -Xcc -I/Users/admin/builder/spi-builder-workspace/.dependencies/checkouts/SwiftImGui/Sources/CImGui/include -Xcc -I/Users/admin/builder/spi-builder-workspace/.dependencies/checkouts/SwiftImGuizmo/Sources/CImGuizmo/include -Xcc -I/Users/admin/builder/spi-builder-workspace/.derivedData/Build/Products/Debug-appletvos/include -Xcc -I/Users/admin/builder/spi-builder-workspace/.derivedData/Build/Intermediates.noindex/PalicoEngine.build/Debug-appletvos/Palico-t.build/DerivedSources-normal/arm64 -Xcc -I/Users/admin/builder/spi-builder-workspace/.derivedData/Build/Intermediates.noindex/PalicoEngine.build/Debug-appletvos/Palico-t.build/DerivedSources/arm64 -Xcc -I/Users/admin/builder/spi-builder-workspace/.derivedData/Build/Intermediates.noindex/PalicoEngine.build/Debug-appletvos/Palico-t.build/DerivedSources -Xcc -DSWIFT_PACKAGE -Xcc -DDEBUG\=1 -emit-objc-header -emit-objc-header-path /Users/admin/builder/spi-builder-workspace/.derivedData/Build/Intermediates.noindex/PalicoEngine.build/Debug-appletvos/Palico-t.build/Objects-normal/arm64/Palico-Swift.h -working-directory /Users/admin/builder/spi-builder-workspace/.swiftpm/xcode -experimental-emit-module-separately -disable-cmo
error: Clang dependency scanning failure:  (in target 'Palico' from project 'PalicoEngine')
/Users/admin/builder/spi-builder-workspace/Sources/Palico/ImGui/Backends/imgui_impl_metal.swift:10:8: error: Unable to resolve module dependency: 'AppKit' (in target 'Palico' from project 'PalicoEngine')
    note: A dependency of main module 'Palico'
    /Users/admin/builder/spi-builder-workspace/Sources/Palico/ImGui/Backends/imgui_impl_osx.swift:10:8: note: Also imported here
/Users/admin/builder/spi-builder-workspace/Sources/Palico/ImGui/Backends/imgui_impl_osx.swift:11:8: error: Unable to resolve module dependency: 'Carbon' (in target 'Palico' from project 'PalicoEngine')
    note: A dependency of main module 'Palico'
error: Clang dependency scanning failure:  (in target 'Palico' from project 'PalicoEngine')
/Users/admin/builder/spi-builder-workspace/Sources/Palico/ImGui/ImGuiBackend+Cocoa.swift:8:8: error: Unable to resolve module dependency: 'Cocoa' (in target 'Palico' from project 'PalicoEngine')
    note: A dependency of main module 'Palico'
    /Users/admin/builder/spi-builder-workspace/Sources/Palico/Platform/Cocoa/CocoaContext.swift:8:8: note: Also imported here
    /Users/admin/builder/spi-builder-workspace/Sources/Palico/Platform/Cocoa/CocoaInput.swift:8:8: note: Also imported here
    /Users/admin/builder/spi-builder-workspace/Sources/Palico/Platform/Cocoa/CocoaWindow+Callback.swift:8:8: note: Also imported here
    /Users/admin/builder/spi-builder-workspace/Sources/Palico/Platform/Cocoa/CocoaWindow+Event.swift:8:8: note: Also imported here
    /Users/admin/builder/spi-builder-workspace/Sources/Palico/Platform/Cocoa/CocoaWindow.swift:8:8: note: Also imported here
    /Users/admin/builder/spi-builder-workspace/Sources/Palico/Platform/Cocoa/ViewController.swift:8:8: note: Also imported here
/Users/admin/builder/spi-builder-workspace/Sources/Palico/ImGui/Backends/imgui_impl_metal.swift:10:8: note: A dependency of main module 'Palico'
import AppKit
       ^ (in target 'Palico' from project 'PalicoEngine')
/Users/admin/builder/spi-builder-workspace/Sources/Palico/ImGui/Backends/imgui_impl_osx.swift:10:8: note: Also imported here
import AppKit
       ^ (in target 'Palico' from project 'PalicoEngine')
/Users/admin/builder/spi-builder-workspace/Sources/Palico/ImGui/Backends/imgui_impl_osx.swift:11:8: note: A dependency of main module 'Palico'
import Carbon
       ^ (in target 'Palico' from project 'PalicoEngine')
/Users/admin/builder/spi-builder-workspace/Sources/Palico/ImGui/ImGuiBackend+Cocoa.swift:8:8: note: A dependency of main module 'Palico'
import Cocoa
       ^ (in target 'Palico' from project 'PalicoEngine')
/Users/admin/builder/spi-builder-workspace/Sources/Palico/Platform/Cocoa/CocoaContext.swift:8:8: note: Also imported here
import Cocoa
       ^ (in target 'Palico' from project 'PalicoEngine')
/Users/admin/builder/spi-builder-workspace/Sources/Palico/Platform/Cocoa/CocoaInput.swift:8:8: note: Also imported here
import Cocoa
       ^ (in target 'Palico' from project 'PalicoEngine')
/Users/admin/builder/spi-builder-workspace/Sources/Palico/Platform/Cocoa/CocoaWindow+Callback.swift:8:8: note: Also imported here
import Cocoa
       ^ (in target 'Palico' from project 'PalicoEngine')
/Users/admin/builder/spi-builder-workspace/Sources/Palico/Platform/Cocoa/CocoaWindow+Event.swift:8:8: note: Also imported here
import Cocoa
       ^ (in target 'Palico' from project 'PalicoEngine')
/Users/admin/builder/spi-builder-workspace/Sources/Palico/Platform/Cocoa/CocoaWindow.swift:8:8: note: Also imported here
import Cocoa
       ^ (in target 'Palico' from project 'PalicoEngine')
/Users/admin/builder/spi-builder-workspace/Sources/Palico/Platform/Cocoa/ViewController.swift:8:8: note: Also imported here
import Cocoa
       ^ (in target 'Palico' from project 'PalicoEngine')
SwiftDriverJobDiscovery normal arm64 Compiling Matrix.swift (in target 'MathLib' from project 'MathLib')
Ld /Users/admin/builder/spi-builder-workspace/.derivedData/Build/Products/Debug-appletvos/CImGuizmo.o normal (in target 'CImGuizmo' from project 'ImGuizmo')
    cd /Users/admin/builder/spi-builder-workspace/.dependencies/checkouts/SwiftImGuizmo
    /Applications/Xcode-27.0.0-Release.Candidate.app/Contents/Developer/Toolchains/XcodeDefault.xctoolchain/usr/bin/clang++ -Xlinker -reproducible -target arm64-apple-tvos15.0 -r -isysroot /Applications/Xcode-27.0.0-Release.Candidate.app/Contents/Developer/Platforms/AppleTVOS.platform/Developer/SDKs/AppleTVOS27.0.sdk -O0 -w -Xlinker -no_warn_duplicate_libraries -F/Users/admin/builder/spi-builder-workspace/.derivedData/Build/Intermediates.noindex/EagerLinkingTBDs/Debug-appletvos -F/Users/admin/builder/spi-builder-workspace/.derivedData/Build/Products/Debug-appletvos/PackageFrameworks -F/Users/admin/builder/spi-builder-workspace/.derivedData/Build/Products/Debug-appletvos -iframework /Applications/Xcode-27.0.0-Release.Candidate.app/Contents/Developer/Platforms/AppleTVOS.platform/Developer/Library/Frameworks -iframework /Applications/Xcode-27.0.0-Release.Candidate.app/Contents/Developer/Platforms/AppleTVOS.platform/Developer/SDKs/AppleTVOS27.0.sdk/Developer/Library/Frameworks -filelist /Users/admin/builder/spi-builder-workspace/.derivedData/Build/Intermediates.noindex/ImGuizmo.build/Debug-appletvos/CImGuizmo-t.build/Objects-normal/arm64/CImGuizmo.LinkFileList -nostdlib -Xlinker -object_path_lto -Xlinker /Users/admin/builder/spi-builder-workspace/.derivedData/Build/Intermediates.noindex/ImGuizmo.build/Debug-appletvos/CImGuizmo-t.build/Objects-normal/arm64/CImGuizmo_lto.o -Xlinker -no_deduplicate -Xlinker -dependency_info -Xlinker /Users/admin/builder/spi-builder-workspace/.derivedData/Build/Intermediates.noindex/ImGuizmo.build/Debug-appletvos/CImGuizmo-t.build/Objects-normal/arm64/CImGuizmo_dependency_info.dat -o /Users/admin/builder/spi-builder-workspace/.derivedData/Build/Products/Debug-appletvos/CImGuizmo.o
Ld /Users/admin/builder/spi-builder-workspace/.derivedData/Build/Products/Debug-appletvos/ImGuizmo.o normal (in target 'ImGuizmo' from project 'ImGuizmo')
    cd /Users/admin/builder/spi-builder-workspace/.dependencies/checkouts/SwiftImGuizmo
    /Applications/Xcode-27.0.0-Release.Candidate.app/Contents/Developer/Toolchains/XcodeDefault.xctoolchain/usr/bin/clang -Xlinker -reproducible -target arm64-apple-tvos15.0 -r -isysroot /Applications/Xcode-27.0.0-Release.Candidate.app/Contents/Developer/Platforms/AppleTVOS.platform/Developer/SDKs/AppleTVOS27.0.sdk -O0 -w -Xlinker -no_warn_duplicate_libraries -F/Users/admin/builder/spi-builder-workspace/.derivedData/Build/Intermediates.noindex/EagerLinkingTBDs/Debug-appletvos -F/Users/admin/builder/spi-builder-workspace/.derivedData/Build/Products/Debug-appletvos/PackageFrameworks -F/Users/admin/builder/spi-builder-workspace/.derivedData/Build/Products/Debug-appletvos -iframework /Applications/Xcode-27.0.0-Release.Candidate.app/Contents/Developer/Platforms/AppleTVOS.platform/Developer/Library/Frameworks -iframework /Applications/Xcode-27.0.0-Release.Candidate.app/Contents/Developer/Platforms/AppleTVOS.platform/Developer/SDKs/AppleTVOS27.0.sdk/Developer/Library/Frameworks -filelist /Users/admin/builder/spi-builder-workspace/.derivedData/Build/Intermediates.noindex/ImGuizmo.build/Debug-appletvos/ImGuizmo-t.build/Objects-normal/arm64/ImGuizmo.LinkFileList -nostdlib -Xlinker -object_path_lto -Xlinker /Users/admin/builder/spi-builder-workspace/.derivedData/Build/Intermediates.noindex/ImGuizmo.build/Debug-appletvos/ImGuizmo-t.build/Objects-normal/arm64/ImGuizmo_lto.o -Xlinker -no_deduplicate -Xlinker -dependency_info -Xlinker /Users/admin/builder/spi-builder-workspace/.derivedData/Build/Intermediates.noindex/ImGuizmo.build/Debug-appletvos/ImGuizmo-t.build/Objects-normal/arm64/ImGuizmo_dependency_info.dat -fobjc-link-runtime -L/Applications/Xcode-27.0.0-Release.Candidate.app/Contents/Developer/Toolchains/XcodeDefault.xctoolchain/usr/lib/swift/appletvos -L/usr/lib/swift -Xlinker -add_ast_path -Xlinker /Users/admin/builder/spi-builder-workspace/.derivedData/Build/Intermediates.noindex/ImGuizmo.build/Debug-appletvos/ImGuizmo-t.build/Objects-normal/arm64/ImGuizmo.swiftmodule -o /Users/admin/builder/spi-builder-workspace/.derivedData/Build/Products/Debug-appletvos/ImGuizmo.o
ExtractAppIntentsMetadata (in target 'ImGuizmo' from project 'ImGuizmo')
    cd /Users/admin/builder/spi-builder-workspace/.dependencies/checkouts/SwiftImGuizmo
    /Applications/Xcode-27.0.0-Release.Candidate.app/Contents/Developer/Toolchains/XcodeDefault.xctoolchain/usr/bin/appintentsmetadataprocessor --toolchain-dir /var/run/com.apple.security.cryptexd/mnt/com.apple.MobileAsset.MetalToolchain-v27.1.266.1.YfKZOL/Metal.xctoolchain --module-name ImGuizmo --sdk-root /Applications/Xcode-27.0.0-Release.Candidate.app/Contents/Developer/Platforms/AppleTVOS.platform/Developer/SDKs/AppleTVOS27.0.sdk --xcode-version 27A266a --platform-family tvOS --deployment-target 15.0 --bundle-identifier swiftimguizmo.ImGuizmo --output /Users/admin/builder/spi-builder-workspace/.derivedData/Build/Products/Debug-appletvos/ImGuizmo.appintents --target-triple arm64-apple-tvos15.0 --binary-file /Users/admin/builder/spi-builder-workspace/.derivedData/Build/Products/Debug-appletvos/ImGuizmo.o --dependency-file /Users/admin/builder/spi-builder-workspace/.derivedData/Build/Intermediates.noindex/ImGuizmo.build/Debug-appletvos/ImGuizmo-t.build/Objects-normal/arm64/ImGuizmo_dependency_info.dat --stringsdata-file /Users/admin/builder/spi-builder-workspace/.derivedData/Build/Intermediates.noindex/ImGuizmo.build/Debug-appletvos/ImGuizmo-t.build/Objects-normal/arm64/ExtractedAppShortcutsMetadata.stringsdata --source-file-list /Users/admin/builder/spi-builder-workspace/.derivedData/Build/Intermediates.noindex/ImGuizmo.build/Debug-appletvos/ImGuizmo-t.build/Objects-normal/arm64/ImGuizmo.SwiftFileList --metadata-file-list /Users/admin/builder/spi-builder-workspace/.derivedData/Build/Intermediates.noindex/ImGuizmo.build/Debug-appletvos/ImGuizmo-t.build/ImGuizmo.DependencyMetadataFileList --static-metadata-file-list /Users/admin/builder/spi-builder-workspace/.derivedData/Build/Intermediates.noindex/ImGuizmo.build/Debug-appletvos/ImGuizmo-t.build/ImGuizmo.DependencyStaticMetadataFileList --swift-const-vals-list /Users/admin/builder/spi-builder-workspace/.derivedData/Build/Intermediates.noindex/ImGuizmo.build/Debug-appletvos/ImGuizmo-t.build/Objects-normal/arm64/ImGuizmo.SwiftConstValuesFileList --force --compile-time-extraction --deployment-aware-processing --no-app-shortcuts-localization
2026-09-17 22:45:24.195 appintentsmetadataprocessor[1121:6120] Starting appintentsmetadataprocessor export
2026-09-17 22:45:24.297 appintentsmetadataprocessor[1121:6120] Extracted no relevant App Intents symbols, skipping writing output
SwiftDriverJobDiscovery normal arm64 Compiling Log+String.swift (in target 'OhMyLog' from project 'OhMyLog')
SwiftDriverJobDiscovery normal arm64 Compiling Log+Any.swift (in target 'OhMyLog' from project 'OhMyLog')
SwiftDriverJobDiscovery normal arm64 Compiling Logger+Any.swift (in target 'OhMyLog' from project 'OhMyLog')
SwiftDriverJobDiscovery normal arm64 Compiling Log.swift (in target 'OhMyLog' from project 'OhMyLog')
SwiftDriverJobDiscovery normal arm64 Compiling Logger+String.swift (in target 'OhMyLog' from project 'OhMyLog')
SwiftDriverJobDiscovery normal arm64 Compiling Logger.swift (in target 'OhMyLog' from project 'OhMyLog')
SwiftDriver\ Compilation OhMyLog normal arm64 com.apple.xcode.tools.swift.compiler (in target 'OhMyLog' from project 'OhMyLog')
    cd /Users/admin/builder/spi-builder-workspace/.swiftpm/xcode
    builtin-Swift-Compilation -- /Applications/Xcode-27.0.0-Release.Candidate.app/Contents/Developer/Toolchains/XcodeDefault.xctoolchain/usr/bin/swiftc -parse-as-library -module-name OhMyLog -Onone @/Users/admin/builder/spi-builder-workspace/.derivedData/Build/Intermediates.noindex/OhMyLog.build/Debug-appletvos/OhMyLog-t.build/Objects-normal/arm64/OhMyLog.SwiftFileList -DSWIFT_PACKAGE -DDEBUG -DSWIFT_MODULE_RESOURCE_BUNDLE_UNAVAILABLE -DXcode -plugin-path /Applications/Xcode-27.0.0-Release.Candidate.app/Contents/Developer/Toolchains/XcodeDefault.xctoolchain/usr/lib/swift/host/plugins/testing -enable-experimental-feature DebugDescriptionMacro -sdk /Applications/Xcode-27.0.0-Release.Candidate.app/Contents/Developer/Platforms/AppleTVOS.platform/Developer/SDKs/AppleTVOS27.0.sdk -target arm64-apple-tvos15.0 -g -module-cache-path /Users/admin/builder/spi-builder-workspace/.derivedData/ModuleCache.noindex -Xfrontend -serialize-debugging-options -enable-testing -suppress-warnings -index-store-path /Users/admin/builder/spi-builder-workspace/.derivedData/Index.noindex/DataStore -Xcc -D_LIBCPP_HARDENING_MODE\=_LIBCPP_HARDENING_MODE_DEBUG -swift-version 5 -I /Users/admin/builder/spi-builder-workspace/.derivedData/Build/Products/Debug-appletvos -Isystem /Applications/Xcode-27.0.0-Release.Candidate.app/Contents/Developer/Platforms/AppleTVOS.platform/Developer/usr/lib -F /Users/admin/builder/spi-builder-workspace/.derivedData/Build/Products/Debug-appletvos -F /Applications/Xcode-27.0.0-Release.Candidate.app/Contents/Developer/Platforms/AppleTVOS.platform/Developer/Library/Frameworks -F /Applications/Xcode-27.0.0-Release.Candidate.app/Contents/Developer/Platforms/AppleTVOS.platform/Developer/SDKs/AppleTVOS27.0.sdk/Developer/Library/Frameworks -c -j10 -enable-batch-mode -incremental -Xcc -ivfsstatcache -Xcc /Users/admin/builder/spi-builder-workspace/.derivedData/SDKStatCaches.noindex/appletvos27.0-24J360-e829b21a6f8c9b70876ba0858053c044b32bfd8d43560033f8d89884cdb90028.sdkstatcache -output-file-map /Users/admin/builder/spi-builder-workspace/.derivedData/Build/Intermediates.noindex/OhMyLog.build/Debug-appletvos/OhMyLog-t.build/Objects-normal/arm64/OhMyLog-OutputFileMap.json -save-temps -no-color-diagnostics -explicit-module-build -module-cache-path /Users/admin/builder/spi-builder-workspace/.derivedData/Build/Intermediates.noindex/SwiftExplicitPrecompiledModules -clang-scanner-module-cache-path /Users/admin/builder/spi-builder-workspace/.derivedData/ModuleCache.noindex -sdk-module-cache-path /Users/admin/builder/spi-builder-workspace/.derivedData/SDKExplicitPrecompiledModules -emit-dependencies -emit-module -emit-module-path /Users/admin/builder/spi-builder-workspace/.derivedData/Build/Intermediates.noindex/OhMyLog.build/Debug-appletvos/OhMyLog-t.build/Objects-normal/arm64/OhMyLog.swiftmodule -serialize-diagnostics -dependency-scan-serialize-diagnostics-path /Users/admin/builder/spi-builder-workspace/.derivedData/Build/Intermediates.noindex/OhMyLog.build/Debug-appletvos/OhMyLog-t.build/Objects-normal/arm64/OhMyLog-dependency-scan.dia -validate-clang-modules-once -clang-build-session-file /Users/admin/builder/spi-builder-workspace/.derivedData/ModuleCache.noindex/Session.modulevalidation -Xcc -fmodules-prune-interval\=86400 -Xcc -fmodules-prune-after\=345600 -emit-const-values -const-gather-protocols-list /Users/admin/builder/spi-builder-workspace/.derivedData/Build/Intermediates.noindex/OhMyLog.build/Debug-appletvos/OhMyLog-t.build/Objects-normal/arm64/OhMyLog_const_extract_protocols.json -Xcc -I/Users/admin/builder/spi-builder-workspace/.derivedData/Build/Products/Debug-appletvos/include -Xcc -I/Users/admin/builder/spi-builder-workspace/.derivedData/Build/Intermediates.noindex/OhMyLog.build/Debug-appletvos/OhMyLog-t.build/DerivedSources-normal/arm64 -Xcc -I/Users/admin/builder/spi-builder-workspace/.derivedData/Build/Intermediates.noindex/OhMyLog.build/Debug-appletvos/OhMyLog-t.build/DerivedSources/arm64 -Xcc -I/Users/admin/builder/spi-builder-workspace/.derivedData/Build/Intermediates.noindex/OhMyLog.build/Debug-appletvos/OhMyLog-t.build/DerivedSources -Xcc -DSWIFT_PACKAGE -Xcc -DDEBUG\=1 -emit-objc-header -emit-objc-header-path /Users/admin/builder/spi-builder-workspace/.derivedData/Build/Intermediates.noindex/OhMyLog.build/Debug-appletvos/OhMyLog-t.build/Objects-normal/arm64/OhMyLog-Swift.h -working-directory /Users/admin/builder/spi-builder-workspace/.swiftpm/xcode -experimental-emit-module-separately -disable-cmo
Ld /Users/admin/builder/spi-builder-workspace/.derivedData/Build/Products/Debug-appletvos/OhMyLog.o normal (in target 'OhMyLog' from project 'OhMyLog')
    cd /Users/admin/builder/spi-builder-workspace/.dependencies/checkouts/OhMyLog
    /Applications/Xcode-27.0.0-Release.Candidate.app/Contents/Developer/Toolchains/XcodeDefault.xctoolchain/usr/bin/clang -Xlinker -reproducible -target arm64-apple-tvos15.0 -r -isysroot /Applications/Xcode-27.0.0-Release.Candidate.app/Contents/Developer/Platforms/AppleTVOS.platform/Developer/SDKs/AppleTVOS27.0.sdk -O0 -w -Xlinker -no_warn_duplicate_libraries -F/Users/admin/builder/spi-builder-workspace/.derivedData/Build/Intermediates.noindex/EagerLinkingTBDs/Debug-appletvos -F/Users/admin/builder/spi-builder-workspace/.derivedData/Build/Products/Debug-appletvos -iframework /Applications/Xcode-27.0.0-Release.Candidate.app/Contents/Developer/Platforms/AppleTVOS.platform/Developer/Library/Frameworks -iframework /Applications/Xcode-27.0.0-Release.Candidate.app/Contents/Developer/Platforms/AppleTVOS.platform/Developer/SDKs/AppleTVOS27.0.sdk/Developer/Library/Frameworks -filelist /Users/admin/builder/spi-builder-workspace/.derivedData/Build/Intermediates.noindex/OhMyLog.build/Debug-appletvos/OhMyLog-t.build/Objects-normal/arm64/OhMyLog.LinkFileList -nostdlib -Xlinker -object_path_lto -Xlinker /Users/admin/builder/spi-builder-workspace/.derivedData/Build/Intermediates.noindex/OhMyLog.build/Debug-appletvos/OhMyLog-t.build/Objects-normal/arm64/OhMyLog_lto.o -Xlinker -no_deduplicate -Xlinker -dependency_info -Xlinker /Users/admin/builder/spi-builder-workspace/.derivedData/Build/Intermediates.noindex/OhMyLog.build/Debug-appletvos/OhMyLog-t.build/Objects-normal/arm64/OhMyLog_dependency_info.dat -fobjc-link-runtime -L/Applications/Xcode-27.0.0-Release.Candidate.app/Contents/Developer/Toolchains/XcodeDefault.xctoolchain/usr/lib/swift/appletvos -L/usr/lib/swift -Xlinker -add_ast_path -Xlinker /Users/admin/builder/spi-builder-workspace/.derivedData/Build/Intermediates.noindex/OhMyLog.build/Debug-appletvos/OhMyLog-t.build/Objects-normal/arm64/OhMyLog.swiftmodule -o /Users/admin/builder/spi-builder-workspace/.derivedData/Build/Products/Debug-appletvos/OhMyLog.o
SwiftDriverJobDiscovery normal arm64 Compiling Vector+Float.swift (in target 'MathLib' from project 'MathLib')
ExtractAppIntentsMetadata (in target 'OhMyLog' from project 'OhMyLog')
    cd /Users/admin/builder/spi-builder-workspace/.dependencies/checkouts/OhMyLog
    /Applications/Xcode-27.0.0-Release.Candidate.app/Contents/Developer/Toolchains/XcodeDefault.xctoolchain/usr/bin/appintentsmetadataprocessor --toolchain-dir /var/run/com.apple.security.cryptexd/mnt/com.apple.MobileAsset.MetalToolchain-v27.1.266.1.YfKZOL/Metal.xctoolchain --module-name OhMyLog --sdk-root /Applications/Xcode-27.0.0-Release.Candidate.app/Contents/Developer/Platforms/AppleTVOS.platform/Developer/SDKs/AppleTVOS27.0.sdk --xcode-version 27A266a --platform-family tvOS --deployment-target 15.0 --bundle-identifier ohmylog.OhMyLog --output /Users/admin/builder/spi-builder-workspace/.derivedData/Build/Products/Debug-appletvos/OhMyLog.appintents --target-triple arm64-apple-tvos15.0 --binary-file /Users/admin/builder/spi-builder-workspace/.derivedData/Build/Products/Debug-appletvos/OhMyLog.o --dependency-file /Users/admin/builder/spi-builder-workspace/.derivedData/Build/Intermediates.noindex/OhMyLog.build/Debug-appletvos/OhMyLog-t.build/Objects-normal/arm64/OhMyLog_dependency_info.dat --stringsdata-file /Users/admin/builder/spi-builder-workspace/.derivedData/Build/Intermediates.noindex/OhMyLog.build/Debug-appletvos/OhMyLog-t.build/Objects-normal/arm64/ExtractedAppShortcutsMetadata.stringsdata --source-file-list /Users/admin/builder/spi-builder-workspace/.derivedData/Build/Intermediates.noindex/OhMyLog.build/Debug-appletvos/OhMyLog-t.build/Objects-normal/arm64/OhMyLog.SwiftFileList --metadata-file-list /Users/admin/builder/spi-builder-workspace/.derivedData/Build/Intermediates.noindex/OhMyLog.build/Debug-appletvos/OhMyLog-t.build/OhMyLog.DependencyMetadataFileList --static-metadata-file-list /Users/admin/builder/spi-builder-workspace/.derivedData/Build/Intermediates.noindex/OhMyLog.build/Debug-appletvos/OhMyLog-t.build/OhMyLog.DependencyStaticMetadataFileList --swift-const-vals-list /Users/admin/builder/spi-builder-workspace/.derivedData/Build/Intermediates.noindex/OhMyLog.build/Debug-appletvos/OhMyLog-t.build/Objects-normal/arm64/OhMyLog.SwiftConstValuesFileList --force --compile-time-extraction --deployment-aware-processing --no-app-shortcuts-localization
2026-09-17 22:45:24.338 appintentsmetadataprocessor[1124:6157] Starting appintentsmetadataprocessor export
2026-09-17 22:45:24.401 appintentsmetadataprocessor[1124:6157] Extracted no relevant App Intents symbols, skipping writing output
SwiftDriverJobDiscovery normal arm64 Compiling Functions.swift (in target 'MathLib' from project 'MathLib')
SwiftDriver\ Compilation MathLib normal arm64 com.apple.xcode.tools.swift.compiler (in target 'MathLib' from project 'MathLib')
    cd /Users/admin/builder/spi-builder-workspace/.swiftpm/xcode
    builtin-Swift-Compilation -- /Applications/Xcode-27.0.0-Release.Candidate.app/Contents/Developer/Toolchains/XcodeDefault.xctoolchain/usr/bin/swiftc -parse-as-library -module-name MathLib -Onone @/Users/admin/builder/spi-builder-workspace/.derivedData/Build/Intermediates.noindex/MathLib.build/Debug-appletvos/MathLib-t.build/Objects-normal/arm64/MathLib.SwiftFileList -DSWIFT_PACKAGE -DDEBUG -DSWIFT_MODULE_RESOURCE_BUNDLE_UNAVAILABLE -DXcode -plugin-path /Applications/Xcode-27.0.0-Release.Candidate.app/Contents/Developer/Toolchains/XcodeDefault.xctoolchain/usr/lib/swift/host/plugins/testing -enable-experimental-feature DebugDescriptionMacro -sdk /Applications/Xcode-27.0.0-Release.Candidate.app/Contents/Developer/Platforms/AppleTVOS.platform/Developer/SDKs/AppleTVOS27.0.sdk -target arm64-apple-tvos15.0 -g -module-cache-path /Users/admin/builder/spi-builder-workspace/.derivedData/ModuleCache.noindex -Xfrontend -serialize-debugging-options -enable-testing -suppress-warnings -index-store-path /Users/admin/builder/spi-builder-workspace/.derivedData/Index.noindex/DataStore -Xcc -D_LIBCPP_HARDENING_MODE\=_LIBCPP_HARDENING_MODE_DEBUG -swift-version 5 -I /Users/admin/builder/spi-builder-workspace/.derivedData/Build/Products/Debug-appletvos -Isystem /Applications/Xcode-27.0.0-Release.Candidate.app/Contents/Developer/Platforms/AppleTVOS.platform/Developer/usr/lib -F /Users/admin/builder/spi-builder-workspace/.derivedData/Build/Products/Debug-appletvos -F /Applications/Xcode-27.0.0-Release.Candidate.app/Contents/Developer/Platforms/AppleTVOS.platform/Developer/Library/Frameworks -F /Applications/Xcode-27.0.0-Release.Candidate.app/Contents/Developer/Platforms/AppleTVOS.platform/Developer/SDKs/AppleTVOS27.0.sdk/Developer/Library/Frameworks -c -j10 -enable-batch-mode -incremental -Xcc -ivfsstatcache -Xcc /Users/admin/builder/spi-builder-workspace/.derivedData/SDKStatCaches.noindex/appletvos27.0-24J360-e829b21a6f8c9b70876ba0858053c044b32bfd8d43560033f8d89884cdb90028.sdkstatcache -output-file-map /Users/admin/builder/spi-builder-workspace/.derivedData/Build/Intermediates.noindex/MathLib.build/Debug-appletvos/MathLib-t.build/Objects-normal/arm64/MathLib-OutputFileMap.json -save-temps -no-color-diagnostics -explicit-module-build -module-cache-path /Users/admin/builder/spi-builder-workspace/.derivedData/Build/Intermediates.noindex/SwiftExplicitPrecompiledModules -clang-scanner-module-cache-path /Users/admin/builder/spi-builder-workspace/.derivedData/ModuleCache.noindex -sdk-module-cache-path /Users/admin/builder/spi-builder-workspace/.derivedData/SDKExplicitPrecompiledModules -emit-dependencies -emit-module -emit-module-path /Users/admin/builder/spi-builder-workspace/.derivedData/Build/Intermediates.noindex/MathLib.build/Debug-appletvos/MathLib-t.build/Objects-normal/arm64/MathLib.swiftmodule -serialize-diagnostics -dependency-scan-serialize-diagnostics-path /Users/admin/builder/spi-builder-workspace/.derivedData/Build/Intermediates.noindex/MathLib.build/Debug-appletvos/MathLib-t.build/Objects-normal/arm64/MathLib-dependency-scan.dia -validate-clang-modules-once -clang-build-session-file /Users/admin/builder/spi-builder-workspace/.derivedData/ModuleCache.noindex/Session.modulevalidation -Xcc -fmodules-prune-interval\=86400 -Xcc -fmodules-prune-after\=345600 -emit-const-values -const-gather-protocols-list /Users/admin/builder/spi-builder-workspace/.derivedData/Build/Intermediates.noindex/MathLib.build/Debug-appletvos/MathLib-t.build/Objects-normal/arm64/MathLib_const_extract_protocols.json -Xcc -I/Users/admin/builder/spi-builder-workspace/.derivedData/Build/Products/Debug-appletvos/include -Xcc -I/Users/admin/builder/spi-builder-workspace/.derivedData/Build/Intermediates.noindex/MathLib.build/Debug-appletvos/MathLib-t.build/DerivedSources-normal/arm64 -Xcc -I/Users/admin/builder/spi-builder-workspace/.derivedData/Build/Intermediates.noindex/MathLib.build/Debug-appletvos/MathLib-t.build/DerivedSources/arm64 -Xcc -I/Users/admin/builder/spi-builder-workspace/.derivedData/Build/Intermediates.noindex/MathLib.build/Debug-appletvos/MathLib-t.build/DerivedSources -Xcc -DSWIFT_PACKAGE -Xcc -DDEBUG\=1 -emit-objc-header -emit-objc-header-path /Users/admin/builder/spi-builder-workspace/.derivedData/Build/Intermediates.noindex/MathLib.build/Debug-appletvos/MathLib-t.build/Objects-normal/arm64/MathLib-Swift.h -working-directory /Users/admin/builder/spi-builder-workspace/.swiftpm/xcode -experimental-emit-module-separately -disable-cmo
Ld /Users/admin/builder/spi-builder-workspace/.derivedData/Build/Products/Debug-appletvos/MathLib.o normal (in target 'MathLib' from project 'MathLib')
    cd /Users/admin/builder/spi-builder-workspace/.dependencies/checkouts/MathLib
    /Applications/Xcode-27.0.0-Release.Candidate.app/Contents/Developer/Toolchains/XcodeDefault.xctoolchain/usr/bin/clang -Xlinker -reproducible -target arm64-apple-tvos15.0 -r -isysroot /Applications/Xcode-27.0.0-Release.Candidate.app/Contents/Developer/Platforms/AppleTVOS.platform/Developer/SDKs/AppleTVOS27.0.sdk -O0 -w -Xlinker -no_warn_duplicate_libraries -F/Users/admin/builder/spi-builder-workspace/.derivedData/Build/Intermediates.noindex/EagerLinkingTBDs/Debug-appletvos -F/Users/admin/builder/spi-builder-workspace/.derivedData/Build/Products/Debug-appletvos -iframework /Applications/Xcode-27.0.0-Release.Candidate.app/Contents/Developer/Platforms/AppleTVOS.platform/Developer/Library/Frameworks -iframework /Applications/Xcode-27.0.0-Release.Candidate.app/Contents/Developer/Platforms/AppleTVOS.platform/Developer/SDKs/AppleTVOS27.0.sdk/Developer/Library/Frameworks -filelist /Users/admin/builder/spi-builder-workspace/.derivedData/Build/Intermediates.noindex/MathLib.build/Debug-appletvos/MathLib-t.build/Objects-normal/arm64/MathLib.LinkFileList -nostdlib -Xlinker -object_path_lto -Xlinker /Users/admin/builder/spi-builder-workspace/.derivedData/Build/Intermediates.noindex/MathLib.build/Debug-appletvos/MathLib-t.build/Objects-normal/arm64/MathLib_lto.o -Xlinker -no_deduplicate -Xlinker -dependency_info -Xlinker /Users/admin/builder/spi-builder-workspace/.derivedData/Build/Intermediates.noindex/MathLib.build/Debug-appletvos/MathLib-t.build/Objects-normal/arm64/MathLib_dependency_info.dat -fobjc-link-runtime -L/Applications/Xcode-27.0.0-Release.Candidate.app/Contents/Developer/Toolchains/XcodeDefault.xctoolchain/usr/lib/swift/appletvos -L/usr/lib/swift -Xlinker -add_ast_path -Xlinker /Users/admin/builder/spi-builder-workspace/.derivedData/Build/Intermediates.noindex/MathLib.build/Debug-appletvos/MathLib-t.build/Objects-normal/arm64/MathLib.swiftmodule -o /Users/admin/builder/spi-builder-workspace/.derivedData/Build/Products/Debug-appletvos/MathLib.o
ExtractAppIntentsMetadata (in target 'MathLib' from project 'MathLib')
    cd /Users/admin/builder/spi-builder-workspace/.dependencies/checkouts/MathLib
    /Applications/Xcode-27.0.0-Release.Candidate.app/Contents/Developer/Toolchains/XcodeDefault.xctoolchain/usr/bin/appintentsmetadataprocessor --toolchain-dir /var/run/com.apple.security.cryptexd/mnt/com.apple.MobileAsset.MetalToolchain-v27.1.266.1.YfKZOL/Metal.xctoolchain --module-name MathLib --sdk-root /Applications/Xcode-27.0.0-Release.Candidate.app/Contents/Developer/Platforms/AppleTVOS.platform/Developer/SDKs/AppleTVOS27.0.sdk --xcode-version 27A266a --platform-family tvOS --deployment-target 15.0 --bundle-identifier mathlib.MathLib --output /Users/admin/builder/spi-builder-workspace/.derivedData/Build/Products/Debug-appletvos/MathLib.appintents --target-triple arm64-apple-tvos15.0 --binary-file /Users/admin/builder/spi-builder-workspace/.derivedData/Build/Products/Debug-appletvos/MathLib.o --dependency-file /Users/admin/builder/spi-builder-workspace/.derivedData/Build/Intermediates.noindex/MathLib.build/Debug-appletvos/MathLib-t.build/Objects-normal/arm64/MathLib_dependency_info.dat --stringsdata-file /Users/admin/builder/spi-builder-workspace/.derivedData/Build/Intermediates.noindex/MathLib.build/Debug-appletvos/MathLib-t.build/Objects-normal/arm64/ExtractedAppShortcutsMetadata.stringsdata --source-file-list /Users/admin/builder/spi-builder-workspace/.derivedData/Build/Intermediates.noindex/MathLib.build/Debug-appletvos/MathLib-t.build/Objects-normal/arm64/MathLib.SwiftFileList --metadata-file-list /Users/admin/builder/spi-builder-workspace/.derivedData/Build/Intermediates.noindex/MathLib.build/Debug-appletvos/MathLib-t.build/MathLib.DependencyMetadataFileList --static-metadata-file-list /Users/admin/builder/spi-builder-workspace/.derivedData/Build/Intermediates.noindex/MathLib.build/Debug-appletvos/MathLib-t.build/MathLib.DependencyStaticMetadataFileList --swift-const-vals-list /Users/admin/builder/spi-builder-workspace/.derivedData/Build/Intermediates.noindex/MathLib.build/Debug-appletvos/MathLib-t.build/Objects-normal/arm64/MathLib.SwiftConstValuesFileList --force --compile-time-extraction --deployment-aware-processing --no-app-shortcuts-localization
2026-09-17 22:45:24.440 appintentsmetadataprocessor[1127:6179] Starting appintentsmetadataprocessor export
2026-09-17 22:45:24.500 appintentsmetadataprocessor[1127:6179] Extracted no relevant App Intents symbols, skipping writing output
PruneExplicitPrecompiledModules /Users/admin/builder/spi-builder-workspace/.derivedData/Build/Intermediates.noindex/SwiftExplicitPrecompiledModules
PruneExplicitPrecompiledModules /Users/admin/builder/spi-builder-workspace/.derivedData/Build/Intermediates.noindex/ExplicitPrecompiledModules
PruneExplicitPrecompiledModules /Users/admin/builder/spi-builder-workspace/.derivedData/SDKExplicitPrecompiledModules
2026-09-17 22:45:19.011 xcodebuild[958:5387] [MT] IDERunDestination: Supported platforms for the buildables in the current scheme is empty.
** BUILD FAILED **
The following build commands failed:
	SwiftDriver Palico normal arm64 com.apple.xcode.tools.swift.compiler (in target 'Palico' from project 'PalicoEngine')
	Building workspace PalicoEngine with scheme PalicoEngine-Package
(2 failures)
Command line invocation:
    /Applications/Xcode-27.0.0-Release.Candidate.app/Contents/Developer/usr/bin/xcodebuild -IDEClonedSourcePackagesDirPathOverride=/Users/admin/builder/spi-builder-workspace/.dependencies -resolvePackageDependencies
Resolve Package Graph
Resolved source packages:
  ImGuizmo: https://github.com/forkercat/SwiftImGuizmo.git @ master (b94f9e4)
  ImGui: https://github.com/forkercat/SwiftImGui.git @ update-1.86-docking (ab27207)
  PalicoEngine: /Users/admin/builder/spi-builder-workspace
  MathLib: https://github.com/forkercat/MathLib.git @ main (439fa72)
  OhMyLog: https://github.com/forkercat/OhMyLog.git @ main (71e8260)
  MothECS: https://github.com/forkercat/MothECS.git @ main (f954455)
resolved source packages: ImGuizmo, ImGui, PalicoEngine, MathLib, OhMyLog, MothECS
2026-09-17 22:45:25.899 xcodebuild[1128:6216] [MT] IDERunDestination: Supported platforms for the buildables in the current scheme is empty.
{
  "dependencies" : [
    {
      "identity" : "ohmylog",
      "requirement" : {
        "branch" : [
          "main"
        ]
      },
      "type" : "sourceControl",
      "url" : "https://github.com/forkercat/OhMyLog.git"
    },
    {
      "identity" : "mathlib",
      "requirement" : {
        "branch" : [
          "main"
        ]
      },
      "type" : "sourceControl",
      "url" : "https://github.com/forkercat/MathLib.git"
    },
    {
      "identity" : "mothecs",
      "requirement" : {
        "branch" : [
          "main"
        ]
      },
      "type" : "sourceControl",
      "url" : "https://github.com/forkercat/MothECS.git"
    },
    {
      "identity" : "swiftimgui",
      "requirement" : {
        "branch" : [
          "update-1.86-docking"
        ]
      },
      "type" : "sourceControl",
      "url" : "https://github.com/forkercat/SwiftImGui.git"
    },
    {
      "identity" : "swiftimguizmo",
      "requirement" : {
        "branch" : [
          "master"
        ]
      },
      "type" : "sourceControl",
      "url" : "https://github.com/forkercat/SwiftImGuizmo.git"
    }
  ],
  "manifest_display_name" : "PalicoEngine",
  "name" : "PalicoEngine",
  "path" : "/Users/admin/builder/spi-builder-workspace",
  "platforms" : [
    {
      "name" : "macos",
      "version" : "11.0"
    }
  ],
  "products" : [
    {
      "name" : "Palico",
      "targets" : [
        "Palico"
      ],
      "type" : {
        "library" : [
          "automatic"
        ]
      }
    },
    {
      "name" : "Editor",
      "targets" : [
        "Editor"
      ],
      "type" : {
        "executable" : null
      }
    },
    {
      "name" : "Example",
      "targets" : [
        "Example"
      ],
      "type" : {
        "executable" : null
      }
    }
  ],
  "targets" : [
    {
      "c99name" : "Palico",
      "module_type" : "SwiftTarget",
      "name" : "Palico",
      "path" : "Sources/Palico",
      "product_dependencies" : [
        "OhMyLog",
        "MathLib",
        "MothECS",
        "ImGui",
        "ImGuizmo"
      ],
      "product_memberships" : [
        "Palico",
        "Editor",
        "Example"
      ],
      "resources" : [
        {
          "path" : "/Users/admin/builder/spi-builder-workspace/Sources/Palico/Assets",
          "rule" : {
            "copy" : {
            }
          }
        }
      ],
      "sources" : [
        "Core/Application.swift",
        "Core/Console.swift",
        "Core/Layer.swift",
        "Core/Log.swift",
        "Core/PlatformContext.swift",
        "Core/Time.swift",
        "Core/Window.swift",
        "Event/AppEvent.swift",
        "Event/Event.swift",
        "Event/KeyEvent.swift",
        "Event/MouseEvent.swift",
        "ImGui/Backends/imgui_impl_metal.swift",
        "ImGui/Backends/imgui_impl_osx.swift",
        "ImGui/Backends/imgui_shaders.swift",
        "ImGui/ImGui+Extra.swift",
        "ImGui/ImGuiBackend+Cocoa.swift",
        "ImGui/ImGuiBackend+Metal.swift",
        "ImGui/ImGuiBackend.swift",
        "ImGui/ImGuiFontLibrary.swift",
        "ImGui/ImGuiLayer.swift",
        "ImGui/ImGuiTheme.swift",
        "ImGui/ImGuizmo+Enum.swift",
        "Input/Input.swift",
        "Input/KeyCode.swift",
        "Input/MouseCode.swift",
        "Platform/Cocoa/CocoaContext.swift",
        "Platform/Cocoa/CocoaInput.swift",
        "Platform/Cocoa/CocoaWindow+Callback.swift",
        "Platform/Cocoa/CocoaWindow+Event.swift",
        "Platform/Cocoa/CocoaWindow+View.swift",
        "Platform/Cocoa/CocoaWindow.swift",
        "Platform/Cocoa/ViewController.swift",
        "Platform/GLFW/GlfwContext.swift",
        "Platform/GLFW/GlfwInput.swift",
        "Platform/GLFW/GlfwWindow.swift",
        "Renderer/Camera.swift",
        "Renderer/Color.swift",
        "Renderer/EditorCamera.swift",
        "Renderer/Light.swift",
        "Renderer/Mesh.swift",
        "Renderer/MetalContext.swift",
        "Renderer/PipelineStatePool.swift",
        "Renderer/RenderPass+Action.swift",
        "Renderer/RenderPass.swift",
        "Renderer/RenderPassPool.swift",
        "Renderer/Renderer.swift",
        "Renderer/Shader.swift",
        "Renderer/ShaderDataBridge.swift",
        "Renderer/ShaderLibrary.swift",
        "Renderer/TextureUtils.swift",
        "Scene/Component+Camera.swift",
        "Scene/Component+Light.swift",
        "Scene/Component+MeshRenderer.swift",
        "Scene/Component+Script.swift",
        "Scene/Component+Tag.swift",
        "Scene/Component+Transform.swift",
        "Scene/Component.swift",
        "Scene/GameObject.swift",
        "Scene/Primitive.swift",
        "Scene/Scene+Object.swift",
        "Scene/Scene+View.swift",
        "Scene/Scene.swift",
        "Scene/SceneCamera.swift",
        "Scene/SceneLight.swift",
        "Script/NativeScript.swift",
        "Utils/FAIconEnum.swift",
        "Utils/FileUtils.swift"
      ],
      "type" : "library"
    },
    {
      "c99name" : "Example",
      "module_type" : "SwiftTarget",
      "name" : "Example",
      "path" : "Sources/Example",
      "product_dependencies" : [
        "OhMyLog",
        "MathLib",
        "MothECS",
        "ImGui",
        "ImGuizmo"
      ],
      "product_memberships" : [
        "Example"
      ],
      "sources" : [
        "main.swift"
      ],
      "target_dependencies" : [
        "Palico"
      ],
      "type" : "executable"
    },
    {
      "c99name" : "Editor",
      "module_type" : "SwiftTarget",
      "name" : "Editor",
      "path" : "Sources/Editor",
      "product_dependencies" : [
        "OhMyLog",
        "MathLib",
        "MothECS",
        "ImGui",
        "ImGuizmo"
      ],
      "product_memberships" : [
        "Editor"
      ],
      "resources" : [
        {
          "path" : "/Users/admin/builder/spi-builder-workspace/Sources/Editor/Assets",
          "rule" : {
            "copy" : {
            }
          }
        }
      ],
      "sources" : [
        "Editor.swift",
        "EditorLayer.swift",
        "Log.swift",
        "Panels/AssetPanel.swift",
        "Panels/ConsolePanel.swift",
        "Panels/DrawControls.swift",
        "Panels/ImGuiDemoPanel.swift",
        "Panels/Panel.swift",
        "Panels/ScenePanel+Hierarchy.swift",
        "Panels/ScenePanel+Inspector.swift",
        "Panels/ScenePanel.swift",
        "Panels/ViewportPanel.swift",
        "Scripts/RotateScript.swift",
        "Utils/FileUtils.swift",
        "main.swift"
      ],
      "target_dependencies" : [
        "Palico"
      ],
      "type" : "executable"
    }
  ],
  "tools_version" : "5.3"
}
{
  "workspace" : {
    "name" : "PalicoEngine",
    "schemes" : [
      "Editor",
      "Example",
      "Palico",
      "PalicoEngine-Package"
    ]
  }
}
2026-09-17 22:45:27.205 xcodebuild[1136:6282] [MT] IDERunDestination: Supported platforms for the buildables in the current scheme is empty.
Running build ...
env DEVELOPER_DIR=/Applications/Xcode-27.0.0-Release.Candidate.app xcrun xcodebuild -IDEClonedSourcePackagesDirPathOverride=$PWD/.dependencies -skipMacroValidation -skipPackagePluginValidation -derivedDataPath $PWD/.derivedData build -scheme PalicoEngine-Package -destination generic/platform=tvOS
Command line invocation:
    /Applications/Xcode-27.0.0-Release.Candidate.app/Contents/Developer/usr/bin/xcodebuild -IDEClonedSourcePackagesDirPathOverride=/Users/admin/builder/spi-builder-workspace/.dependencies -skipMacroValidation -skipPackagePluginValidation -derivedDataPath /Users/admin/builder/spi-builder-workspace/.derivedData build -scheme PalicoEngine-Package -destination generic/platform=tvOS
Resolve Package Graph
Resolved source packages:
  MathLib: https://github.com/forkercat/MathLib.git @ main (439fa72)
  PalicoEngine: /Users/admin/builder/spi-builder-workspace
  ImGuizmo: https://github.com/forkercat/SwiftImGuizmo.git @ master (b94f9e4)
  ImGui: https://github.com/forkercat/SwiftImGui.git @ update-1.86-docking (ab27207)
  MothECS: https://github.com/forkercat/MothECS.git @ main (f954455)
  OhMyLog: https://github.com/forkercat/OhMyLog.git @ main (71e8260)
ComputePackagePrebuildTargetDependencyGraph
Prepare packages
CreateBuildRequest
SendProjectDescription
CreateBuildOperation
ComputeTargetDependencyGraph
note: Building targets in dependency order
note: Target dependency graph (18 targets)
    Target 'Example-product' in project 'PalicoEngine'
        ➜ Explicit dependency on target 'Palico' in project 'PalicoEngine'
        ➜ Explicit dependency on target 'OhMyLog-product' in project 'OhMyLog'
        ➜ Explicit dependency on target 'MathLib-product' in project 'MathLib'
        ➜ Explicit dependency on target 'MothECS-product' in project 'MothECS'
        ➜ Explicit dependency on target 'ImGui-product' in project 'ImGui'
        ➜ Explicit dependency on target 'ImGuizmo-product' in project 'ImGuizmo'
    Target 'Editor-product' in project 'PalicoEngine'
        ➜ Explicit dependency on target 'PalicoEngine_Editor' in project 'PalicoEngine'
        ➜ Explicit dependency on target 'Palico' in project 'PalicoEngine'
        ➜ Explicit dependency on target 'OhMyLog-product' in project 'OhMyLog'
        ➜ Explicit dependency on target 'MathLib-product' in project 'MathLib'
        ➜ Explicit dependency on target 'MothECS-product' in project 'MothECS'
        ➜ Explicit dependency on target 'ImGui-product' in project 'ImGui'
        ➜ Explicit dependency on target 'ImGuizmo-product' in project 'ImGuizmo'
    Target 'PalicoEngine_Editor' in project 'PalicoEngine' (no dependencies)
    Target 'Palico-product' in project 'PalicoEngine'
        ➜ Explicit dependency on target 'Palico' in project 'PalicoEngine'
        ➜ Explicit dependency on target 'PalicoEngine_Palico' in project 'PalicoEngine'
        ➜ Explicit dependency on target 'OhMyLog-product' in project 'OhMyLog'
        ➜ Explicit dependency on target 'MathLib-product' in project 'MathLib'
        ➜ Explicit dependency on target 'MothECS-product' in project 'MothECS'
        ➜ Explicit dependency on target 'ImGui-product' in project 'ImGui'
        ➜ Explicit dependency on target 'ImGuizmo-product' in project 'ImGuizmo'
    Target 'Palico' in project 'PalicoEngine'
        ➜ Explicit dependency on target 'PalicoEngine_Palico' in project 'PalicoEngine'
        ➜ Explicit dependency on target 'OhMyLog-product' in project 'OhMyLog'
        ➜ Explicit dependency on target 'MathLib-product' in project 'MathLib'
        ➜ Explicit dependency on target 'MothECS-product' in project 'MothECS'
        ➜ Explicit dependency on target 'ImGui-product' in project 'ImGui'
        ➜ Explicit dependency on target 'ImGuizmo-product' in project 'ImGuizmo'
    Target 'ImGuizmo-product' in project 'ImGuizmo'
        ➜ Explicit dependency on target 'ImGuizmo' in project 'ImGuizmo'
        ➜ Explicit dependency on target 'CImGuizmo' in project 'ImGuizmo'
        ➜ Explicit dependency on target 'ImGui-product' in project 'ImGui'
    Target 'ImGuizmo' in project 'ImGuizmo'
        ➜ Explicit dependency on target 'CImGuizmo' in project 'ImGuizmo'
        ➜ Explicit dependency on target 'ImGui-product' in project 'ImGui'
    Target 'CImGuizmo' in project 'ImGuizmo'
        ➜ Explicit dependency on target 'ImGui-product' in project 'ImGui'
    Target 'ImGui-product' in project 'ImGui'
        ➜ Explicit dependency on target 'ImGui' in project 'ImGui'
        ➜ Explicit dependency on target 'CImGui' in project 'ImGui'
    Target 'ImGui' in project 'ImGui'
        ➜ Explicit dependency on target 'CImGui' in project 'ImGui'
    Target 'CImGui' in project 'ImGui' (no dependencies)
    Target 'MothECS-product' in project 'MothECS'
        ➜ Explicit dependency on target 'MothECS' in project 'MothECS'
    Target 'MothECS' in project 'MothECS' (no dependencies)
    Target 'MathLib-product' in project 'MathLib'
        ➜ Explicit dependency on target 'MathLib' in project 'MathLib'
    Target 'MathLib' in project 'MathLib' (no dependencies)
    Target 'OhMyLog-product' in project 'OhMyLog'
        ➜ Explicit dependency on target 'OhMyLog' in project 'OhMyLog'
    Target 'OhMyLog' in project 'OhMyLog' (no dependencies)
    Target 'PalicoEngine_Palico' in project 'PalicoEngine' (no dependencies)
GatherProvisioningInputs
CreateBuildDescription
ClangStatCache /Applications/Xcode-27.0.0-Release.Candidate.app/Contents/Developer/Toolchains/XcodeDefault.xctoolchain/usr/bin/clang-stat-cache /Applications/Xcode-27.0.0-Release.Candidate.app/Contents/Developer/Platforms/AppleTVOS.platform/Developer/SDKs/AppleTVOS27.0.sdk /Users/admin/builder/spi-builder-workspace/.derivedData/SDKStatCaches.noindex/appletvos27.0-24J360-e829b21a6f8c9b70876ba0858053c044b32bfd8d43560033f8d89884cdb90028.sdkstatcache
    cd /Users/admin/builder/spi-builder-workspace/.swiftpm/xcode
    /Applications/Xcode-27.0.0-Release.Candidate.app/Contents/Developer/Toolchains/XcodeDefault.xctoolchain/usr/bin/clang-stat-cache /Applications/Xcode-27.0.0-Release.Candidate.app/Contents/Developer/Platforms/AppleTVOS.platform/Developer/SDKs/AppleTVOS27.0.sdk -o /Users/admin/builder/spi-builder-workspace/.derivedData/SDKStatCaches.noindex/appletvos27.0-24J360-e829b21a6f8c9b70876ba0858053c044b32bfd8d43560033f8d89884cdb90028.sdkstatcache
SwiftDriver Palico normal arm64 com.apple.xcode.tools.swift.compiler (in target 'Palico' from project 'PalicoEngine')
    cd /Users/admin/builder/spi-builder-workspace/.swiftpm/xcode
    builtin-SwiftDriver -- /Applications/Xcode-27.0.0-Release.Candidate.app/Contents/Developer/Toolchains/XcodeDefault.xctoolchain/usr/bin/swiftc -parse-as-library -module-name Palico -Onone @/Users/admin/builder/spi-builder-workspace/.derivedData/Build/Intermediates.noindex/PalicoEngine.build/Debug-appletvos/Palico-t.build/Objects-normal/arm64/Palico.SwiftFileList -DSWIFT_PACKAGE -DDEBUG -DSWIFT_MODULE_RESOURCE_BUNDLE_AVAILABLE -Xcc -fmodule-map-file\=/Users/admin/builder/spi-builder-workspace/.derivedData/Build/Intermediates.noindex/GeneratedModuleMaps-appletvos/CImGui.modulemap -Xcc -fmodule-map-file\=/Users/admin/builder/spi-builder-workspace/.derivedData/Build/Intermediates.noindex/GeneratedModuleMaps-appletvos/CImGuizmo.modulemap -DXcode -plugin-path /Applications/Xcode-27.0.0-Release.Candidate.app/Contents/Developer/Toolchains/XcodeDefault.xctoolchain/usr/lib/swift/host/plugins/testing -enable-experimental-feature DebugDescriptionMacro -sdk /Applications/Xcode-27.0.0-Release.Candidate.app/Contents/Developer/Platforms/AppleTVOS.platform/Developer/SDKs/AppleTVOS27.0.sdk -target arm64-apple-tvos15.0 -g -module-cache-path /Users/admin/builder/spi-builder-workspace/.derivedData/ModuleCache.noindex -Xfrontend -serialize-debugging-options -enable-testing -index-store-path /Users/admin/builder/spi-builder-workspace/.derivedData/Index.noindex/DataStore -Xcc -D_LIBCPP_HARDENING_MODE\=_LIBCPP_HARDENING_MODE_DEBUG -swift-version 5 -I /Users/admin/builder/spi-builder-workspace/.derivedData/Build/Products/Debug-appletvos -Isystem /Applications/Xcode-27.0.0-Release.Candidate.app/Contents/Developer/Platforms/AppleTVOS.platform/Developer/usr/lib -F /Users/admin/builder/spi-builder-workspace/.derivedData/Build/Products/Debug-appletvos/PackageFrameworks -F /Users/admin/builder/spi-builder-workspace/.derivedData/Build/Products/Debug-appletvos -F /Applications/Xcode-27.0.0-Release.Candidate.app/Contents/Developer/Platforms/AppleTVOS.platform/Developer/Library/Frameworks -F /Applications/Xcode-27.0.0-Release.Candidate.app/Contents/Developer/Platforms/AppleTVOS.platform/Developer/SDKs/AppleTVOS27.0.sdk/Developer/Library/Frameworks -c -j10 -enable-batch-mode -incremental -Xcc -ivfsstatcache -Xcc /Users/admin/builder/spi-builder-workspace/.derivedData/SDKStatCaches.noindex/appletvos27.0-24J360-e829b21a6f8c9b70876ba0858053c044b32bfd8d43560033f8d89884cdb90028.sdkstatcache -output-file-map /Users/admin/builder/spi-builder-workspace/.derivedData/Build/Intermediates.noindex/PalicoEngine.build/Debug-appletvos/Palico-t.build/Objects-normal/arm64/Palico-OutputFileMap.json -save-temps -no-color-diagnostics -explicit-module-build -module-cache-path /Users/admin/builder/spi-builder-workspace/.derivedData/Build/Intermediates.noindex/SwiftExplicitPrecompiledModules -clang-scanner-module-cache-path /Users/admin/builder/spi-builder-workspace/.derivedData/ModuleCache.noindex -sdk-module-cache-path /Users/admin/builder/spi-builder-workspace/.derivedData/SDKExplicitPrecompiledModules -emit-dependencies -emit-module -emit-module-path /Users/admin/builder/spi-builder-workspace/.derivedData/Build/Intermediates.noindex/PalicoEngine.build/Debug-appletvos/Palico-t.build/Objects-normal/arm64/Palico.swiftmodule -serialize-diagnostics -dependency-scan-serialize-diagnostics-path /Users/admin/builder/spi-builder-workspace/.derivedData/Build/Intermediates.noindex/PalicoEngine.build/Debug-appletvos/Palico-t.build/Objects-normal/arm64/Palico-dependency-scan.dia -validate-clang-modules-once -clang-build-session-file /Users/admin/builder/spi-builder-workspace/.derivedData/ModuleCache.noindex/Session.modulevalidation -Xcc -fmodules-prune-interval\=86400 -Xcc -fmodules-prune-after\=345600 -emit-const-values -const-gather-protocols-list /Users/admin/builder/spi-builder-workspace/.derivedData/Build/Intermediates.noindex/PalicoEngine.build/Debug-appletvos/Palico-t.build/Objects-normal/arm64/Palico_const_extract_protocols.json -Xcc -I/Users/admin/builder/spi-builder-workspace/.dependencies/checkouts/SwiftImGui/Sources/CImGui/include -Xcc -I/Users/admin/builder/spi-builder-workspace/.dependencies/checkouts/SwiftImGuizmo/Sources/CImGuizmo/include -Xcc -I/Users/admin/builder/spi-builder-workspace/.derivedData/Build/Products/Debug-appletvos/include -Xcc -I/Users/admin/builder/spi-builder-workspace/.derivedData/Build/Intermediates.noindex/PalicoEngine.build/Debug-appletvos/Palico-t.build/DerivedSources-normal/arm64 -Xcc -I/Users/admin/builder/spi-builder-workspace/.derivedData/Build/Intermediates.noindex/PalicoEngine.build/Debug-appletvos/Palico-t.build/DerivedSources/arm64 -Xcc -I/Users/admin/builder/spi-builder-workspace/.derivedData/Build/Intermediates.noindex/PalicoEngine.build/Debug-appletvos/Palico-t.build/DerivedSources -Xcc -DSWIFT_PACKAGE -Xcc -DDEBUG\=1 -emit-objc-header -emit-objc-header-path /Users/admin/builder/spi-builder-workspace/.derivedData/Build/Intermediates.noindex/PalicoEngine.build/Debug-appletvos/Palico-t.build/Objects-normal/arm64/Palico-Swift.h -working-directory /Users/admin/builder/spi-builder-workspace/.swiftpm/xcode -experimental-emit-module-separately -disable-cmo
error: Clang dependency scanning failure:  (in target 'Palico' from project 'PalicoEngine')
/Users/admin/builder/spi-builder-workspace/Sources/Palico/ImGui/Backends/imgui_impl_metal.swift:10:8: error: Unable to resolve module dependency: 'AppKit' (in target 'Palico' from project 'PalicoEngine')
    note: A dependency of main module 'Palico'
    /Users/admin/builder/spi-builder-workspace/Sources/Palico/ImGui/Backends/imgui_impl_osx.swift:10:8: note: Also imported here
/Users/admin/builder/spi-builder-workspace/Sources/Palico/ImGui/Backends/imgui_impl_osx.swift:11:8: error: Unable to resolve module dependency: 'Carbon' (in target 'Palico' from project 'PalicoEngine')
    note: A dependency of main module 'Palico'
error: Clang dependency scanning failure:  (in target 'Palico' from project 'PalicoEngine')
/Users/admin/builder/spi-builder-workspace/Sources/Palico/ImGui/ImGuiBackend+Cocoa.swift:8:8: error: Unable to resolve module dependency: 'Cocoa' (in target 'Palico' from project 'PalicoEngine')
    note: A dependency of main module 'Palico'
    /Users/admin/builder/spi-builder-workspace/Sources/Palico/Platform/Cocoa/CocoaContext.swift:8:8: note: Also imported here
    /Users/admin/builder/spi-builder-workspace/Sources/Palico/Platform/Cocoa/CocoaInput.swift:8:8: note: Also imported here
    /Users/admin/builder/spi-builder-workspace/Sources/Palico/Platform/Cocoa/CocoaWindow+Callback.swift:8:8: note: Also imported here
    /Users/admin/builder/spi-builder-workspace/Sources/Palico/Platform/Cocoa/CocoaWindow+Event.swift:8:8: note: Also imported here
    /Users/admin/builder/spi-builder-workspace/Sources/Palico/Platform/Cocoa/CocoaWindow.swift:8:8: note: Also imported here
    /Users/admin/builder/spi-builder-workspace/Sources/Palico/Platform/Cocoa/ViewController.swift:8:8: note: Also imported here
/Users/admin/builder/spi-builder-workspace/Sources/Palico/ImGui/Backends/imgui_impl_metal.swift:10:8: note: A dependency of main module 'Palico'
import AppKit
       ^ (in target 'Palico' from project 'PalicoEngine')
/Users/admin/builder/spi-builder-workspace/Sources/Palico/ImGui/Backends/imgui_impl_osx.swift:10:8: note: Also imported here
import AppKit
       ^ (in target 'Palico' from project 'PalicoEngine')
/Users/admin/builder/spi-builder-workspace/Sources/Palico/ImGui/Backends/imgui_impl_osx.swift:11:8: note: A dependency of main module 'Palico'
import Carbon
       ^ (in target 'Palico' from project 'PalicoEngine')
/Users/admin/builder/spi-builder-workspace/Sources/Palico/ImGui/ImGuiBackend+Cocoa.swift:8:8: note: A dependency of main module 'Palico'
import Cocoa
       ^ (in target 'Palico' from project 'PalicoEngine')
/Users/admin/builder/spi-builder-workspace/Sources/Palico/Platform/Cocoa/CocoaContext.swift:8:8: note: Also imported here
import Cocoa
       ^ (in target 'Palico' from project 'PalicoEngine')
/Users/admin/builder/spi-builder-workspace/Sources/Palico/Platform/Cocoa/CocoaInput.swift:8:8: note: Also imported here
import Cocoa
       ^ (in target 'Palico' from project 'PalicoEngine')
/Users/admin/builder/spi-builder-workspace/Sources/Palico/Platform/Cocoa/CocoaWindow+Callback.swift:8:8: note: Also imported here
import Cocoa
       ^ (in target 'Palico' from project 'PalicoEngine')
/Users/admin/builder/spi-builder-workspace/Sources/Palico/Platform/Cocoa/CocoaWindow+Event.swift:8:8: note: Also imported here
import Cocoa
       ^ (in target 'Palico' from project 'PalicoEngine')
/Users/admin/builder/spi-builder-workspace/Sources/Palico/Platform/Cocoa/CocoaWindow.swift:8:8: note: Also imported here
import Cocoa
       ^ (in target 'Palico' from project 'PalicoEngine')
/Users/admin/builder/spi-builder-workspace/Sources/Palico/Platform/Cocoa/ViewController.swift:8:8: note: Also imported here
import Cocoa
       ^ (in target 'Palico' from project 'PalicoEngine')
PruneExplicitPrecompiledModules /Users/admin/builder/spi-builder-workspace/.derivedData/Build/Intermediates.noindex/SwiftExplicitPrecompiledModules
PruneExplicitPrecompiledModules /Users/admin/builder/spi-builder-workspace/.derivedData/Build/Intermediates.noindex/ExplicitPrecompiledModules
PruneExplicitPrecompiledModules /Users/admin/builder/spi-builder-workspace/.derivedData/SDKExplicitPrecompiledModules
2026-09-17 22:45:28.240 xcodebuild[1137:6307] [MT] IDERunDestination: Supported platforms for the buildables in the current scheme is empty.
** BUILD FAILED **
The following build commands failed:
	SwiftDriver Palico normal arm64 com.apple.xcode.tools.swift.compiler (in target 'Palico' from project 'PalicoEngine')
	Building workspace PalicoEngine with scheme PalicoEngine-Package
(2 failures)
BUILD FAILURE 6.4 tvOS