The Swift Package Index logo.Swift Package Index

Build Information

Failed to build ed25519swift, reference 1.2.6 (b14719), with Swift 6.4 for Wasm on 20 Sep 2026 02:59:01 UTC.

Build Command

bash -c docker run --pull=always --rm -v "checkouts-54344844-1":/host -w "$PWD" -e JAVA_HOME="/root/.sdkman/candidates/java/current" -e SPI_BUILD="1" -e SPI_PROCESSING="1" registry.gitlab.com/saguaro1/spi-images:wasm-6.4-latest swift build --swift-sdk swift-6.4.x-DEVELOPMENT-SNAPSHOT-2026-09-04-a_wasm 2>&1

Build Log

========================================
RunAll
========================================
Builder version: 5.1.0
Interrupt handler set up.
========================================
Checkout
========================================
Clone URL: https://github.com/crewshin/ed25519swift.git
Reference: 1.2.6
Initialized empty Git repository in /host/spi-builder-workspace/.git/
hint: Using 'master' as the name for the initial branch. This default branch name
hint: is subject to change. To configure the initial branch name to use in all
hint: of your new repositories, which will suppress this warning, call:
hint:
hint: 	git config --global init.defaultBranch <name>
hint:
hint: Names commonly chosen instead of 'master' are 'main', 'trunk' and
hint: 'development'. The just-created branch can be renamed via this command:
hint:
hint: 	git branch -m <name>
From https://github.com/crewshin/ed25519swift
 * tag               1.2.6      -> FETCH_HEAD
HEAD is now at b14719c Fixing Package.swift
Cloned https://github.com/crewshin/ed25519swift.git
Revision (git rev-parse @):
b14719cad9fa541a5ec9b3de5aff8e9c4cc6ea07
SUCCESS checkout https://github.com/crewshin/ed25519swift.git at 1.2.6
========================================
Build
========================================
Selected platform:         wasm
Swift version:             6.4
Building package at path:  $PWD
https://github.com/crewshin/ed25519swift.git
Running build ...
bash -c docker run --pull=always --rm -v "checkouts-54344844-1":/host -w "$PWD" -e JAVA_HOME="/root/.sdkman/candidates/java/current" -e SPI_BUILD="1" -e SPI_PROCESSING="1" registry.gitlab.com/saguaro1/spi-images:wasm-6.4-latest swift build --swift-sdk swift-6.4.x-DEVELOPMENT-SNAPSHOT-2026-09-04-a_wasm 2>&1
wasm-6.4-latest: Pulling from saguaro1/spi-images
Digest: sha256:4328fdb43c680d205c1d6761b1e3267aa38277eefdda9ddfb17b6a0f1a77857a
Status: Image is up to date for registry.gitlab.com/saguaro1/spi-images:wasm-6.4-latest
Fetching https://github.com/krzyzanowskim/CryptoSwift.git
[1/13439] Fetching cryptoswift
Fetched https://github.com/krzyzanowskim/CryptoSwift.git (1.01s)
Computing version for https://github.com/krzyzanowskim/CryptoSwift.git
Computed https://github.com/krzyzanowskim/CryptoSwift.git at 1.10.0 (1.21s)
Creating working copy for https://github.com/krzyzanowskim/CryptoSwift.git
Working copy of https://github.com/krzyzanowskim/CryptoSwift.git resolved at 1.10.0
Building for debugging...
[Pre-planning 1 / 96]
[Starting]
[23 / 38] CryptoSwift
[32 / 47] CryptoSwift
[40 / 55] ed25519swift
[48 / 55] ed25519swift
[49 / 55] ed25519swift-product
[50 / 55] ed25519swift-product
[50 / 55] CryptoSwift
[51 / 56] CryptoSwift
error: SwiftCompile normal wasm32 /host/spi-builder-workspace/Sources/ed25519swift/ed25519_sign.swift failed with a nonzero exit code. Command line:     cd /host
    builtin-SwiftPerFileCompile ed25519_sign.swift
/host/spi-builder-workspace/Sources/ed25519swift/ed25519_sign.swift:40:22: error: cannot find 'SecRandomCopyBytes' in scope
 38 |         r = [UInt8](repeating: 0, count: len)
 39 |         // @note Apple API
 40 |         let result = SecRandomCopyBytes(kSecRandomDefault, len, &r)
    |                      `- error: cannot find 'SecRandomCopyBytes' in scope
 41 |         assert(result == 0)
 42 |     }
/host/spi-builder-workspace/Sources/ed25519swift/ed25519_sign.swift:40:41: error: cannot find 'kSecRandomDefault' in scope
 38 |         r = [UInt8](repeating: 0, count: len)
 39 |         // @note Apple API
 40 |         let result = SecRandomCopyBytes(kSecRandomDefault, len, &r)
    |                                         `- error: cannot find 'kSecRandomDefault' in scope
 41 |         assert(result == 0)
 42 |     }
Failed frontend command:
/usr/bin/swift-frontend -frontend -c /host/spi-builder-workspace/Sources/ed25519swift/ed25519_fe.swift /host/spi-builder-workspace/Sources/ed25519swift/ed25519_ge.swift /host/spi-builder-workspace/Sources/ed25519swift/ed25519_sc.swift -primary-file /host/spi-builder-workspace/Sources/ed25519swift/ed25519_sign.swift /host/spi-builder-workspace/Sources/ed25519swift/ed25519_utility.swift /host/spi-builder-workspace/Sources/ed25519swift/ed25519_verify.swift -emit-dependencies-path /host/spi-builder-workspace/.build/out/Intermediates.noindex/ed25519swift.build/Debug-webassembly-wasm32/ed25519swift-t.build/Objects-normal/wasm32/ed25519_sign.d -emit-const-values-path /host/spi-builder-workspace/.build/out/Intermediates.noindex/ed25519swift.build/Debug-webassembly-wasm32/ed25519swift-t.build/Objects-normal/wasm32/ed25519_sign.swiftconstvalues -emit-reference-dependencies-path /host/spi-builder-workspace/.build/out/Intermediates.noindex/ed25519swift.build/Debug-webassembly-wasm32/ed25519swift-t.build/Objects-normal/wasm32/ed25519_sign.swiftdeps -serialize-diagnostics-path /host/spi-builder-workspace/.build/out/Intermediates.noindex/ed25519swift.build/Debug-webassembly-wasm32/ed25519swift-t.build/Objects-normal/wasm32/ed25519_sign.dia -target wasm32-unknown-wasip1 -disable-objc-interop -sdk /root/.swiftpm/swift-sdks/swift-6.4.x-DEVELOPMENT-SNAPSHOT-2026-09-04-a_wasm.artifactbundle/swift-6.4.x-DEVELOPMENT-SNAPSHOT-2026-09-04-a_wasm/wasm32-unknown-wasip1/WASI.sdk -sysroot /root/.swiftpm/swift-sdks/swift-6.4.x-DEVELOPMENT-SNAPSHOT-2026-09-04-a_wasm.artifactbundle/swift-6.4.x-DEVELOPMENT-SNAPSHOT-2026-09-04-a_wasm/wasm32-unknown-wasip1/WASI.sdk -I /host/spi-builder-workspace/.build/out/Products/Debug-webassembly-wasm32 -module-cache-path /host/spi-builder-workspace/.build/out/ModuleCache.noindex -color-diagnostics -Xcc -fcolor-diagnostics -enable-testing -g -debug-info-format\=dwarf -dwarf-version\=4 -swift-version 5 -Onone -D SWIFT_PACKAGE -D DEBUG -D SWIFT_MODULE_RESOURCE_BUNDLE_UNAVAILABLE -D Xcode -serialize-debugging-options -enable-experimental-feature DebugDescriptionMacro -empty-abi-descriptor -external-plugin-path /usr/lib/swift/host/plugins/testing\#/usr/bin/swift-plugin-server -validate-clang-modules-once -clang-build-session-file /host/spi-builder-workspace/.build/out/ModuleCache.noindex/Session.modulevalidation -Xcc -working-directory -Xcc /host -resource-dir /root/.swiftpm/swift-sdks/swift-6.4.x-DEVELOPMENT-SNAPSHOT-2026-09-04-a_wasm.artifactbundle/swift-6.4.x-DEVELOPMENT-SNAPSHOT-2026-09-04-a_wasm/wasm32-unknown-wasip1/swift.xctoolchain/usr/lib/swift_static -use-static-resource-dir -enable-anonymous-context-mangled-names -file-compilation-dir /host -Xcc -resource-dir -Xcc /root/.swiftpm/swift-sdks/swift-6.4.x-DEVELOPMENT-SNAPSHOT-2026-09-04-a_wasm.artifactbundle/swift-6.4.x-DEVELOPMENT-SNAPSHOT-2026-09-04-a_wasm/wasm32-unknown-wasip1/swift.xctoolchain/usr/lib/swift_static/clang -Xcc -D_LIBCPP_HARDENING_MODE\=_LIBCPP_HARDENING_MODE_DEBUG -Xcc -fmodules-prune-interval\=86400 -Xcc -fmodules-prune-after\=345600 -Xcc -I/host/spi-builder-workspace/.build/out/Products/Debug-webassembly-wasm32/include -Xcc -I/host/spi-builder-workspace/.build/out/Intermediates.noindex/ed25519swift.build/Debug-webassembly-wasm32/ed25519swift-t.build/DerivedSources-normal/wasm32 -Xcc -I/host/spi-builder-workspace/.build/out/Intermediates.noindex/ed25519swift.build/Debug-webassembly-wasm32/ed25519swift-t.build/DerivedSources/wasm32 -Xcc -I/host/spi-builder-workspace/.build/out/Intermediates.noindex/ed25519swift.build/Debug-webassembly-wasm32/ed25519swift-t.build/DerivedSources -Xcc -DSWIFT_PACKAGE -Xcc -DDEBUG\=1 -no-auto-bridging-header-chaining -module-name ed25519swift -const-gather-protocols-file /host/spi-builder-workspace/.build/out/Intermediates.noindex/ed25519swift.build/Debug-webassembly-wasm32/ed25519swift-t.build/Objects-normal/wasm32/ed25519swift_const_extract_protocols.json -in-process-plugin-server-path /usr/lib/swift/host/libSwiftInProcPluginServer.so -plugin-path /usr/lib/swift/host/plugins -plugin-path /usr/local/lib/swift/host/plugins -parse-as-library -o /host/spi-builder-workspace/.build/out/Intermediates.noindex/ed25519swift.build/Debug-webassembly-wasm32/ed25519swift-t.build/Objects-normal/wasm32/ed25519_sign.o -index-unit-output-path /ed25519swift.build/Debug-webassembly-wasm32/ed25519swift-t.build/Objects-normal/wasm32/ed25519_sign.o -index-store-path /host/spi-builder-workspace/.build/out -index-system-modules
[53 / 56] ed25519swift
error: Build failed
BUILD FAILURE 6.4 wasm