Build Information
Failed to build Splash, reference master (2e3f17), with Swift 6.4 for watchOS using Xcode 27.0 on 17 Sep 2026 18:10:30 UTC.
Build Command
env DEVELOPER_DIR=/Applications/Xcode-27.0.0-Release.Candidate.app xcrun xcodebuild -IDEClonedSourcePackagesDirPathOverride=$PWD/.dependencies -skipMacroValidation -skipPackagePluginValidation -derivedDataPath $PWD/.derivedData build -scheme Splash-Package -destination generic/platform=watchOSBuild Log
WriteAuxiliaryFile /Users/admin/builder/spi-builder-workspace/.derivedData/Build/Intermediates.noindex/Splash.build/Debug-watchos/SplashImageGen-p.build/Objects-normal/arm64/SplashImageGen.SwiftFileList (in target 'SplashImageGen-product' from project 'Splash')
cd /Users/admin/builder/spi-builder-workspace
write-file /Users/admin/builder/spi-builder-workspace/.derivedData/Build/Intermediates.noindex/Splash.build/Debug-watchos/SplashImageGen-p.build/Objects-normal/arm64/SplashImageGen.SwiftFileList
WriteAuxiliaryFile /Users/admin/builder/spi-builder-workspace/.derivedData/Build/Intermediates.noindex/Splash.build/Debug-watchos/SplashImageGen-p.build/Objects-normal/arm64/SplashImageGen.LinkFileList (in target 'SplashImageGen-product' from project 'Splash')
cd /Users/admin/builder/spi-builder-workspace
write-file /Users/admin/builder/spi-builder-workspace/.derivedData/Build/Intermediates.noindex/Splash.build/Debug-watchos/SplashImageGen-p.build/Objects-normal/arm64/SplashImageGen.LinkFileList
WriteAuxiliaryFile /Users/admin/builder/spi-builder-workspace/.derivedData/Build/Intermediates.noindex/Splash.build/Debug-watchos/SplashImageGen-p.build/Objects-normal/arm64/SplashImageGen-OutputFileMap.json (in target 'SplashImageGen-product' from project 'Splash')
cd /Users/admin/builder/spi-builder-workspace
write-file /Users/admin/builder/spi-builder-workspace/.derivedData/Build/Intermediates.noindex/Splash.build/Debug-watchos/SplashImageGen-p.build/Objects-normal/arm64/SplashImageGen-OutputFileMap.json
WriteAuxiliaryFile /Users/admin/builder/spi-builder-workspace/.derivedData/Build/Intermediates.noindex/Splash.build/Debug-watchos/SplashHTMLGen-p.build/SplashHTMLGen.DependencyStaticMetadataFileList (in target 'SplashHTMLGen-product' from project 'Splash')
cd /Users/admin/builder/spi-builder-workspace
write-file /Users/admin/builder/spi-builder-workspace/.derivedData/Build/Intermediates.noindex/Splash.build/Debug-watchos/SplashHTMLGen-p.build/SplashHTMLGen.DependencyStaticMetadataFileList
WriteAuxiliaryFile /Users/admin/builder/spi-builder-workspace/.derivedData/Build/Intermediates.noindex/Splash.build/Debug-watchos/SplashHTMLGen-p.build/SplashHTMLGen.DependencyMetadataFileList (in target 'SplashHTMLGen-product' from project 'Splash')
cd /Users/admin/builder/spi-builder-workspace
write-file /Users/admin/builder/spi-builder-workspace/.derivedData/Build/Intermediates.noindex/Splash.build/Debug-watchos/SplashHTMLGen-p.build/SplashHTMLGen.DependencyMetadataFileList
WriteAuxiliaryFile /Users/admin/builder/spi-builder-workspace/.derivedData/Build/Intermediates.noindex/Splash.build/Debug-watchos/SplashHTMLGen-p.build/Objects-normal/arm64_32/SplashHTMLGen_const_extract_protocols.json (in target 'SplashHTMLGen-product' from project 'Splash')
cd /Users/admin/builder/spi-builder-workspace
write-file /Users/admin/builder/spi-builder-workspace/.derivedData/Build/Intermediates.noindex/Splash.build/Debug-watchos/SplashHTMLGen-p.build/Objects-normal/arm64_32/SplashHTMLGen_const_extract_protocols.json
WriteAuxiliaryFile /Users/admin/builder/spi-builder-workspace/.derivedData/Build/Intermediates.noindex/Splash.build/Debug-watchos/SplashHTMLGen-p.build/Objects-normal/arm64_32/SplashHTMLGen.SwiftFileList (in target 'SplashHTMLGen-product' from project 'Splash')
cd /Users/admin/builder/spi-builder-workspace
write-file /Users/admin/builder/spi-builder-workspace/.derivedData/Build/Intermediates.noindex/Splash.build/Debug-watchos/SplashHTMLGen-p.build/Objects-normal/arm64_32/SplashHTMLGen.SwiftFileList
WriteAuxiliaryFile /Users/admin/builder/spi-builder-workspace/.derivedData/Build/Intermediates.noindex/Splash.build/Debug-watchos/SplashHTMLGen-p.build/Objects-normal/arm64_32/SplashHTMLGen.LinkFileList (in target 'SplashHTMLGen-product' from project 'Splash')
cd /Users/admin/builder/spi-builder-workspace
write-file /Users/admin/builder/spi-builder-workspace/.derivedData/Build/Intermediates.noindex/Splash.build/Debug-watchos/SplashHTMLGen-p.build/Objects-normal/arm64_32/SplashHTMLGen.LinkFileList
WriteAuxiliaryFile /Users/admin/builder/spi-builder-workspace/.derivedData/Build/Intermediates.noindex/Splash.build/Debug-watchos/SplashHTMLGen-p.build/Objects-normal/arm64_32/SplashHTMLGen-OutputFileMap.json (in target 'SplashHTMLGen-product' from project 'Splash')
cd /Users/admin/builder/spi-builder-workspace
write-file /Users/admin/builder/spi-builder-workspace/.derivedData/Build/Intermediates.noindex/Splash.build/Debug-watchos/SplashHTMLGen-p.build/Objects-normal/arm64_32/SplashHTMLGen-OutputFileMap.json
WriteAuxiliaryFile /Users/admin/builder/spi-builder-workspace/.derivedData/Build/Intermediates.noindex/Splash.build/Debug-watchos/SplashHTMLGen-p.build/Objects-normal/arm64/SplashHTMLGen_const_extract_protocols.json (in target 'SplashHTMLGen-product' from project 'Splash')
cd /Users/admin/builder/spi-builder-workspace
write-file /Users/admin/builder/spi-builder-workspace/.derivedData/Build/Intermediates.noindex/Splash.build/Debug-watchos/SplashHTMLGen-p.build/Objects-normal/arm64/SplashHTMLGen_const_extract_protocols.json
WriteAuxiliaryFile /Users/admin/builder/spi-builder-workspace/.derivedData/Build/Intermediates.noindex/Splash.build/Debug-watchos/SplashHTMLGen-p.build/Objects-normal/arm64/SplashHTMLGen.SwiftFileList (in target 'SplashHTMLGen-product' from project 'Splash')
cd /Users/admin/builder/spi-builder-workspace
write-file /Users/admin/builder/spi-builder-workspace/.derivedData/Build/Intermediates.noindex/Splash.build/Debug-watchos/SplashHTMLGen-p.build/Objects-normal/arm64/SplashHTMLGen.SwiftFileList
WriteAuxiliaryFile /Users/admin/builder/spi-builder-workspace/.derivedData/Build/Intermediates.noindex/Splash.build/Debug-watchos/SplashHTMLGen-p.build/Objects-normal/arm64/SplashHTMLGen.LinkFileList (in target 'SplashHTMLGen-product' from project 'Splash')
cd /Users/admin/builder/spi-builder-workspace
write-file /Users/admin/builder/spi-builder-workspace/.derivedData/Build/Intermediates.noindex/Splash.build/Debug-watchos/SplashHTMLGen-p.build/Objects-normal/arm64/SplashHTMLGen.LinkFileList
WriteAuxiliaryFile /Users/admin/builder/spi-builder-workspace/.derivedData/Build/Intermediates.noindex/Splash.build/Debug-watchos/SplashHTMLGen-p.build/Objects-normal/arm64/SplashHTMLGen-OutputFileMap.json (in target 'SplashHTMLGen-product' from project 'Splash')
cd /Users/admin/builder/spi-builder-workspace
write-file /Users/admin/builder/spi-builder-workspace/.derivedData/Build/Intermediates.noindex/Splash.build/Debug-watchos/SplashHTMLGen-p.build/Objects-normal/arm64/SplashHTMLGen-OutputFileMap.json
WriteAuxiliaryFile /Users/admin/builder/spi-builder-workspace/.derivedData/Build/Intermediates.noindex/Splash.build/Debug-watchos/Splash-t.build/Splash.modulemap (in target 'Splash' from project 'Splash')
cd /Users/admin/builder/spi-builder-workspace
write-file /Users/admin/builder/spi-builder-workspace/.derivedData/Build/Intermediates.noindex/Splash.build/Debug-watchos/Splash-t.build/Splash.modulemap
WriteAuxiliaryFile /Users/admin/builder/spi-builder-workspace/.derivedData/Build/Intermediates.noindex/Splash.build/Debug-watchos/Splash-t.build/Splash.DependencyStaticMetadataFileList (in target 'Splash' from project 'Splash')
cd /Users/admin/builder/spi-builder-workspace
write-file /Users/admin/builder/spi-builder-workspace/.derivedData/Build/Intermediates.noindex/Splash.build/Debug-watchos/Splash-t.build/Splash.DependencyStaticMetadataFileList
WriteAuxiliaryFile /Users/admin/builder/spi-builder-workspace/.derivedData/Build/Intermediates.noindex/Splash.build/Debug-watchos/Splash-t.build/Splash.DependencyMetadataFileList (in target 'Splash' from project 'Splash')
cd /Users/admin/builder/spi-builder-workspace
write-file /Users/admin/builder/spi-builder-workspace/.derivedData/Build/Intermediates.noindex/Splash.build/Debug-watchos/Splash-t.build/Splash.DependencyMetadataFileList
WriteAuxiliaryFile /Users/admin/builder/spi-builder-workspace/.derivedData/Build/Intermediates.noindex/Splash.build/Debug-watchos/Splash-t.build/Objects-normal/arm64_32/Splash.SwiftFileList (in target 'Splash' from project 'Splash')
cd /Users/admin/builder/spi-builder-workspace
write-file /Users/admin/builder/spi-builder-workspace/.derivedData/Build/Intermediates.noindex/Splash.build/Debug-watchos/Splash-t.build/Objects-normal/arm64_32/Splash.SwiftFileList
WriteAuxiliaryFile /Users/admin/builder/spi-builder-workspace/.derivedData/Build/Intermediates.noindex/Splash.build/Debug-watchos/Splash-t.build/Objects-normal/arm64_32/Splash.LinkFileList (in target 'Splash' from project 'Splash')
cd /Users/admin/builder/spi-builder-workspace
write-file /Users/admin/builder/spi-builder-workspace/.derivedData/Build/Intermediates.noindex/Splash.build/Debug-watchos/Splash-t.build/Objects-normal/arm64_32/Splash.LinkFileList
WriteAuxiliaryFile /Users/admin/builder/spi-builder-workspace/.derivedData/Build/Intermediates.noindex/Splash.build/Debug-watchos/Splash-t.build/Objects-normal/arm64_32/Splash_const_extract_protocols.json (in target 'Splash' from project 'Splash')
cd /Users/admin/builder/spi-builder-workspace
write-file /Users/admin/builder/spi-builder-workspace/.derivedData/Build/Intermediates.noindex/Splash.build/Debug-watchos/Splash-t.build/Objects-normal/arm64_32/Splash_const_extract_protocols.json
WriteAuxiliaryFile /Users/admin/builder/spi-builder-workspace/.derivedData/Build/Intermediates.noindex/Splash.build/Debug-watchos/Splash-t.build/Objects-normal/arm64_32/Splash.SwiftConstValuesFileList (in target 'Splash' from project 'Splash')
cd /Users/admin/builder/spi-builder-workspace
write-file /Users/admin/builder/spi-builder-workspace/.derivedData/Build/Intermediates.noindex/Splash.build/Debug-watchos/Splash-t.build/Objects-normal/arm64_32/Splash.SwiftConstValuesFileList
WriteAuxiliaryFile /Users/admin/builder/spi-builder-workspace/.derivedData/Build/Intermediates.noindex/Splash.build/Debug-watchos/Splash-t.build/Objects-normal/arm64_32/Splash-OutputFileMap.json (in target 'Splash' from project 'Splash')
cd /Users/admin/builder/spi-builder-workspace
write-file /Users/admin/builder/spi-builder-workspace/.derivedData/Build/Intermediates.noindex/Splash.build/Debug-watchos/Splash-t.build/Objects-normal/arm64_32/Splash-OutputFileMap.json
WriteAuxiliaryFile /Users/admin/builder/spi-builder-workspace/.derivedData/Build/Intermediates.noindex/Splash.build/Debug-watchos/Splash-t.build/Objects-normal/arm64/Splash_const_extract_protocols.json (in target 'Splash' from project 'Splash')
cd /Users/admin/builder/spi-builder-workspace
write-file /Users/admin/builder/spi-builder-workspace/.derivedData/Build/Intermediates.noindex/Splash.build/Debug-watchos/Splash-t.build/Objects-normal/arm64/Splash_const_extract_protocols.json
WriteAuxiliaryFile /Users/admin/builder/spi-builder-workspace/.derivedData/Build/Intermediates.noindex/Splash.build/Debug-watchos/Splash-t.build/Objects-normal/arm64/Splash.SwiftFileList (in target 'Splash' from project 'Splash')
cd /Users/admin/builder/spi-builder-workspace
write-file /Users/admin/builder/spi-builder-workspace/.derivedData/Build/Intermediates.noindex/Splash.build/Debug-watchos/Splash-t.build/Objects-normal/arm64/Splash.SwiftFileList
WriteAuxiliaryFile /Users/admin/builder/spi-builder-workspace/.derivedData/Build/Intermediates.noindex/Splash.build/Debug-watchos/Splash-t.build/Objects-normal/arm64/Splash.SwiftConstValuesFileList (in target 'Splash' from project 'Splash')
cd /Users/admin/builder/spi-builder-workspace
write-file /Users/admin/builder/spi-builder-workspace/.derivedData/Build/Intermediates.noindex/Splash.build/Debug-watchos/Splash-t.build/Objects-normal/arm64/Splash.SwiftConstValuesFileList
WriteAuxiliaryFile /Users/admin/builder/spi-builder-workspace/.derivedData/Build/Intermediates.noindex/Splash.build/Debug-watchos/Splash-t.build/Objects-normal/arm64/Splash.LinkFileList (in target 'Splash' from project 'Splash')
cd /Users/admin/builder/spi-builder-workspace
write-file /Users/admin/builder/spi-builder-workspace/.derivedData/Build/Intermediates.noindex/Splash.build/Debug-watchos/Splash-t.build/Objects-normal/arm64/Splash.LinkFileList
WriteAuxiliaryFile /Users/admin/builder/spi-builder-workspace/.derivedData/Build/Intermediates.noindex/Splash.build/Debug-watchos/Splash-t.build/Objects-normal/arm64/Splash-OutputFileMap.json (in target 'Splash' from project 'Splash')
cd /Users/admin/builder/spi-builder-workspace
write-file /Users/admin/builder/spi-builder-workspace/.derivedData/Build/Intermediates.noindex/Splash.build/Debug-watchos/Splash-t.build/Objects-normal/arm64/Splash-OutputFileMap.json
Copy /Users/admin/builder/spi-builder-workspace/.derivedData/Build/Intermediates.noindex/GeneratedModuleMaps-watchos/Splash.modulemap /Users/admin/builder/spi-builder-workspace/.derivedData/Build/Intermediates.noindex/Splash.build/Debug-watchos/Splash-t.build/Splash.modulemap (in target 'Splash' from project 'Splash')
cd /Users/admin/builder/spi-builder-workspace
builtin-copy -exclude .DS_Store -exclude CVS -exclude .svn -exclude .git -exclude .hg -resolve-src-symlinks /Users/admin/builder/spi-builder-workspace/.derivedData/Build/Intermediates.noindex/Splash.build/Debug-watchos/Splash-t.build/Splash.modulemap /Users/admin/builder/spi-builder-workspace/.derivedData/Build/Intermediates.noindex/GeneratedModuleMaps-watchos
SwiftDriver Splash normal arm64_32 com.apple.xcode.tools.swift.compiler (in target 'Splash' from project 'Splash')
cd /Users/admin/builder/spi-builder-workspace/.swiftpm/xcode
builtin-SwiftDriver -- /Applications/Xcode-27.0.0-Release.Candidate.app/Contents/Developer/Toolchains/XcodeDefault.xctoolchain/usr/bin/swiftc -parse-as-library -module-name Splash -Onone @/Users/admin/builder/spi-builder-workspace/.derivedData/Build/Intermediates.noindex/Splash.build/Debug-watchos/Splash-t.build/Objects-normal/arm64_32/Splash.SwiftFileList -DSWIFT_PACKAGE -DDEBUG -DSWIFT_MODULE_RESOURCE_BUNDLE_UNAVAILABLE -DXcode -plugin-path /Applications/Xcode-27.0.0-Release.Candidate.app/Contents/Developer/Toolchains/XcodeDefault.xctoolchain/usr/lib/swift/host/plugins/testing -enable-experimental-feature DebugDescriptionMacro -sdk /Applications/Xcode-27.0.0-Release.Candidate.app/Contents/Developer/Platforms/WatchOS.platform/Developer/SDKs/WatchOS27.0.sdk -target arm64_32-apple-watchos9.0 -g -module-cache-path /Users/admin/builder/spi-builder-workspace/.derivedData/ModuleCache.noindex -Xfrontend -serialize-debugging-options -profile-coverage-mapping -profile-generate -enable-testing -index-store-path /Users/admin/builder/spi-builder-workspace/.derivedData/Index.noindex/DataStore -Xcc -D_LIBCPP_HARDENING_MODE\=_LIBCPP_HARDENING_MODE_DEBUG -swift-version 5 -I /Users/admin/builder/spi-builder-workspace/.derivedData/Build/Products/Debug-watchos -Isystem /Applications/Xcode-27.0.0-Release.Candidate.app/Contents/Developer/Platforms/WatchOS.platform/Developer/usr/lib -F /Users/admin/builder/spi-builder-workspace/.derivedData/Build/Products/Debug-watchos -F /Applications/Xcode-27.0.0-Release.Candidate.app/Contents/Developer/Platforms/WatchOS.platform/Developer/Library/Frameworks -F /Applications/Xcode-27.0.0-Release.Candidate.app/Contents/Developer/Platforms/WatchOS.platform/Developer/SDKs/WatchOS27.0.sdk/Developer/Library/Frameworks -c -j10 -enable-batch-mode -incremental -Xcc -ivfsstatcache -Xcc /Users/admin/builder/spi-builder-workspace/.derivedData/SDKStatCaches.noindex/watchos27.0-24R360-e829b21a6f8c9b70876ba0858053c04477534ef55a1706bf4c1112bbb242f0a2.sdkstatcache -output-file-map /Users/admin/builder/spi-builder-workspace/.derivedData/Build/Intermediates.noindex/Splash.build/Debug-watchos/Splash-t.build/Objects-normal/arm64_32/Splash-OutputFileMap.json -save-temps -no-color-diagnostics -explicit-module-build -module-cache-path /Users/admin/builder/spi-builder-workspace/.derivedData/Build/Intermediates.noindex/SwiftExplicitPrecompiledModules -clang-scanner-module-cache-path /Users/admin/builder/spi-builder-workspace/.derivedData/ModuleCache.noindex -sdk-module-cache-path /Users/admin/builder/spi-builder-workspace/.derivedData/SDKExplicitPrecompiledModules -emit-dependencies -emit-module -emit-module-path /Users/admin/builder/spi-builder-workspace/.derivedData/Build/Intermediates.noindex/Splash.build/Debug-watchos/Splash-t.build/Objects-normal/arm64_32/Splash.swiftmodule -serialize-diagnostics -dependency-scan-serialize-diagnostics-path /Users/admin/builder/spi-builder-workspace/.derivedData/Build/Intermediates.noindex/Splash.build/Debug-watchos/Splash-t.build/Objects-normal/arm64_32/Splash-dependency-scan.dia -validate-clang-modules-once -clang-build-session-file /Users/admin/builder/spi-builder-workspace/.derivedData/ModuleCache.noindex/Session.modulevalidation -Xcc -fmodules-prune-interval\=86400 -Xcc -fmodules-prune-after\=345600 -emit-const-values -const-gather-protocols-list /Users/admin/builder/spi-builder-workspace/.derivedData/Build/Intermediates.noindex/Splash.build/Debug-watchos/Splash-t.build/Objects-normal/arm64_32/Splash_const_extract_protocols.json -Xcc -I/Users/admin/builder/spi-builder-workspace/.derivedData/Build/Products/Debug-watchos/include -Xcc -I/Users/admin/builder/spi-builder-workspace/.derivedData/Build/Intermediates.noindex/Splash.build/Debug-watchos/Splash-t.build/DerivedSources-normal/arm64_32 -Xcc -I/Users/admin/builder/spi-builder-workspace/.derivedData/Build/Intermediates.noindex/Splash.build/Debug-watchos/Splash-t.build/DerivedSources/arm64_32 -Xcc -I/Users/admin/builder/spi-builder-workspace/.derivedData/Build/Intermediates.noindex/Splash.build/Debug-watchos/Splash-t.build/DerivedSources -Xcc -DSWIFT_PACKAGE -Xcc -DDEBUG\=1 -emit-objc-header -emit-objc-header-path /Users/admin/builder/spi-builder-workspace/.derivedData/Build/Intermediates.noindex/Splash.build/Debug-watchos/Splash-t.build/Objects-normal/arm64_32/Splash-Swift.h -working-directory /Users/admin/builder/spi-builder-workspace/.swiftpm/xcode -experimental-emit-module-separately -disable-cmo
SwiftDriver Splash normal arm64 com.apple.xcode.tools.swift.compiler (in target 'Splash' from project 'Splash')
cd /Users/admin/builder/spi-builder-workspace/.swiftpm/xcode
builtin-SwiftDriver -- /Applications/Xcode-27.0.0-Release.Candidate.app/Contents/Developer/Toolchains/XcodeDefault.xctoolchain/usr/bin/swiftc -parse-as-library -module-name Splash -Onone @/Users/admin/builder/spi-builder-workspace/.derivedData/Build/Intermediates.noindex/Splash.build/Debug-watchos/Splash-t.build/Objects-normal/arm64/Splash.SwiftFileList -DSWIFT_PACKAGE -DDEBUG -DSWIFT_MODULE_RESOURCE_BUNDLE_UNAVAILABLE -DXcode -plugin-path /Applications/Xcode-27.0.0-Release.Candidate.app/Contents/Developer/Toolchains/XcodeDefault.xctoolchain/usr/lib/swift/host/plugins/testing -enable-experimental-feature DebugDescriptionMacro -sdk /Applications/Xcode-27.0.0-Release.Candidate.app/Contents/Developer/Platforms/WatchOS.platform/Developer/SDKs/WatchOS27.0.sdk -target arm64-apple-watchos9.0 -g -module-cache-path /Users/admin/builder/spi-builder-workspace/.derivedData/ModuleCache.noindex -Xfrontend -serialize-debugging-options -profile-coverage-mapping -profile-generate -enable-testing -index-store-path /Users/admin/builder/spi-builder-workspace/.derivedData/Index.noindex/DataStore -Xcc -D_LIBCPP_HARDENING_MODE\=_LIBCPP_HARDENING_MODE_DEBUG -swift-version 5 -I /Users/admin/builder/spi-builder-workspace/.derivedData/Build/Products/Debug-watchos -Isystem /Applications/Xcode-27.0.0-Release.Candidate.app/Contents/Developer/Platforms/WatchOS.platform/Developer/usr/lib -F /Users/admin/builder/spi-builder-workspace/.derivedData/Build/Products/Debug-watchos -F /Applications/Xcode-27.0.0-Release.Candidate.app/Contents/Developer/Platforms/WatchOS.platform/Developer/Library/Frameworks -F /Applications/Xcode-27.0.0-Release.Candidate.app/Contents/Developer/Platforms/WatchOS.platform/Developer/SDKs/WatchOS27.0.sdk/Developer/Library/Frameworks -c -j10 -enable-batch-mode -incremental -Xcc -ivfsstatcache -Xcc /Users/admin/builder/spi-builder-workspace/.derivedData/SDKStatCaches.noindex/watchos27.0-24R360-e829b21a6f8c9b70876ba0858053c04477534ef55a1706bf4c1112bbb242f0a2.sdkstatcache -output-file-map /Users/admin/builder/spi-builder-workspace/.derivedData/Build/Intermediates.noindex/Splash.build/Debug-watchos/Splash-t.build/Objects-normal/arm64/Splash-OutputFileMap.json -save-temps -no-color-diagnostics -explicit-module-build -module-cache-path /Users/admin/builder/spi-builder-workspace/.derivedData/Build/Intermediates.noindex/SwiftExplicitPrecompiledModules -clang-scanner-module-cache-path /Users/admin/builder/spi-builder-workspace/.derivedData/ModuleCache.noindex -sdk-module-cache-path /Users/admin/builder/spi-builder-workspace/.derivedData/SDKExplicitPrecompiledModules -emit-dependencies -emit-module -emit-module-path /Users/admin/builder/spi-builder-workspace/.derivedData/Build/Intermediates.noindex/Splash.build/Debug-watchos/Splash-t.build/Objects-normal/arm64/Splash.swiftmodule -serialize-diagnostics -dependency-scan-serialize-diagnostics-path /Users/admin/builder/spi-builder-workspace/.derivedData/Build/Intermediates.noindex/Splash.build/Debug-watchos/Splash-t.build/Objects-normal/arm64/Splash-dependency-scan.dia -validate-clang-modules-once -clang-build-session-file /Users/admin/builder/spi-builder-workspace/.derivedData/ModuleCache.noindex/Session.modulevalidation -Xcc -fmodules-prune-interval\=86400 -Xcc -fmodules-prune-after\=345600 -emit-const-values -const-gather-protocols-list /Users/admin/builder/spi-builder-workspace/.derivedData/Build/Intermediates.noindex/Splash.build/Debug-watchos/Splash-t.build/Objects-normal/arm64/Splash_const_extract_protocols.json -Xcc -I/Users/admin/builder/spi-builder-workspace/.derivedData/Build/Products/Debug-watchos/include -Xcc -I/Users/admin/builder/spi-builder-workspace/.derivedData/Build/Intermediates.noindex/Splash.build/Debug-watchos/Splash-t.build/DerivedSources-normal/arm64 -Xcc -I/Users/admin/builder/spi-builder-workspace/.derivedData/Build/Intermediates.noindex/Splash.build/Debug-watchos/Splash-t.build/DerivedSources/arm64 -Xcc -I/Users/admin/builder/spi-builder-workspace/.derivedData/Build/Intermediates.noindex/Splash.build/Debug-watchos/Splash-t.build/DerivedSources -Xcc -DSWIFT_PACKAGE -Xcc -DDEBUG\=1 -emit-objc-header -emit-objc-header-path /Users/admin/builder/spi-builder-workspace/.derivedData/Build/Intermediates.noindex/Splash.build/Debug-watchos/Splash-t.build/Objects-normal/arm64/Splash-Swift.h -working-directory /Users/admin/builder/spi-builder-workspace/.swiftpm/xcode -experimental-emit-module-separately -disable-cmo
SwiftExplicitDependencyGeneratePcm arm64 /Users/admin/builder/spi-builder-workspace/.derivedData/SDKExplicitPrecompiledModules/_Builtin_float-C0CW5Q4HGBQYKE77TC42IAFB5.pcm
SwiftExplicitDependencyGeneratePcm arm64 /Users/admin/builder/spi-builder-workspace/.derivedData/SDKExplicitPrecompiledModules/_Builtin_stdbool-83J96QSOFE9VX04AAS6310UAE.pcm
SwiftExplicitDependencyGeneratePcm arm64 /Users/admin/builder/spi-builder-workspace/.derivedData/SDKExplicitPrecompiledModules/_Builtin_stdarg-A7UU8LE6MP85SM26YO7PBZNUQ.pcm
SwiftExplicitDependencyGeneratePcm arm64 /Users/admin/builder/spi-builder-workspace/.derivedData/SDKExplicitPrecompiledModules/_Builtin_stddef-1FU30Y8SWFB7OUUHMJQH5J6FM.pcm
SwiftExplicitDependencyGeneratePcm arm64 /Users/admin/builder/spi-builder-workspace/.derivedData/SDKExplicitPrecompiledModules/ptrcheck-AIF0NDOYZ8ORBNHQAQR5NNB8M.pcm
SwiftExplicitDependencyGeneratePcm arm64 /Users/admin/builder/spi-builder-workspace/.derivedData/SDKExplicitPrecompiledModules/SwiftShims-4MXFZPV6FEB0XBYXCGPWAMQGL.pcm
SwiftExplicitDependencyGeneratePcm arm64 /Users/admin/builder/spi-builder-workspace/.derivedData/SDKExplicitPrecompiledModules/_AvailabilityInternal-BUNV3UXM65NT37THI4W1AM0SF.pcm
SwiftExplicitDependencyGeneratePcm arm64 /Users/admin/builder/spi-builder-workspace/.derivedData/SDKExplicitPrecompiledModules/ptrauth-3TZ9WJCGLYD25HQPWH4968ONX.pcm
SwiftExplicitDependencyGeneratePcm arm64 /Users/admin/builder/spi-builder-workspace/.derivedData/SDKExplicitPrecompiledModules/_SwiftConcurrencyShims-659N52XSKR5F0QSB880BH2FJR.pcm
SwiftExplicitDependencyGeneratePcm arm64_32 /Users/admin/builder/spi-builder-workspace/.derivedData/SDKExplicitPrecompiledModules/_SwiftConcurrencyShims-6RTBPQ03V7BM9SPRK8SUE055H.pcm
SwiftExplicitDependencyGeneratePcm arm64_32 /Users/admin/builder/spi-builder-workspace/.derivedData/SDKExplicitPrecompiledModules/ptrauth-BFXF358ME5AK535N5A9Z766WU.pcm
SwiftExplicitDependencyGeneratePcm arm64_32 /Users/admin/builder/spi-builder-workspace/.derivedData/SDKExplicitPrecompiledModules/_Builtin_stdarg-D305JG44A2WPI6CJY37X3QJE8.pcm
SwiftExplicitDependencyGeneratePcm arm64_32 /Users/admin/builder/spi-builder-workspace/.derivedData/SDKExplicitPrecompiledModules/ptrcheck-7ELIH9BTIGVKX3UBITM9N72WD.pcm
SwiftExplicitDependencyGeneratePcm arm64_32 /Users/admin/builder/spi-builder-workspace/.derivedData/SDKExplicitPrecompiledModules/_Builtin_float-6KO8O3PEWRCA4WC6PPLOYO6WJ.pcm
SwiftExplicitDependencyGeneratePcm arm64_32 /Users/admin/builder/spi-builder-workspace/.derivedData/SDKExplicitPrecompiledModules/SwiftShims-9CQQGWTSNTN9EB5NSHDWUJICH.pcm
SwiftExplicitDependencyGeneratePcm arm64_32 /Users/admin/builder/spi-builder-workspace/.derivedData/SDKExplicitPrecompiledModules/_AvailabilityInternal-244WAN3Z1QBT7PIA64EZEFY1R.pcm
SwiftExplicitDependencyGeneratePcm arm64_32 /Users/admin/builder/spi-builder-workspace/.derivedData/SDKExplicitPrecompiledModules/_Builtin_stddef-H44EFHQX6XSS5MZ7QP6YJZ76.pcm
SwiftExplicitDependencyGeneratePcm arm64_32 /Users/admin/builder/spi-builder-workspace/.derivedData/SDKExplicitPrecompiledModules/_Builtin_stdbool-A967K8W8YUYEC9SN52KJ7OO88.pcm
SwiftExplicitDependencyGeneratePcm arm64 /Users/admin/builder/spi-builder-workspace/.derivedData/SDKExplicitPrecompiledModules/_DarwinFoundation1-7SPX3MD0HMP55E4OLNCPNDQ53.pcm
SwiftExplicitDependencyGeneratePcm arm64_32 /Users/admin/builder/spi-builder-workspace/.derivedData/SDKExplicitPrecompiledModules/_DarwinFoundation1-2GWF9RFMPLQW4PDHS3NARVI3G.pcm
SwiftExplicitDependencyGeneratePcm arm64 /Users/admin/builder/spi-builder-workspace/.derivedData/SDKExplicitPrecompiledModules/_Builtin_limits-9GWPA2B0H20DYUNYHYCWKABJG.pcm
SwiftExplicitDependencyGeneratePcm arm64 /Users/admin/builder/spi-builder-workspace/.derivedData/SDKExplicitPrecompiledModules/_DarwinFoundation2-D0XAPJU49S5E9XMKYOFGSTB1Q.pcm
SwiftExplicitDependencyGeneratePcm arm64_32 /Users/admin/builder/spi-builder-workspace/.derivedData/SDKExplicitPrecompiledModules/_Builtin_limits-3VKBU2AFTD65PAJZ5CJ3LHFM2.pcm
SwiftExplicitDependencyGeneratePcm arm64_32 /Users/admin/builder/spi-builder-workspace/.derivedData/SDKExplicitPrecompiledModules/_DarwinFoundation2-9MY8GOSYRO0M9MKNXF6D3MBNK.pcm
SwiftExplicitDependencyGeneratePcm arm64 /Users/admin/builder/spi-builder-workspace/.derivedData/SDKExplicitPrecompiledModules/string_h-E6PRXK75PHIPCZFWOFCQ3QBMK.pcm
SwiftExplicitDependencyGeneratePcm arm64 /Users/admin/builder/spi-builder-workspace/.derivedData/SDKExplicitPrecompiledModules/_Builtin_stdint-8XMILLJZEGRN2XG7XZUXZ5RLX.pcm
SwiftExplicitDependencyGeneratePcm arm64 /Users/admin/builder/spi-builder-workspace/.derivedData/SDKExplicitPrecompiledModules/sys_types-2KXQLI78OUCDP779AE68GZJ2.pcm
SwiftExplicitDependencyGeneratePcm arm64_32 /Users/admin/builder/spi-builder-workspace/.derivedData/SDKExplicitPrecompiledModules/string_h-BFVLUQUSBZWYMLCU9QI7VZALW.pcm
SwiftExplicitDependencyGeneratePcm arm64_32 /Users/admin/builder/spi-builder-workspace/.derivedData/SDKExplicitPrecompiledModules/_Builtin_stdint-1HMXWI3V0V4TXHRWZOMZGZ80Y.pcm
SwiftExplicitDependencyGeneratePcm arm64_32 /Users/admin/builder/spi-builder-workspace/.derivedData/SDKExplicitPrecompiledModules/sys_types-8TLLMW08ZJWDGIIPKOYFGHHZW.pcm
SwiftExplicitDependencyGeneratePcm arm64 /Users/admin/builder/spi-builder-workspace/.derivedData/SDKExplicitPrecompiledModules/_DarwinFoundation3-B97LRG0E9GON2NUE65TVG81HU.pcm
SwiftExplicitDependencyGeneratePcm arm64_32 /Users/admin/builder/spi-builder-workspace/.derivedData/SDKExplicitPrecompiledModules/_DarwinFoundation3-3DUTYQDQSD9HUAAVY947NMWOI.pcm
SwiftExplicitDependencyGeneratePcm arm64 /Users/admin/builder/spi-builder-workspace/.derivedData/SDKExplicitPrecompiledModules/_Builtin_inttypes-3UQSCM7WNM9EK4HZML8TY5J3D.pcm
SwiftExplicitDependencyGeneratePcm arm64_32 /Users/admin/builder/spi-builder-workspace/.derivedData/SDKExplicitPrecompiledModules/_Builtin_inttypes-D2KPCR4PEX9AQA33NGLUT5SBR.pcm
SwiftExplicitDependencyGeneratePcm arm64 /Users/admin/builder/spi-builder-workspace/.derivedData/SDKExplicitPrecompiledModules/Darwin-3984OXKFNSPE77NT743WK8SEX.pcm
SwiftExplicitDependencyGeneratePcm arm64_32 /Users/admin/builder/spi-builder-workspace/.derivedData/SDKExplicitPrecompiledModules/Darwin-3FVT1SKLN2ZQ5RVOABMTQBB34.pcm
SwiftExplicitDependencyGeneratePcm arm64 /Users/admin/builder/spi-builder-workspace/.derivedData/SDKExplicitPrecompiledModules/ObjectiveC-72IVD3VS2RS8Q28D9PIMY0KQP.pcm
SwiftExplicitDependencyGeneratePcm arm64_32 /Users/admin/builder/spi-builder-workspace/.derivedData/SDKExplicitPrecompiledModules/ObjectiveC-6IJNELR2E80E7LUKESVCP2KET.pcm
SwiftExplicitDependencyGeneratePcm arm64 /Users/admin/builder/spi-builder-workspace/.derivedData/SDKExplicitPrecompiledModules/os_object-3SDKD7F87FTZ26OON37DRYT6O.pcm
SwiftExplicitDependencyGeneratePcm arm64_32 /Users/admin/builder/spi-builder-workspace/.derivedData/SDKExplicitPrecompiledModules/os_object-5YWTC6L4756IWSTPGXS5NM0D0.pcm
SwiftExplicitDependencyGeneratePcm arm64 /Users/admin/builder/spi-builder-workspace/.derivedData/SDKExplicitPrecompiledModules/os_workgroup-89GG5G7YC2D0ZTK6AZXXQ20DH.pcm
SwiftExplicitDependencyGeneratePcm arm64_32 /Users/admin/builder/spi-builder-workspace/.derivedData/SDKExplicitPrecompiledModules/os_workgroup-5JHTPDMNBUNHLJI8LPHKQK1JK.pcm
SwiftExplicitDependencyGeneratePcm arm64 /Users/admin/builder/spi-builder-workspace/.derivedData/SDKExplicitPrecompiledModules/Dispatch-1NLJOVAK60XP0DUB05XA59EIM.pcm
SwiftExplicitDependencyGeneratePcm arm64_32 /Users/admin/builder/spi-builder-workspace/.derivedData/SDKExplicitPrecompiledModules/Dispatch-2P62F1T4XV63S4P99TUDTOK2Q.pcm
SwiftExplicitDependencyGeneratePcm arm64 /Users/admin/builder/spi-builder-workspace/.derivedData/SDKExplicitPrecompiledModules/XPC-40DR0X1DHKGCV4J1IOLFS8MOU.pcm
SwiftExplicitDependencyGeneratePcm arm64 /Users/admin/builder/spi-builder-workspace/.derivedData/SDKExplicitPrecompiledModules/CoreFoundation-8T2L24YC5NU7WO6WQJWRY7W08.pcm
SwiftExplicitDependencyGeneratePcm arm64_32 /Users/admin/builder/spi-builder-workspace/.derivedData/SDKExplicitPrecompiledModules/CoreFoundation-8E6Y4BA3EXYKUGJ24GT9LGV3N.pcm
SwiftExplicitDependencyGeneratePcm arm64_32 /Users/admin/builder/spi-builder-workspace/.derivedData/SDKExplicitPrecompiledModules/XPC-81Y45QFY96XYYFCW2GT6FY8S4.pcm
SwiftExplicitDependencyGeneratePcm arm64 /Users/admin/builder/spi-builder-workspace/.derivedData/SDKExplicitPrecompiledModules/Security-6RZ6YBRU8WCUHRFFRVUK5WKMM.pcm
SwiftExplicitDependencyGeneratePcm arm64_32 /Users/admin/builder/spi-builder-workspace/.derivedData/SDKExplicitPrecompiledModules/Security-D7TOWF88VWF67TB9HAFP5UWB1.pcm
SwiftExplicitDependencyGeneratePcm arm64 /Users/admin/builder/spi-builder-workspace/.derivedData/SDKExplicitPrecompiledModules/Foundation-DLBKUSGXN8QHAT8W0OARR9S8A.pcm
SwiftExplicitDependencyGeneratePcm arm64_32 /Users/admin/builder/spi-builder-workspace/.derivedData/SDKExplicitPrecompiledModules/Foundation-BJ2VQGI3OGR34500MEQ1VKHPH.pcm
SwiftEmitModule normal arm64 Emitting\ module\ for\ Splash (in target 'Splash' from project 'Splash')
/Users/admin/builder/spi-builder-workspace/Sources/Splash/Theming/Theme.swift:18:32: error: cannot find type 'Color' in scope
16 | public var font: Font
17 | /// What color to use for plain text (no highlighting)
18 | public var plainTextColor: Color
| `- error: cannot find type 'Color' in scope
19 | /// What color to use for the background
20 | public var backgroundColor: Color
/Users/admin/builder/spi-builder-workspace/Sources/Splash/Theming/Theme.swift:20:33: error: cannot find type 'Color' in scope
18 | public var plainTextColor: Color
19 | /// What color to use for the background
20 | public var backgroundColor: Color
| `- error: cannot find type 'Color' in scope
21 | /// What color to use for the text's highlighted tokens
22 | public var tokenColors: [TokenType: Color]
/Users/admin/builder/spi-builder-workspace/Sources/Splash/Theming/Theme.swift:22:41: error: cannot find type 'Color' in scope
20 | public var backgroundColor: Color
21 | /// What color to use for the text's highlighted tokens
22 | public var tokenColors: [TokenType: Color]
| `- error: cannot find type 'Color' in scope
23 |
24 | public init(font: Font,
/Users/admin/builder/spi-builder-workspace/Sources/Splash/Theming/Font.swift:42:24: error: cannot find type 'Loaded' in scope
40 | case system
41 | /// Use a pre-loaded font
42 | case preloaded(Loaded)
| `- error: cannot find type 'Loaded' in scope
43 | /// Load a font file from a given file system path
44 | case path(String)
/Users/admin/builder/spi-builder-workspace/Sources/Splash/Theming/Font.swift:49:20: error: cannot find type 'Loaded' in scope
47 |
48 | internal extension Font {
49 | func load() -> Loaded {
| `- error: cannot find type 'Loaded' in scope
50 | switch resource {
51 | case .system:
/Users/admin/builder/spi-builder-workspace/Sources/Splash/Output/AttributedStringOutputFormat.swift:57:46: error: 'Loaded' is not a member type of struct 'Splash.Font'
55 |
56 | private extension NSMutableAttributedString {
57 | func append(_ string: String, font: Font.Loaded, color: Color) {
| `- error: 'Loaded' is not a member type of struct 'Splash.Font'
58 | let attributedString = NSAttributedString(string: string, attributes: [
59 | .foregroundColor: color,
/Users/admin/builder/spi-builder-workspace/Sources/Splash/Theming/Font.swift:15:15: note: 'Font' declared here
13 | /// simplified font representation rather than `NSFont`
14 | /// or `UIFont`.
15 | public struct Font {
| `- note: 'Font' declared here
16 | /// The underlying resource used to load the font
17 | public var resource: Resource
/Users/admin/builder/spi-builder-workspace/Sources/Splash/Output/AttributedStringOutputFormat.swift:57:61: error: cannot find type 'Color' in scope
55 |
56 | private extension NSMutableAttributedString {
57 | func append(_ string: String, font: Font.Loaded, color: Color) {
| `- error: cannot find type 'Color' in scope
58 | let attributedString = NSAttributedString(string: string, attributes: [
59 | .foregroundColor: color,
/Users/admin/builder/spi-builder-workspace/Sources/Splash/Theming/Color.swift:16:20: error: cannot find type 'Color' in scope
14 |
15 | #if !os(Linux)
16 | internal extension Color {
| `- error: cannot find type 'Color' in scope
17 | convenience init(red: CGFloat, green: CGFloat, blue: CGFloat) {
18 | self.init(red: red, green: green, blue: blue, alpha: 1)
/Users/admin/builder/spi-builder-workspace/Sources/Splash/Theming/Font.swift:60:39: error: cannot find type 'Loaded' in scope
58 | }
59 |
60 | private func loadDefaultFont() -> Loaded {
| `- error: cannot find type 'Loaded' in scope
61 | let font: Loaded?
62 |
/Users/admin/builder/spi-builder-workspace/Sources/Splash/Theming/Font.swift:72:49: error: cannot find type 'Loaded' in scope
70 | }
71 |
72 | private func load(fromPath path: String) -> Loaded? {
| `- error: cannot find type 'Loaded' in scope
73 | guard
74 | let url = CFURLCreateWithFileSystemPath(kCFAllocatorDefault, path as CFString, .cfurlposixPathStyle, false),
/Users/admin/builder/spi-builder-workspace/Sources/Splash/Theming/Theme.swift:25:33: error: cannot find type 'Color' in scope
23 |
24 | public init(font: Font,
25 | plainTextColor: Color,
| `- error: cannot find type 'Color' in scope
26 | tokenColors: [TokenType: Color],
27 | backgroundColor: Color = Color(white: 0.12, alpha: 1)) {
/Users/admin/builder/spi-builder-workspace/Sources/Splash/Theming/Theme.swift:26:42: error: cannot find type 'Color' in scope
24 | public init(font: Font,
25 | plainTextColor: Color,
26 | tokenColors: [TokenType: Color],
| `- error: cannot find type 'Color' in scope
27 | backgroundColor: Color = Color(white: 0.12, alpha: 1)) {
28 | self.font = font
/Users/admin/builder/spi-builder-workspace/Sources/Splash/Theming/Theme.swift:27:34: error: cannot find type 'Color' in scope
25 | plainTextColor: Color,
26 | tokenColors: [TokenType: Color],
27 | backgroundColor: Color = Color(white: 0.12, alpha: 1)) {
| `- error: cannot find type 'Color' in scope
28 | self.font = font
29 | self.plainTextColor = plainTextColor
Failed frontend command:
SwiftCompile normal arm64 (in target 'Splash' from project 'Splash')
cd /Users/admin/builder/spi-builder-workspace/.swiftpm/xcode
/Applications/Xcode-27.0.0-Release.Candidate.app/Contents/Developer/Toolchains/XcodeDefault.xctoolchain/usr/bin/swift-frontend -frontend -emit-module -experimental-skip-non-inlinable-function-bodies-without-types /Users/admin/builder/spi-builder-workspace/Sources/Splash/Extensions/CharacterSet/CharacterSet+Contains.swift /Users/admin/builder/spi-builder-workspace/Sources/Splash/Extensions/Equatable/Equatable+AnyOf.swift /Users/admin/builder/spi-builder-workspace/Sources/Splash/Extensions/Int/Int+IsOdd.swift /Users/admin/builder/spi-builder-workspace/Sources/Splash/Extensions/Sequence/Sequence+AnyOf.swift /Users/admin/builder/spi-builder-workspace/Sources/Splash/Extensions/Sequence/Sequence+Occurrences.swift /Users/admin/builder/spi-builder-workspace/Sources/Splash/Extensions/Strings/String+HTMLEntities.swift /Users/admin/builder/spi-builder-workspace/Sources/Splash/Extensions/Strings/String+IsNumber.swift /Users/admin/builder/spi-builder-workspace/Sources/Splash/Extensions/Strings/String+PrefixChecking.swift /Users/admin/builder/spi-builder-workspace/Sources/Splash/Extensions/Strings/String+Removing.swift /Users/admin/builder/spi-builder-workspace/Sources/Splash/Extensions/Strings/Substring+HasSuffix.swift /Users/admin/builder/spi-builder-workspace/Sources/Splash/Grammar/Grammar.swift /Users/admin/builder/spi-builder-workspace/Sources/Splash/Grammar/SwiftGrammar.swift /Users/admin/builder/spi-builder-workspace/Sources/Splash/Output/AttributedStringOutputFormat.swift /Users/admin/builder/spi-builder-workspace/Sources/Splash/Output/HTMLOutputFormat.swift /Users/admin/builder/spi-builder-workspace/Sources/Splash/Output/MarkdownDecorator.swift /Users/admin/builder/spi-builder-workspace/Sources/Splash/Output/OutputBuilder.swift /Users/admin/builder/spi-builder-workspace/Sources/Splash/Output/OutputFormat.swift /Users/admin/builder/spi-builder-workspace/Sources/Splash/Syntax/SyntaxHighlighter.swift /Users/admin/builder/spi-builder-workspace/Sources/Splash/Syntax/SyntaxRule.swift /Users/admin/builder/spi-builder-workspace/Sources/Splash/Theming/Color.swift /Users/admin/builder/spi-builder-workspace/Sources/Splash/Theming/Font.swift /Users/admin/builder/spi-builder-workspace/Sources/Splash/Theming/Theme+Defaults.swift /Users/admin/builder/spi-builder-workspace/Sources/Splash/Theming/Theme.swift /Users/admin/builder/spi-builder-workspace/Sources/Splash/Tokenizing/Segment.swift /Users/admin/builder/spi-builder-workspace/Sources/Splash/Tokenizing/TokenType.swift /Users/admin/builder/spi-builder-workspace/Sources/Splash/Tokenizing/Tokenizer.swift -target arm64-apple-watchos9.0 -disable-cross-import-overlay-search -load-resolved-plugin /Applications/Xcode-27.0.0-Release.Candidate.app/Contents/Developer/Platforms/WatchOS.platform/Developer/usr/lib/swift/host/plugins/libFoundationMacros.dylib\#/Applications/Xcode-27.0.0-Release.Candidate.app/Contents/Developer/Platforms/WatchOS.platform/Developer/usr/bin/swift-plugin-server\#FoundationMacros -load-resolved-plugin /Applications/Xcode-27.0.0-Release.Candidate.app/Contents/Developer/Platforms/WatchOS.platform/Developer/usr/lib/swift/host/plugins/libObservationMacros.dylib\#/Applications/Xcode-27.0.0-Release.Candidate.app/Contents/Developer/Platforms/WatchOS.platform/Developer/usr/bin/swift-plugin-server\#ObservationMacros -load-resolved-plugin /Applications/Xcode-27.0.0-Release.Candidate.app/Contents/Developer/Platforms/WatchOS.platform/Developer/usr/lib/swift/host/plugins/libSwiftMacros.dylib\#/Applications/Xcode-27.0.0-Release.Candidate.app/Contents/Developer/Platforms/WatchOS.platform/Developer/usr/bin/swift-plugin-server\#SwiftMacros -disable-implicit-swift-modules -Xcc -fno-implicit-modules -Xcc -fno-implicit-module-maps -explicit-swift-module-map-file /Users/admin/builder/spi-builder-workspace/.derivedData/Build/Intermediates.noindex/Splash.build/Debug-watchos/Splash-t.build/Objects-normal/arm64/Splash-dependencies-1.json -Xllvm -aarch64-use-tbi -enable-objc-interop -stack-check -sdk /Applications/Xcode-27.0.0-Release.Candidate.app/Contents/Developer/Platforms/WatchOS.platform/Developer/SDKs/WatchOS27.0.sdk -I /Users/admin/builder/spi-builder-workspace/.derivedData/Build/Products/Debug-watchos -Isystem /Applications/Xcode-27.0.0-Release.Candidate.app/Contents/Developer/Platforms/WatchOS.platform/Developer/usr/lib -F /Users/admin/builder/spi-builder-workspace/.derivedData/Build/Products/Debug-watchos -F /Applications/Xcode-27.0.0-Release.Candidate.app/Contents/Developer/Platforms/WatchOS.platform/Developer/Library/Frameworks -F /Applications/Xcode-27.0.0-Release.Candidate.app/Contents/Developer/Platforms/WatchOS.platform/Developer/SDKs/WatchOS27.0.sdk/Developer/Library/Frameworks -module-cache-path /Users/admin/builder/spi-builder-workspace/.derivedData/Build/Intermediates.noindex/SwiftExplicitPrecompiledModules -no-color-diagnostics -Xcc -fno-color-diagnostics -enable-testing -g -debug-info-format\=dwarf -dwarf-version\=4 -profile-generate -profile-coverage-mapping -swift-version 5 -Onone -D SWIFT_PACKAGE -D DEBUG -D SWIFT_MODULE_RESOURCE_BUNDLE_UNAVAILABLE -D Xcode -serialize-debugging-options -enable-experimental-feature DebugDescriptionMacro -empty-abi-descriptor -validate-clang-modules-once -clang-build-session-file /Users/admin/builder/spi-builder-workspace/.derivedData/ModuleCache.noindex/Session.modulevalidation -Xcc -working-directory -Xcc /Users/admin/builder/spi-builder-workspace/.swiftpm/xcode -enable-anonymous-context-mangled-names -file-compilation-dir /Users/admin/builder/spi-builder-workspace/.swiftpm/xcode -Xcc -D_LIBCPP_HARDENING_MODE\=_LIBCPP_HARDENING_MODE_DEBUG -Xcc -ivfsstatcache -Xcc /Users/admin/builder/spi-builder-workspace/.derivedData/SDKStatCaches.noindex/watchos27.0-24R360-e829b21a6f8c9b70876ba0858053c04477534ef55a1706bf4c1112bbb242f0a2.sdkstatcache -Xcc -fmodules-prune-interval\=86400 -Xcc -fmodules-prune-after\=345600 -Xcc -I/Users/admin/builder/spi-builder-workspace/.derivedData/Build/Products/Debug-watchos/include -Xcc -I/Users/admin/builder/spi-builder-workspace/.derivedData/Build/Intermediates.noindex/Splash.build/Debug-watchos/Splash-t.build/DerivedSources-normal/arm64 -Xcc -I/Users/admin/builder/spi-builder-workspace/.derivedData/Build/Intermediates.noindex/Splash.build/Debug-watchos/Splash-t.build/DerivedSources/arm64 -Xcc -I/Users/admin/builder/spi-builder-workspace/.derivedData/Build/Intermediates.noindex/Splash.build/Debug-watchos/Splash-t.build/DerivedSources -Xcc -DSWIFT_PACKAGE -Xcc -DDEBUG\=1 -no-auto-bridging-header-chaining -module-name Splash -const-gather-protocols-file /Users/admin/builder/spi-builder-workspace/.derivedData/Build/Intermediates.noindex/Splash.build/Debug-watchos/Splash-t.build/Objects-normal/arm64/Splash_const_extract_protocols.json -disable-clang-spi -clang-target arm64-apple-watchos27.0 -target-sdk-version 27.0 -target-sdk-name watchos27.0 -in-process-plugin-server-path /Applications/Xcode-27.0.0-Release.Candidate.app/Contents/Developer/Toolchains/XcodeDefault.xctoolchain/usr/lib/swift/host/libSwiftInProcPluginServer.dylib -emit-module-doc-path /Users/admin/builder/spi-builder-workspace/.derivedData/Build/Intermediates.noindex/Splash.build/Debug-watchos/Splash-t.build/Objects-normal/arm64/Splash.swiftdoc -emit-module-source-info-path /Users/admin/builder/spi-builder-workspace/.derivedData/Build/Intermediates.noindex/Splash.build/Debug-watchos/Splash-t.build/Objects-normal/arm64/Splash.swiftsourceinfo -emit-objc-header-path /Users/admin/builder/spi-builder-workspace/.derivedData/Build/Intermediates.noindex/Splash.build/Debug-watchos/Splash-t.build/Objects-normal/arm64/Splash-Swift.h -serialize-diagnostics-path /Users/admin/builder/spi-builder-workspace/.derivedData/Build/Intermediates.noindex/Splash.build/Debug-watchos/Splash-t.build/Objects-normal/arm64/Splash-primary-emit-module.dia -emit-dependencies-path /Users/admin/builder/spi-builder-workspace/.derivedData/Build/Intermediates.noindex/Splash.build/Debug-watchos/Splash-t.build/Objects-normal/arm64/Splash-primary-emit-module.d -parse-as-library -o /Users/admin/builder/spi-builder-workspace/.derivedData/Build/Intermediates.noindex/Splash.build/Debug-watchos/Splash-t.build/Objects-normal/arm64/Splash.swiftmodule -emit-abi-descriptor-path /Users/admin/builder/spi-builder-workspace/.derivedData/Build/Intermediates.noindex/Splash.build/Debug-watchos/Splash-t.build/Objects-normal/arm64/Splash.abi.json
SwiftCompile normal arm64 Compiling\ TokenType.swift,\ Tokenizer.swift /Users/admin/builder/spi-builder-workspace/Sources/Splash/Tokenizing/TokenType.swift /Users/admin/builder/spi-builder-workspace/Sources/Splash/Tokenizing/Tokenizer.swift (in target 'Splash' from project 'Splash')
SwiftCompile normal arm64 /Users/admin/builder/spi-builder-workspace/Sources/Splash/Tokenizing/TokenType.swift (in target 'Splash' from project 'Splash')
cd /Users/admin/builder/spi-builder-workspace/.swiftpm/xcode
builtin-SwiftPerFileCompile TokenType.swift
SwiftCompile normal arm64 /Users/admin/builder/spi-builder-workspace/Sources/Splash/Tokenizing/Tokenizer.swift (in target 'Splash' from project 'Splash')
cd /Users/admin/builder/spi-builder-workspace/.swiftpm/xcode
builtin-SwiftPerFileCompile Tokenizer.swift
SwiftCompile normal arm64 Compiling\ Font.swift,\ Theme+Defaults.swift /Users/admin/builder/spi-builder-workspace/Sources/Splash/Theming/Font.swift /Users/admin/builder/spi-builder-workspace/Sources/Splash/Theming/Theme+Defaults.swift (in target 'Splash' from project 'Splash')
/Users/admin/builder/spi-builder-workspace/Sources/Splash/Theming/Font.swift:42:24: error: cannot find type 'Loaded' in scope
40 | case system
41 | /// Use a pre-loaded font
42 | case preloaded(Loaded)
| `- error: cannot find type 'Loaded' in scope
43 | /// Load a font file from a given file system path
44 | case path(String)
/Users/admin/builder/spi-builder-workspace/Sources/Splash/Theming/Font.swift:49:20: error: cannot find type 'Loaded' in scope
47 |
48 | internal extension Font {
49 | func load() -> Loaded {
| `- error: cannot find type 'Loaded' in scope
50 | switch resource {
51 | case .system:
/Users/admin/builder/spi-builder-workspace/Sources/Splash/Theming/Font.swift:60:39: error: cannot find type 'Loaded' in scope
58 | }
59 |
60 | private func loadDefaultFont() -> Loaded {
| `- error: cannot find type 'Loaded' in scope
61 | let font: Loaded?
62 |
/Users/admin/builder/spi-builder-workspace/Sources/Splash/Theming/Font.swift:72:49: error: cannot find type 'Loaded' in scope
70 | }
71 |
72 | private func load(fromPath path: String) -> Loaded? {
| `- error: cannot find type 'Loaded' in scope
73 | guard
74 | let url = CFURLCreateWithFileSystemPath(kCFAllocatorDefault, path as CFString, .cfurlposixPathStyle, false),
/Users/admin/builder/spi-builder-workspace/Sources/Splash/Theming/Font.swift:61:19: error: cannot find type 'Loaded' in scope
59 |
60 | private func loadDefaultFont() -> Loaded {
61 | let font: Loaded?
| `- error: cannot find type 'Loaded' in scope
62 |
63 | #if os(iOS)
/Users/admin/builder/spi-builder-workspace/Sources/Splash/Theming/Font.swift:75:28: error: cannot find 'CGDataProvider' in scope
73 | guard
74 | let url = CFURLCreateWithFileSystemPath(kCFAllocatorDefault, path as CFString, .cfurlposixPathStyle, false),
75 | let provider = CGDataProvider(url: url),
| `- error: cannot find 'CGDataProvider' in scope
76 | let font = CGFont(provider)
77 | else {
/Users/admin/builder/spi-builder-workspace/Sources/Splash/Theming/Font.swift:76:24: error: cannot find 'CGFont' in scope
74 | let url = CFURLCreateWithFileSystemPath(kCFAllocatorDefault, path as CFString, .cfurlposixPathStyle, false),
75 | let provider = CGDataProvider(url: url),
76 | let font = CGFont(provider)
| `- error: cannot find 'CGFont' in scope
77 | else {
78 | return nil
/Users/admin/builder/spi-builder-workspace/Sources/Splash/Theming/Font.swift:81:16: error: cannot find 'CTFontCreateWithGraphicsFont' in scope
79 | }
80 |
81 | return CTFontCreateWithGraphicsFont(font, CGFloat(size), nil, nil)
| `- error: cannot find 'CTFontCreateWithGraphicsFont' in scope
82 | }
83 | }
/Users/admin/builder/spi-builder-workspace/Sources/Splash/Theming/Theme+Defaults.swift:16:29: error: cannot find 'Color' in scope
14 | return Theme(
15 | font: font,
16 | plainTextColor: Color(
| `- error: cannot find 'Color' in scope
17 | red: 0.66,
18 | green: 0.74,
/Users/admin/builder/spi-builder-workspace/Sources/Splash/Theming/Theme+Defaults.swift:22:27: error: cannot find 'Color' in scope
20 | ),
21 | tokenColors: [
22 | .keyword: Color(red: 0.91, green: 0.2, blue: 0.54),
| `- error: cannot find 'Color' in scope
23 | .string: Color(red: 0.98, green: 0.39, blue: 0.12),
24 | .type: Color(red: 0.51, green: 0.51, blue: 0.79),
/Users/admin/builder/spi-builder-workspace/Sources/Splash/Theming/Theme+Defaults.swift:23:26: error: cannot find 'Color' in scope
21 | tokenColors: [
22 | .keyword: Color(red: 0.91, green: 0.2, blue: 0.54),
23 | .string: Color(red: 0.98, green: 0.39, blue: 0.12),
| `- error: cannot find 'Color' in scope
24 | .type: Color(red: 0.51, green: 0.51, blue: 0.79),
25 | .call: Color(red: 0.2, green: 0.56, blue: 0.9),
/Users/admin/builder/spi-builder-workspace/Sources/Splash/Theming/Theme+Defaults.swift:24:24: error: cannot find 'Color' in scope
22 | .keyword: Color(red: 0.91, green: 0.2, blue: 0.54),
23 | .string: Color(red: 0.98, green: 0.39, blue: 0.12),
24 | .type: Color(red: 0.51, green: 0.51, blue: 0.79),
| `- error: cannot find 'Color' in scope
25 | .call: Color(red: 0.2, green: 0.56, blue: 0.9),
26 | .number: Color(red: 0.86, green: 0.44, blue: 0.34),
/Users/admin/builder/spi-builder-workspace/Sources/Splash/Theming/Theme+Defaults.swift:25:24: error: cannot find 'Color' in scope
23 | .string: Color(red: 0.98, green: 0.39, blue: 0.12),
24 | .type: Color(red: 0.51, green: 0.51, blue: 0.79),
25 | .call: Color(red: 0.2, green: 0.56, blue: 0.9),
| `- error: cannot find 'Color' in scope
26 | .number: Color(red: 0.86, green: 0.44, blue: 0.34),
27 | .comment: Color(red: 0.42, green: 0.54, blue: 0.58),
/Users/admin/builder/spi-builder-workspace/Sources/Splash/Theming/Theme+Defaults.swift:26:26: error: cannot find 'Color' in scope
24 | .type: Color(red: 0.51, green: 0.51, blue: 0.79),
25 | .call: Color(red: 0.2, green: 0.56, blue: 0.9),
26 | .number: Color(red: 0.86, green: 0.44, blue: 0.34),
| `- error: cannot find 'Color' in scope
27 | .comment: Color(red: 0.42, green: 0.54, blue: 0.58),
28 | .property: Color(red: 0.13, green: 0.67, blue: 0.62),
/Users/admin/builder/spi-builder-workspace/Sources/Splash/Theming/Theme+Defaults.swift:27:27: error: cannot find 'Color' in scope
25 | .call: Color(red: 0.2, green: 0.56, blue: 0.9),
26 | .number: Color(red: 0.86, green: 0.44, blue: 0.34),
27 | .comment: Color(red: 0.42, green: 0.54, blue: 0.58),
| `- error: cannot find 'Color' in scope
28 | .property: Color(red: 0.13, green: 0.67, blue: 0.62),
29 | .dotAccess: Color(red: 0.57, green: 0.7, blue: 0),
/Users/admin/builder/spi-builder-workspace/Sources/Splash/Theming/Theme+Defaults.swift:28:28: error: cannot find 'Color' in scope
26 | .number: Color(red: 0.86, green: 0.44, blue: 0.34),
27 | .comment: Color(red: 0.42, green: 0.54, blue: 0.58),
28 | .property: Color(red: 0.13, green: 0.67, blue: 0.62),
| `- error: cannot find 'Color' in scope
29 | .dotAccess: Color(red: 0.57, green: 0.7, blue: 0),
30 | .preprocessing: Color(red: 0.71, green: 0.54, blue: 0)
/Users/admin/builder/spi-builder-workspace/Sources/Splash/Theming/Theme+Defaults.swift:29:29: error: cannot find 'Color' in scope
27 | .comment: Color(red: 0.42, green: 0.54, blue: 0.58),
28 | .property: Color(red: 0.13, green: 0.67, blue: 0.62),
29 | .dotAccess: Color(red: 0.57, green: 0.7, blue: 0),
| `- error: cannot find 'Color' in scope
30 | .preprocessing: Color(red: 0.71, green: 0.54, blue: 0)
31 | ],
/Users/admin/builder/spi-builder-workspace/Sources/Splash/Theming/Theme+Defaults.swift:30:33: error: cannot find 'Color' in scope
28 | .property: Color(red: 0.13, green: 0.67, blue: 0.62),
29 | .dotAccess: Color(red: 0.57, green: 0.7, blue: 0),
30 | .preprocessing: Color(red: 0.71, green: 0.54, blue: 0)
| `- error: cannot find 'Color' in scope
31 | ],
32 | backgroundColor: Color(
/Users/admin/builder/spi-builder-workspace/Sources/Splash/Theming/Theme+Defaults.swift:32:30: error: cannot find 'Color' in scope
30 | .preprocessing: Color(red: 0.71, green: 0.54, blue: 0)
31 | ],
32 | backgroundColor: Color(
| `- error: cannot find 'Color' in scope
33 | red: 0.098,
34 | green: 0.098,
/Users/admin/builder/spi-builder-workspace/Sources/Splash/Theming/Theme.swift:25:33: error: cannot find type 'Color' in scope
23 |
24 | public init(font: Font,
25 | plainTextColor: Color,
| `- error: cannot find type 'Color' in scope
26 | tokenColors: [TokenType: Color],
27 | backgroundColor: Color = Color(white: 0.12, alpha: 1)) {
/Users/admin/builder/spi-builder-workspace/Sources/Splash/Theming/Theme.swift:26:42: error: cannot find type 'Color' in scope
24 | public init(font: Font,
25 | plainTextColor: Color,
26 | tokenColors: [TokenType: Color],
| `- error: cannot find type 'Color' in scope
27 | backgroundColor: Color = Color(white: 0.12, alpha: 1)) {
28 | self.font = font
/Users/admin/builder/spi-builder-workspace/Sources/Splash/Theming/Theme.swift:27:34: error: cannot find type 'Color' in scope
25 | plainTextColor: Color,
26 | tokenColors: [TokenType: Color],
27 | backgroundColor: Color = Color(white: 0.12, alpha: 1)) {
| `- error: cannot find type 'Color' in scope
28 | self.font = font
29 | self.plainTextColor = plainTextColor
/Users/admin/builder/spi-builder-workspace/Sources/Splash/Theming/Theme+Defaults.swift:44:29: error: cannot find 'Color' in scope
42 | return Theme(
43 | font: font,
44 | plainTextColor: Color(
| `- error: cannot find 'Color' in scope
45 | red: 1,
46 | green: 1,
/Users/admin/builder/spi-builder-workspace/Sources/Splash/Theming/Theme+Defaults.swift:50:27: error: cannot find 'Color' in scope
48 | ),
49 | tokenColors: [
50 | .keyword: Color(red: 0.828, green: 0.095, blue: 0.583),
| `- error: cannot find 'Color' in scope
51 | .string: Color(red: 1.0, green: 0.171, blue: 0.219),
52 | .type: Color(red: 0.137, green: 1.0, blue: 0.512),
/Users/admin/builder/spi-builder-workspace/Sources/Splash/Theming/Theme+Defaults.swift:51:26: error: cannot find 'Color' in scope
49 | tokenColors: [
50 | .keyword: Color(red: 0.828, green: 0.095, blue: 0.583),
51 | .string: Color(red: 1.0, green: 0.171, blue: 0.219),
| `- error: cannot find 'Color' in scope
52 | .type: Color(red: 0.137, green: 1.0, blue: 0.512),
53 | .call: Color(red: 0.137, green: 1.0, blue: 0.512),
/Users/admin/builder/spi-builder-workspace/Sources/Splash/Theming/Theme+Defaults.swift:52:24: error: cannot find 'Color' in scope
50 | .keyword: Color(red: 0.828, green: 0.095, blue: 0.583),
51 | .string: Color(red: 1.0, green: 0.171, blue: 0.219),
52 | .type: Color(red: 0.137, green: 1.0, blue: 0.512),
| `- error: cannot find 'Color' in scope
53 | .call: Color(red: 0.137, green: 1.0, blue: 0.512),
54 | .number: Color(red: 0.469, green: 0.426, blue: 1.00),
/Users/admin/builder/spi-builder-workspace/Sources/Splash/Theming/Theme+Defaults.swift:53:24: error: cannot find 'Color' in scope
51 | .string: Color(red: 1.0, green: 0.171, blue: 0.219),
52 | .type: Color(red: 0.137, green: 1.0, blue: 0.512),
53 | .call: Color(red: 0.137, green: 1.0, blue: 0.512),
| `- error: cannot find 'Color' in scope
54 | .number: Color(red: 0.469, green: 0.426, blue: 1.00),
55 | .comment: Color(red: 0.255, green: 0.801, blue: 0.27),
/Users/admin/builder/spi-builder-workspace/Sources/Splash/Theming/Theme+Defaults.swift:54:26: error: cannot find 'Color' in scope
52 | .type: Color(red: 0.137, green: 1.0, blue: 0.512),
53 | .call: Color(red: 0.137, green: 1.0, blue: 0.512),
54 | .number: Color(red: 0.469, green: 0.426, blue: 1.00),
| `- error: cannot find 'Color' in scope
55 | .comment: Color(red: 0.255, green: 0.801, blue: 0.27),
56 | .property: Color(red: 0.431, green: 0.714, blue: 0.533),
/Users/admin/builder/spi-builder-workspace/Sources/Splash/Theming/Theme+Defaults.swift:55:27: error: cannot find 'Color' in scope
53 | .call: Color(red: 0.137, green: 1.0, blue: 0.512),
54 | .number: Color(red: 0.469, green: 0.426, blue: 1.00),
55 | .comment: Color(red: 0.255, green: 0.801, blue: 0.27),
| `- error: cannot find 'Color' in scope
56 | .property: Color(red: 0.431, green: 0.714, blue: 0.533),
57 | .dotAccess: Color(red: 0.431, green: 0.714, blue: 0.533),
/Users/admin/builder/spi-builder-workspace/Sources/Splash/Theming/Theme+Defaults.swift:56:28: error: cannot find 'Color' in scope
54 | .number: Color(red: 0.469, green: 0.426, blue: 1.00),
55 | .comment: Color(red: 0.255, green: 0.801, blue: 0.27),
56 | .property: Color(red: 0.431, green: 0.714, blue: 0.533),
| `- error: cannot find 'Color' in scope
57 | .dotAccess: Color(red: 0.431, green: 0.714, blue: 0.533),
58 | .preprocessing: Color(red: 0.896, green: 0.488, blue: 0.284)
/Users/admin/builder/spi-builder-workspace/Sources/Splash/Theming/Theme+Defaults.swift:57:29: error: cannot find 'Color' in scope
55 | .comment: Color(red: 0.255, green: 0.801, blue: 0.27),
56 | .property: Color(red: 0.431, green: 0.714, blue: 0.533),
57 | .dotAccess: Color(red: 0.431, green: 0.714, blue: 0.533),
| `- error: cannot find 'Color' in scope
58 | .preprocessing: Color(red: 0.896, green: 0.488, blue: 0.284)
59 | ],
/Users/admin/builder/spi-builder-workspace/Sources/Splash/Theming/Theme+Defaults.swift:58:33: error: cannot find 'Color' in scope
56 | .property: Color(red: 0.431, green: 0.714, blue: 0.533),
57 | .dotAccess: Color(red: 0.431, green: 0.714, blue: 0.533),
58 | .preprocessing: Color(red: 0.896, green: 0.488, blue: 0.284)
| `- error: cannot find 'Color' in scope
59 | ],
60 | backgroundColor: Color(
/Users/admin/builder/spi-builder-workspace/Sources/Splash/Theming/Theme+Defaults.swift:60:30: error: cannot find 'Color' in scope
58 | .preprocessing: Color(red: 0.896, green: 0.488, blue: 0.284)
59 | ],
60 | backgroundColor: Color(
| `- error: cannot find 'Color' in scope
61 | red: 0,
62 | green: 0,
/Users/admin/builder/spi-builder-workspace/Sources/Splash/Theming/Theme+Defaults.swift:72:29: error: cannot find 'Color' in scope
70 | return Theme(
71 | font: font,
72 | plainTextColor: Color(
| `- error: cannot find 'Color' in scope
73 | red: 0.84,
74 | green: 0.84,
/Users/admin/builder/spi-builder-workspace/Sources/Splash/Theming/Theme+Defaults.swift:78:27: error: cannot find 'Color' in scope
76 | ),
77 | tokenColors: [
78 | .keyword: Color(red: 0.992, green: 0.791, blue: 0.45),
| `- error: cannot find 'Color' in scope
79 | .string: Color(red: 0.966, green: 0.517, blue: 0.29),
80 | .type: Color(red: 0.431, green: 0.714, blue: 0.533),
/Users/admin/builder/spi-builder-workspace/Sources/Splash/Theming/Theme+Defaults.swift:79:26: error: cannot find 'Color' in scope
77 | tokenColors: [
78 | .keyword: Color(red: 0.992, green: 0.791, blue: 0.45),
79 | .string: Color(red: 0.966, green: 0.517, blue: 0.29),
| `- error: cannot find 'Color' in scope
80 | .type: Color(red: 0.431, green: 0.714, blue: 0.533),
81 | .call: Color(red: 0.431, green: 0.714, blue: 0.533),
/Users/admin/builder/spi-builder-workspace/Sources/Splash/Theming/Theme+Defaults.swift:80:24: error: cannot find 'Color' in scope
78 | .keyword: Color(red: 0.992, green: 0.791, blue: 0.45),
79 | .string: Color(red: 0.966, green: 0.517, blue: 0.29),
80 | .type: Color(red: 0.431, green: 0.714, blue: 0.533),
| `- error: cannot find 'Color' in scope
81 | .call: Color(red: 0.431, green: 0.714, blue: 0.533),
82 | .number: Color(red: 0.559, green: 0.504, blue: 0.745),
/Users/admin/builder/spi-builder-workspace/Sources/Splash/Theming/Theme+Defaults.swift:81:24: error: cannot find 'Color' in scope
79 | .string: Color(red: 0.966, green: 0.517, blue: 0.29),
80 | .type: Color(red: 0.431, green: 0.714, blue: 0.533),
81 | .call: Color(red: 0.431, green: 0.714, blue: 0.533),
| `- error: cannot find 'Color' in scope
82 | .number: Color(red: 0.559, green: 0.504, blue: 0.745),
83 | .comment: Color(red: 0.484, green: 0.483, blue: 0.504),
/Users/admin/builder/spi-builder-workspace/Sources/Splash/Theming/Theme+Defaults.swift:82:26: error: cannot find 'Color' in scope
80 | .type: Color(red: 0.431, green: 0.714, blue: 0.533),
81 | .call: Color(red: 0.431, green: 0.714, blue: 0.533),
82 | .number: Color(red: 0.559, green: 0.504, blue: 0.745),
| `- error: cannot find 'Color' in scope
83 | .comment: Color(red: 0.484, green: 0.483, blue: 0.504),
84 | .property: Color(red: 0.431, green: 0.714, blue: 0.533),
/Users/admin/builder/spi-builder-workspace/Sources/Splash/Theming/Theme+Defaults.swift:83:27: error: cannot find 'Color' in scope
81 | .call: Color(red: 0.431, green: 0.714, blue: 0.533),
82 | .number: Color(red: 0.559, green: 0.504, blue: 0.745),
83 | .comment: Color(red: 0.484, green: 0.483, blue: 0.504),
| `- error: cannot find 'Color' in scope
84 | .property: Color(red: 0.431, green: 0.714, blue: 0.533),
85 | .dotAccess: Color(red: 0.431, green: 0.714, blue: 0.533),
/Users/admin/builder/spi-builder-workspace/Sources/Splash/Theming/Theme+Defaults.swift:84:28: error: cannot find 'Color' in scope
82 | .number: Color(red: 0.559, green: 0.504, blue: 0.745),
83 | .comment: Color(red: 0.484, green: 0.483, blue: 0.504),
84 | .property: Color(red: 0.431, green: 0.714, blue: 0.533),
| `- error: cannot find 'Color' in scope
85 | .dotAccess: Color(red: 0.431, green: 0.714, blue: 0.533),
86 | .preprocessing: Color(red: 0.992, green: 0.791, blue: 0.45)
/Users/admin/builder/spi-builder-workspace/Sources/Splash/Theming/Theme+Defaults.swift:85:29: error: cannot find 'Color' in scope
83 | .comment: Color(red: 0.484, green: 0.483, blue: 0.504),
84 | .property: Color(red: 0.431, green: 0.714, blue: 0.533),
85 | .dotAccess: Color(red: 0.431, green: 0.714, blue: 0.533),
| `- error: cannot find 'Color' in scope
86 | .preprocessing: Color(red: 0.992, green: 0.791, blue: 0.45)
87 | ],
/Users/admin/builder/spi-builder-workspace/Sources/Splash/Theming/Theme+Defaults.swift:86:33: error: cannot find 'Color' in scope
84 | .property: Color(red: 0.431, green: 0.714, blue: 0.533),
85 | .dotAccess: Color(red: 0.431, green: 0.714, blue: 0.533),
86 | .preprocessing: Color(red: 0.992, green: 0.791, blue: 0.45)
| `- error: cannot find 'Color' in scope
87 | ],
88 | backgroundColor: Color(
/Users/admin/builder/spi-builder-workspace/Sources/Splash/Theming/Theme+Defaults.swift:88:30: error: cannot find 'Color' in scope
86 | .preprocessing: Color(red: 0.992, green: 0.791, blue: 0.45)
87 | ],
88 | backgroundColor: Color(
| `- error: cannot find 'Color' in scope
89 | red: 0.18,
90 | green: 0.19,
/Users/admin/builder/spi-builder-workspace/Sources/Splash/Theming/Theme+Defaults.swift:100:29: error: cannot find 'Color' in scope
98 | return Theme(
99 | font: font,
100 | plainTextColor: Color(
| `- error: cannot find 'Color' in scope
101 | red: 1,
102 | green: 1,
/Users/admin/builder/spi-builder-workspace/Sources/Splash/Theming/Theme+Defaults.swift:106:27: error: cannot find 'Color' in scope
104 | ),
105 | tokenColors: [
106 | .keyword: Color(red: 0.948, green: 0.140, blue: 0.547),
| `- error: cannot find 'Color' in scope
107 | .string: Color(red: 0.988, green: 0.273, blue: 0.317),
108 | .type: Color(red: 0.584, green: 0.898, blue: 0.361),
/Users/admin/builder/spi-builder-workspace/Sources/Splash/Theming/Theme+Defaults.swift:107:26: error: cannot find 'Color' in scope
105 | tokenColors: [
106 | .keyword: Color(red: 0.948, green: 0.140, blue: 0.547),
107 | .string: Color(red: 0.988, green: 0.273, blue: 0.317),
| `- error: cannot find 'Color' in scope
108 | .type: Color(red: 0.584, green: 0.898, blue: 0.361),
109 | .call: Color(red: 0.584, green: 0.898, blue: 0.361),
/Users/admin/builder/spi-builder-workspace/Sources/Splash/Theming/Theme+Defaults.swift:108:24: error: cannot find 'Color' in scope
106 | .keyword: Color(red: 0.948, green: 0.140, blue: 0.547),
107 | .string: Color(red: 0.988, green: 0.273, blue: 0.317),
108 | .type: Color(red: 0.584, green: 0.898, blue: 0.361),
| `- error: cannot find 'Color' in scope
109 | .call: Color(red: 0.584, green: 0.898, blue: 0.361),
110 | .number: Color(red: 0.587, green: 0.517, blue: 0.974),
/Users/admin/builder/spi-builder-workspace/Sources/Splash/Theming/Theme+Defaults.swift:109:24: error: cannot find 'Color' in scope
107 | .string: Color(red: 0.988, green: 0.273, blue: 0.317),
108 | .type: Color(red: 0.584, green: 0.898, blue: 0.361),
109 | .call: Color(red: 0.584, green: 0.898, blue: 0.361),
| `- error: cannot find 'Color' in scope
110 | .number: Color(red: 0.587, green: 0.517, blue: 0.974),
111 | .comment: Color(red: 0.424, green: 0.475, blue: 0.529),
/Users/admin/builder/spi-builder-workspace/Sources/Splash/Theming/Theme+Defaults.swift:110:26: error: cannot find 'Color' in scope
108 | .type: Color(red: 0.584, green: 0.898, blue: 0.361),
109 | .call: Color(red: 0.584, green: 0.898, blue: 0.361),
110 | .number: Color(red: 0.587, green: 0.517, blue: 0.974),
| `- error: cannot find 'Color' in scope
111 | .comment: Color(red: 0.424, green: 0.475, blue: 0.529),
112 | .property: Color(red: 0.584, green: 0.898, blue: 0.361),
/Users/admin/builder/spi-builder-workspace/Sources/Splash/Theming/Theme+Defaults.swift:111:27: error: cannot find 'Color' in scope
109 | .call: Color(red: 0.584, green: 0.898, blue: 0.361),
110 | .number: Color(red: 0.587, green: 0.517, blue: 0.974),
111 | .comment: Color(red: 0.424, green: 0.475, blue: 0.529),
| `- error: cannot find 'Color' in scope
112 | .property: Color(red: 0.584, green: 0.898, blue: 0.361),
113 | .dotAccess: Color(red: 0.584, green: 0.898, blue: 0.361),
/Users/admin/builder/spi-builder-workspace/Sources/Splash/Theming/Theme+Defaults.swift:112:28: error: cannot find 'Color' in scope
110 | .number: Color(red: 0.587, green: 0.517, blue: 0.974),
111 | .comment: Color(red: 0.424, green: 0.475, blue: 0.529),
112 | .property: Color(red: 0.584, green: 0.898, blue: 0.361),
| `- error: cannot find 'Color' in scope
113 | .dotAccess: Color(red: 0.584, green: 0.898, blue: 0.361),
114 | .preprocessing: Color(red: 0.952, green: 0.526, blue: 0.229)
/Users/admin/builder/spi-builder-workspace/Sources/Splash/Theming/Theme+Defaults.swift:113:29: error: cannot find 'Color' in scope
111 | .comment: Color(red: 0.424, green: 0.475, blue: 0.529),
112 | .property: Color(red: 0.584, green: 0.898, blue: 0.361),
113 | .dotAccess: Color(red: 0.584, green: 0.898, blue: 0.361),
| `- error: cannot find 'Color' in scope
114 | .preprocessing: Color(red: 0.952, green: 0.526, blue: 0.229)
115 | ],
/Users/admin/builder/spi-builder-workspace/Sources/Splash/Theming/Theme+Defaults.swift:114:33: error: cannot find 'Color' in scope
112 | .property: Color(red: 0.584, green: 0.898, blue: 0.361),
113 | .dotAccess: Color(red: 0.584, green: 0.898, blue: 0.361),
114 | .preprocessing: Color(red: 0.952, green: 0.526, blue: 0.229)
| `- error: cannot find 'Color' in scope
115 | ],
116 | backgroundColor: Color(
/Users/admin/builder/spi-builder-workspace/Sources/Splash/Theming/Theme+Defaults.swift:116:30: error: cannot find 'Color' in scope
114 | .preprocessing: Color(red: 0.952, green: 0.526, blue: 0.229)
115 | ],
116 | backgroundColor: Color(
| `- error: cannot find 'Color' in scope
117 | red: 0.163,
118 | green: 0.163,
/Users/admin/builder/spi-builder-workspace/Sources/Splash/Theming/Theme+Defaults.swift:128:29: error: cannot find 'Color' in scope
126 | return Theme(
127 | font: font,
128 | plainTextColor: Color(
| `- error: cannot find 'Color' in scope
129 | red: 0,
130 | green: 0,
/Users/admin/builder/spi-builder-workspace/Sources/Splash/Theming/Theme+Defaults.swift:134:27: error: cannot find 'Color' in scope
132 | ),
133 | tokenColors: [
134 | .keyword: Color(red: 0.161, green: 0.259, blue: 0.467),
| `- error: cannot find 'Color' in scope
135 | .string: Color(red: 0.875, green: 0.027, blue: 0.0),
136 | .type: Color(red: 0.706, green: 0.27, blue: 0.0),
/Users/admin/builder/spi-builder-workspace/Sources/Splash/Theming/Theme+Defaults.swift:135:26: error: cannot find 'Color' in scope
133 | tokenColors: [
134 | .keyword: Color(red: 0.161, green: 0.259, blue: 0.467),
135 | .string: Color(red: 0.875, green: 0.027, blue: 0.0),
| `- error: cannot find 'Color' in scope
136 | .type: Color(red: 0.706, green: 0.27, blue: 0.0),
137 | .call: Color(red: 0.278, green: 0.415, blue: 0.593),
/Users/admin/builder/spi-builder-workspace/Sources/Splash/Theming/Theme+Defaults.swift:136:24: error: cannot find 'Color' in scope
134 | .keyword: Color(red: 0.161, green: 0.259, blue: 0.467),
135 | .string: Color(red: 0.875, green: 0.027, blue: 0.0),
136 | .type: Color(red: 0.706, green: 0.27, blue: 0.0),
| `- error: cannot find 'Color' in scope
137 | .call: Color(red: 0.278, green: 0.415, blue: 0.593),
138 | .number: Color(red: 0.161, green: 0.259, blue: 0.467),
/Users/admin/builder/spi-builder-workspace/Sources/Splash/Theming/Theme+Defaults.swift:137:24: error: cannot find 'Color' in scope
135 | .string: Color(red: 0.875, green: 0.027, blue: 0.0),
136 | .type: Color(red: 0.706, green: 0.27, blue: 0.0),
137 | .call: Color(red: 0.278, green: 0.415, blue: 0.593),
| `- error: cannot find 'Color' in scope
138 | .number: Color(red: 0.161, green: 0.259, blue: 0.467),
139 | .comment: Color(red: 0.765, green: 0.455, blue: 0.11),
/Users/admin/builder/spi-builder-workspace/Sources/Splash/Theming/Theme+Defaults.swift:138:26: error: cannot find 'Color' in scope
136 | .type: Color(red: 0.706, green: 0.27, blue: 0.0),
137 | .call: Color(red: 0.278, green: 0.415, blue: 0.593),
138 | .number: Color(red: 0.161, green: 0.259, blue: 0.467),
| `- error: cannot find 'Color' in scope
139 | .comment: Color(red: 0.765, green: 0.455, blue: 0.11),
140 | .property: Color(red: 0.278, green: 0.415, blue: 0.593),
/Users/admin/builder/spi-builder-workspace/Sources/Splash/Theming/Theme+Defaults.swift:139:27: error: cannot find 'Color' in scope
137 | .call: Color(red: 0.278, green: 0.415, blue: 0.593),
138 | .number: Color(red: 0.161, green: 0.259, blue: 0.467),
139 | .comment: Color(red: 0.765, green: 0.455, blue: 0.11),
| `- error: cannot find 'Color' in scope
140 | .property: Color(red: 0.278, green: 0.415, blue: 0.593),
141 | .dotAccess: Color(red: 0.278, green: 0.415, blue: 0.593),
/Users/admin/builder/spi-builder-workspace/Sources/Splash/Theming/Theme+Defaults.swift:140:28: error: cannot find 'Color' in scope
138 | .number: Color(red: 0.161, green: 0.259, blue: 0.467),
139 | .comment: Color(red: 0.765, green: 0.455, blue: 0.11),
140 | .property: Color(red: 0.278, green: 0.415, blue: 0.593),
| `- error: cannot find 'Color' in scope
141 | .dotAccess: Color(red: 0.278, green: 0.415, blue: 0.593),
142 | .preprocessing: Color(red: 0.392, green: 0.391, blue: 0.52)
/Users/admin/builder/spi-builder-workspace/Sources/Splash/Theming/Theme+Defaults.swift:141:29: error: cannot find 'Color' in scope
139 | .comment: Color(red: 0.765, green: 0.455, blue: 0.11),
140 | .property: Color(red: 0.278, green: 0.415, blue: 0.593),
141 | .dotAccess: Color(red: 0.278, green: 0.415, blue: 0.593),
| `- error: cannot find 'Color' in scope
142 | .preprocessing: Color(red: 0.392, green: 0.391, blue: 0.52)
143 | ],
/Users/admin/builder/spi-builder-workspace/Sources/Splash/Theming/Theme+Defaults.swift:142:33: error: cannot find 'Color' in scope
140 | .property: Color(red: 0.278, green: 0.415, blue: 0.593),
141 | .dotAccess: Color(red: 0.278, green: 0.415, blue: 0.593),
142 | .preprocessing: Color(red: 0.392, green: 0.391, blue: 0.52)
| `- error: cannot find 'Color' in scope
143 | ],
144 | backgroundColor: Color(
/Users/admin/builder/spi-builder-workspace/Sources/Splash/Theming/Theme+Defaults.swift:144:30: error: cannot find 'Color' in scope
142 | .preprocessing: Color(red: 0.392, green: 0.391, blue: 0.52)
143 | ],
144 | backgroundColor: Color(
| `- error: cannot find 'Color' in scope
145 | red: 1,
146 | green: 0.99,
/Users/admin/builder/spi-builder-workspace/Sources/Splash/Theming/Theme+Defaults.swift:156:29: error: cannot find 'Color' in scope
154 | return Theme(
155 | font: font,
156 | plainTextColor: Color(
| `- error: cannot find 'Color' in scope
157 | red: 0,
158 | green: 0,
/Users/admin/builder/spi-builder-workspace/Sources/Splash/Theming/Theme+Defaults.swift:162:27: error: cannot find 'Color' in scope
160 | ),
161 | tokenColors: [
162 | .keyword: Color(red: 0.706, green: 0.0, blue: 0.384),
| `- error: cannot find 'Color' in scope
163 | .string: Color(red: 0.729, green: 0.0, blue: 0.067),
164 | .type: Color(red: 0.267, green: 0.537, blue: 0.576),
/Users/admin/builder/spi-builder-workspace/Sources/Splash/Theming/Theme+Defaults.swift:163:26: error: cannot find 'Color' in scope
161 | tokenColors: [
162 | .keyword: Color(red: 0.706, green: 0.0, blue: 0.384),
163 | .string: Color(red: 0.729, green: 0.0, blue: 0.067),
| `- error: cannot find 'Color' in scope
164 | .type: Color(red: 0.267, green: 0.537, blue: 0.576),
165 | .call: Color(red: 0.267, green: 0.537, blue: 0.576),
/Users/admin/builder/spi-builder-workspace/Sources/Splash/Theming/Theme+Defaults.swift:164:24: error: cannot find 'Color' in scope
162 | .keyword: Color(red: 0.706, green: 0.0, blue: 0.384),
163 | .string: Color(red: 0.729, green: 0.0, blue: 0.067),
164 | .type: Color(red: 0.267, green: 0.537, blue: 0.576),
| `- error: cannot find 'Color' in scope
165 | .call: Color(red: 0.267, green: 0.537, blue: 0.576),
166 | .number: Color(red: 0.0, green: 0.043, blue: 1.0),
/Users/admin/builder/spi-builder-workspace/Sources/Splash/Theming/Theme+Defaults.swift:165:24: error: cannot find 'Color' in scope
163 | .string: Color(red: 0.729, green: 0.0, blue: 0.067),
164 | .type: Color(red: 0.267, green: 0.537, blue: 0.576),
165 | .call: Color(red: 0.267, green: 0.537, blue: 0.576),
| `- error: cannot find 'Color' in scope
166 | .number: Color(red: 0.0, green: 0.043, blue: 1.0),
167 | .comment: Color(red: 0.336, green: 0.376, blue: 0.42),
/Users/admin/builder/spi-builder-workspace/Sources/Splash/Theming/Theme+Defaults.swift:166:26: error: cannot find 'Color' in scope
164 | .type: Color(red: 0.267, green: 0.537, blue: 0.576),
165 | .call: Color(red: 0.267, green: 0.537, blue: 0.576),
166 | .number: Color(red: 0.0, green: 0.043, blue: 1.0),
| `- error: cannot find 'Color' in scope
167 | .comment: Color(red: 0.336, green: 0.376, blue: 0.42),
168 | .property: Color(red: 0.267, green: 0.537, blue: 0.576),
/Users/admin/builder/spi-builder-workspace/Sources/Splash/Theming/Theme+Defaults.swift:167:27: error: cannot find 'Color' in scope
165 | .call: Color(red: 0.267, green: 0.537, blue: 0.576),
166 | .number: Color(red: 0.0, green: 0.043, blue: 1.0),
167 | .comment: Color(red: 0.336, green: 0.376, blue: 0.42),
| `- error: cannot find 'Color' in scope
168 | .property: Color(red: 0.267, green: 0.537, blue: 0.576),
169 | .dotAccess: Color(red: 0.267, green:
SwiftCompile normal arm64 /Users/admin/builder/spi-builder-workspace/Sources/Splash/Theming/Font.swift (in target 'Splash' from project 'Splash')
cd /Users/admin/builder/spi-builder-workspace/.swiftpm/xcode
builtin-SwiftPerFileCompile Font.swift
SwiftCompile normal arm64 /Users/admin/builder/spi-builder-workspace/Sources/Splash/Theming/Theme+Defaults.swift (in target 'Splash' from project 'Splash')
cd /Users/admin/builder/spi-builder-workspace/.swiftpm/xcode
builtin-SwiftPerFileCompile Theme+Defaults.swift
0.537, blue: 0.576),
/Users/admin/builder/spi-builder-workspace/Sources/Splash/Theming/Theme+Defaults.swift:168:28: error: cannot find 'Color' in scope
166 | .number: Color(red: 0.0, green: 0.043, blue: 1.0),
167 | .comment: Color(red: 0.336, green: 0.376, blue: 0.42),
168 | .property: Color(red: 0.267, green: 0.537, blue: 0.576),
| `- error: cannot find 'Color' in scope
169 | .dotAccess: Color(red: 0.267, green: 0.537, blue: 0.576),
170 | .preprocessing: Color(red: 0.431, green: 0.125, blue: 0.051)
/Users/admin/builder/spi-builder-workspace/Sources/Splash/Theming/Theme+Defaults.swift:169:29: error: cannot find 'Color' in scope
167 | .comment: Color(red: 0.336, green: 0.376, blue: 0.42),
168 | .property: Color(red: 0.267, green: 0.537, blue: 0.576),
169 | .dotAccess: Color(red: 0.267, green: 0.537, blue: 0.576),
| `- error: cannot find 'Color' in scope
170 | .preprocessing: Color(red: 0.431, green: 0.125, blue: 0.051)
171 | ],
/Users/admin/builder/spi-builder-workspace/Sources/Splash/Theming/Theme+Defaults.swift:170:33: error: cannot find 'Color' in scope
168 | .property: Color(red: 0.267, green: 0.537, blue: 0.576),
169 | .dotAccess: Color(red: 0.267, green: 0.537, blue: 0.576),
170 | .preprocessing: Color(red: 0.431, green: 0.125, blue: 0.051)
| `- error: cannot find 'Color' in scope
171 | ],
172 | backgroundColor: Color(
SwiftCompile normal arm64 Compiling\ AttributedStringOutputFormat.swift,\ HTMLOutputFormat.swift,\ MarkdownDecorator.swift /Users/admin/builder/spi-builder-workspace/Sources/Splash/Output/AttributedStringOutputFormat.swift /Users/admin/builder/spi-builder-workspace/Sources/Splash/Output/HTMLOutputFormat.swift /Users/admin/builder/spi-builder-workspace/Sources/Splash/Output/MarkdownDecorator.swift (in target 'Splash' from project 'Splash')
/Users/admin/builder/spi-builder-workspace/Sources/Splash/Theming/Theme.swift:18:32: error: cannot find type 'Color' in scope
16 | public var font: Font
17 | /// What color to use for plain text (no highlighting)
18 | public var plainTextColor: Color
| `- error: cannot find type 'Color' in scope
19 | /// What color to use for the background
20 | public var backgroundColor: Color
/Users/admin/builder/spi-builder-workspace/Sources/Splash/Theming/Theme.swift:20:33: error: cannot find type 'Color' in scope
18 | public var plainTextColor: Color
19 | /// What color to use for the background
20 | public var backgroundColor: Color
| `- error: cannot find type 'Color' in scope
21 | /// What color to use for the text's highlighted tokens
22 | public var tokenColors: [TokenType: Color]
/Users/admin/builder/spi-builder-workspace/Sources/Splash/Theming/Theme.swift:22:41: error: cannot find type 'Color' in scope
20 | public var backgroundColor: Color
21 | /// What color to use for the text's highlighted tokens
22 | public var tokenColors: [TokenType: Color]
| `- error: cannot find type 'Color' in scope
23 |
24 | public init(font: Font,
/Users/admin/builder/spi-builder-workspace/Sources/Splash/Theming/Font.swift:42:24: error: cannot find type 'Loaded' in scope
40 | case system
41 | /// Use a pre-loaded font
42 | case preloaded(Loaded)
| `- error: cannot find type 'Loaded' in scope
43 | /// Load a font file from a given file system path
44 | case path(String)
/Users/admin/builder/spi-builder-workspace/Sources/Splash/Theming/Font.swift:49:20: error: cannot find type 'Loaded' in scope
47 |
48 | internal extension Font {
49 | func load() -> Loaded {
| `- error: cannot find type 'Loaded' in scope
50 | switch resource {
51 | case .system:
/Users/admin/builder/spi-builder-workspace/Sources/Splash/Output/AttributedStringOutputFormat.swift:57:46: error: 'Loaded' is not a member type of struct 'Splash.Font'
55 |
56 | private extension NSMutableAttributedString {
57 | func append(_ string: String, font: Font.Loaded, color: Color) {
| `- error: 'Loaded' is not a member type of struct 'Splash.Font'
58 | let attributedString = NSAttributedString(string: string, attributes: [
59 | .foregroundColor: color,
/Users/admin/builder/spi-builder-workspace/Sources/Splash/Theming/Font.swift:15:15: note: 'Font' declared here
13 | /// simplified font representation rather than `NSFont`
14 | /// or `UIFont`.
15 | public struct Font {
| `- note: 'Font' declared here
16 | /// The underlying resource used to load the font
17 | public var resource: Resource
/Users/admin/builder/spi-builder-workspace/Sources/Splash/Output/AttributedStringOutputFormat.swift:57:61: error: cannot find type 'Color' in scope
55 |
56 | private extension NSMutableAttributedString {
57 | func append(_ string: String, font: Font.Loaded, color: Color) {
| `- error: cannot find type 'Color' in scope
58 | let attributedString = NSAttributedString(string: string, attributes: [
59 | .foregroundColor: color,
/Users/admin/builder/spi-builder-workspace/Sources/Splash/Output/AttributedStringOutputFormat.swift:37:52: error: cannot find 'Color' in scope
35 |
36 | public mutating func addToken(_ token: String, ofType type: TokenType) {
37 | let color = theme.tokenColors[type] ?? Color(red: 1, green: 1, blue: 1)
| `- error: cannot find 'Color' in scope
38 | string.append(token, font: font, color: color)
39 | }
/Users/admin/builder/spi-builder-workspace/Sources/Splash/Output/AttributedStringOutputFormat.swift:38:26: error: extra arguments at positions #2, #3 in call
36 | public mutating func addToken(_ token: String, ofType type: TokenType) {
37 | let color = theme.tokenColors[type] ?? Color(red: 1, green: 1, blue: 1)
38 | string.append(token, font: font, color: color)
| `- error: extra arguments at positions #2, #3 in call
39 | }
40 |
/Applications/Xcode-27.0.0-Release.Candidate.app/Contents/Developer/Platforms/WatchOS.platform/Developer/SDKs/WatchOS27.0.sdk/System/Library/Frameworks/Foundation.framework/Headers/NSAttributedString.h:297:1: note: 'append' declared here
295 | ///
296 | /// - Parameter attrString: The string whose characters and attributes are added.
297 | - (void)appendAttributedString:(NSAttributedString *)attrString;
| `- note: 'append' declared here
298 |
299 | /// Deletes the characters in the given range along with their associated attributes.
/Users/admin/builder/spi-builder-workspace/Sources/Splash/Output/AttributedStringOutputFormat.swift:38:27: error: cannot convert value of type 'String' to expected argument type 'NSAttributedString'
36 | public mutating func addToken(_ token: String, ofType type: TokenType) {
37 | let color = theme.tokenColors[type] ?? Color(red: 1, green: 1, blue: 1)
38 | string.append(token, font: font, color: color)
| `- error: cannot convert value of type 'String' to expected argument type 'NSAttributedString'
39 | }
40 |
/Users/admin/builder/spi-builder-workspace/Sources/Splash/Output/AttributedStringOutputFormat.swift:42:26: error: extra arguments at positions #2, #3 in call
40 |
41 | public mutating func addPlainText(_ text: String) {
42 | string.append(text, font: font, color: theme.plainTextColor)
| `- error: extra arguments at positions #2, #3 in call
43 | }
44 |
/Applications/Xcode-27.0.0-Release.Candidate.app/Contents/Developer/Platforms/WatchOS.platform/Developer/SDKs/WatchOS27.0.sdk/System/Library/Frameworks/Foundation.framework/Headers/NSAttributedString.h:297:1: note: 'append' declared here
295 | ///
296 | /// - Parameter attrString: The string whose characters and attributes are added.
297 | - (void)appendAttributedString:(NSAttributedString *)attrString;
| `- note: 'append' declared here
298 |
299 | /// Deletes the characters in the given range along with their associated attributes.
/Users/admin/builder/spi-builder-workspace/Sources/Splash/Output/AttributedStringOutputFormat.swift:42:27: error: cannot convert value of type 'String' to expected argument type 'NSAttributedString'
40 |
41 | public mutating func addPlainText(_ text: String) {
42 | string.append(text, font: font, color: theme.plainTextColor)
| `- error: cannot convert value of type 'String' to expected argument type 'NSAttributedString'
43 | }
44 |
/Users/admin/builder/spi-builder-workspace/Sources/Splash/Output/AttributedStringOutputFormat.swift:46:25: error: cannot find 'Color' in scope
44 |
45 | public mutating func addWhitespace(_ whitespace: String) {
46 | let color = Color(red: 1, green: 1, blue: 1)
| `- error: cannot find 'Color' in scope
47 | string.append(whitespace, font: font, color: color)
48 | }
/Users/admin/builder/spi-builder-workspace/Sources/Splash/Output/AttributedStringOutputFormat.swift:47:26: error: extra arguments at positions #2, #3 in call
45 | public mutating func addWhitespace(_ whitespace: String) {
46 | let color = Color(red: 1, green: 1, blue: 1)
47 | string.append(whitespace, font: font, color: color)
| `- error: extra arguments at positions #2, #3 in call
48 | }
49 |
/Applications/Xcode-27.0.0-Release.Candidate.app/Contents/Developer/Platforms/WatchOS.platform/Developer/SDKs/WatchOS27.0.sdk/System/Library/Frameworks/Foundation.framework/Headers/NSAttributedString.h:297:1: note: 'append' declared here
295 | ///
296 | /// - Parameter attrString: The string whose characters and attributes are added.
297 | - (void)appendAttributedString:(NSAttributedString *)attrString;
| `- note: 'append' declared here
298 |
299 | /// Deletes the characters in the given range along with their associated attributes.
/Users/admin/builder/spi-builder-workspace/Sources/Splash/Output/AttributedStringOutputFormat.swift:47:27: error: cannot convert value of type 'String' to expected argument type 'NSAttributedString'
45 | public mutating func addWhitespace(_ whitespace: String) {
46 | let color = Color(red: 1, green: 1, blue: 1)
47 | string.append(whitespace, font: font, color: color)
| `- error: cannot convert value of type 'String' to expected argument type 'NSAttributedString'
48 | }
49 |
/Users/admin/builder/spi-builder-workspace/Sources/Splash/Output/AttributedStringOutputFormat.swift:59:14: error: type 'NSAttributedString.Key' has no member 'foregroundColor'
57 | func append(_ string: String, font: Font.Loaded, color: Color) {
58 | let attributedString = NSAttributedString(string: string, attributes: [
59 | .foregroundColor: color,
| `- error: type 'NSAttributedString.Key' has no member 'foregroundColor'
60 | .font: font
61 | ])
SwiftCompile normal arm64 /Users/admin/builder/spi-builder-workspace/Sources/Splash/Output/AttributedStringOutputFormat.swift (in target 'Splash' from project 'Splash')
cd /Users/admin/builder/spi-builder-workspace/.swiftpm/xcode
builtin-SwiftPerFileCompile AttributedStringOutputFormat.swift
SwiftCompile normal arm64 /Users/admin/builder/spi-builder-workspace/Sources/Splash/Output/HTMLOutputFormat.swift (in target 'Splash' from project 'Splash')
cd /Users/admin/builder/spi-builder-workspace/.swiftpm/xcode
builtin-SwiftPerFileCompile HTMLOutputFormat.swift
SwiftCompile normal arm64 /Users/admin/builder/spi-builder-workspace/Sources/Splash/Output/MarkdownDecorator.swift (in target 'Splash' from project 'Splash')
cd /Users/admin/builder/spi-builder-workspace/.swiftpm/xcode
builtin-SwiftPerFileCompile MarkdownDecorator.swift
SwiftCompile normal arm64 Compiling\ SyntaxRule.swift,\ Color.swift /Users/admin/builder/spi-builder-workspace/Sources/Splash/Syntax/SyntaxRule.swift /Users/admin/builder/spi-builder-workspace/Sources/Splash/Theming/Color.swift (in target 'Splash' from project 'Splash')
SwiftCompile normal arm64 /Users/admin/builder/spi-builder-workspace/Sources/Splash/Syntax/SyntaxRule.swift (in target 'Splash' from project 'Splash')
cd /Users/admin/builder/spi-builder-workspace/.swiftpm/xcode
builtin-SwiftPerFileCompile SyntaxRule.swift
SwiftCompile normal arm64 /Users/admin/builder/spi-builder-workspace/Sources/Splash/Theming/Color.swift (in target 'Splash' from project 'Splash')
cd /Users/admin/builder/spi-builder-workspace/.swiftpm/xcode
builtin-SwiftPerFileCompile Color.swift
SwiftCompile normal arm64 Compiling\ OutputBuilder.swift,\ OutputFormat.swift,\ SyntaxHighlighter.swift /Users/admin/builder/spi-builder-workspace/Sources/Splash/Output/OutputBuilder.swift /Users/admin/builder/spi-builder-workspace/Sources/Splash/Output/OutputFormat.swift /Users/admin/builder/spi-builder-workspace/Sources/Splash/Syntax/SyntaxHighlighter.swift (in target 'Splash' from project 'Splash')
SwiftCompile normal arm64 /Users/admin/builder/spi-builder-workspace/Sources/Splash/Output/OutputBuilder.swift (in target 'Splash' from project 'Splash')
cd /Users/admin/builder/spi-builder-workspace/.swiftpm/xcode
builtin-SwiftPerFileCompile OutputBuilder.swift
SwiftCompile normal arm64 /Users/admin/builder/spi-builder-workspace/Sources/Splash/Output/OutputFormat.swift (in target 'Splash' from project 'Splash')
cd /Users/admin/builder/spi-builder-workspace/.swiftpm/xcode
builtin-SwiftPerFileCompile OutputFormat.swift
SwiftCompile normal arm64 /Users/admin/builder/spi-builder-workspace/Sources/Splash/Syntax/SyntaxHighlighter.swift (in target 'Splash' from project 'Splash')
cd /Users/admin/builder/spi-builder-workspace/.swiftpm/xcode
builtin-SwiftPerFileCompile SyntaxHighlighter.swift
SwiftCompile normal arm64 Compiling\ Theme.swift,\ Segment.swift /Users/admin/builder/spi-builder-workspace/Sources/Splash/Theming/Theme.swift /Users/admin/builder/spi-builder-workspace/Sources/Splash/Tokenizing/Segment.swift (in target 'Splash' from project 'Splash')
/Users/admin/builder/spi-builder-workspace/Sources/Splash/Theming/Theme.swift:18:32: error: cannot find type 'Color' in scope
16 | public var font: Font
17 | /// What color to use for plain text (no highlighting)
18 | public var plainTextColor: Color
| `- error: cannot find type 'Color' in scope
19 | /// What color to use for the background
20 | public var backgroundColor: Color
/Users/admin/builder/spi-builder-workspace/Sources/Splash/Theming/Theme.swift:20:33: error: cannot find type 'Color' in scope
18 | public var plainTextColor: Color
19 | /// What color to use for the background
20 | public var backgroundColor: Color
| `- error: cannot find type 'Color' in scope
21 | /// What color to use for the text's highlighted tokens
22 | public var tokenColors: [TokenType: Color]
/Users/admin/builder/spi-builder-workspace/Sources/Splash/Theming/Theme.swift:22:41: error: cannot find type 'Color' in scope
20 | public var backgroundColor: Color
21 | /// What color to use for the text's highlighted tokens
22 | public var tokenColors: [TokenType: Color]
| `- error: cannot find type 'Color' in scope
23 |
24 | public init(font: Font,
/Users/admin/builder/spi-builder-workspace/Sources/Splash/Theming/Theme.swift:25:33: error: cannot find type 'Color' in scope
23 |
24 | public init(font: Font,
25 | plainTextColor: Color,
| `- error: cannot find type 'Color' in scope
26 | tokenColors: [TokenType: Color],
27 | backgroundColor: Color = Color(white: 0.12, alpha: 1)) {
/Users/admin/builder/spi-builder-workspace/Sources/Splash/Theming/Theme.swift:26:42: error: cannot find type 'Color' in scope
24 | public init(font: Font,
25 | plainTextColor: Color,
26 | tokenColors: [TokenType: Color],
| `- error: cannot find type 'Color' in scope
27 | backgroundColor: Color = Color(white: 0.12, alpha: 1)) {
28 | self.font = font
/Users/admin/builder/spi-builder-workspace/Sources/Splash/Theming/Theme.swift:27:34: error: cannot find type 'Color' in scope
25 | plainTextColor: Color,
26 | tokenColors: [TokenType: Color],
27 | backgroundColor: Color = Color(white: 0.12, alpha: 1)) {
| `- error: cannot find type 'Color' in scope
28 | self.font = font
29 | self.plainTextColor = plainTextColor
SwiftCompile normal arm64 /Users/admin/builder/spi-builder-workspace/Sources/Splash/Theming/Theme.swift (in target 'Splash' from project 'Splash')
cd /Users/admin/builder/spi-builder-workspace/.swiftpm/xcode
builtin-SwiftPerFileCompile Theme.swift
SwiftCompile normal arm64 /Users/admin/builder/spi-builder-workspace/Sources/Splash/Tokenizing/Segment.swift (in target 'Splash' from project 'Splash')
cd /Users/admin/builder/spi-builder-workspace/.swiftpm/xcode
builtin-SwiftPerFileCompile Segment.swift
SwiftCompile normal arm64 Compiling\ String+IsNumber.swift,\ String+PrefixChecking.swift,\ String+Removing.swift /Users/admin/builder/spi-builder-workspace/Sources/Splash/Extensions/Strings/String+IsNumber.swift /Users/admin/builder/spi-builder-workspace/Sources/Splash/Extensions/Strings/String+PrefixChecking.swift /Users/admin/builder/spi-builder-workspace/Sources/Splash/Extensions/Strings/String+Removing.swift (in target 'Splash' from project 'Splash')
SwiftCompile normal arm64 /Users/admin/builder/spi-builder-workspace/Sources/Splash/Extensions/Strings/String+IsNumber.swift (in target 'Splash' from project 'Splash')
cd /Users/admin/builder/spi-builder-workspace/.swiftpm/xcode
builtin-SwiftPerFileCompile String+IsNumber.swift
SwiftCompile normal arm64 /Users/admin/builder/spi-builder-workspace/Sources/Splash/Extensions/Strings/String+PrefixChecking.swift (in target 'Splash' from project 'Splash')
cd /Users/admin/builder/spi-builder-workspace/.swiftpm/xcode
builtin-SwiftPerFileCompile String+PrefixChecking.swift
SwiftCompile normal arm64 /Users/admin/builder/spi-builder-workspace/Sources/Splash/Extensions/Strings/String+Removing.swift (in target 'Splash' from project 'Splash')
cd /Users/admin/builder/spi-builder-workspace/.swiftpm/xcode
builtin-SwiftPerFileCompile String+Removing.swift
SwiftCompile normal arm64 Compiling\ CharacterSet+Contains.swift,\ Equatable+AnyOf.swift,\ Int+IsOdd.swift /Users/admin/builder/spi-builder-workspace/Sources/Splash/Extensions/CharacterSet/CharacterSet+Contains.swift /Users/admin/builder/spi-builder-workspace/Sources/Splash/Extensions/Equatable/Equatable+AnyOf.swift /Users/admin/builder/spi-builder-workspace/Sources/Splash/Extensions/Int/Int+IsOdd.swift (in target 'Splash' from project 'Splash')
SwiftCompile normal arm64 /Users/admin/builder/spi-builder-workspace/Sources/Splash/Extensions/CharacterSet/CharacterSet+Contains.swift (in target 'Splash' from project 'Splash')
cd /Users/admin/builder/spi-builder-workspace/.swiftpm/xcode
builtin-SwiftPerFileCompile CharacterSet+Contains.swift
SwiftCompile normal arm64 /Users/admin/builder/spi-builder-workspace/Sources/Splash/Extensions/Equatable/Equatable+AnyOf.swift (in target 'Splash' from project 'Splash')
cd /Users/admin/builder/spi-builder-workspace/.swiftpm/xcode
builtin-SwiftPerFileCompile Equatable+AnyOf.swift
SwiftCompile normal arm64 /Users/admin/builder/spi-builder-workspace/Sources/Splash/Extensions/Int/Int+IsOdd.swift (in target 'Splash' from project 'Splash')
cd /Users/admin/builder/spi-builder-workspace/.swiftpm/xcode
builtin-SwiftPerFileCompile Int+IsOdd.swift
SwiftCompile normal arm64 Compiling\ Sequence+AnyOf.swift,\ Sequence+Occurrences.swift,\ String+HTMLEntities.swift /Users/admin/builder/spi-builder-workspace/Sources/Splash/Extensions/Sequence/Sequence+AnyOf.swift /Users/admin/builder/spi-builder-workspace/Sources/Splash/Extensions/Sequence/Sequence+Occurrences.swift /Users/admin/builder/spi-builder-workspace/Sources/Splash/Extensions/Strings/String+HTMLEntities.swift (in target 'Splash' from project 'Splash')
SwiftCompile normal arm64 /Users/admin/builder/spi-builder-workspace/Sources/Splash/Extensions/Sequence/Sequence+AnyOf.swift (in target 'Splash' from project 'Splash')
cd /Users/admin/builder/spi-builder-workspace/.swiftpm/xcode
builtin-SwiftPerFileCompile Sequence+AnyOf.swift
SwiftCompile normal arm64 /Users/admin/builder/spi-builder-workspace/Sources/Splash/Extensions/Sequence/Sequence+Occurrences.swift (in target 'Splash' from project 'Splash')
cd /Users/admin/builder/spi-builder-workspace/.swiftpm/xcode
builtin-SwiftPerFileCompile Sequence+Occurrences.swift
SwiftCompile normal arm64 /Users/admin/builder/spi-builder-workspace/Sources/Splash/Extensions/Strings/String+HTMLEntities.swift (in target 'Splash' from project 'Splash')
cd /Users/admin/builder/spi-builder-workspace/.swiftpm/xcode
builtin-SwiftPerFileCompile String+HTMLEntities.swift
SwiftEmitModule normal arm64_32 Emitting\ module\ for\ Splash (in target 'Splash' from project 'Splash')
SwiftCompile normal arm64_32 (in target 'Splash' from project 'Splash')
cd /Users/admin/builder/spi-builder-workspace/.swiftpm/xcode
PruneExplicitPrecompiledModules /Users/admin/builder/spi-builder-workspace/.derivedData/Build/Intermediates.noindex/ExplicitPrecompiledModules
PruneExplicitPrecompiledModules /Users/admin/builder/spi-builder-workspace/.derivedData/Build/Intermediates.noindex/SwiftExplicitPrecompiledModules
PruneExplicitPrecompiledModules /Users/admin/builder/spi-builder-workspace/.derivedData/SDKExplicitPrecompiledModules
2026-09-17 14:10:22.053 xcodebuild[650:4191] [MT] IDERunDestination: Supported platforms for the buildables in the current scheme is empty.
** BUILD FAILED **
The following build commands failed:
SwiftCompile normal arm64 (in target 'Splash' from project 'Splash')
SwiftEmitModule normal arm64 Emitting\ module\ for\ Splash (in target 'Splash' from project 'Splash')
Building workspace Splash with scheme Splash-Package
(3 failures)
Command line invocation:
/Applications/Xcode-27.0.0-Release.Candidate.app/Contents/Developer/usr/bin/xcodebuild -IDEClonedSourcePackagesDirPathOverride=/Users/admin/builder/spi-builder-workspace/.dependencies -resolvePackageDependencies
Resolve Package Graph
Resolved source packages:
Splash: /Users/admin/builder/spi-builder-workspace
resolved source packages: Splash
2026-09-17 14:10:26.939 xcodebuild[727:4531] [MT] IDERunDestination: Supported platforms for the buildables in the current scheme is empty.
{
"dependencies" : [
],
"manifest_display_name" : "Splash",
"name" : "Splash",
"path" : "/Users/admin/builder/spi-builder-workspace",
"platforms" : [
],
"products" : [
{
"name" : "Splash",
"targets" : [
"Splash"
],
"type" : {
"library" : [
"automatic"
]
}
},
{
"name" : "SplashMarkdown",
"targets" : [
"SplashMarkdown"
],
"type" : {
"executable" : null
}
},
{
"name" : "SplashHTMLGen",
"targets" : [
"SplashHTMLGen"
],
"type" : {
"executable" : null
}
},
{
"name" : "SplashImageGen",
"targets" : [
"SplashImageGen"
],
"type" : {
"executable" : null
}
},
{
"name" : "SplashTokenizer",
"targets" : [
"SplashTokenizer"
],
"type" : {
"executable" : null
}
}
],
"targets" : [
{
"c99name" : "SplashTokenizer",
"module_type" : "SwiftTarget",
"name" : "SplashTokenizer",
"path" : "Sources/SplashTokenizer",
"product_memberships" : [
"SplashTokenizer"
],
"sources" : [
"TokenizerOutputFormat.swift",
"main.swift"
],
"target_dependencies" : [
"Splash"
],
"type" : "executable"
},
{
"c99name" : "SplashTests",
"module_type" : "SwiftTarget",
"name" : "SplashTests",
"path" : "Tests/SplashTests",
"sources" : [
"Core/SyntaxHighlighterTestCase.swift",
"Mocks/OutputBuilderMock.swift",
"Mocks/OutputFormatMock.swift",
"Tests/ClosureTests.swift",
"Tests/CommentTests.swift",
"Tests/DeclarationTests.swift",
"Tests/EnumTests.swift",
"Tests/FunctionCallTests.swift",
"Tests/HTMLOutputFormatTests.swift",
"Tests/LiteralTests.swift",
"Tests/MarkdownTests.swift",
"Tests/OptionalTests.swift",
"Tests/PreprocessorTests.swift",
"Tests/StatementTests.swift",
"Tests/TokenTypeTests.swift"
],
"target_dependencies" : [
"Splash"
],
"type" : "test"
},
{
"c99name" : "SplashMarkdown",
"module_type" : "SwiftTarget",
"name" : "SplashMarkdown",
"path" : "Sources/SplashMarkdown",
"product_memberships" : [
"SplashMarkdown"
],
"sources" : [
"main.swift"
],
"target_dependencies" : [
"Splash"
],
"type" : "executable"
},
{
"c99name" : "SplashImageGen",
"module_type" : "SwiftTarget",
"name" : "SplashImageGen",
"path" : "Sources/SplashImageGen",
"product_memberships" : [
"SplashImageGen"
],
"sources" : [
"Extensions/CGImage+WriteToURL.swift",
"Extensions/CommandLine+Options.swift",
"Extensions/NSGraphicsContext+Fill.swift",
"Extensions/NSGraphicsContext+InitWithSize.swift",
"main.swift"
],
"target_dependencies" : [
"Splash"
],
"type" : "executable"
},
{
"c99name" : "SplashHTMLGen",
"module_type" : "SwiftTarget",
"name" : "SplashHTMLGen",
"path" : "Sources/SplashHTMLGen",
"product_memberships" : [
"SplashHTMLGen"
],
"sources" : [
"main.swift"
],
"target_dependencies" : [
"Splash"
],
"type" : "executable"
},
{
"c99name" : "Splash",
"module_type" : "SwiftTarget",
"name" : "Splash",
"path" : "Sources/Splash",
"product_memberships" : [
"Splash",
"SplashMarkdown",
"SplashHTMLGen",
"SplashImageGen",
"SplashTokenizer"
],
"sources" : [
"Extensions/CharacterSet/CharacterSet+Contains.swift",
"Extensions/Equatable/Equatable+AnyOf.swift",
"Extensions/Int/Int+IsOdd.swift",
"Extensions/Sequence/Sequence+AnyOf.swift",
"Extensions/Sequence/Sequence+Occurrences.swift",
"Extensions/Strings/String+HTMLEntities.swift",
"Extensions/Strings/String+IsNumber.swift",
"Extensions/Strings/String+PrefixChecking.swift",
"Extensions/Strings/String+Removing.swift",
"Extensions/Strings/Substring+HasSuffix.swift",
"Grammar/Grammar.swift",
"Grammar/SwiftGrammar.swift",
"Output/AttributedStringOutputFormat.swift",
"Output/HTMLOutputFormat.swift",
"Output/MarkdownDecorator.swift",
"Output/OutputBuilder.swift",
"Output/OutputFormat.swift",
"Syntax/SyntaxHighlighter.swift",
"Syntax/SyntaxRule.swift",
"Theming/Color.swift",
"Theming/Font.swift",
"Theming/Theme+Defaults.swift",
"Theming/Theme.swift",
"Tokenizing/Segment.swift",
"Tokenizing/TokenType.swift",
"Tokenizing/Tokenizer.swift"
],
"type" : "library"
}
],
"tools_version" : "5.4"
}
{
"workspace" : {
"name" : "Splash",
"schemes" : [
"Splash",
"Splash-Package",
"SplashHTMLGen",
"SplashImageGen",
"SplashMarkdown",
"SplashTokenizer"
]
}
}
2026-09-17 14:10:28.137 xcodebuild[735:4593] [MT] IDERunDestination: Supported platforms for the buildables in the current scheme is empty.
Running build ...
env DEVELOPER_DIR=/Applications/Xcode-27.0.0-Release.Candidate.app xcrun xcodebuild -IDEClonedSourcePackagesDirPathOverride=$PWD/.dependencies -skipMacroValidation -skipPackagePluginValidation -derivedDataPath $PWD/.derivedData build -scheme Splash-Package -destination generic/platform=watchOS
Command line invocation:
/Applications/Xcode-27.0.0-Release.Candidate.app/Contents/Developer/usr/bin/xcodebuild -IDEClonedSourcePackagesDirPathOverride=/Users/admin/builder/spi-builder-workspace/.dependencies -skipMacroValidation -skipPackagePluginValidation -derivedDataPath /Users/admin/builder/spi-builder-workspace/.derivedData build -scheme Splash-Package -destination generic/platform=watchOS
Resolve Package Graph
Resolved source packages:
Splash: /Users/admin/builder/spi-builder-workspace
ComputePackagePrebuildTargetDependencyGraph
Prepare packages
CreateBuildRequest
SendProjectDescription
CreateBuildOperation
ComputeTargetDependencyGraph
note: Building targets in dependency order
note: Target dependency graph (6 targets)
Target 'SplashTokenizer-product' in project 'Splash'
➜ Explicit dependency on target 'Splash' in project 'Splash'
Target 'SplashImageGen-product' in project 'Splash'
➜ Explicit dependency on target 'Splash' in project 'Splash'
Target 'SplashHTMLGen-product' in project 'Splash'
➜ Explicit dependency on target 'Splash' in project 'Splash'
Target 'SplashMarkdown-product' in project 'Splash'
➜ Explicit dependency on target 'Splash' in project 'Splash'
Target 'Splash-product' in project 'Splash'
➜ Explicit dependency on target 'Splash' in project 'Splash'
Target 'Splash' in project 'Splash' (no dependencies)
GatherProvisioningInputs
CreateBuildDescription
ClangStatCache /Applications/Xcode-27.0.0-Release.Candidate.app/Contents/Developer/Toolchains/XcodeDefault.xctoolchain/usr/bin/clang-stat-cache /Applications/Xcode-27.0.0-Release.Candidate.app/Contents/Developer/Platforms/WatchOS.platform/Developer/SDKs/WatchOS27.0.sdk /Users/admin/builder/spi-builder-workspace/.derivedData/SDKStatCaches.noindex/watchos27.0-24R360-e829b21a6f8c9b70876ba0858053c04477534ef55a1706bf4c1112bbb242f0a2.sdkstatcache
cd /Users/admin/builder/spi-builder-workspace/.swiftpm/xcode
/Applications/Xcode-27.0.0-Release.Candidate.app/Contents/Developer/Toolchains/XcodeDefault.xctoolchain/usr/bin/clang-stat-cache /Applications/Xcode-27.0.0-Release.Candidate.app/Contents/Developer/Platforms/WatchOS.platform/Developer/SDKs/WatchOS27.0.sdk -o /Users/admin/builder/spi-builder-workspace/.derivedData/SDKStatCaches.noindex/watchos27.0-24R360-e829b21a6f8c9b70876ba0858053c04477534ef55a1706bf4c1112bbb242f0a2.sdkstatcache
SwiftDriver Splash normal arm64 com.apple.xcode.tools.swift.compiler (in target 'Splash' from project 'Splash')
cd /Users/admin/builder/spi-builder-workspace/.swiftpm/xcode
builtin-SwiftDriver -- /Applications/Xcode-27.0.0-Release.Candidate.app/Contents/Developer/Toolchains/XcodeDefault.xctoolchain/usr/bin/swiftc -parse-as-library -module-name Splash -Onone @/Users/admin/builder/spi-builder-workspace/.derivedData/Build/Intermediates.noindex/Splash.build/Debug-watchos/Splash-t.build/Objects-normal/arm64/Splash.SwiftFileList -DSWIFT_PACKAGE -DDEBUG -DSWIFT_MODULE_RESOURCE_BUNDLE_UNAVAILABLE -DXcode -plugin-path /Applications/Xcode-27.0.0-Release.Candidate.app/Contents/Developer/Toolchains/XcodeDefault.xctoolchain/usr/lib/swift/host/plugins/testing -enable-experimental-feature DebugDescriptionMacro -sdk /Applications/Xcode-27.0.0-Release.Candidate.app/Contents/Developer/Platforms/WatchOS.platform/Developer/SDKs/WatchOS27.0.sdk -target arm64-apple-watchos9.0 -g -module-cache-path /Users/admin/builder/spi-builder-workspace/.derivedData/ModuleCache.noindex -Xfrontend -serialize-debugging-options -profile-coverage-mapping -profile-generate -enable-testing -index-store-path /Users/admin/builder/spi-builder-workspace/.derivedData/Index.noindex/DataStore -Xcc -D_LIBCPP_HARDENING_MODE\=_LIBCPP_HARDENING_MODE_DEBUG -swift-version 5 -I /Users/admin/builder/spi-builder-workspace/.derivedData/Build/Products/Debug-watchos -Isystem /Applications/Xcode-27.0.0-Release.Candidate.app/Contents/Developer/Platforms/WatchOS.platform/Developer/usr/lib -F /Users/admin/builder/spi-builder-workspace/.derivedData/Build/Products/Debug-watchos -F /Applications/Xcode-27.0.0-Release.Candidate.app/Contents/Developer/Platforms/WatchOS.platform/Developer/Library/Frameworks -F /Applications/Xcode-27.0.0-Release.Candidate.app/Contents/Developer/Platforms/WatchOS.platform/Developer/SDKs/WatchOS27.0.sdk/Developer/Library/Frameworks -c -j10 -enable-batch-mode -incremental -Xcc -ivfsstatcache -Xcc /Users/admin/builder/spi-builder-workspace/.derivedData/SDKStatCaches.noindex/watchos27.0-24R360-e829b21a6f8c9b70876ba0858053c04477534ef55a1706bf4c1112bbb242f0a2.sdkstatcache -output-file-map /Users/admin/builder/spi-builder-workspace/.derivedData/Build/Intermediates.noindex/Splash.build/Debug-watchos/Splash-t.build/Objects-normal/arm64/Splash-OutputFileMap.json -save-temps -no-color-diagnostics -explicit-module-build -module-cache-path /Users/admin/builder/spi-builder-workspace/.derivedData/Build/Intermediates.noindex/SwiftExplicitPrecompiledModules -clang-scanner-module-cache-path /Users/admin/builder/spi-builder-workspace/.derivedData/ModuleCache.noindex -sdk-module-cache-path /Users/admin/builder/spi-builder-workspace/.derivedData/SDKExplicitPrecompiledModules -emit-dependencies -emit-module -emit-module-path /Users/admin/builder/spi-builder-workspace/.derivedData/Build/Intermediates.noindex/Splash.build/Debug-watchos/Splash-t.build/Objects-normal/arm64/Splash.swiftmodule -serialize-diagnostics -dependency-scan-serialize-diagnostics-path /Users/admin/builder/spi-builder-workspace/.derivedData/Build/Intermediates.noindex/Splash.build/Debug-watchos/Splash-t.build/Objects-normal/arm64/Splash-dependency-scan.dia -validate-clang-modules-once -clang-build-session-file /Users/admin/builder/spi-builder-workspace/.derivedData/ModuleCache.noindex/Session.modulevalidation -Xcc -fmodules-prune-interval\=86400 -Xcc -fmodules-prune-after\=345600 -emit-const-values -const-gather-protocols-list /Users/admin/builder/spi-builder-workspace/.derivedData/Build/Intermediates.noindex/Splash.build/Debug-watchos/Splash-t.build/Objects-normal/arm64/Splash_const_extract_protocols.json -Xcc -I/Users/admin/builder/spi-builder-workspace/.derivedData/Build/Products/Debug-watchos/include -Xcc -I/Users/admin/builder/spi-builder-workspace/.derivedData/Build/Intermediates.noindex/Splash.build/Debug-watchos/Splash-t.build/DerivedSources-normal/arm64 -Xcc -I/Users/admin/builder/spi-builder-workspace/.derivedData/Build/Intermediates.noindex/Splash.build/Debug-watchos/Splash-t.build/DerivedSources/arm64 -Xcc -I/Users/admin/builder/spi-builder-workspace/.derivedData/Build/Intermediates.noindex/Splash.build/Debug-watchos/Splash-t.build/DerivedSources -Xcc -DSWIFT_PACKAGE -Xcc -DDEBUG\=1 -emit-objc-header -emit-objc-header-path /Users/admin/builder/spi-builder-workspace/.derivedData/Build/Intermediates.noindex/Splash.build/Debug-watchos/Splash-t.build/Objects-normal/arm64/Splash-Swift.h -working-directory /Users/admin/builder/spi-builder-workspace/.swiftpm/xcode -experimental-emit-module-separately -disable-cmo
SwiftDriver Splash normal arm64_32 com.apple.xcode.tools.swift.compiler (in target 'Splash' from project 'Splash')
cd /Users/admin/builder/spi-builder-workspace/.swiftpm/xcode
builtin-SwiftDriver -- /Applications/Xcode-27.0.0-Release.Candidate.app/Contents/Developer/Toolchains/XcodeDefault.xctoolchain/usr/bin/swiftc -parse-as-library -module-name Splash -Onone @/Users/admin/builder/spi-builder-workspace/.derivedData/Build/Intermediates.noindex/Splash.build/Debug-watchos/Splash-t.build/Objects-normal/arm64_32/Splash.SwiftFileList -DSWIFT_PACKAGE -DDEBUG -DSWIFT_MODULE_RESOURCE_BUNDLE_UNAVAILABLE -DXcode -plugin-path /Applications/Xcode-27.0.0-Release.Candidate.app/Contents/Developer/Toolchains/XcodeDefault.xctoolchain/usr/lib/swift/host/plugins/testing -enable-experimental-feature DebugDescriptionMacro -sdk /Applications/Xcode-27.0.0-Release.Candidate.app/Contents/Developer/Platforms/WatchOS.platform/Developer/SDKs/WatchOS27.0.sdk -target arm64_32-apple-watchos9.0 -g -module-cache-path /Users/admin/builder/spi-builder-workspace/.derivedData/ModuleCache.noindex -Xfrontend -serialize-debugging-options -profile-coverage-mapping -profile-generate -enable-testing -index-store-path /Users/admin/builder/spi-builder-workspace/.derivedData/Index.noindex/DataStore -Xcc -D_LIBCPP_HARDENING_MODE\=_LIBCPP_HARDENING_MODE_DEBUG -swift-version 5 -I /Users/admin/builder/spi-builder-workspace/.derivedData/Build/Products/Debug-watchos -Isystem /Applications/Xcode-27.0.0-Release.Candidate.app/Contents/Developer/Platforms/WatchOS.platform/Developer/usr/lib -F /Users/admin/builder/spi-builder-workspace/.derivedData/Build/Products/Debug-watchos -F /Applications/Xcode-27.0.0-Release.Candidate.app/Contents/Developer/Platforms/WatchOS.platform/Developer/Library/Frameworks -F /Applications/Xcode-27.0.0-Release.Candidate.app/Contents/Developer/Platforms/WatchOS.platform/Developer/SDKs/WatchOS27.0.sdk/Developer/Library/Frameworks -c -j10 -enable-batch-mode -incremental -Xcc -ivfsstatcache -Xcc /Users/admin/builder/spi-builder-workspace/.derivedData/SDKStatCaches.noindex/watchos27.0-24R360-e829b21a6f8c9b70876ba0858053c04477534ef55a1706bf4c1112bbb242f0a2.sdkstatcache -output-file-map /Users/admin/builder/spi-builder-workspace/.derivedData/Build/Intermediates.noindex/Splash.build/Debug-watchos/Splash-t.build/Objects-normal/arm64_32/Splash-OutputFileMap.json -save-temps -no-color-diagnostics -explicit-module-build -module-cache-path /Users/admin/builder/spi-builder-workspace/.derivedData/Build/Intermediates.noindex/SwiftExplicitPrecompiledModules -clang-scanner-module-cache-path /Users/admin/builder/spi-builder-workspace/.derivedData/ModuleCache.noindex -sdk-module-cache-path /Users/admin/builder/spi-builder-workspace/.derivedData/SDKExplicitPrecompiledModules -emit-dependencies -emit-module -emit-module-path /Users/admin/builder/spi-builder-workspace/.derivedData/Build/Intermediates.noindex/Splash.build/Debug-watchos/Splash-t.build/Objects-normal/arm64_32/Splash.swiftmodule -serialize-diagnostics -dependency-scan-serialize-diagnostics-path /Users/admin/builder/spi-builder-workspace/.derivedData/Build/Intermediates.noindex/Splash.build/Debug-watchos/Splash-t.build/Objects-normal/arm64_32/Splash-dependency-scan.dia -validate-clang-modules-once -clang-build-session-file /Users/admin/builder/spi-builder-workspace/.derivedData/ModuleCache.noindex/Session.modulevalidation -Xcc -fmodules-prune-interval\=86400 -Xcc -fmodules-prune-after\=345600 -emit-const-values -const-gather-protocols-list /Users/admin/builder/spi-builder-workspace/.derivedData/Build/Intermediates.noindex/Splash.build/Debug-watchos/Splash-t.build/Objects-normal/arm64_32/Splash_const_extract_protocols.json -Xcc -I/Users/admin/builder/spi-builder-workspace/.derivedData/Build/Products/Debug-watchos/include -Xcc -I/Users/admin/builder/spi-builder-workspace/.derivedData/Build/Intermediates.noindex/Splash.build/Debug-watchos/Splash-t.build/DerivedSources-normal/arm64_32 -Xcc -I/Users/admin/builder/spi-builder-workspace/.derivedData/Build/Intermediates.noindex/Splash.build/Debug-watchos/Splash-t.build/DerivedSources/arm64_32 -Xcc -I/Users/admin/builder/spi-builder-workspace/.derivedData/Build/Intermediates.noindex/Splash.build/Debug-watchos/Splash-t.build/DerivedSources -Xcc -DSWIFT_PACKAGE -Xcc -DDEBUG\=1 -emit-objc-header -emit-objc-header-path /Users/admin/builder/spi-builder-workspace/.derivedData/Build/Intermediates.noindex/Splash.build/Debug-watchos/Splash-t.build/Objects-normal/arm64_32/Splash-Swift.h -working-directory /Users/admin/builder/spi-builder-workspace/.swiftpm/xcode -experimental-emit-module-separately -disable-cmo
SwiftCompile normal arm64 Compiling\ CharacterSet+Contains.swift,\ Equatable+AnyOf.swift,\ Int+IsOdd.swift /Users/admin/builder/spi-builder-workspace/Sources/Splash/Extensions/CharacterSet/CharacterSet+Contains.swift /Users/admin/builder/spi-builder-workspace/Sources/Splash/Extensions/Equatable/Equatable+AnyOf.swift /Users/admin/builder/spi-builder-workspace/Sources/Splash/Extensions/Int/Int+IsOdd.swift (in target 'Splash' from project 'Splash')
SwiftCompile normal arm64 /Users/admin/builder/spi-builder-workspace/Sources/Splash/Extensions/CharacterSet/CharacterSet+Contains.swift (in target 'Splash' from project 'Splash')
cd /Users/admin/builder/spi-builder-workspace/.swiftpm/xcode
builtin-SwiftPerFileCompile CharacterSet+Contains.swift
SwiftCompile normal arm64 /Users/admin/builder/spi-builder-workspace/Sources/Splash/Extensions/Equatable/Equatable+AnyOf.swift (in target 'Splash' from project 'Splash')
cd /Users/admin/builder/spi-builder-workspace/.swiftpm/xcode
builtin-SwiftPerFileCompile Equatable+AnyOf.swift
SwiftCompile normal arm64 /Users/admin/builder/spi-builder-workspace/Sources/Splash/Extensions/Int/Int+IsOdd.swift (in target 'Splash' from project 'Splash')
cd /Users/admin/builder/spi-builder-workspace/.swiftpm/xcode
builtin-SwiftPerFileCompile Int+IsOdd.swift
SwiftCompile normal arm64 Compiling\ String+IsNumber.swift,\ String+PrefixChecking.swift,\ String+Removing.swift /Users/admin/builder/spi-builder-workspace/Sources/Splash/Extensions/Strings/String+IsNumber.swift /Users/admin/builder/spi-builder-workspace/Sources/Splash/Extensions/Strings/String+PrefixChecking.swift /Users/admin/builder/spi-builder-workspace/Sources/Splash/Extensions/Strings/String+Removing.swift (in target 'Splash' from project 'Splash')
SwiftCompile normal arm64 /Users/admin/builder/spi-builder-workspace/Sources/Splash/Extensions/Strings/String+IsNumber.swift (in target 'Splash' from project 'Splash')
cd /Users/admin/builder/spi-builder-workspace/.swiftpm/xcode
builtin-SwiftPerFileCompile String+IsNumber.swift
SwiftCompile normal arm64 /Users/admin/builder/spi-builder-workspace/Sources/Splash/Extensions/Strings/String+PrefixChecking.swift (in target 'Splash' from project 'Splash')
cd /Users/admin/builder/spi-builder-workspace/.swiftpm/xcode
builtin-SwiftPerFileCompile String+PrefixChecking.swift
SwiftCompile normal arm64 /Users/admin/builder/spi-builder-workspace/Sources/Splash/Extensions/Strings/String+Removing.swift (in target 'Splash' from project 'Splash')
cd /Users/admin/builder/spi-builder-workspace/.swiftpm/xcode
builtin-SwiftPerFileCompile String+Removing.swift
SwiftCompile normal arm64 Compiling\ Sequence+AnyOf.swift,\ Sequence+Occurrences.swift,\ String+HTMLEntities.swift /Users/admin/builder/spi-builder-workspace/Sources/Splash/Extensions/Sequence/Sequence+AnyOf.swift /Users/admin/builder/spi-builder-workspace/Sources/Splash/Extensions/Sequence/Sequence+Occurrences.swift /Users/admin/builder/spi-builder-workspace/Sources/Splash/Extensions/Strings/String+HTMLEntities.swift (in target 'Splash' from project 'Splash')
SwiftCompile normal arm64 /Users/admin/builder/spi-builder-workspace/Sources/Splash/Extensions/Sequence/Sequence+AnyOf.swift (in target 'Splash' from project 'Splash')
cd /Users/admin/builder/spi-builder-workspace/.swiftpm/xcode
builtin-SwiftPerFileCompile Sequence+AnyOf.swift
SwiftCompile normal arm64 /Users/admin/builder/spi-builder-workspace/Sources/Splash/Extensions/Sequence/Sequence+Occurrences.swift (in target 'Splash' from project 'Splash')
cd /Users/admin/builder/spi-builder-workspace/.swiftpm/xcode
builtin-SwiftPerFileCompile Sequence+Occurrences.swift
SwiftCompile normal arm64 /Users/admin/builder/spi-builder-workspace/Sources/Splash/Extensions/Strings/String+HTMLEntities.swift (in target 'Splash' from project 'Splash')
cd /Users/admin/builder/spi-builder-workspace/.swiftpm/xcode
builtin-SwiftPerFileCompile String+HTMLEntities.swift
SwiftCompile normal arm64 Compiling\ Substring+HasSuffix.swift,\ Grammar.swift,\ SwiftGrammar.swift /Users/admin/builder/spi-builder-workspace/Sources/Splash/Extensions/Strings/Substring+HasSuffix.swift /Users/admin/builder/spi-builder-workspace/Sources/Splash/Grammar/Grammar.swift /Users/admin/builder/spi-builder-workspace/Sources/Splash/Grammar/SwiftGrammar.swift (in target 'Splash' from project 'Splash')
SwiftCompile normal arm64 /Users/admin/builder/spi-builder-workspace/Sources/Splash/Extensions/Strings/Substring+HasSuffix.swift (in target 'Splash' from project 'Splash')
cd /Users/admin/builder/spi-builder-workspace/.swiftpm/xcode
builtin-SwiftPerFileCompile Substring+HasSuffix.swift
SwiftCompile normal arm64 /Users/admin/builder/spi-builder-workspace/Sources/Splash/Grammar/Grammar.swift (in target 'Splash' from project 'Splash')
cd /Users/admin/builder/spi-builder-workspace/.swiftpm/xcode
builtin-SwiftPerFileCompile Grammar.swift
SwiftCompile normal arm64 /Users/admin/builder/spi-builder-workspace/Sources/Splash/Grammar/SwiftGrammar.swift (in target 'Splash' from project 'Splash')
cd /Users/admin/builder/spi-builder-workspace/.swiftpm/xcode
builtin-SwiftPerFileCompile SwiftGrammar.swift
SwiftEmitModule normal arm64 Emitting\ module\ for\ Splash (in target 'Splash' from project 'Splash')
/Users/admin/builder/spi-builder-workspace/Sources/Splash/Theming/Theme.swift:18:32: error: cannot find type 'Color' in scope
16 | public var font: Font
17 | /// What color to use for plain text (no highlighting)
18 | public var plainTextColor: Color
| `- error: cannot find type 'Color' in scope
19 | /// What color to use for the background
20 | public var backgroundColor: Color
/Users/admin/builder/spi-builder-workspace/Sources/Splash/Theming/Theme.swift:20:33: error: cannot find type 'Color' in scope
18 | public var plainTextColor: Color
19 | /// What color to use for the background
20 | public var backgroundColor: Color
| `- error: cannot find type 'Color' in scope
21 | /// What color to use for the text's highlighted tokens
22 | public var tokenColors: [TokenType: Color]
/Users/admin/builder/spi-builder-workspace/Sources/Splash/Theming/Theme.swift:22:41: error: cannot find type 'Color' in scope
20 | public var backgroundColor: Color
21 | /// What color to use for the text's highlighted tokens
22 | public var tokenColors: [TokenType: Color]
| `- error: cannot find type 'Color' in scope
23 |
24 | public init(font: Font,
/Users/admin/builder/spi-builder-workspace/Sources/Splash/Theming/Font.swift:42:24: error: cannot find type 'Loaded' in scope
40 | case system
41 | /// Use a pre-loaded font
42 | case preloaded(Loaded)
| `- error: cannot find type 'Loaded' in scope
43 | /// Load a font file from a given file system path
44 | case path(String)
/Users/admin/builder/spi-builder-workspace/Sources/Splash/Theming/Font.swift:49:20: error: cannot find type 'Loaded' in scope
47 |
48 | internal extension Font {
49 | func load() -> Loaded {
| `- error: cannot find type 'Loaded' in scope
50 | switch resource {
51 | case .system:
/Users/admin/builder/spi-builder-workspace/Sources/Splash/Output/AttributedStringOutputFormat.swift:57:46: error: 'Loaded' is not a member type of struct 'Splash.Font'
55 |
56 | private extension NSMutableAttributedString {
57 | func append(_ string: String, font: Font.Loaded, color: Color) {
| `- error: 'Loaded' is not a member type of struct 'Splash.Font'
58 | let attributedString = NSAttributedString(string: string, attributes: [
59 | .foregroundColor: color,
/Users/admin/builder/spi-builder-workspace/Sources/Splash/Theming/Font.swift:15:15: note: 'Font' declared here
13 | /// simplified font representation rather than `NSFont`
14 | /// or `UIFont`.
15 | public struct Font {
| `- note: 'Font' declared here
16 | /// The underlying resource used to load the font
17 | public var resource: Resource
/Users/admin/builder/spi-builder-workspace/Sources/Splash/Output/AttributedStringOutputFormat.swift:57:61: error: cannot find type 'Color' in scope
55 |
56 | private extension NSMutableAttributedString {
57 | func append(_ string: String, font: Font.Loaded, color: Color) {
| `- error: cannot find type 'Color' in scope
58 | let attributedString = NSAttributedString(string: string, attributes: [
59 | .foregroundColor: color,
/Users/admin/builder/spi-builder-workspace/Sources/Splash/Theming/Color.swift:16:20: error: cannot find type 'Color' in scope
14 |
15 | #if !os(Linux)
16 | internal extension Color {
| `- error: cannot find type 'Color' in scope
17 | convenience init(red: CGFloat, green: CGFloat, blue: CGFloat) {
18 | self.init(red: red, green: green, blue: blue, alpha: 1)
/Users/admin/builder/spi-builder-workspace/Sources/Splash/Theming/Font.swift:60:39: error: cannot find type 'Loaded' in scope
58 | }
59 |
60 | private func loadDefaultFont() -> Loaded {
| `- error: cannot find type 'Loaded' in scope
61 | let font: Loaded?
62 |
/Users/admin/builder/spi-builder-workspace/Sources/Splash/Theming/Font.swift:72:49: error: cannot find type 'Loaded' in scope
70 | }
71 |
72 | private func load(fromPath path: String) -> Loaded? {
| `- error: cannot find type 'Loaded' in scope
73 | guard
74 | let url = CFURLCreateWithFileSystemPath(kCFAllocatorDefault, path as CFString, .cfurlposixPathStyle, false),
/Users/admin/builder/spi-builder-workspace/Sources/Splash/Theming/Theme.swift:25:33: error: cannot find type 'Color' in scope
23 |
24 | public init(font: Font,
25 | plainTextColor: Color,
| `- error: cannot find type 'Color' in scope
26 | tokenColors: [TokenType: Color],
27 | backgroundColor: Color = Color(white: 0.12, alpha: 1)) {
/Users/admin/builder/spi-builder-workspace/Sources/Splash/Theming/Theme.swift:26:42: error: cannot find type 'Color' in scope
24 | public init(font: Font,
25 | plainTextColor: Color,
26 | tokenColors: [TokenType: Color],
| `- error: cannot find type 'Color' in scope
27 | backgroundColor: Color = Color(white: 0.12, alpha: 1)) {
28 | self.font = font
/Users/admin/builder/spi-builder-workspace/Sources/Splash/Theming/Theme.swift:27:34: error: cannot find type 'Color' in scope
25 | plainTextColor: Color,
26 | tokenColors: [TokenType: Color],
27 | backgroundColor: Color = Color(white: 0.12, alpha: 1)) {
| `- error: cannot find type 'Color' in scope
28 | self.font = font
29 | self.plainTextColor = plainTextColor
Failed frontend command:
/Applications/Xcode-27.0.0-Release.Candidate.app/Contents/Developer/Toolchains/XcodeDefault.xctoolchain/usr/bin/swift-frontend -frontend -emit-module -experimental-skip-non-inlinable-function-bodies-without-types /Users/admin/builder/spi-builder-workspace/Sources/Splash/Extensions/CharacterSet/CharacterSet+Contains.swift /Users/admin/builder/spi-builder-workspace/Sources/Splash/Extensions/Equatable/Equatable+AnyOf.swift /Users/admin/builder/spi-builder-workspace/Sources/Splash/Extensions/Int/Int+IsOdd.swift /Users/admin/builder/spi-builder-workspace/Sources/Splash/Extensions/Sequence/Sequence+AnyOf.swift /Users/admin/builder/spi-builder-workspace/Sources/Splash/Extensions/Sequence/Sequence+Occurrences.swift /Users/admin/builder/spi-builder-workspace/Sources/Splash/Extensions/Strings/String+HTMLEntities.swift /Users/admin/builder/spi-builder-workspace/Sources/Splash/Extensions/Strings/String+IsNumber.swift /Users/admin/builder/spi-builder-workspace/Sources/Splash/Extensions/Strings/String+PrefixChecking.swift /Users/admin/builder/spi-builder-workspace/Sources/Splash/Extensions/Strings/String+Removing.swift /Users/admin/builder/spi-builder-workspace/Sources/Splash/Extensions/Strings/Substring+HasSuffix.swift /Users/admin/builder/spi-builder-workspace/Sources/Splash/Grammar/Grammar.swift /Users/admin/builder/spi-builder-workspace/Sources/Splash/Grammar/SwiftGrammar.swift /Users/admin/builder/spi-builder-workspace/Sources/Splash/Output/AttributedStringOutputFormat.swift /Users/admin/builder/spi-builder-workspace/Sources/Splash/Output/HTMLOutputFormat.swift /Users/admin/builder/spi-builder-workspace/Sources/Splash/Output/MarkdownDecorator.swift /Users/admin/builder/spi-builder-workspace/Sources/Splash/Output/OutputBuilder.swift /Users/admin/builder/spi-builder-workspace/Sources/Splash/Output/OutputFormat.swift /Users/admin/builder/spi-builder-workspace/Sources/Splash/Syntax/SyntaxHighlighter.swift /Users/admin/builder/spi-builder-workspace/Sources/Splash/Syntax/SyntaxRule.swift /Users/admin/builder/spi-builder-workspace/Sources/Splash/Theming/Color.swift /Users/admin/builder/spi-builder-workspace/Sources/Splash/Theming/Font.swift /Users/admin/builder/spi-builder-workspace/Sources/Splash/Theming/Theme+Defaults.swift /Users/admin/builder/spi-builder-workspace/Sources/Splash/Theming/Theme.swift /Users/admin/builder/spi-builder-workspace/Sources/Splash/Tokenizing/Segment.swift /Users/admin/builder/spi-builder-workspace/Sources/Splash/Tokenizing/TokenType.swift /Users/admin/builder/spi-builder-workspace/Sources/Splash/Tokenizing/Tokenizer.swift -target arm64-apple-watchos9.0 -disable-cross-import-overlay-search -load-resolved-plugin /Applications/Xcode-27.0.0-Release.Candidate.app/Contents/Developer/Platforms/WatchOS.platform/Developer/usr/lib/swift/host/plugins/libFoundationMacros.dylib\#/Applications/Xcode-27.0.0-Release.Candidate.app/Contents/Developer/Platforms/WatchOS.platform/Developer/usr/bin/swift-plugin-server\#FoundationMacros -load-resolved-plugin /Applications/Xcode-27.0.0-Release.Candidate.app/Contents/Developer/Platforms/WatchOS.platform/Developer/usr/lib/swift/host/plugins/libObservationMacros.dylib\#/Applications/Xcode-27.0.0-Release.Candidate.app/Contents/Developer/Platforms/WatchOS.platform/Developer/usr/bin/swift-plugin-server\#ObservationMacros -load-resolved-plugin /Applications/Xcode-27.0.0-Release.Candidate.app/Contents/Developer/Platforms/WatchOS.platform/Developer/usr/lib/swift/host/plugins/libSwiftMacros.dylib\#/Applications/Xcode-27.0.0-Release.Candidate.app/Contents/Developer/Platforms/WatchOS.platform/Developer/usr/bin/swift-plugin-server\#SwiftMacros -disable-implicit-swift-modules -Xcc -fno-implicit-modules -Xcc -fno-implicit-module-maps -explicit-swift-module-map-file /Users/admin/builder/spi-builder-workspace/.derivedData/Build/Intermediates.noindex/Splash.build/Debug-watchos/Splash-t.build/Objects-normal/arm64/Splash-dependencies-1.json -Xllvm -aarch64-use-tbi -enable-objc-interop -stack-check -sdk /Applications/Xcode-27.0.0-Release.Candidate.app/Contents/Developer/Platforms/WatchOS.platform/Developer/SDKs/WatchOS27.0.sdk -I /Users/admin/builder/spi-builder-workspace/.derivedData/Build/Products/Debug-watchos -Isystem /Applications/Xcode-27.0.0-Release.Candidate.app/Contents/Developer/Platforms/WatchOS.platform/Developer/usr/lib -F /Users/admin/builder/spi-builder-workspace/.derivedData/Build/Products/Debug-watchos -F /Applications/Xcode-27.0.0-Release.Candidate.app/Contents/Developer/Platforms/WatchOS.platform/Developer/Library/Frameworks -F /Applications/Xcode-27.0.0-Release.Candidate.app/Contents/Developer/Platforms/WatchOS.platform/Developer/SDKs/WatchOS27.0.sdk/Developer/Library/Frameworks -module-cache-path /Users/admin/builder/spi-builder-workspace/.derivedData/Build/Intermediates.noindex/SwiftExplicitPrecompiledModules -no-color-diagnostics -Xcc -fno-color-diagnostics -enable-testing -g -debug-info-format\=dwarf -dwarf-version\=4 -profile-generate -profile-coverage-mapping -swift-version 5 -Onone -D SWIFT_PACKAGE -D DEBUG -D SWIFT_MODULE_RESOURCE_BUNDLE_UNAVAILABLE -D Xcode -serialize-debugging-options -enable-experimental-feature DebugDescriptionMacro -empty-abi-descriptor -validate-clang-modules-once -clang-build-session-file /Users/admin/builder/spi-builder-workspace/.derivedData/ModuleCache.noindex/Session.modulevalidation -Xcc -working-directory -Xcc /Users/admin/builder/spi-builder-workspace/.swiftpm/xcode -enable-anonymous-context-mangled-names -file-compilation-dir /Users/admin/builder/spi-builder-workspace/.swiftpm/xcode -Xcc -D_LIBCPP_HARDENING_MODE\=_LIBCPP_HARDENING_MODE_DEBUG -Xcc -ivfsstatcache -Xcc /Users/admin/builder/spi-builder-workspace/.derivedData/SDKStatCaches.noindex/watchos27.0-24R360-e829b21a6f8c9b70876ba0858053c04477534ef55a1706bf4c1112bbb242f0a2.sdkstatcache -Xcc -fmodules-prune-interval\=86400 -Xcc -fmodules-prune-after\=345600 -Xcc -I/Users/admin/builder/spi-builder-workspace/.derivedData/Build/Products/Debug-watchos/include -Xcc -I/Users/admin/builder/spi-builder-workspace/.derivedData/Build/Intermediates.noindex/Splash.build/Debug-watchos/Splash-t.build/DerivedSources-normal/arm64 -Xcc -I/Users/admin/builder/spi-builder-workspace/.derivedData/Build/Intermediates.noindex/Splash.build/Debug-watchos/Splash-t.build/DerivedSources/arm64 -Xcc -I/Users/admin/builder/spi-builder-workspace/.derivedData/Build/Intermediates.noindex/Splash.build/Debug-watchos/Splash-t.build/DerivedSources -Xcc -DSWIFT_PACKAGE -Xcc -DDEBUG\=1 -no-auto-bridging-header-chaining -module-name Splash -const-gather-protocols-file /Users/admin/builder/spi-builder-workspace/.derivedData/Build/Intermediates.noindex/Splash.build/Debug-watchos/Splash-t.build/Objects-normal/arm64/Splash_const_extract_protocols.json -disable-clang-spi -clang-target arm64-apple-watchos27.0 -target-sdk-version 27.0 -target-sdk-name watchos27.0 -in-process-plugin-server-path /Applications/Xcode-27.0.0-Release.Candidate.app/Contents/Developer/Toolchains/XcodeDefault.xctoolchain/usr/lib/swift/host/libSwiftInProcPluginServer.dylib -emit-module-doc-path /Users/admin/builder/spi-builder-workspace/.derivedData/Build/Intermediates.noindex/Splash.build/Debug-watchos/Splash-t.build/Objects-normal/arm64/Splash.swiftdoc -emit-module-source-info-path /Users/admin/builder/spi-builder-workspace/.derivedData/Build/Intermediates.noindex/Splash.build/Debug-watchos/Splash-t.build/Objects-normal/arm64/Splash.swiftsourceinfo -emit-objc-header-path /Users/admin/builder/spi-builder-workspace/.derivedData/Build/Intermediates.noindex/Splash.build/Debug-watchos/Splash-t.build/Objects-normal/arm64/Splash-Swift.h -serialize-diagnostics-path /Users/admin/builder/spi-builder-workspace/.derivedData/Build/Intermediates.noindex/Splash.build/Debug-watchos/Splash-t.build/Objects-normal/arm64/Splash-primary-emit-module.dia -emit-dependencies-path /Users/admin/builder/spi-builder-workspace/.derivedData/Build/Intermediates.noindex/Splash.build/Debug-watchos/Splash-t.build/Objects-normal/arm64/Splash-primary-emit-module.d -parse-as-library -o /Users/admin/builder/spi-builder-workspace/.derivedData/Build/Intermediates.noindex/Splash.build/Debug-watchos/Splash-t.build/Objects-normal/arm64/Splash.swiftmodule -emit-abi-descriptor-path /Users/admin/builder/spi-builder-workspace/.derivedData/Build/Intermediates.noindex/Splash.build/Debug-watchos/Splash-t.build/Objects-normal/arm64/Splash.abi.json
SwiftCompile normal arm64 (in target 'Splash' from project 'Splash')
cd /Users/admin/builder/spi-builder-workspace/.swiftpm/xcode
SwiftCompile normal arm64 Compiling\ TokenType.swift,\ Tokenizer.swift /Users/admin/builder/spi-builder-workspace/Sources/Splash/Tokenizing/TokenType.swift /Users/admin/builder/spi-builder-workspace/Sources/Splash/Tokenizing/Tokenizer.swift (in target 'Splash' from project 'Splash')
SwiftCompile normal arm64 /Users/admin/builder/spi-builder-workspace/Sources/Splash/Tokenizing/TokenType.swift (in target 'Splash' from project 'Splash')
cd /Users/admin/builder/spi-builder-workspace/.swiftpm/xcode
builtin-SwiftPerFileCompile TokenType.swift
SwiftCompile normal arm64 /Users/admin/builder/spi-builder-workspace/Sources/Splash/Tokenizing/Tokenizer.swift (in target 'Splash' from project 'Splash')
cd /Users/admin/builder/spi-builder-workspace/.swiftpm/xcode
builtin-SwiftPerFileCompile Tokenizer.swift
SwiftCompile normal arm64 Compiling\ SyntaxRule.swift,\ Color.swift /Users/admin/builder/spi-builder-workspace/Sources/Splash/Syntax/SyntaxRule.swift /Users/admin/builder/spi-builder-workspace/Sources/Splash/Theming/Color.swift (in target 'Splash' from project 'Splash')
SwiftCompile normal arm64 /Users/admin/builder/spi-builder-workspace/Sources/Splash/Syntax/SyntaxRule.swift (in target 'Splash' from project 'Splash')
cd /Users/admin/builder/spi-builder-workspace/.swiftpm/xcode
builtin-SwiftPerFileCompile SyntaxRule.swift
SwiftCompile normal arm64 /Users/admin/builder/spi-builder-workspace/Sources/Splash/Theming/Color.swift (in target 'Splash' from project 'Splash')
cd /Users/admin/builder/spi-builder-workspace/.swiftpm/xcode
builtin-SwiftPerFileCompile Color.swift
SwiftCompile normal arm64 Compiling\ OutputBuilder.swift,\ OutputFormat.swift,\ SyntaxHighlighter.swift /Users/admin/builder/spi-builder-workspace/Sources/Splash/Output/OutputBuilder.swift /Users/admin/builder/spi-builder-workspace/Sources/Splash/Output/OutputFormat.swift /Users/admin/builder/spi-builder-workspace/Sources/Splash/Syntax/SyntaxHighlighter.swift (in target 'Splash' from project 'Splash')
SwiftCompile normal arm64 /Users/admin/builder/spi-builder-workspace/Sources/Splash/Output/OutputBuilder.swift (in target 'Splash' from project 'Splash')
cd /Users/admin/builder/spi-builder-workspace/.swiftpm/xcode
builtin-SwiftPerFileCompile OutputBuilder.swift
SwiftCompile normal arm64 /Users/admin/builder/spi-builder-workspace/Sources/Splash/Output/OutputFormat.swift (in target 'Splash' from project 'Splash')
cd /Users/admin/builder/spi-builder-workspace/.swiftpm/xcode
builtin-SwiftPerFileCompile OutputFormat.swift
SwiftCompile normal arm64 /Users/admin/builder/spi-builder-workspace/Sources/Splash/Syntax/SyntaxHighlighter.swift (in target 'Splash' from project 'Splash')
cd /Users/admin/builder/spi-builder-workspace/.swiftpm/xcode
builtin-SwiftPerFileCompile SyntaxHighlighter.swift
SwiftCompile normal arm64 Compiling\ Font.swift,\ Theme+Defaults.swift /Users/admin/builder/spi-builder-workspace/Sources/Splash/Theming/Font.swift /Users/admin/builder/spi-builder-workspace/Sources/Splash/Theming/Theme+Defaults.swift (in target 'Splash' from project 'Splash')
/Users/admin/builder/spi-builder-workspace/Sources/Splash/Theming/Font.swift:42:24: error: cannot find type 'Loaded' in scope
40 | case system
41 | /// Use a pre-loaded font
42 | case preloaded(Loaded)
| `- error: cannot find type 'Loaded' in scope
43 | /// Load a font file from a given file system path
44 | case path(String)
/Users/admin/builder/spi-builder-workspace/Sources/Splash/Theming/Font.swift:49:20: error: cannot find type 'Loaded' in scope
47 |
48 | internal extension Font {
49 | func load() -> Loaded {
| `- error: cannot find type 'Loaded' in scope
50 | switch resource {
51 | case .system:
/Users/admin/builder/spi-builder-workspace/Sources/Splash/Theming/Font.swift:60:39: error: cannot find type 'Loaded' in scope
58 | }
59 |
60 | private func loadDefaultFont() -> Loaded {
| `- error: cannot find type 'Loaded' in scope
61 | let font: Loaded?
62 |
/Users/admin/builder/spi-builder-workspace/Sources/Splash/Theming/Font.swift:72:49: error: cannot find type 'Loaded' in scope
70 | }
71 |
72 | private func load(fromPath path: String) -> Loaded? {
| `- error: cannot find type 'Loaded' in scope
73 | guard
74 | let url = CFURLCreateWithFileSystemPath(kCFAllocatorDefault, path as CFString, .cfurlposixPathStyle, false),
/Users/admin/builder/spi-builder-workspace/Sources/Splash/Theming/Font.swift:61:19: error: cannot find type 'Loaded' in scope
59 |
60 | private func loadDefaultFont() -> Loaded {
61 | let font: Loaded?
| `- error: cannot find type 'Loaded' in scope
62 |
63 | #if os(iOS)
/Users/admin/builder/spi-builder-workspace/Sources/Splash/Theming/Font.swift:75:28: error: cannot find 'CGDataProvider' in scope
73 | guard
74 | let url = CFURLCreateWithFileSystemPath(kCFAllocatorDefault, path as CFString, .cfurlposixPathStyle, false),
75 | let provider = CGDataProvider(url: url),
| `- error: cannot find 'CGDataProvider' in scope
76 | let font = CGFont(provider)
77 | else {
/Users/admin/builder/spi-builder-workspace/Sources/Splash/Theming/Font.swift:76:24: error: cannot find 'CGFont' in scope
74 | let url = CFURLCreateWithFileSystemPath(kCFAllocatorDefault, path as CFString, .cfurlposixPathStyle, false),
75 | let provider = CGDataProvider(url: url),
76 | let font = CGFont(provider)
| `- error: cannot find 'CGFont' in scope
77 | else {
78 | return nil
/Users/admin/builder/spi-builder-workspace/Sources/Splash/Theming/Font.swift:81:16: error: cannot find 'CTFontCreateWithGraphicsFont' in scope
79 | }
80 |
81 | return CTFontCreateWithGraphicsFont(font, CGFloat(size), nil, nil)
| `- error: cannot find 'CTFontCreateWithGraphicsFont' in scope
82 | }
83 | }
/Users/admin/builder/spi-builder-workspace/Sources/Splash/Theming/Theme+Defaults.swift:16:29: error: cannot find 'Color' in scope
14 | return Theme(
15 | font: font,
16 | plainTextColor: Color(
| `- error: cannot find 'Color' in scope
17 | red: 0.66,
18 | green: 0.74,
/Users/admin/builder/spi-builder-workspace/Sources/Splash/Theming/Theme+Defaults.swift:22:27: error: cannot find 'Color' in scope
20 | ),
21 | tokenColors: [
22 | .keyword: Color(red: 0.91, green: 0.2, blue: 0.54),
| `- error: cannot find 'Color' in scope
23 | .string: Color(red: 0.98, green: 0.39, blue: 0.12),
24 | .type: Color(red: 0.51, green: 0.51, blue: 0.79),
/Users/admin/builder/spi-builder-workspace/Sources/Splash/Theming/Theme+Defaults.swift:23:26: error: cannot find 'Color' in scope
21 | tokenColors: [
22 | .keyword: Color(red: 0.91, green: 0.2, blue: 0.54),
23 | .string: Color(red: 0.98, green: 0.39, blue: 0.12),
| `- error: cannot find 'Color' in scope
24 | .type: Color(red: 0.51, green: 0.51, blue: 0.79),
25 | .call: Color(red: 0.2, green: 0.56, blue: 0.9),
/Users/admin/builder/spi-builder-workspace/Sources/Splash/Theming/Theme+Defaults.swift:24:24: error: cannot find 'Color' in scope
22 | .keyword: Color(red: 0.91, green: 0.2, blue: 0.54),
23 | .string: Color(red: 0.98, green: 0.39, blue: 0.12),
24 | .type: Color(red: 0.51, green: 0.51, blue: 0.79),
| `- error: cannot find 'Color' in scope
25 | .call: Color(red: 0.2, green: 0.56, blue: 0.9),
26 | .number: Color(red: 0.86, green: 0.44, blue: 0.34),
/Users/admin/builder/spi-builder-workspace/Sources/Splash/Theming/Theme+Defaults.swift:25:24: error: cannot find 'Color' in scope
23 | .string: Color(red: 0.98, green: 0.39, blue: 0.12),
24 | .type: Color(red: 0.51, green: 0.51, blue: 0.79),
25 | .call: Color(red: 0.2, green: 0.56, blue: 0.9),
| `- error: cannot find 'Color' in scope
26 | .number: Color(red: 0.86, green: 0.44, blue: 0.34),
27 | .comment: Color(red: 0.42, green: 0.54, blue: 0.58),
/Users/admin/builder/spi-builder-workspace/Sources/Splash/Theming/Theme+Defaults.swift:26:26: error: cannot find 'Color' in scope
24 | .type: Color(red: 0.51, green: 0.51, blue: 0.79),
25 | .call: Color(red: 0.2, green: 0.56, blue: 0.9),
26 | .number: Color(red: 0.86, green: 0.44, blue: 0.34),
| `- error: cannot find 'Color' in scope
27 | .comment: Color(red: 0.42, green: 0.54, blue: 0.58),
28 | .property: Color(red: 0.13, green: 0.67, blue: 0.62),
/Users/admin/builder/spi-builder-workspace/Sources/Splash/Theming/Theme+Defaults.swift:27:27: error: cannot find 'Color' in scope
25 | .call: Color(red: 0.2, green: 0.56, blue: 0.9),
26 | .number: Color(red: 0.86, green: 0.44, blue: 0.34),
27 | .comment: Color(red: 0.42, green: 0.54, blue: 0.58),
| `- error: cannot find 'Color' in scope
28 | .property: Color(red: 0.13, green: 0.67, blue: 0.62),
29 | .dotAccess: Color(red: 0.57, green: 0.7, blue: 0),
/Users/admin/builder/spi-builder-workspace/Sources/Splash/Theming/Theme+Defaults.swift:28:28: error: cannot find 'Color' in scope
26 | .number: Color(red: 0.86, green: 0.44, blue: 0.34),
27 | .comment: Color(red: 0.42, green: 0.54, blue: 0.58),
28 | .property: Color(red: 0.13, green: 0.67, blue: 0.62),
| `- error: cannot find 'Color' in scope
29 | .dotAccess: Color(red: 0.57, green: 0.7, blue: 0),
30 | .preprocessing: Color(red: 0.71, green: 0.54, blue: 0)
/Users/admin/builder/spi-builder-workspace/Sources/Splash/Theming/Theme+Defaults.swift:29:29: error: cannot find 'Color' in scope
27 | .comment: Color(red: 0.42, green: 0.54, blue: 0.58),
28 | .property: Color(red: 0.13, green: 0.67, blue: 0.62),
29 | .dotAccess: Color(red: 0.57, green: 0.7, blue: 0),
| `- error: cannot find 'Color' in scope
30 | .preprocessing: Color(red: 0.71, green: 0.54, blue: 0)
31 | ],
/Users/admin/builder/spi-builder-workspace/Sources/Splash/Theming/Theme+Defaults.swift:30:33: error: cannot find 'Color' in scope
28 | .property: Color(red: 0.13, green: 0.67, blue: 0.62),
29 | .dotAccess: Color(red: 0.57, green: 0.7, blue: 0),
30 | .preprocessing: Color(red: 0.71, green: 0.54, blue: 0)
| `- error: cannot find 'Color' in scope
31 | ],
32 | backgroundColor: Color(
/Users/admin/builder/spi-builder-workspace/Sources/Splash/Theming/Theme+Defaults.swift:32:30: error: cannot find 'Color' in scope
30 | .preprocessing: Color(red: 0.71, green: 0.54, blue: 0)
31 | ],
32 | backgroundColor: Color(
| `- error: cannot find 'Color' in scope
33 | red: 0.098,
34 | green: 0.098,
/Users/admin/builder/spi-builder-workspace/Sources/Splash/Theming/Theme.swift:25:33: error: cannot find type 'Color' in scope
23 |
24 | public init(font: Font,
25 | plainTextColor: Color,
| `- error: cannot find type 'Color' in scope
26 | tokenColors: [TokenType: Color],
27 | backgroundColor: Color = Color(white: 0.12, alpha: 1)) {
/Users/admin/builder/spi-builder-workspace/Sources/Splash/Theming/Theme.swift:26:42: error: cannot find type 'Color' in scope
24 | public init(font: Font,
25 | plainTextColor: Color,
26 | tokenColors: [TokenType: Color],
| `- error: cannot find type 'Color' in scope
27 | backgroundColor: Color = Color(white: 0.12, alpha: 1)) {
28 | self.font = font
/Users/admin/builder/spi-builder-workspace/Sources/Splash/Theming/Theme.swift:27:34: error: cannot find type 'Color' in scope
25 | plainTextColor: Color,
26 | tokenColors: [TokenType: Color],
27 | backgroundColor: Color = Color(white: 0.12, alpha: 1)) {
| `- error: cannot find type 'Color' in scope
28 | self.font = font
29 | self.plainTextColor = plainTextColor
/Users/admin/builder/spi-builder-workspace/Sources/Splash/Theming/Theme+Defaults.swift:44:29: error: cannot find 'Color' in scope
42 | return Theme(
43 | font: font,
44 | plainTextColor: Color(
| `- error: cannot find 'Color' in scope
45 | red: 1,
46 | green: 1,
/Users/admin/builder/spi-builder-workspace/Sources/Splash/Theming/Theme+Defaults.swift:50:27: error: cannot find 'Color' in scope
48 | ),
49 | tokenColors: [
50 | .keyword: Color(red: 0.828, green: 0.095, blue: 0.583),
| `- error: cannot find 'Color' in scope
51 | .string: Color(red: 1.0, green: 0.171, blue: 0.219),
52 | .type: Color(red: 0.137, green: 1.0, blue: 0.512),
/Users/admin/builder/spi-builder-workspace/Sources/Splash/Theming/Theme+Defaults.swift:51:26: error: cannot find 'Color' in scope
49 | tokenColors: [
50 | .keyword: Color(red: 0.828, green: 0.095, blue: 0.583),
51 | .string: Color(red: 1.0, green: 0.171, blue: 0.219),
| `- error: cannot find 'Color' in scope
52 | .type: Color(red: 0.137, green: 1.0, blue: 0.512),
53 | .call: Color(red: 0.137, green: 1.0, blue: 0.512),
/Users/admin/builder/spi-builder-workspace/Sources/Splash/Theming/Theme+Defaults.swift:52:24: error: cannot find 'Color' in scope
50 | .keyword: Color(red: 0.828, green: 0.095, blue: 0.583),
51 | .string: Color(red: 1.0, green: 0.171, blue: 0.219),
52 | .type: Color(red: 0.137, green: 1.0, blue: 0.512),
| `- error: cannot find 'Color' in scope
53 | .call: Color(red: 0.137, green: 1.0, blue: 0.512),
54 | .number: Color(red: 0.469, green: 0.426, blue: 1.00),
/Users/admin/builder/spi-builder-workspace/Sources/Splash/Theming/Theme+Defaults.swift:53:24: error: cannot find 'Color' in scope
51 | .string: Color(red: 1.0, green: 0.171, blue: 0.219),
52 | .type: Color(red: 0.137, green: 1.0, blue: 0.512),
53 | .call: Color(red: 0.137, green: 1.0, blue: 0.512),
| `- error: cannot find 'Color' in scope
54 | .number: Color(red: 0.469, green: 0.426, blue: 1.00),
55 | .comment: Color(red: 0.255, green: 0.801, blue: 0.27),
/Users/admin/builder/spi-builder-workspace/Sources/Splash/Theming/Theme+Defaults.swift:54:26: error: cannot find 'Color' in scope
52 | .type: Color(red: 0.137, green: 1.0, blue: 0.512),
53 | .call: Color(red: 0.137, green: 1.0, blue: 0.512),
54 | .number: Color(red: 0.469, green: 0.426, blue: 1.00),
| `- error: cannot find 'Color' in scope
55 | .comment: Color(red: 0.255, green: 0.801, blue: 0.27),
56 | .property: Color(red: 0.431, green: 0.714, blue: 0.533),
/Users/admin/builder/spi-builder-workspace/Sources/Splash/Theming/Theme+Defaults.swift:55:27: error: cannot find 'Color' in scope
53 | .call: Color(red: 0.137, green: 1.0, blue: 0.512),
54 | .number: Color(red: 0.469, green: 0.426, blue: 1.00),
55 | .comment: Color(red: 0.255, green: 0.801, blue: 0.27),
| `- error: cannot find 'Color' in scope
56 | .property: Color(red: 0.431, green: 0.714, blue: 0.533),
57 | .dotAccess: Color(red: 0.431, green: 0.714, blue: 0.533),
/Users/admin/builder/spi-builder-workspace/Sources/Splash/Theming/Theme+Defaults.swift:56:28: error: cannot find 'Color' in scope
54 | .number: Color(red: 0.469, green: 0.426, blue: 1.00),
55 | .comment: Color(red: 0.255, green: 0.801, blue: 0.27),
56 | .property: Color(red: 0.431, green: 0.714, blue: 0.533),
| `- error: cannot find 'Color' in scope
57 | .dotAccess: Color(red: 0.431, green: 0.714, blue: 0.533),
58 | .preprocessing: Color(red: 0.896, green: 0.488, blue: 0.284)
/Users/admin/builder/spi-builder-workspace/Sources/Splash/Theming/Theme+Defaults.swift:57:29: error: cannot find 'Color' in scope
55 | .comment: Color(red: 0.255, green: 0.801, blue: 0.27),
56 | .property: Color(red: 0.431, green: 0.714, blue: 0.533),
57 | .dotAccess: Color(red: 0.431, green: 0.714, blue: 0.533),
| `- error: cannot find 'Color' in scope
58 | .preprocessing: Color(red: 0.896, green: 0.488, blue: 0.284)
59 | ],
/Users/admin/builder/spi-builder-workspace/Sources/Splash/Theming/Theme+Defaults.swift:58:33: error: cannot find 'Color' in scope
56 | .property: Color(red: 0.431, green: 0.714, blue: 0.533),
57 | .dotAccess: Color(red: 0.431, green: 0.714, blue: 0.533),
58 | .preprocessing: Color(red: 0.896, green: 0.488, blue: 0.284)
| `- error: cannot find 'Color' in scope
59 | ],
60 | backgroundColor: Color(
/Users/admin/builder/spi-builder-workspace/Sources/Splash/Theming/Theme+Defaults.swift:60:30: error: cannot find 'Color' in scope
58 | .preprocessing: Color(red: 0.896, green: 0.488, blue: 0.284)
59 | ],
60 | backgroundColor: Color(
| `- error: cannot find 'Color' in scope
61 | red: 0,
62 | green: 0,
/Users/admin/builder/spi-builder-workspace/Sources/Splash/Theming/Theme+Defaults.swift:72:29: error: cannot find 'Color' in scope
70 | return Theme(
71 | font: font,
72 | plainTextColor: Color(
| `- error: cannot find 'Color' in scope
73 | red: 0.84,
74 | green: 0.84,
/Users/admin/builder/spi-builder-workspace/Sources/Splash/Theming/Theme+Defaults.swift:78:27: error: cannot find 'Color' in scope
76 | ),
77 | tokenColors: [
78 | .keyword: Color(red: 0.992, green: 0.791, blue: 0.45),
| `- error: cannot find 'Color' in scope
79 | .string: Color(red: 0.966, green: 0.517, blue: 0.29),
80 | .type: Color(red: 0.431, green: 0.714, blue: 0.533),
/Users/admin/builder/spi-builder-workspace/Sources/Splash/Theming/Theme+Defaults.swift:79:26: error: cannot find 'Color' in scope
77 | tokenColors: [
78 | .keyword: Color(red: 0.992, green: 0.791, blue: 0.45),
79 | .string: Color(red: 0.966, green: 0.517, blue: 0.29),
| `- error: cannot find 'Color' in scope
80 | .type: Color(red: 0.431, green: 0.714, blue: 0.533),
81 | .call: Color(red: 0.431, green: 0.714, blue: 0.533),
/Users/admin/builder/spi-builder-workspace/Sources/Splash/Theming/Theme+Defaults.swift:80:24: error: cannot find 'Color' in scope
78 | .keyword: Color(red: 0.992, green: 0.791, blue: 0.45),
79 | .string: Color(red: 0.966, green: 0.517, blue: 0.29),
80 | .type: Color(red: 0.431, green: 0.714, blue: 0.533),
| `- error: cannot find 'Color' in scope
81 | .call: Color(red: 0.431, green: 0.714, blue: 0.533),
82 | .number: Color(red: 0.559, green: 0.504, blue: 0.745),
/Users/admin/builder/spi-builder-workspace/Sources/Splash/Theming/Theme+Defaults.swift:81:24: error: cannot find 'Color' in scope
79 | .string: Color(red: 0.966, green: 0.517, blue: 0.29),
80 | .type: Color(red: 0.431, green: 0.714, blue: 0.533),
81 | .call: Color(red: 0.431, green: 0.714, blue: 0.533),
| `- error: cannot find 'Color' in scope
82 | .number: Color(red: 0.559, green: 0.504, blue: 0.745),
83 | .comment: Color(red: 0.484, green: 0.483, blue: 0.504),
/Users/admin/builder/spi-builder-workspace/Sources/Splash/Theming/Theme+Defaults.swift:82:26: error: cannot find 'Color' in scope
80 | .type: Color(red: 0.431, green: 0.714, blue: 0.533),
81 | .call: Color(red: 0.431, green: 0.714, blue: 0.533),
82 | .number: Color(red: 0.559, green: 0.504, blue: 0.745),
| `- error: cannot find 'Color' in scope
83 | .comment: Color(red: 0.484, green: 0.483, blue: 0.504),
84 | .property: Color(red: 0.431, green: 0.714, blue: 0.533),
/Users/admin/builder/spi-builder-workspace/Sources/Splash/Theming/Theme+Defaults.swift:83:27: error: cannot find 'Color' in scope
81 | .call: Color(red: 0.431, green: 0.714, blue: 0.533),
82 | .number: Color(red: 0.559, green: 0.504, blue: 0.745),
83 | .comment: Color(red: 0.484, green: 0.483, blue: 0.504),
| `- error: cannot find 'Color' in scope
84 | .property: Color(red: 0.431, green: 0.714, blue: 0.533),
85 | .dotAccess: Color(red: 0.431, green: 0.714, blue: 0.533),
/Users/admin/builder/spi-builder-workspace/Sources/Splash/Theming/Theme+Defaults.swift:84:28: error: cannot find 'Color' in scope
82 | .number: Color(red: 0.559, green: 0.504, blue: 0.745),
83 | .comment: Color(red: 0.484, green: 0.483, blue: 0.504),
84 | .property: Color(red: 0.431, green: 0.714, blue: 0.533),
| `- error: cannot find 'Color' in scope
85 | .dotAccess: Color(red: 0.431, green: 0.714, blue: 0.533),
86 | .preprocessing: Color(red: 0.992, green: 0.791, blue: 0.45)
/Users/admin/builder/spi-builder-workspace/Sources/Splash/Theming/Theme+Defaults.swift:85:29: error: cannot find 'Color' in scope
83 | .comment: Color(red: 0.484, green: 0.483, blue: 0.504),
84 | .property: Color(red: 0.431, green: 0.714, blue: 0.533),
85 | .dotAccess: Color(red: 0.431, green: 0.714, blue: 0.533),
| `- error: cannot find 'Color' in scope
86 | .preprocessing: Color(red: 0.992, green: 0.791, blue: 0.45)
87 | ],
/Users/admin/builder/spi-builder-workspace/Sources/Splash/Theming/Theme+Defaults.swift:86:33: error: cannot find 'Color' in scope
84 | .property: Color(red: 0.431, green: 0.714, blue: 0.533),
85 | .dotAccess: Color(red: 0.431, green: 0.714, blue: 0.533),
86 | .preprocessing: Color(red: 0.992, green: 0.791, blue: 0.45)
| `- error: cannot find 'Color' in scope
87 | ],
88 | backgroundColor: Color(
/Users/admin/builder/spi-builder-workspace/Sources/Splash/Theming/Theme+Defaults.swift:88:30: error: cannot find 'Color' in scope
86 | .preprocessing: Color(red: 0.992, green: 0.791, blue: 0.45)
87 | ],
88 | backgroundColor: Color(
| `- error: cannot find 'Color' in scope
89 | red: 0.18,
90 | green: 0.19,
/Users/admin/builder/spi-builder-workspace/Sources/Splash/Theming/Theme+Defaults.swift:100:29: error: cannot find 'Color' in scope
98 | return Theme(
99 | font: font,
100 | plainTextColor: Color(
| `- error: cannot find 'Color' in scope
101 | red: 1,
102 | green: 1,
/Users/admin/builder/spi-builder-workspace/Sources/Splash/Theming/Theme+Defaults.swift:106:27: error: cannot find 'Color' in scope
104 | ),
105 | tokenColors: [
106 | .keyword: Color(red: 0.948, green: 0.140, blue: 0.547),
| `- error: cannot find 'Color' in scope
107 | .string: Color(red: 0.988, green: 0.273, blue: 0.317),
108 | .type: Color(red: 0.584, green: 0.898, blue: 0.361),
/Users/admin/builder/spi-builder-workspace/Sources/Splash/Theming/Theme+Defaults.swift:107:26: error: cannot find 'Color' in scope
105 | tokenColors: [
106 | .keyword: Color(red: 0.948, green: 0.140, blue: 0.547),
107 | .string: Color(red: 0.988, green: 0.273, blue: 0.317),
| `- error: cannot find 'Color' in scope
108 | .type: Color(red: 0.584, green: 0.898, blue: 0.361),
109 | .call: Color(red: 0.584, green: 0.898, blue: 0.361),
/Users/admin/builder/spi-builder-workspace/Sources/Splash/Theming/Theme+Defaults.swift:108:24: error: cannot find 'Color' in scope
106 | .keyword: Color(red: 0.948, green: 0.140, blue: 0.547),
107 | .string: Color(red: 0.988, green: 0.273, blue: 0.317),
108 | .type: Color(red: 0.584, green: 0.898, blue: 0.361),
| `- error: cannot find 'Color' in scope
109 | .call: Color(red: 0.584, green: 0.898, blue: 0.361),
110 | .number: Color(red: 0.587, green: 0.517, blue: 0.974),
/Users/admin/builder/spi-builder-workspace/Sources/Splash/Theming/Theme+Defaults.swift:109:24: error: cannot find 'Color' in scope
107 | .string: Color(red: 0.988, green: 0.273, blue: 0.317),
108 | .type: Color(red: 0.584, green: 0.898, blue: 0.361),
109 | .call: Color(red: 0.584, green: 0.898, blue: 0.361),
| `- error: cannot find 'Color' in scope
110 | .number: Color(red: 0.587, green: 0.517, blue: 0.974),
111 | .comment: Color(red: 0.424, green: 0.475, blue: 0.529),
/Users/admin/builder/spi-builder-workspace/Sources/Splash/Theming/Theme+Defaults.swift:110:26: error: cannot find 'Color' in scope
108 | .type: Color(red: 0.584, green: 0.898, blue: 0.361),
109 | .call: Color(red: 0.584, green: 0.898, blue: 0.361),
110 | .number: Color(red: 0.587, green: 0.517, blue: 0.974),
| `- error: cannot find 'Color' in scope
111 | .comment: Color(red: 0.424, green: 0.475, blue: 0.529),
112 | .property: Color(red: 0.584, green: 0.898, blue: 0.361),
/Users/admin/builder/spi-builder-workspace/Sources/Splash/Theming/Theme+Defaults.swift:111:27: error: cannot find 'Color' in scope
109 | .call: Color(red: 0.584, green: 0.898, blue: 0.361),
110 | .number: Color(red: 0.587, green: 0.517, blue: 0.974),
111 | .comment: Color(red: 0.424, green: 0.475, blue: 0.529),
| `- error: cannot find 'Color' in scope
112 | .property: Color(red: 0.584, green: 0.898, blue: 0.361),
113 | .dotAccess: Color(red: 0.584, green: 0.898, blue: 0.361),
/Users/admin/builder/spi-builder-workspace/Sources/Splash/Theming/Theme+Defaults.swift:112:28: error: cannot find 'Color' in scope
110 | .number: Color(red: 0.587, green: 0.517, blue: 0.974),
111 | .comment: Color(red: 0.424, green: 0.475, blue: 0.529),
112 | .property: Color(red: 0.584, green: 0.898, blue: 0.361),
| `- error: cannot find 'Color' in scope
113 | .dotAccess: Color(red: 0.584, green: 0.898, blue: 0.361),
114 | .preprocessing: Color(red: 0.952, green: 0.526, blue: 0.229)
/Users/admin/builder/spi-builder-workspace/Sources/Splash/Theming/Theme+Defaults.swift:113:29: error: cannot find 'Color' in scope
111 | .comment: Color(red: 0.424, green: 0.475, blue: 0.529),
112 | .property: Color(red: 0.584, green: 0.898, blue: 0.361),
113 | .dotAccess: Color(red: 0.584, green: 0.898, blue: 0.361),
| `- error: cannot find 'Color' in scope
114 | .preprocessing: Color(red: 0.952, green: 0.526, blue: 0.229)
115 | ],
/Users/admin/builder/spi-builder-workspace/Sources/Splash/Theming/Theme+Defaults.swift:114:33: error: cannot find 'Color' in scope
112 | .property: Color(red: 0.584, green: 0.898, blue: 0.361),
113 | .dotAccess: Color(red: 0.584, green: 0.898, blue: 0.361),
114 | .preprocessing: Color(red: 0.952, green: 0.526, blue: 0.229)
| `- error: cannot find 'Color' in scope
115 | ],
116 | backgroundColor: Color(
/Users/admin/builder/spi-builder-workspace/Sources/Splash/Theming/Theme+Defaults.swift:116:30: error: cannot find 'Color' in scope
114 | .preprocessing: Color(red: 0.952, green: 0.526, blue: 0.229)
115 | ],
116 | backgroundColor: Color(
| `- error: cannot find 'Color' in scope
117 | red: 0.163,
118 | green: 0.163,
/Users/admin/builder/spi-builder-workspace/Sources/Splash/Theming/Theme+Defaults.swift:128:29: error: cannot find 'Color' in scope
126 | return Theme(
127 | font: font,
128 | plainTextColor: Color(
| `- error: cannot find 'Color' in scope
129 | red: 0,
130 | green: 0,
/Users/admin/builder/spi-builder-workspace/Sources/Splash/Theming/Theme+Defaults.swift:134:27: error: cannot find 'Color' in scope
132 | ),
133 | tokenColors: [
134 | .keyword: Color(red: 0.161, green: 0.259, blue: 0.467),
| `- error: cannot find 'Color' in scope
135 | .string: Color(red: 0.875, green: 0.027, blue: 0.0),
136 | .type: Color(red: 0.706, green: 0.27, blue: 0.0),
/Users/admin/builder/spi-builder-workspace/Sources/Splash/Theming/Theme+Defaults.swift:135:26: error: cannot find 'Color' in scope
133 | tokenColors: [
134 | .keyword: Color(red: 0.161, green: 0.259, blue: 0.467),
135 | .string: Color(red: 0.875, green: 0.027, blue: 0.0),
| `- error: cannot find 'Color' in scope
136 | .type: Color(red: 0.706, green: 0.27, blue: 0.0),
137 | .call: Color(red: 0.278, green: 0.415, blue: 0.593),
/Users/admin/builder/spi-builder-workspace/Sources/Splash/Theming/Theme+Defaults.swift:136:24: error: cannot find 'Color' in scope
134 | .keyword: Color(red: 0.161, green: 0.259, blue: 0.467),
135 | .string: Color(red: 0.875, green: 0.027, blue: 0.0),
136 | .type: Color(red: 0.706, green: 0.27, blue: 0.0),
| `- error: cannot find 'Color' in scope
137 | .call: Color(red: 0.278, green: 0.415, blue: 0.593),
138 | .number: Color(red: 0.161, green: 0.259, blue: 0.467),
/Users/admin/builder/spi-builder-workspace/Sources/Splash/Theming/Theme+Defaults.swift:137:24: error: cannot find 'Color' in scope
135 | .string: Color(red: 0.875, green: 0.027, blue: 0.0),
136 | .type: Color(red: 0.706, green: 0.27, blue: 0.0),
137 | .call: Color(red: 0.278, green: 0.415, blue: 0.593),
| `- error: cannot find 'Color' in scope
138 | .number: Color(red: 0.161, green: 0.259, blue: 0.467),
139 | .comment: Color(red: 0.765, green: 0.455, blue: 0.11),
/Users/admin/builder/spi-builder-workspace/Sources/Splash/Theming/Theme+Defaults.swift:138:26: error: cannot find 'Color' in scope
136 | .type: Color(red: 0.706, green: 0.27, blue: 0.0),
137 | .call: Color(red: 0.278, green: 0.415, blue: 0.593),
138 | .number: Color(red: 0.161, green: 0.259, blue: 0.467),
| `- error: cannot find 'Color' in scope
139 | .comment: Color(red: 0.765, green: 0.455, blue: 0.11),
140 | .property: Color(red: 0.278, green: 0.415, blue: 0.593),
/Users/admin/builder/spi-builder-workspace/Sources/Splash/Theming/Theme+Defaults.swift:139:27: error: cannot find 'Color' in scope
137 | .call: Color(red: 0.278, green: 0.415, blue: 0.593),
138 | .number: Color(red: 0.161, green: 0.259, blue: 0.467),
139 | .comment: Color(red: 0.765, green: 0.455, blue: 0.11),
| `- error: cannot find 'Color' in scope
140 | .property: Color(red: 0.278, green: 0.415, blue: 0.593),
141 | .dotAccess: Color(red: 0.278, green: 0.415, blue: 0.593),
/Users/admin/builder/spi-builder-workspace/Sources/Splash/Theming/Theme+Defaults.swift:140:28: error: cannot find 'Color' in scope
138 | .number: Color(red: 0.161, green: 0.259, blue: 0.467),
139 | .comment: Color(red: 0.765, green: 0.455, blue: 0.11),
140 | .property: Color(red: 0.278, green: 0.415, blue: 0.593),
| `- error: cannot find 'Color' in scope
141 | .dotAccess: Color(red: 0.278, green: 0.415, blue: 0.593),
142 | .preprocessing: Color(red: 0.392, green: 0.391, blue: 0.52)
/Users/admin/builder/spi-builder-workspace/Sources/Splash/Theming/Theme+Defaults.swift:141:29: error: cannot find 'Color' in scope
139 | .comment: Color(red: 0.765, green: 0.455, blue: 0.11),
140 | .property: Color(red: 0.278, green: 0.415, blue: 0.593),
141 | .dotAccess: Color(red: 0.278, green: 0.415, blue: 0.593),
| `- error: cannot find 'Color' in scope
142 | .preprocessing: Color(red: 0.392, green: 0.391, blue: 0.52)
143 | ],
/Users/admin/builder/spi-builder-workspace/Sources/Splash/Theming/Theme+Defaults.swift:142:33: error: cannot find 'Color' in scope
140 | .property: Color(red: 0.278, green: 0.415, blue: 0.593),
141 | .dotAccess: Color(red: 0.278, green: 0.415, blue: 0.593),
142 | .preprocessing: Color(red: 0.392, green: 0.391, blue: 0.52)
| `- error: cannot find 'Color' in scope
143 | ],
144 | backgroundColor: Color(
/Users/admin/builder/spi-builder-workspace/Sources/Splash/Theming/Theme+Defaults.swift:144:30: error: cannot find 'Color' in scope
142 | .preprocessing: Color(red: 0.392, green: 0.391, blue: 0.52)
143 | ],
144 | backgroundColor: Color(
| `- error: cannot find 'Color' in scope
145 | red: 1,
146 | green: 0.99,
/Users/admin/builder/spi-builder-workspace/Sources/Splash/Theming/Theme+Defaults.swift:156:29: error: cannot find 'Color' in scope
154 | return Theme(
155 | font: font,
156 | plainTextColor: Color(
| `- error: cannot find 'Color' in scope
157 | red: 0,
158 | green: 0,
/Users/admin/builder/spi-builder-workspace/Sources/Splash/Theming/Theme+Defaults.swift:162:27: error: cannot find 'Color' in scope
160 | ),
161 | tokenColors: [
162 | .keyword: Color(red: 0.706, green: 0.0, blue: 0.384),
| `- error: cannot find 'Color' in scope
163 | .string: Color(red: 0.729, green: 0.0, blue: 0.067),
164 | .type: Color(red: 0.267, green: 0.537, blue: 0.576),
/Users/admin/builder/spi-builder-workspace/Sources/Splash/Theming/Theme+Defaults.swift:163:26: error: cannot find 'Color' in scope
161 | tokenColors: [
162 | .keyword: Color(red: 0.706, green: 0.0, blue: 0.384),
163 | .string: Color(red: 0.729, green: 0.0, blue: 0.067),
| `- error: cannot find 'Color' in scope
164 | .type: Color(red: 0.267, green: 0.537, blue: 0.576),
165 | .call: Color(red: 0.267, green: 0.537, blue: 0.576),
/Users/admin/builder/spi-builder-workspace/Sources/Splash/Theming/Theme+Defaults.swift:164:24: error: cannot find 'Color' in scope
162 | .keyword: Color(red: 0.706, green: 0.0, blue: 0.384),
163 | .string: Color(red: 0.729, green: 0.0, blue: 0.067),
164 | .type: Color(red: 0.267, green: 0.537, blue: 0.576),
| `- error: cannot find 'Color' in scope
165 | .call: Color(red: 0.267, green: 0.537, blue: 0.576),
166 | .number: Color(red: 0.0, green: 0.043, blue: 1.0),
/Users/admin/builder/spi-builder-workspace/Sources/Splash/Theming/Theme+Defaults.swift:165:24: error: cannot find 'Color' in scope
163 | .string: Color(red: 0.729, green: 0.0, blue: 0.067),
164 | .type: Color(red: 0.267, green: 0.537, blue: 0.576),
165 | .call: Color(red: 0.267, green: 0.537, blue: 0.576),
| `- error: cannot find 'Color' in scope
166 | .number: Color(red: 0.0, green: 0.043, blue: 1.0),
167 | .comment: Color(red: 0.336, green: 0.376, blue: 0.42),
/Users/admin/builder/spi-builder-workspace/Sources/Splash/Theming/Theme+Defaults.swift:166:26: error: cannot find 'Color' in scope
164 | .type: Color(red: 0.267, green: 0.537, blue: 0.576),
165 | .call: Color(red: 0.267, green: 0.537, blue: 0.576),
166 | .number: Color(red: 0.0, green: 0.043, blue: 1.0),
| `- error: cannot find 'Color' in scope
167 | .comment: Color(red: 0.336, green: 0.376, blue: 0.42),
168 | .property: Color(red: 0.267, green: 0.537, blue: 0.576),
/Users/admin/builder/spi-builder-workspace/Sources/Splash/Theming/Theme+Defaults.swift:167:27: error: cannot find 'Color' in scope
165 | .call: Color(red: 0.267, green: 0.537, blue: 0.576),
166 | .number: Color(red: 0.0, green: 0.043, blue: 1.0),
167 | .comment: Color(red: 0.336, green: 0.376, blue: 0.42),
| `- error: cannot find 'Color' in scope
168 | .property: Color(red: 0.267, green: 0.537, blue: 0.576),
169 | .dotAccess: Color(red: 0.267, green: 0.537, blue: 0.576),
/Users/admin/builder/spi-builder-workspace/Sources/Splash/Theming/Theme+Defaults.swift:168:28: error: cannot find 'Color' in scope
166 | .number: Color(red: 0.0, green: 0.043, blue: 1.0),
167 | .comment: Color(red: 0.336, green: 0.376, blue: 0.42),
168 | .property: Color(red: 0.267, green: 0.537, blue: 0.576),
| `- error: cannot find 'Color' in scope
169 | .dotAccess: Color(red: 0.267, green: 0.537, blue: 0.576),
170 | .preprocessing: Color(red: 0.431, green: 0.125, blue: 0.051)
/Users/admin/builder/spi-builder-workspace/Sources/Splash/Theming/Theme+Defaults.swift:169:29: error: cannot find 'Color' in scope
167 | .comment: Color(red: 0.336, green: 0.376, blue: 0.42),
168 | .property: Color(red: 0.267, green: 0.537, blue: 0.576),
169 | .dotAccess: Color(red: 0.267, green: 0.537, blue: 0.576),
| `- error: cannot find 'Color' in scope
170 | .preprocessing: Color(red: 0.431, green: 0.125, blue: 0.051)
171 | ],
/Users/admin/builder/spi-builder-workspace/Sources/Splash/Theming/Theme+Defaults.swift:170:33: error: cannot find 'Color' in scope
168 | .property: Color(red: 0.267, green: 0.537, blue: 0.576),
169 | .dotAccess: Color(red: 0.267, green: 0.537, blue: 0.576),
170 | .preprocessing: Color(red: 0.431, green: 0.125, blue: 0.051)
| `- error: cannot find 'Color' in scope
171 | ],
172 | backgroundColor: Color(
SwiftCompile normal arm64 /Users/admin/builder/spi-builder-workspace/Sources/Splash/Theming/Font.swift (in target 'Splash' from project 'Splash')
cd /Users/admin/builder/spi-builder-workspace/.swiftpm/xcode
builtin-SwiftPerFileCompile Font.swift
SwiftCompile normal arm64 /Users/admin/builder/spi-builder-workspace/Sources/Splash/Theming/Theme+Defaults.swift (in target 'Splash' from project 'Splash')
cd /Users/admin/builder/spi-builder-workspace/.swiftpm/xcode
builtin-SwiftPerFileCompile Theme+Defaults.swift
SwiftCompile normal arm64 Compiling\ AttributedStringOutputFormat.swift,\ HTMLOutputFormat.swift,\ MarkdownDecorator.swift /Users/admin/builder/spi-builder-workspace/Sources/Splash/Output/AttributedStringOutputFormat.swift /Users/admin/builder/spi-builder-workspace/Sources/Splash/Output/HTMLOutputFormat.swift /Users/admin/builder/spi-builder-workspace/Sources/Splash/Output/MarkdownDecorator.swift (in target 'Splash' from project 'Splash')
/Users/admin/builder/spi-builder-workspace/Sources/Splash/Theming/Theme.swift:18:32: error: cannot find type 'Color' in scope
16 | public var font: Font
17 | /// What color to use for plain text (no highlighting)
18 | public var plainTextColor: Color
| `- error: cannot find type 'Color' in scope
19 | /// What color to use for the background
20 | public var backgroundColor: Color
/Users/admin/builder/spi-builder-workspace/Sources/Splash/Theming/Theme.swift:20:33: error: cannot find type 'Color' in scope
18 | public var plainTextColor: Color
19 | /// What color to use for the background
20 | public var backgroundColor: Color
| `- error: cannot find type 'Color' in scope
21 | /// What color to use for the text's highlighted tokens
22 | public var tokenColors: [TokenType: Color]
/Users/admin/builder/spi-builder-workspace/Sources/Splash/Theming/Theme.swift:22:41: error: cannot find type 'Color' in scope
20 | public var backgroundColor: Color
21 | /// What color to use for the text's highlighted tokens
22 | public var tokenColors: [TokenType: Color]
| `- error: cannot find type 'Color' in scope
23 |
24 | public init(font: Font,
/Users/admin/builder/spi-builder-workspace/Sources/Splash/Theming/Font.swift:42:24: error: cannot find type 'Loaded' in scope
40 | case system
41 | /// Use a pre-loaded font
42 | case preloaded(Loaded)
| `- error: cannot find type 'Loaded' in scope
43 | /// Load a font file from a given file system path
44 | case path(String)
/Users/admin/builder/spi-builder-workspace/Sources/Splash/Theming/Font.swift:49:20: error: cannot find type 'Loaded' in scope
47 |
48 | internal extension Font {
49 | func load() -> Loaded {
| `- error: cannot find type 'Loaded' in scope
50 | switch resource {
51 | case .system:
/Users/admin/builder/spi-builder-workspace/Sources/Splash/Output/AttributedStringOutputFormat.swift:57:46: error: 'Loaded' is not a member type of struct 'Splash.Font'
55 |
56 | private extension NSMutableAttributedString {
57 | func append(_ string: String, font: Font.Loaded, color: Color) {
| `- error: 'Loaded' is not a member type of struct 'Splash.Font'
58 | let attributedString = NSAttributedString(string: string, attributes: [
59 | .foregroundColor: color,
/Users/admin/builder/spi-builder-workspace/Sources/Splash/Theming/Font.swift:15:15: note: 'Font' declared here
13 | /// simplified font representation rather than `NSFont`
14 | /// or `UIFont`.
15 | public struct Font {
| `- note: 'Font' declared here
16 | /// The underlying resource used to load the font
17 | public var resource: Resource
/Users/admin/builder/spi-builder-workspace/Sources/Splash/Output/AttributedStringOutputFormat.swift:57:61: error: cannot find type 'Color' in scope
55 |
56 | private extension NSMutableAttributedString {
57 | func append(_ string: String, font: Font.Loaded, color: Color) {
| `- error: cannot find type 'Color' in scope
58 | let attributedString = NSAttributedString(string: string, attributes: [
59 | .foregroundColor: color,
/Users/admin/builder/spi-builder-workspace/Sources/Splash/Output/AttributedStringOutputFormat.swift:37:52: error: cannot find 'Color' in scope
35 |
36 | public mutating func addToken(_ token: String, ofType type: TokenType) {
37 | let color = theme.tokenColors[type] ?? Color(red: 1, green: 1, blue: 1)
| `- error: cannot find 'Color' in scope
38 | string.append(token, font: font, color: color)
39 | }
/Users/admin/builder/spi-builder-workspace/Sources/Splash/Output/AttributedStringOutputFormat.swift:38:26: error: extra arguments at positions #2, #3 in call
36 | public mutating func addToken(_ token: String, ofType type: TokenType) {
37 | let color = theme.tokenColors[type] ?? Color(red: 1, green: 1, blue: 1)
38 | string.append(token, font: font, color: color)
| `- error: extra arguments at positions #2, #3 in call
39 | }
40 |
/Applications/Xcode-27.0.0-Release.Candidate.app/Contents/Developer/Platforms/WatchOS.platform/Developer/SDKs/WatchOS27.0.sdk/System/Library/Frameworks/Foundation.framework/Headers/NSAttributedString.h:297:1: note: 'append' declared here
295 | ///
296 | /// - Parameter attrString: The string whose characters and attributes are added.
297 | - (void)appendAttributedString:(NSAttributedString *)attrString;
| `- note: 'append' declared here
298 |
299 | /// Deletes the characters in the given range along with their associated attributes.
/Users/admin/builder/spi-builder-workspace/Sources/Splash/Output/AttributedStringOutputFormat.swift:38:27: error: cannot convert value of type 'String' to expected argument type 'NSAttributedString'
36 | public mutating func addToken(_ token: String, ofType type: TokenType) {
37 | let color = theme.tokenColors[type] ?? Color(red: 1, green: 1, blue: 1)
38 | string.append(token, font: font, color: color)
| `- error: cannot convert value of type 'String' to expected argument type 'NSAttributedString'
39 | }
40 |
/Users/admin/builder/spi-builder-workspace/Sources/Splash/Output/AttributedStringOutputFormat.swift:42:26: error: extra arguments at positions #2, #3 in call
40 |
41 | public mutating func addPlainText(_ text: String) {
42 | string.append(text, font: font, color: theme.plainTextColor)
| `- error: extra arguments at positions #2, #3 in call
43 | }
44 |
/Applications/Xcode-27.0.0-Release.Candidate.app/Contents/Developer/Platforms/WatchOS.platform/Developer/SDKs/WatchOS27.0.sdk/System/Library/Frameworks/Foundation.framework/Headers/NSAttributedString.h:297:1: note: 'append' declared here
295 | ///
296 | /// - Parameter attrString: The string whose characters and attributes are added.
297 | - (void)appendAttributedString:(NSAttributedString *)attrString;
| `- note: 'append' declared here
298 |
299 | /// Deletes the characters in the given range along with their associated attributes.
/Users/admin/builder/spi-builder-workspace/Sources/Splash/Output/AttributedStringOutputFormat.swift:42:27: error: cannot convert value of type 'String' to expected argument type 'NSAttributedString'
40 |
41 | public mutating func addPlainText(_ text: String) {
42 | string.append(text, font: font, color: theme.plainTextColor)
| `- error: cannot convert value of type 'String' to expected argument type 'NSAttributedString'
43 | }
44 |
/Users/admin/builder/spi-builder-workspace/Sources/Splash/Output/AttributedStringOutputFormat.swift:46:25: error: cannot find 'Color' in scope
44 |
45 | public mutating func addWhitespace(_ whitespace: String) {
46 | let color = Color(red: 1, green: 1, blue: 1)
| `- error: cannot find 'Color' in scope
47 | string.append(whitespace, font: font, color: color)
48 | }
/Users/admin/builder/spi-builder-workspace/Sources/Splash/Output/AttributedStringOutputFormat.swift:47:26: error: extra arguments at positions #2, #3 in call
45 | public mutating func addWhitespace(_ whitespace: String) {
46 | let color = Color(red: 1, green: 1, blue: 1)
47 | string.append(whitespace, font: font, color: color)
| `- error: extra arguments at positions #2, #3 in call
48 | }
49 |
/Applications/Xcode-27.0.0-Release.Candidate.app/Contents/Developer/Platforms/WatchOS.platform/Developer/SDKs/WatchOS27.0.sdk/System/Library/Frameworks/Foundation.framework/Headers/NSAttributedString.h:297:1: note: 'append' declared here
295 | ///
296 | /// - Parameter attrString: The string whose characters and attributes are added.
297 | - (void)appendAttributedString:(NSAttributedString *)attrString;
| `- note: 'append' declared here
298 |
299 | /// Deletes the characters in the given range along with their associated attributes.
/Users/admin/builder/spi-builder-workspace/Sources/Splash/Output/AttributedStringOutputFormat.swift:47:27: error: cannot convert value of type 'String' to expected argument type 'NSAttributedString'
45 | public mutating func addWhitespace(_ whitespace: String) {
46 | let color = Color(red: 1, green: 1, blue: 1)
47 | string.append(whitespace, font: font, color: color)
| `- error: cannot convert value of type 'String' to expected argument type 'NSAttributedString'
48 | }
49 |
/Users/admin/builder/spi-builder-workspace/Sources/Splash/Output/AttributedStringOutputFormat.swift:59:14: error: type 'NSAttributedString.Key' has no member 'foregroundColor'
57 | func append(_ string: String, font: Font.Loaded, color: Color) {
58 | let attributedString = NSAttributedString(string: string, attributes: [
59 | .foregroundColor: color,
| `- error: type 'NSAttributedString.Key' has no member 'foregroundColor'
60 | .font: font
61 | ])
SwiftCompile normal arm64 /Users/admin/builder/spi-builder-workspace/Sources/Splash/Output/AttributedStringOutputFormat.swift (in target 'Splash' from project 'Splash')
cd /Users/admin/builder/spi-builder-workspace/.swiftpm/xcode
builtin-SwiftPerFileCompile AttributedStringOutputFormat.swift
SwiftCompile normal arm64 /Users/admin/builder/spi-builder-workspace/Sources/Splash/Output/HTMLOutputFormat.swift (in target 'Splash' from project 'Splash')
cd /Users/admin/builder/spi-builder-workspace/.swiftpm/xcode
builtin-SwiftPerFileCompile HTMLOutputFormat.swift
SwiftCompile normal arm64 /Users/admin/builder/spi-builder-workspace/Sources/Splash/Output/MarkdownDecorator.swift (in target 'Splash' from project 'Splash')
cd /Users/admin/builder/spi-builder-workspace/.swiftpm/xcode
builtin-SwiftPerFileCompile MarkdownDecorator.swift
SwiftEmitModule normal arm64_32 Emitting\ module\ for\ Splash (in target 'Splash' from project 'Splash')
SwiftCompile normal arm64_32 (in target 'Splash' from project 'Splash')
cd /Users/admin/builder/spi-builder-workspace/.swiftpm/xcode
PruneExplicitPrecompiledModules /Users/admin/builder/spi-builder-workspace/.derivedData/Build/Intermediates.noindex/ExplicitPrecompiledModules
PruneExplicitPrecompiledModules /Users/admin/builder/spi-builder-workspace/.derivedData/Build/Intermediates.noindex/SwiftExplicitPrecompiledModules
PruneExplicitPrecompiledModules /Users/admin/builder/spi-builder-workspace/.derivedData/SDKExplicitPrecompiledModules
2026-09-17 14:10:29.183 xcodebuild[736:4620] [MT] IDERunDestination: Supported platforms for the buildables in the current scheme is empty.
** BUILD FAILED **
The following build commands failed:
SwiftEmitModule normal arm64 Emitting\ module\ for\ Splash (in target 'Splash' from project 'Splash')
SwiftCompile normal arm64 (in target 'Splash' from project 'Splash')
Building workspace Splash with scheme Splash-Package
(3 failures)
BUILD FAILURE 6.4 watchOS