The Swift Package Index logo.Swift Package Index

Build Information

Failed to build BidMachine, reference 3.8.2 (abe2bc), with Swift 6.3 for watchOS using Xcode 26.4 on 9 Oct 2026 17:16:27 UTC.

Build Command

env DEVELOPER_DIR=/Applications/Xcode-26.5.0.app xcrun xcodebuild -IDEClonedSourcePackagesDirPathOverride=$PWD/.dependencies -skipMacroValidation -skipPackagePluginValidation -derivedDataPath $PWD/.derivedData build -scheme BidMachine -destination generic/platform=watchOS

Build Log

========================================
RunAll
========================================
Builder version: 5.1.1
Interrupt handler set up.
========================================
Checkout
========================================
Clone URL: https://github.com/bidmachine/BidMachine-SPM.git
Reference: 3.8.2
Initialized empty Git repository in /Users/admin/builder/spi-builder-workspace/.git/
From https://github.com/bidmachine/BidMachine-SPM
 * tag               3.8.2      -> FETCH_HEAD
HEAD is now at abe2bcd Update to 3.8.2
Cloned https://github.com/bidmachine/BidMachine-SPM.git
Revision (git rev-parse @):
abe2bcd7034a47d727513a73a8234702aa24b57d
SUCCESS checkout https://github.com/bidmachine/BidMachine-SPM.git at 3.8.2
========================================
Build
========================================
Selected platform:         watchOS
Swift version:             6.3
Building package at path:  $PWD
https://github.com/bidmachine/BidMachine-SPM.git
Command line invocation:
    /Applications/Xcode-26.5.0.app/Contents/Developer/usr/bin/xcodebuild -IDEClonedSourcePackagesDirPathOverride=/Users/admin/builder/spi-builder-workspace/.dependencies -resolvePackageDependencies
Resolve Package Graph
Fetching from https://github.com/bidmachine/OMSDK-Appodeal-iOS-Package
Creating working copy of package ‘OMSDK-Appodeal-iOS-Package’
Checking out 1.6.3 of package ‘OMSDK-Appodeal-iOS-Package’
Resolve Package Graph
Resolved source packages:
  OMSDK_Appodeal: https://github.com/bidmachine/OMSDK-Appodeal-iOS-Package @ 1.6.3
  BidMachine: /Users/admin/builder/spi-builder-workspace
resolved source packages: OMSDK_Appodeal, BidMachine
2026-10-09 13:16:12.806 xcodebuild[541:3132] [MT] IDERunDestination: Supported platforms for the buildables in the current scheme is empty.
2026-10-09 13:16:12.947 xcodebuild[541:3132] [MT] DVTAssertions: Warning in IDEFrameworks/IDEFoundation/Execution/RunContextManager/IDERunContextManager.m:926
Details:  Error deleting scheme: Cannot modify data because the process disallows saving.
Object:   <IDERunContextManager: 0x8d47dea00>
Method:   -deleteRunContexts:completionQueue:completionBlock:
Thread:   <_NSMainThread: 0x10354df60>{number = 1, name = main}
Please file a bug at https://feedbackassistant.apple.com with this warning message and any useful information you can provide.
2026-10-09 13:16:12.948 xcodebuild[541:3132] could not delete old scheme: Error Domain=DVTCustomDataStoringErrors Code=0 "Cannot modify data because the process disallows saving." UserInfo={NSLocalizedDescription=Cannot modify data because the process disallows saving.}
{
  "dependencies" : [
    {
      "identity" : "omsdk-appodeal-ios-package",
      "requirement" : {
        "range" : [
          {
            "lower_bound" : "1.6.3",
            "upper_bound" : "2.0.0"
          }
        ]
      },
      "type" : "sourceControl",
      "url" : "https://github.com/bidmachine/OMSDK-Appodeal-iOS-Package"
    }
  ],
  "manifest_display_name" : "BidMachine",
  "name" : "BidMachine",
  "path" : "/Users/admin/builder/spi-builder-workspace",
  "platforms" : [
    {
      "name" : "ios",
      "version" : "12.0"
    }
  ],
  "products" : [
    {
      "name" : "BidMachine",
      "targets" : [
        "BidMachineTarget"
      ],
      "type" : {
        "library" : [
          "automatic"
        ]
      }
    }
  ],
  "targets" : [
    {
      "c99name" : "BidMachineTarget",
      "module_type" : "SwiftTarget",
      "name" : "BidMachineTarget",
      "path" : "Sources/BidMachineTarget",
      "product_dependencies" : [
        "OMSDK_Appodeal"
      ],
      "product_memberships" : [
        "BidMachine"
      ],
      "sources" : [
        "Dummy.swift"
      ],
      "target_dependencies" : [
        "BidMachine"
      ],
      "type" : "library"
    },
    {
      "c99name" : "BidMachine",
      "module_type" : "BinaryTarget",
      "name" : "BidMachine",
      "path" : "remote/archive/BidMachine.xcframework.zip",
      "product_memberships" : [
        "BidMachine"
      ],
      "sources" : [
      ],
      "type" : "binary"
    }
  ],
  "tools_version" : "5.3"
}
{
  "workspace" : {
    "name" : "spi-builder-workspace",
    "schemes" : [
      "BidMachine"
    ]
  }
}
2026-10-09 13:16:21.248 xcodebuild[741:4402] [MT] IDERunDestination: Supported platforms for the buildables in the current scheme is empty.
Running build ...
env DEVELOPER_DIR=/Applications/Xcode-26.5.0.app xcrun xcodebuild -IDEClonedSourcePackagesDirPathOverride=$PWD/.dependencies -skipMacroValidation -skipPackagePluginValidation -derivedDataPath $PWD/.derivedData build -scheme BidMachine -destination generic/platform=watchOS
Command line invocation:
    /Applications/Xcode-26.5.0.app/Contents/Developer/usr/bin/xcodebuild -IDEClonedSourcePackagesDirPathOverride=/Users/admin/builder/spi-builder-workspace/.dependencies -skipMacroValidation -skipPackagePluginValidation -derivedDataPath /Users/admin/builder/spi-builder-workspace/.derivedData build -scheme BidMachine -destination generic/platform=watchOS
Resolve Package Graph
Resolve Package Graph
Resolved source packages:
  BidMachine: /Users/admin/builder/spi-builder-workspace
  OMSDK_Appodeal: https://github.com/bidmachine/OMSDK-Appodeal-iOS-Package @ 1.6.3
2026-10-09 13:16:23.291 xcodebuild[748:4475] [MT] IDERunDestination: Supported platforms for the buildables in the current scheme is empty.
2026-10-09 13:16:23.339 xcodebuild[748:4475] [MT] DVTAssertions: Warning in IDEFrameworks/IDEFoundation/Execution/RunContextManager/IDERunContextManager.m:926
Details:  Error deleting scheme: Cannot modify data because the process disallows saving.
Object:   <IDERunContextManager: 0x83c308a80>
Method:   -deleteRunContexts:completionQueue:completionBlock:
Thread:   <_NSMainThread: 0x1010d9f60>{number = 1, name = main}
Please file a bug at https://feedbackassistant.apple.com with this warning message and any useful information you can provide.
2026-10-09 13:16:23.340 xcodebuild[748:4475] could not delete old scheme: Error Domain=DVTCustomDataStoringErrors Code=0 "Cannot modify data because the process disallows saving." UserInfo={NSLocalizedDescription=Cannot modify data because the process disallows saving.}
2026-10-09 13:16:23.341 xcodebuild[748:4475] Writing error result bundle to /var/folders/xq/y_g06wb113726d38xsyx71_h0000gn/T/ResultBundle_2026-09-10_13-16-0023.xcresult
xcodebuild: error: The workspace named "spi-builder-workspace" does not contain a scheme named "BidMachine". The "-list" option can be used to find the names of the schemes in the workspace.
Command line invocation:
    /Applications/Xcode-26.5.0.app/Contents/Developer/usr/bin/xcodebuild -IDEClonedSourcePackagesDirPathOverride=/Users/admin/builder/spi-builder-workspace/.dependencies -resolvePackageDependencies
Resolve Package Graph
Resolved source packages:
  OMSDK_Appodeal: https://github.com/bidmachine/OMSDK-Appodeal-iOS-Package @ 1.6.3
  BidMachine: /Users/admin/builder/spi-builder-workspace
resolved source packages: OMSDK_Appodeal, BidMachine
2026-10-09 13:16:24.202 xcodebuild[767:4592] [MT] IDERunDestination: Supported platforms for the buildables in the current scheme is empty.
{
  "dependencies" : [
    {
      "identity" : "omsdk-appodeal-ios-package",
      "requirement" : {
        "range" : [
          {
            "lower_bound" : "1.6.3",
            "upper_bound" : "2.0.0"
          }
        ]
      },
      "type" : "sourceControl",
      "url" : "https://github.com/bidmachine/OMSDK-Appodeal-iOS-Package"
    }
  ],
  "manifest_display_name" : "BidMachine",
  "name" : "BidMachine",
  "path" : "/Users/admin/builder/spi-builder-workspace",
  "platforms" : [
    {
      "name" : "ios",
      "version" : "12.0"
    }
  ],
  "products" : [
    {
      "name" : "BidMachine",
      "targets" : [
        "BidMachineTarget"
      ],
      "type" : {
        "library" : [
          "automatic"
        ]
      }
    }
  ],
  "targets" : [
    {
      "c99name" : "BidMachineTarget",
      "module_type" : "SwiftTarget",
      "name" : "BidMachineTarget",
      "path" : "Sources/BidMachineTarget",
      "product_dependencies" : [
        "OMSDK_Appodeal"
      ],
      "product_memberships" : [
        "BidMachine"
      ],
      "sources" : [
        "Dummy.swift"
      ],
      "target_dependencies" : [
        "BidMachine"
      ],
      "type" : "library"
    },
    {
      "c99name" : "BidMachine",
      "module_type" : "BinaryTarget",
      "name" : "BidMachine",
      "path" : "remote/archive/BidMachine.xcframework.zip",
      "product_memberships" : [
        "BidMachine"
      ],
      "sources" : [
      ],
      "type" : "binary"
    }
  ],
  "tools_version" : "5.3"
}
{
  "workspace" : {
    "name" : "spi-builder-workspace",
    "schemes" : [
      "BidMachine"
    ]
  }
}
2026-10-09 13:16:25.304 xcodebuild[777:4663] [MT] IDERunDestination: Supported platforms for the buildables in the current scheme is empty.
Running build ...
env DEVELOPER_DIR=/Applications/Xcode-26.5.0.app xcrun xcodebuild -IDEClonedSourcePackagesDirPathOverride=$PWD/.dependencies -skipMacroValidation -skipPackagePluginValidation -derivedDataPath $PWD/.derivedData build -scheme BidMachine -destination generic/platform=watchOS
Command line invocation:
    /Applications/Xcode-26.5.0.app/Contents/Developer/usr/bin/xcodebuild -IDEClonedSourcePackagesDirPathOverride=/Users/admin/builder/spi-builder-workspace/.dependencies -skipMacroValidation -skipPackagePluginValidation -derivedDataPath /Users/admin/builder/spi-builder-workspace/.derivedData build -scheme BidMachine -destination generic/platform=watchOS
Resolve Package Graph
Resolved source packages:
  OMSDK_Appodeal: https://github.com/bidmachine/OMSDK-Appodeal-iOS-Package @ 1.6.3
  BidMachine: /Users/admin/builder/spi-builder-workspace
ComputePackagePrebuildTargetDependencyGraph
Prepare packages
CreateBuildRequest
SendProjectDescription
CreateBuildOperation
ComputeTargetDependencyGraph
note: Building targets in dependency order
note: Target dependency graph (3 targets)
    Target 'BidMachine' in project 'BidMachine'
        ➜ Explicit dependency on target 'BidMachineTarget' in project 'BidMachine'
        ➜ Explicit dependency on target 'OMSDK_Appodeal' in project 'OMSDK_Appodeal'
    Target 'BidMachineTarget' in project 'BidMachine'
        ➜ Explicit dependency on target 'OMSDK_Appodeal' in project 'OMSDK_Appodeal'
    Target 'OMSDK_Appodeal' in project 'OMSDK_Appodeal' (no dependencies)
GatherProvisioningInputs
CreateBuildDescription
ExecuteExternalTool /Applications/Xcode-26.5.0.app/Contents/Developer/Toolchains/XcodeDefault.xctoolchain/usr/bin/clang -v -E -dM -isysroot /Applications/Xcode-26.5.0.app/Contents/Developer/Platforms/WatchOS.platform/Developer/SDKs/WatchOS26.5.sdk -x c -c /dev/null
ExecuteExternalTool /Applications/Xcode-26.5.0.app/Contents/Developer/Toolchains/XcodeDefault.xctoolchain/usr/bin/swiftc --version
ExecuteExternalTool /Applications/Xcode-26.5.0.app/Contents/Developer/Toolchains/XcodeDefault.xctoolchain/usr/bin/ld -version_details
Build description signature: b5cfe4de898c179d27c13d05be319233
Build description path: /Users/admin/builder/spi-builder-workspace/.derivedData/Build/Intermediates.noindex/XCBuildData/b5cfe4de898c179d27c13d05be319233.xcbuilddata
/Users/admin/builder/spi-builder-workspace/.dependencies/artifacts/omsdk-appodeal-ios-package/OMSDK_Appodeal/OMSDK_Appodeal.xcframework:1:1: error: While building for watchOS, no library for this platform was found in '/Users/admin/builder/spi-builder-workspace/.dependencies/artifacts/omsdk-appodeal-ios-package/OMSDK_Appodeal/OMSDK_Appodeal.xcframework'. (in target 'OMSDK_Appodeal' from project 'OMSDK_Appodeal')
/Users/admin/builder/spi-builder-workspace/.dependencies/artifacts/spi-builder-workspace/BidMachine/BidMachine.xcframework:1:1: error: While building for watchOS, no library for this platform was found in '/Users/admin/builder/spi-builder-workspace/.dependencies/artifacts/spi-builder-workspace/BidMachine/BidMachine.xcframework'. (in target 'BidMachine' from project 'BidMachine')
/Users/admin/builder/spi-builder-workspace/.dependencies/artifacts/omsdk-appodeal-ios-package/OMSDK_Appodeal/OMSDK_Appodeal.xcframework:1:1: error: While building for watchOS, no library for this platform was found in '/Users/admin/builder/spi-builder-workspace/.dependencies/artifacts/omsdk-appodeal-ios-package/OMSDK_Appodeal/OMSDK_Appodeal.xcframework'. (in target 'BidMachine' from project 'BidMachine')
/Users/admin/builder/spi-builder-workspace/.dependencies/artifacts/omsdk-appodeal-ios-package/OMSDK_Appodeal/OMSDK_Appodeal.xcframework:1:1: error: While building for watchOS, no library for this platform was found in '/Users/admin/builder/spi-builder-workspace/.dependencies/artifacts/omsdk-appodeal-ios-package/OMSDK_Appodeal/OMSDK_Appodeal.xcframework'. (in target 'BidMachine' from project 'BidMachine')
/Users/admin/builder/spi-builder-workspace/.dependencies/artifacts/spi-builder-workspace/BidMachine/BidMachine.xcframework:1:1: error: While building for watchOS, no library for this platform was found in '/Users/admin/builder/spi-builder-workspace/.dependencies/artifacts/spi-builder-workspace/BidMachine/BidMachine.xcframework'. (in target 'BidMachineTarget' from project 'BidMachine')
/Users/admin/builder/spi-builder-workspace/.dependencies/artifacts/omsdk-appodeal-ios-package/OMSDK_Appodeal/OMSDK_Appodeal.xcframework:1:1: error: While building for watchOS, no library for this platform was found in '/Users/admin/builder/spi-builder-workspace/.dependencies/artifacts/omsdk-appodeal-ios-package/OMSDK_Appodeal/OMSDK_Appodeal.xcframework'. (in target 'BidMachineTarget' from project 'BidMachine')
2026-10-09 13:16:26.141 xcodebuild[780:4694] [MT] IDERunDestination: Supported platforms for the buildables in the current scheme is empty.
** BUILD FAILED **
The following build commands failed:
	Building workspace spi-builder-workspace with scheme BidMachine
(1 failure)
BUILD FAILURE 6.3 watchOS