Build Information
Failed to build BranchSDK, reference 3.14.2 (ec34dd), with Swift 6.4 for watchOS using Xcode 27.0 on 26 Sep 2026 04:36:00 UTC.
Build Command
env DEVELOPER_DIR=/Applications/Xcode-27.0.0-Release.Candidate.app xcrun xcodebuild -IDEClonedSourcePackagesDirPathOverride=$PWD/.dependencies -skipMacroValidation -skipPackagePluginValidation -derivedDataPath $PWD/.derivedData build -scheme BranchSDK -destination generic/platform=watchOSBuild Log
========================================
RunAll
========================================
Builder version: 5.1.0
Interrupt handler set up.
========================================
Checkout
========================================
Clone URL: https://github.com/BranchMetrics/ios-branch-sdk-spm.git
Reference: 3.14.2
Initialized empty Git repository in /Users/admin/builder/spi-builder-workspace/.git/
From https://github.com/BranchMetrics/ios-branch-sdk-spm
* tag 3.14.2 -> FETCH_HEAD
HEAD is now at ec34dd7 Release 3.14.2 Updates
Cloned https://github.com/BranchMetrics/ios-branch-sdk-spm.git
Revision (git rev-parse @):
ec34dd77d08cb8ae017def1e66b4bf59a62a5bce
SUCCESS checkout https://github.com/BranchMetrics/ios-branch-sdk-spm.git at 3.14.2
========================================
Build
========================================
Selected platform: watchOS
Swift version: 6.4
Building package at path: $PWD
https://github.com/BranchMetrics/ios-branch-sdk-spm.git
Command line invocation:
/Applications/Xcode-27.0.0-Release.Candidate.app/Contents/Developer/usr/bin/xcodebuild -IDEClonedSourcePackagesDirPathOverride=/Users/admin/builder/spi-builder-workspace/.dependencies -resolvePackageDependencies
resolved source packages:
{
"dependencies" : [
],
"manifest_display_name" : "BranchSDK",
"name" : "BranchSDK",
"path" : "/Users/admin/builder/spi-builder-workspace",
"platforms" : [
{
"name" : "ios",
"version" : "12.0"
},
{
"name" : "tvos",
"version" : "12.0"
}
],
"products" : [
{
"name" : "BranchSDK",
"targets" : [
"BranchSDK"
],
"type" : {
"library" : [
"automatic"
]
}
}
],
"targets" : [
{
"c99name" : "BranchSDK",
"module_type" : "ClangTarget",
"name" : "BranchSDK",
"path" : "Sources",
"product_memberships" : [
"BranchSDK"
],
"resources" : [
{
"path" : "/Users/admin/builder/spi-builder-workspace/Sources/Resources/PrivacyInfo.xcprivacy",
"rule" : {
"copy" : {
}
}
}
],
"sources" : [
"BranchSDK/BNCAppGroupsData.m",
"BranchSDK/BNCApplication.m",
"BranchSDK/BNCCallbackMap.m",
"BranchSDK/BNCConfig.m",
"BranchSDK/BNCContentDiscoveryManager.m",
"BranchSDK/BNCCrashlyticsWrapper.m",
"BranchSDK/BNCCurrency.m",
"BranchSDK/BNCDeepLinkViewControllerInstance.m",
"BranchSDK/BNCDeviceInfo.m",
"BranchSDK/BNCDeviceSystem.m",
"BranchSDK/BNCEncodingUtils.m",
"BranchSDK/BNCEventUtils.m",
"BranchSDK/BNCInAppBrowser.m",
"BranchSDK/BNCInitSessionResponse.m",
"BranchSDK/BNCJSONUtility.m",
"BranchSDK/BNCKeyChain.m",
"BranchSDK/BNCLinkCache.m",
"BranchSDK/BNCLinkData.m",
"BranchSDK/BNCNetworkInterface.m",
"BranchSDK/BNCNetworkService.m",
"BranchSDK/BNCODMInfoCollector.m",
"BranchSDK/BNCPartnerParameters.m",
"BranchSDK/BNCPasteboard.m",
"BranchSDK/BNCPreferenceHelper.m",
"BranchSDK/BNCProductCategory.m",
"BranchSDK/BNCQRCodeCache.m",
"BranchSDK/BNCReachability.m",
"BranchSDK/BNCReferringURLUtility.m",
"BranchSDK/BNCRequestFactory.m",
"BranchSDK/BNCSKAdNetwork.m",
"BranchSDK/BNCServerAPI.m",
"BranchSDK/BNCServerInterface.m",
"BranchSDK/BNCServerRequest.m",
"BranchSDK/BNCServerRequestQueue.m",
"BranchSDK/BNCServerResponse.m",
"BranchSDK/BNCSpotlightService.m",
"BranchSDK/BNCSystemObserver.m",
"BranchSDK/BNCURLFilter.m",
"BranchSDK/BNCUrlQueryParameter.m",
"BranchSDK/BNCUserAgentCollector.m",
"BranchSDK/Branch+Validator.m",
"BranchSDK/Branch.m",
"BranchSDK/BranchActivityItemProvider.m",
"BranchSDK/BranchCSSearchableItemAttributeSet.m",
"BranchSDK/BranchConfigurationController.m",
"BranchSDK/BranchConstants.m",
"BranchSDK/BranchContentDiscoverer.m",
"BranchSDK/BranchContentDiscoveryManifest.m",
"BranchSDK/BranchContentPathProperties.m",
"BranchSDK/BranchDelegate.m",
"BranchSDK/BranchEvent.m",
"BranchSDK/BranchFileLogger.m",
"BranchSDK/BranchInstallRequest.m",
"BranchSDK/BranchJsonConfig.m",
"BranchSDK/BranchLATDRequest.m",
"BranchSDK/BranchLastAttributedTouchData.m",
"BranchSDK/BranchLinkProperties.m",
"BranchSDK/BranchLogger.m",
"BranchSDK/BranchOpenRequest.m",
"BranchSDK/BranchPasteControl.m",
"BranchSDK/BranchPluginSupport.m",
"BranchSDK/BranchQRCode.m",
"BranchSDK/BranchScene.m",
"BranchSDK/BranchShareLink.m",
"BranchSDK/BranchShortUrlRequest.m",
"BranchSDK/BranchShortUrlSyncRequest.m",
"BranchSDK/BranchSpotlightUrlRequest.m",
"BranchSDK/BranchUniversalObject.m",
"BranchSDK/NSError+Branch.m",
"BranchSDK/NSMutableDictionary+Branch.m",
"BranchSDK/NSString+Branch.m",
"BranchSDK/UIViewController+Branch.m"
],
"type" : "library"
}
],
"tools_version" : "5.3"
}
{
"project" : {
"configurations" : [
"Debug",
"Release"
],
"name" : "BranchSDK",
"schemes" : [
"BranchSDK",
"BranchSDK-static",
"BranchSDK-tvOS",
"static-xcframework",
"static-xcframework-noidfa",
"TestHost",
"xcframework",
"xcframework-noidfa"
],
"targets" : [
"BranchSDK",
"BranchSDK-static",
"BranchSDK-tvOS",
"TestHost",
"TestHostTests",
"TestHostUITests",
"xcframework",
"xcframework-noidfa",
"static-xcframework",
"static-xcframework-noidfa"
]
}
}
{
"workspace" : {
"name" : "BranchSDK",
"schemes" : [
"BranchSDK"
]
}
}
2026-09-26 00:35:52.988 xcodebuild[680:4322] [MT] IDERunDestination: Supported platforms for the buildables in the current scheme is empty.
Running build ...
env DEVELOPER_DIR=/Applications/Xcode-27.0.0-Release.Candidate.app xcrun xcodebuild -IDEClonedSourcePackagesDirPathOverride=$PWD/.dependencies -skipMacroValidation -skipPackagePluginValidation -derivedDataPath $PWD/.derivedData build -scheme BranchSDK -destination generic/platform=watchOS
Command line invocation:
/Applications/Xcode-27.0.0-Release.Candidate.app/Contents/Developer/usr/bin/xcodebuild -IDEClonedSourcePackagesDirPathOverride=/Users/admin/builder/spi-builder-workspace/.dependencies -skipMacroValidation -skipPackagePluginValidation -derivedDataPath /Users/admin/builder/spi-builder-workspace/.derivedData build -scheme BranchSDK -destination generic/platform=watchOS
Resolve Package Graph
Resolved source packages:
BranchSDK: /Users/admin/builder/spi-builder-workspace
ComputePackagePrebuildTargetDependencyGraph
Prepare packages
CreateBuildRequest
SendProjectDescription
CreateBuildOperation
ComputeTargetDependencyGraph
note: Building targets in dependency order
note: Target dependency graph (3 targets)
Target 'BranchSDK-product' in project 'BranchSDK'
➜ Explicit dependency on target 'BranchSDK' in project 'BranchSDK'
➜ Explicit dependency on target 'BranchSDK_BranchSDK' in project 'BranchSDK'
Target 'BranchSDK' in project 'BranchSDK'
➜ Explicit dependency on target 'BranchSDK_BranchSDK' in project 'BranchSDK'
Target 'BranchSDK_BranchSDK' in project 'BranchSDK' (no dependencies)
GatherProvisioningInputs
CreateBuildDescription
ExecuteExternalTool /Applications/Xcode-27.0.0-Release.Candidate.app/Contents/Developer/Toolchains/XcodeDefault.xctoolchain/usr/bin/clang -v -E -dM -isysroot /Applications/Xcode-27.0.0-Release.Candidate.app/Contents/Developer/Platforms/WatchOS.platform/Developer/SDKs/WatchOS27.0.sdk -x c -c /dev/null
ExecuteExternalTool /Applications/Xcode-27.0.0-Release.Candidate.app/Contents/Developer/Toolchains/XcodeDefault.xctoolchain/usr/bin/clang -v -E -dM -arch arm64 -isysroot /Applications/Xcode-27.0.0-Release.Candidate.app/Contents/Developer/Platforms/WatchOS.platform/Developer/SDKs/WatchOS27.0.sdk -x objective-c -c /dev/null
ExecuteExternalTool /Applications/Xcode-27.0.0-Release.Candidate.app/Contents/Developer/Toolchains/XcodeDefault.xctoolchain/usr/bin/clang -v -E -dM -arch arm64 -isysroot /Applications/Xcode-27.0.0-Release.Candidate.app/Contents/Developer/Platforms/WatchOS.platform/Developer/SDKs/WatchOS27.0.sdk -x c -c /dev/null
ExecuteExternalTool /Applications/Xcode-27.0.0-Release.Candidate.app/Contents/Developer/Toolchains/XcodeDefault.xctoolchain/usr/bin/ld -version_details
ExecuteExternalTool /Applications/Xcode-27.0.0-Release.Candidate.app/Contents/Developer/Toolchains/XcodeDefault.xctoolchain/usr/bin/clang -v -E -dM -arch arm64_32 -isysroot /Applications/Xcode-27.0.0-Release.Candidate.app/Contents/Developer/Platforms/WatchOS.platform/Developer/SDKs/WatchOS27.0.sdk -x objective-c -c /dev/null
ExecuteExternalTool /Applications/Xcode-27.0.0-Release.Candidate.app/Contents/Developer/Toolchains/XcodeDefault.xctoolchain/usr/bin/clang -v -E -dM -arch arm64_32 -isysroot /Applications/Xcode-27.0.0-Release.Candidate.app/Contents/Developer/Platforms/WatchOS.platform/Developer/SDKs/WatchOS27.0.sdk -x c -c /dev/null
Build description signature: 21be107b75f26ad890c6e7f6d166e748
Build description path: /Users/admin/builder/spi-builder-workspace/.derivedData/Build/Intermediates.noindex/XCBuildData/21be107b75f26ad890c6e7f6d166e748.xcbuilddata
CreateBuildDirectory /Users/admin/builder/spi-builder-workspace/.derivedData/SDKExplicitPrecompiledModules
cd /Users/admin/builder/spi-builder-workspace/.swiftpm/xcode
builtin-create-build-directory /Users/admin/builder/spi-builder-workspace/.derivedData/SDKExplicitPrecompiledModules
CreateBuildDirectory /Users/admin/builder/spi-builder-workspace/.derivedData/CompilationCache.noindex
cd /Users/admin/builder/spi-builder-workspace/.swiftpm/xcode
builtin-create-build-directory /Users/admin/builder/spi-builder-workspace/.derivedData/CompilationCache.noindex
CreateBuildDirectory /Users/admin/builder/spi-builder-workspace/.derivedData/Build/Products
cd /Users/admin/builder/spi-builder-workspace/.swiftpm/xcode
builtin-create-build-directory /Users/admin/builder/spi-builder-workspace/.derivedData/Build/Products
CreateBuildDirectory /Users/admin/builder/spi-builder-workspace/.derivedData/ModuleCache.noindex
cd /Users/admin/builder/spi-builder-workspace/.swiftpm/xcode
builtin-create-build-directory /Users/admin/builder/spi-builder-workspace/.derivedData/ModuleCache.noindex
CreateBuildDirectory /Users/admin/builder/spi-builder-workspace/.derivedData/Build/Intermediates.noindex
cd /Users/admin/builder/spi-builder-workspace/.swiftpm/xcode
builtin-create-build-directory /Users/admin/builder/spi-builder-workspace/.derivedData/Build/Intermediates.noindex
ClangStatCache /Applications/Xcode-27.0.0-Release.Candidate.app/Contents/Developer/Toolchains/XcodeDefault.xctoolchain/usr/bin/clang-stat-cache /Applications/Xcode-27.0.0-Release.Candidate.app/Contents/Developer/Platforms/WatchOS.platform/Developer/SDKs/WatchOS27.0.sdk /Users/admin/builder/spi-builder-workspace/.derivedData/SDKStatCaches.noindex/watchos27.0-24R360-e829b21a6f8c9b70876ba0858053c04477534ef55a1706bf4c1112bbb242f0a2.sdkstatcache
cd /Users/admin/builder/spi-builder-workspace/.swiftpm/xcode
/Applications/Xcode-27.0.0-Release.Candidate.app/Contents/Developer/Toolchains/XcodeDefault.xctoolchain/usr/bin/clang-stat-cache /Applications/Xcode-27.0.0-Release.Candidate.app/Contents/Developer/Platforms/WatchOS.platform/Developer/SDKs/WatchOS27.0.sdk -o /Users/admin/builder/spi-builder-workspace/.derivedData/SDKStatCaches.noindex/watchos27.0-24R360-e829b21a6f8c9b70876ba0858053c04477534ef55a1706bf4c1112bbb242f0a2.sdkstatcache
CreateBuildDirectory /Users/admin/builder/spi-builder-workspace/.derivedData/Build/Intermediates.noindex/PrecompiledHeaders
cd /Users/admin/builder/spi-builder-workspace/.swiftpm/xcode
builtin-create-build-directory /Users/admin/builder/spi-builder-workspace/.derivedData/Build/Intermediates.noindex/PrecompiledHeaders
CreateBuildDirectory /Users/admin/builder/spi-builder-workspace/.derivedData/Build/Intermediates.noindex/SwiftExplicitPrecompiledModules
cd /Users/admin/builder/spi-builder-workspace/.swiftpm/xcode
builtin-create-build-directory /Users/admin/builder/spi-builder-workspace/.derivedData/Build/Intermediates.noindex/SwiftExplicitPrecompiledModules
CreateBuildDirectory /Users/admin/builder/spi-builder-workspace/.derivedData/Build/Intermediates.noindex/ExplicitPrecompiledModules
cd /Users/admin/builder/spi-builder-workspace/.swiftpm/xcode
builtin-create-build-directory /Users/admin/builder/spi-builder-workspace/.derivedData/Build/Intermediates.noindex/ExplicitPrecompiledModules
CreateBuildDirectory /Users/admin/builder/spi-builder-workspace/.derivedData/Build/Intermediates.noindex/EagerLinkingTBDs/Debug-watchos
cd /Users/admin/builder/spi-builder-workspace/.swiftpm/xcode
builtin-create-build-directory /Users/admin/builder/spi-builder-workspace/.derivedData/Build/Intermediates.noindex/EagerLinkingTBDs/Debug-watchos
CreateBuildDirectory /Users/admin/builder/spi-builder-workspace/.derivedData/Build/Products/Debug-watchos
cd /Users/admin/builder/spi-builder-workspace/.swiftpm/xcode
builtin-create-build-directory /Users/admin/builder/spi-builder-workspace/.derivedData/Build/Products/Debug-watchos
CreateBuildDirectory /Users/admin/builder/spi-builder-workspace/.derivedData/Build/Products/Debug-watchos/PackageFrameworks
cd /Users/admin/builder/spi-builder-workspace/.swiftpm/xcode
builtin-create-build-directory /Users/admin/builder/spi-builder-workspace/.derivedData/Build/Products/Debug-watchos/PackageFrameworks
MkDir /Users/admin/builder/spi-builder-workspace/.derivedData/Build/Products/Debug-watchos/BranchSDK_BranchSDK.bundle (in target 'BranchSDK_BranchSDK' from project 'BranchSDK')
cd /Users/admin/builder/spi-builder-workspace
/bin/mkdir -p /Users/admin/builder/spi-builder-workspace/.derivedData/Build/Products/Debug-watchos/BranchSDK_BranchSDK.bundle
WriteAuxiliaryFile /Users/admin/builder/spi-builder-workspace/.derivedData/Build/Intermediates.noindex/BranchSDK.build/Debug-watchos/BranchSDK_BranchSDK-b.build/BranchSDK_BranchSDK.DependencyMetadataFileList (in target 'BranchSDK_BranchSDK' from project 'BranchSDK')
cd /Users/admin/builder/spi-builder-workspace
write-file /Users/admin/builder/spi-builder-workspace/.derivedData/Build/Intermediates.noindex/BranchSDK.build/Debug-watchos/BranchSDK_BranchSDK-b.build/BranchSDK_BranchSDK.DependencyMetadataFileList
WriteAuxiliaryFile /Users/admin/builder/spi-builder-workspace/.derivedData/Build/Intermediates.noindex/BranchSDK.build/Debug-watchos/BranchSDK_BranchSDK-b.build/empty-BranchSDK_BranchSDK.plist (in target 'BranchSDK_BranchSDK' from project 'BranchSDK')
cd /Users/admin/builder/spi-builder-workspace
write-file /Users/admin/builder/spi-builder-workspace/.derivedData/Build/Intermediates.noindex/BranchSDK.build/Debug-watchos/BranchSDK_BranchSDK-b.build/empty-BranchSDK_BranchSDK.plist
WriteAuxiliaryFile /Users/admin/builder/spi-builder-workspace/.derivedData/Build/Intermediates.noindex/BranchSDK.build/Debug-watchos/BranchSDK_BranchSDK-b.build/BranchSDK_BranchSDK.DependencyStaticMetadataFileList (in target 'BranchSDK_BranchSDK' from project 'BranchSDK')
cd /Users/admin/builder/spi-builder-workspace
write-file /Users/admin/builder/spi-builder-workspace/.derivedData/Build/Intermediates.noindex/BranchSDK.build/Debug-watchos/BranchSDK_BranchSDK-b.build/BranchSDK_BranchSDK.DependencyStaticMetadataFileList
WriteAuxiliaryFile /Users/admin/builder/spi-builder-workspace/.derivedData/Build/Intermediates.noindex/BranchSDK.build/Debug-watchos/BranchSDK-t.build/Objects-normal/arm64/e6072d4f65d7061329687fe24e3d63a7-common-args.resp (in target 'BranchSDK' from project 'BranchSDK')
cd /Users/admin/builder/spi-builder-workspace
write-file /Users/admin/builder/spi-builder-workspace/.derivedData/Build/Intermediates.noindex/BranchSDK.build/Debug-watchos/BranchSDK-t.build/Objects-normal/arm64/e6072d4f65d7061329687fe24e3d63a7-common-args.resp
-fobjc-arc -fmodules -gmodules '-fmodules-cache-path=/Users/admin/builder/spi-builder-workspace/.derivedData/ModuleCache.noindex' '-fmodule-name=BranchSDK' -fpascal-strings -O0 -DSWIFT_PACKAGE '-DDEBUG=1' '-DOBJC_OLD_DISPATCH_PROTOTYPES=1' -g -I/Users/admin/builder/spi-builder-workspace/.derivedData/Build/Products/Debug-watchos/include -I/Users/admin/builder/spi-builder-workspace/Sources/BranchSDK/Public -I/Users/admin/builder/spi-builder-workspace/Sources/BranchSDK/Private -I/Users/admin/builder/spi-builder-workspace/.derivedData/Build/Intermediates.noindex/BranchSDK.build/Debug-watchos/BranchSDK-t.build/DerivedSources-normal/arm64 -I/Users/admin/builder/spi-builder-workspace/.derivedData/Build/Intermediates.noindex/BranchSDK.build/Debug-watchos/BranchSDK-t.build/DerivedSources/arm64 -I/Users/admin/builder/spi-builder-workspace/.derivedData/Build/Intermediates.noindex/BranchSDK.build/Debug-watchos/BranchSDK-t.build/DerivedSources -F/Users/admin/builder/spi-builder-workspace/.derivedData/Build/Products/Debug-watchos -iframework /Applications/Xcode-27.0.0-Release.Candidate.app/Contents/Developer/Platforms/WatchOS.platform/Developer/Library/Frameworks -iframework /Applications/Xcode-27.0.0-Release.Candidate.app/Contents/Developer/Platforms/WatchOS.platform/Developer/SDKs/WatchOS27.0.sdk/Developer/Library/Frameworks -DXcode
WriteAuxiliaryFile /Users/admin/builder/spi-builder-workspace/.derivedData/Build/Intermediates.noindex/BranchSDK.build/Debug-watchos/BranchSDK-t.build/DerivedSources/resource_bundle_accessor.m (in target 'BranchSDK' from project 'BranchSDK')
cd /Users/admin/builder/spi-builder-workspace
write-file /Users/admin/builder/spi-builder-workspace/.derivedData/Build/Intermediates.noindex/BranchSDK.build/Debug-watchos/BranchSDK-t.build/DerivedSources/resource_bundle_accessor.m
WriteAuxiliaryFile /Users/admin/builder/spi-builder-workspace/.derivedData/Build/Intermediates.noindex/BranchSDK.build/Debug-watchos/BranchSDK-t.build/Objects-normal/arm64_32/e6072d4f65d7061329687fe24e3d63a7-common-args.resp (in target 'BranchSDK' from project 'BranchSDK')
cd /Users/admin/builder/spi-builder-workspace
write-file /Users/admin/builder/spi-builder-workspace/.derivedData/Build/Intermediates.noindex/BranchSDK.build/Debug-watchos/BranchSDK-t.build/Objects-normal/arm64_32/e6072d4f65d7061329687fe24e3d63a7-common-args.resp
-fobjc-arc -fmodules -gmodules '-fmodules-cache-path=/Users/admin/builder/spi-builder-workspace/.derivedData/ModuleCache.noindex' '-fmodule-name=BranchSDK' -fpascal-strings -O0 -DSWIFT_PACKAGE '-DDEBUG=1' '-DOBJC_OLD_DISPATCH_PROTOTYPES=1' -g -I/Users/admin/builder/spi-builder-workspace/.derivedData/Build/Products/Debug-watchos/include -I/Users/admin/builder/spi-builder-workspace/Sources/BranchSDK/Public -I/Users/admin/builder/spi-builder-workspace/Sources/BranchSDK/Private -I/Users/admin/builder/spi-builder-workspace/.derivedData/Build/Intermediates.noindex/BranchSDK.build/Debug-watchos/BranchSDK-t.build/DerivedSources-normal/arm64_32 -I/Users/admin/builder/spi-builder-workspace/.derivedData/Build/Intermediates.noindex/BranchSDK.build/Debug-watchos/BranchSDK-t.build/DerivedSources/arm64_32 -I/Users/admin/builder/spi-builder-workspace/.derivedData/Build/Intermediates.noindex/BranchSDK.build/Debug-watchos/BranchSDK-t.build/DerivedSources -F/Users/admin/builder/spi-builder-workspace/.derivedData/Build/Products/Debug-watchos -iframework /Applications/Xcode-27.0.0-Release.Candidate.app/Contents/Developer/Platforms/WatchOS.platform/Developer/Library/Frameworks -iframework /Applications/Xcode-27.0.0-Release.Candidate.app/Contents/Developer/Platforms/WatchOS.platform/Developer/SDKs/WatchOS27.0.sdk/Developer/Library/Frameworks -DXcode
WriteAuxiliaryFile /Users/admin/builder/spi-builder-workspace/.derivedData/Build/Intermediates.noindex/BranchSDK.build/Debug-watchos/BranchSDK-t.build/Objects-normal/arm64/BranchSDK.LinkFileList (in target 'BranchSDK' from project 'BranchSDK')
cd /Users/admin/builder/spi-builder-workspace
write-file /Users/admin/builder/spi-builder-workspace/.derivedData/Build/Intermediates.noindex/BranchSDK.build/Debug-watchos/BranchSDK-t.build/Objects-normal/arm64/BranchSDK.LinkFileList
WriteAuxiliaryFile /Users/admin/builder/spi-builder-workspace/.derivedData/Build/Intermediates.noindex/BranchSDK.build/Debug-watchos/BranchSDK-t.build/Objects-normal/arm64_32/BranchSDK.LinkFileList (in target 'BranchSDK' from project 'BranchSDK')
cd /Users/admin/builder/spi-builder-workspace
write-file /Users/admin/builder/spi-builder-workspace/.derivedData/Build/Intermediates.noindex/BranchSDK.build/Debug-watchos/BranchSDK-t.build/Objects-normal/arm64_32/BranchSDK.LinkFileList
WriteAuxiliaryFile /Users/admin/builder/spi-builder-workspace/.derivedData/Build/Intermediates.noindex/BranchSDK.build/Debug-watchos/BranchSDK-t.build/DerivedSources/resource_bundle_accessor.h (in target 'BranchSDK' from project 'BranchSDK')
cd /Users/admin/builder/spi-builder-workspace
write-file /Users/admin/builder/spi-builder-workspace/.derivedData/Build/Intermediates.noindex/BranchSDK.build/Debug-watchos/BranchSDK-t.build/DerivedSources/resource_bundle_accessor.h
WriteAuxiliaryFile /Users/admin/builder/spi-builder-workspace/.derivedData/Build/Intermediates.noindex/BranchSDK.build/Debug-watchos/BranchSDK-t.build/BranchSDK.modulemap (in target 'BranchSDK' from project 'BranchSDK')
cd /Users/admin/builder/spi-builder-workspace
write-file /Users/admin/builder/spi-builder-workspace/.derivedData/Build/Intermediates.noindex/BranchSDK.build/Debug-watchos/BranchSDK-t.build/BranchSDK.modulemap
WriteAuxiliaryFile /Users/admin/builder/spi-builder-workspace/.derivedData/Build/Intermediates.noindex/BranchSDK.build/Debug-watchos/BranchSDK-t.build/BranchSDK.DependencyStaticMetadataFileList (in target 'BranchSDK' from project 'BranchSDK')
cd /Users/admin/builder/spi-builder-workspace
write-file /Users/admin/builder/spi-builder-workspace/.derivedData/Build/Intermediates.noindex/BranchSDK.build/Debug-watchos/BranchSDK-t.build/BranchSDK.DependencyStaticMetadataFileList
WriteAuxiliaryFile /Users/admin/builder/spi-builder-workspace/.derivedData/Build/Intermediates.noindex/BranchSDK.build/Debug-watchos/BranchSDK-t.build/BranchSDK.DependencyMetadataFileList (in target 'BranchSDK' from project 'BranchSDK')
cd /Users/admin/builder/spi-builder-workspace
write-file /Users/admin/builder/spi-builder-workspace/.derivedData/Build/Intermediates.noindex/BranchSDK.build/Debug-watchos/BranchSDK-t.build/BranchSDK.DependencyMetadataFileList
Copy /Users/admin/builder/spi-builder-workspace/.derivedData/Build/Intermediates.noindex/GeneratedModuleMaps-watchos/BranchSDK.modulemap /Users/admin/builder/spi-builder-workspace/.derivedData/Build/Intermediates.noindex/BranchSDK.build/Debug-watchos/BranchSDK-t.build/BranchSDK.modulemap (in target 'BranchSDK' from project 'BranchSDK')
cd /Users/admin/builder/spi-builder-workspace
builtin-copy -exclude .DS_Store -exclude CVS -exclude .svn -exclude .git -exclude .hg -resolve-src-symlinks /Users/admin/builder/spi-builder-workspace/.derivedData/Build/Intermediates.noindex/BranchSDK.build/Debug-watchos/BranchSDK-t.build/BranchSDK.modulemap /Users/admin/builder/spi-builder-workspace/.derivedData/Build/Intermediates.noindex/GeneratedModuleMaps-watchos
ProcessInfoPlistFile /Users/admin/builder/spi-builder-workspace/.derivedData/Build/Products/Debug-watchos/BranchSDK_BranchSDK.bundle/Info.plist /Users/admin/builder/spi-builder-workspace/.derivedData/Build/Intermediates.noindex/BranchSDK.build/Debug-watchos/BranchSDK_BranchSDK-b.build/empty-BranchSDK_BranchSDK.plist (in target 'BranchSDK_BranchSDK' from project 'BranchSDK')
cd /Users/admin/builder/spi-builder-workspace
builtin-infoPlistUtility /Users/admin/builder/spi-builder-workspace/.derivedData/Build/Intermediates.noindex/BranchSDK.build/Debug-watchos/BranchSDK_BranchSDK-b.build/empty-BranchSDK_BranchSDK.plist -producttype com.apple.product-type.bundle -expandbuildsettings -format binary -platform watchos -o /Users/admin/builder/spi-builder-workspace/.derivedData/Build/Products/Debug-watchos/BranchSDK_BranchSDK.bundle/Info.plist
CpResource /Users/admin/builder/spi-builder-workspace/.derivedData/Build/Products/Debug-watchos/BranchSDK_BranchSDK.bundle/PrivacyInfo.xcprivacy /Users/admin/builder/spi-builder-workspace/Sources/Resources/PrivacyInfo.xcprivacy (in target 'BranchSDK_BranchSDK' from project 'BranchSDK')
cd /Users/admin/builder/spi-builder-workspace
builtin-copy -exclude .DS_Store -exclude CVS -exclude .svn -exclude .git -exclude .hg -resolve-src-symlinks /Users/admin/builder/spi-builder-workspace/Sources/Resources/PrivacyInfo.xcprivacy /Users/admin/builder/spi-builder-workspace/.derivedData/Build/Products/Debug-watchos/BranchSDK_BranchSDK.bundle
RegisterExecutionPolicyException /Users/admin/builder/spi-builder-workspace/.derivedData/Build/Products/Debug-watchos/BranchSDK_BranchSDK.bundle (in target 'BranchSDK_BranchSDK' from project 'BranchSDK')
cd /Users/admin/builder/spi-builder-workspace
builtin-RegisterExecutionPolicyException /Users/admin/builder/spi-builder-workspace/.derivedData/Build/Products/Debug-watchos/BranchSDK_BranchSDK.bundle
Touch /Users/admin/builder/spi-builder-workspace/.derivedData/Build/Products/Debug-watchos/BranchSDK_BranchSDK.bundle (in target 'BranchSDK_BranchSDK' from project 'BranchSDK')
cd /Users/admin/builder/spi-builder-workspace
/usr/bin/touch -c /Users/admin/builder/spi-builder-workspace/.derivedData/Build/Products/Debug-watchos/BranchSDK_BranchSDK.bundle
ScanDependencies /Users/admin/builder/spi-builder-workspace/.derivedData/Build/Intermediates.noindex/BranchSDK.build/Debug-watchos/BranchSDK-t.build/Objects-normal/arm64_32/resource_bundle_accessor.o /Users/admin/builder/spi-builder-workspace/.derivedData/Build/Intermediates.noindex/BranchSDK.build/Debug-watchos/BranchSDK-t.build/DerivedSources/resource_bundle_accessor.m normal arm64_32 objective-c com.apple.compilers.llvm.clang.1_0.compiler (in target 'BranchSDK' from project 'BranchSDK')
cd /Users/admin/builder/spi-builder-workspace/.swiftpm/xcode
Using response file: /Users/admin/builder/spi-builder-workspace/.derivedData/Build/Intermediates.noindex/BranchSDK.build/Debug-watchos/BranchSDK-t.build/Objects-normal/arm64_32/e6072d4f65d7061329687fe24e3d63a7-common-args.resp
builtin-ScanDependencies -o /Users/admin/builder/spi-builder-workspace/.derivedData/Build/Intermediates.noindex/BranchSDK.build/Debug-watchos/BranchSDK-t.build/Objects-normal/arm64_32/resource_bundle_accessor.o.scan -- /Applications/Xcode-27.0.0-Release.Candidate.app/Contents/Developer/Toolchains/XcodeDefault.xctoolchain/usr/bin/clang -x objective-c -ivfsstatcache /Users/admin/builder/spi-builder-workspace/.derivedData/SDKStatCaches.noindex/watchos27.0-24R360-e829b21a6f8c9b70876ba0858053c04477534ef55a1706bf4c1112bbb242f0a2.sdkstatcache -target arm64_32-apple-watchos9.0 -fmessage-length\=0 -fdiagnostics-show-note-include-stack -fmacro-backtrace-limit\=0 -fno-color-diagnostics -fmodules-prune-interval\=86400 -fmodules-prune-after\=345600 -fbuild-session-file\=/Users/admin/builder/spi-builder-workspace/.derivedData/ModuleCache.noindex/Session.modulevalidation -fmodules-validate-once-per-build-session -Wnon-modular-include-in-framework-module -Werror\=non-modular-include-in-framework-module -Wno-trigraphs -Wno-missing-field-initializers -Wno-missing-prototypes -Wno-return-type -Wno-implicit-atomic-properties -Wno-objc-interface-ivars -Wno-arc-repeated-use-of-weak -Wno-missing-braces -Wparentheses -Wswitch -Wno-unused-function -Wno-unused-label -Wno-unused-parameter -Wno-unused-variable -Wunused-value -Wno-empty-body -Wno-uninitialized -Wno-unknown-pragmas -Wno-shadow -Wno-four-char-constants -Wno-conversion -Wno-constant-conversion -Wno-int-conversion -Wno-bool-conversion -Wno-enum-conversion -Wno-float-conversion -Wno-non-literal-null-conversion -Wno-objc-literal-conversion -Wno-shorten-64-to-32 -Wpointer-sign -Wno-newline-eof -Wno-selector -Wno-strict-selector-match -Wno-undeclared-selector -Wno-deprecated-implementations -Wno-implicit-fallthrough -isysroot /Applications/Xcode-27.0.0-Release.Candidate.app/Contents/Developer/Platforms/WatchOS.platform/Developer/SDKs/WatchOS27.0.sdk -fstrict-aliasing -Wprotocol -Wdeprecated-declarations -Wno-sign-conversion -Wno-infinite-recursion -Wno-comma -Wno-block-capture-autoreleasing -Wno-strict-prototypes -Wno-semicolon-before-method-body -index-store-path /Users/admin/builder/spi-builder-workspace/.derivedData/Index.noindex/DataStore @/Users/admin/builder/spi-builder-workspace/.derivedData/Build/Intermediates.noindex/BranchSDK.build/Debug-watchos/BranchSDK-t.build/Objects-normal/arm64_32/e6072d4f65d7061329687fe24e3d63a7-common-args.resp -include /Users/admin/builder/spi-builder-workspace/.derivedData/Build/Intermediates.noindex/BranchSDK.build/Debug-watchos/BranchSDK-t.build/DerivedSources/resource_bundle_accessor.h -MMD -MT dependencies -MF /Users/admin/builder/spi-builder-workspace/.derivedData/Build/Intermediates.noindex/BranchSDK.build/Debug-watchos/BranchSDK-t.build/Objects-normal/arm64_32/resource_bundle_accessor.d --serialize-diagnostics /Users/admin/builder/spi-builder-workspace/.derivedData/Build/Intermediates.noindex/BranchSDK.build/Debug-watchos/BranchSDK-t.build/Objects-normal/arm64_32/resource_bundle_accessor.dia -c /Users/admin/builder/spi-builder-workspace/.derivedData/Build/Intermediates.noindex/BranchSDK.build/Debug-watchos/BranchSDK-t.build/DerivedSources/resource_bundle_accessor.m -o /Users/admin/builder/spi-builder-workspace/.derivedData/Build/Intermediates.noindex/BranchSDK.build/Debug-watchos/BranchSDK-t.build/Objects-normal/arm64_32/resource_bundle_accessor.o -index-unit-output-path /BranchSDK.build/Debug-watchos/BranchSDK-t.build/Objects-normal/arm64_32/resource_bundle_accessor.o
ScanDependencies /Users/admin/builder/spi-builder-workspace/.derivedData/Build/Intermediates.noindex/BranchSDK.build/Debug-watchos/BranchSDK-t.build/Objects-normal/arm64_32/NSMutableDictionary+Branch.o /Users/admin/builder/spi-builder-workspace/Sources/BranchSDK/NSMutableDictionary+Branch.m normal arm64_32 objective-c com.apple.compilers.llvm.clang.1_0.compiler (in target 'BranchSDK' from project 'BranchSDK')
cd /Users/admin/builder/spi-builder-workspace/.swiftpm/xcode
Using response file: /Users/admin/builder/spi-builder-workspace/.derivedData/Build/Intermediates.noindex/BranchSDK.build/Debug-watchos/BranchSDK-t.build/Objects-normal/arm64_32/e6072d4f65d7061329687fe24e3d63a7-common-args.resp
builtin-ScanDependencies -o /Users/admin/builder/spi-builder-workspace/.derivedData/Build/Intermediates.noindex/BranchSDK.build/Debug-watchos/BranchSDK-t.build/Objects-normal/arm64_32/NSMutableDictionary+Branch.o.scan -- /Applications/Xcode-27.0.0-Release.Candidate.app/Contents/Developer/Toolchains/XcodeDefault.xctoolchain/usr/bin/clang -x objective-c -ivfsstatcache /Users/admin/builder/spi-builder-workspace/.derivedData/SDKStatCaches.noindex/watchos27.0-24R360-e829b21a6f8c9b70876ba0858053c04477534ef55a1706bf4c1112bbb242f0a2.sdkstatcache -target arm64_32-apple-watchos9.0 -fmessage-length\=0 -fdiagnostics-show-note-include-stack -fmacro-backtrace-limit\=0 -fno-color-diagnostics -fmodules-prune-interval\=86400 -fmodules-prune-after\=345600 -fbuild-session-file\=/Users/admin/builder/spi-builder-workspace/.derivedData/ModuleCache.noindex/Session.modulevalidation -fmodules-validate-once-per-build-session -Wnon-modular-include-in-framework-module -Werror\=non-modular-include-in-framework-module -Wno-trigraphs -Wno-missing-field-initializers -Wno-missing-prototypes -Wno-return-type -Wno-implicit-atomic-properties -Wno-objc-interface-ivars -Wno-arc-repeated-use-of-weak -Wno-missing-braces -Wparentheses -Wswitch -Wno-unused-function -Wno-unused-label -Wno-unused-parameter -Wno-unused-variable -Wunused-value -Wno-empty-body -Wno-uninitialized -Wno-unknown-pragmas -Wno-shadow -Wno-four-char-constants -Wno-conversion -Wno-constant-conversion -Wno-int-conversion -Wno-bool-conversion -Wno-enum-conversion -Wno-float-conversion -Wno-non-literal-null-conversion -Wno-objc-literal-conversion -Wno-shorten-64-to-32 -Wpointer-sign -Wno-newline-eof -Wno-selector -Wno-strict-selector-match -Wno-undeclared-selector -Wno-deprecated-implementations -Wno-implicit-fallthrough -isysroot /Applications/Xcode-27.0.0-Release.Candidate.app/Contents/Developer/Platforms/WatchOS.platform/Developer/SDKs/WatchOS27.0.sdk -fstrict-aliasing -Wprotocol -Wdeprecated-declarations -Wno-sign-conversion -Wno-infinite-recursion -Wno-comma -Wno-block-capture-autoreleasing -Wno-strict-prototypes -Wno-semicolon-before-method-body -index-store-path /Users/admin/builder/spi-builder-workspace/.derivedData/Index.noindex/DataStore @/Users/admin/builder/spi-builder-workspace/.derivedData/Build/Intermediates.noindex/BranchSDK.build/Debug-watchos/BranchSDK-t.build/Objects-normal/arm64_32/e6072d4f65d7061329687fe24e3d63a7-common-args.resp -include /Users/admin/builder/spi-builder-workspace/.derivedData/Build/Intermediates.noindex/BranchSDK.build/Debug-watchos/BranchSDK-t.build/DerivedSources/resource_bundle_accessor.h -MMD -MT dependencies -MF /Users/admin/builder/spi-builder-workspace/.derivedData/Build/Intermediates.noindex/BranchSDK.build/Debug-watchos/BranchSDK-t.build/Objects-normal/arm64_32/NSMutableDictionary+Branch.d --serialize-diagnostics /Users/admin/builder/spi-builder-workspace/.derivedData/Build/Intermediates.noindex/BranchSDK.build/Debug-watchos/BranchSDK-t.build/Objects-normal/arm64_32/NSMutableDictionary+Branch.dia -c /Users/admin/builder/spi-builder-workspace/Sources/BranchSDK/NSMutableDictionary+Branch.m -o /Users/admin/builder/spi-builder-workspace/.derivedData/Build/Intermediates.noindex/BranchSDK.build/Debug-watchos/BranchSDK-t.build/Objects-normal/arm64_32/NSMutableDictionary+Branch.o -index-unit-output-path /BranchSDK.build/Debug-watchos/BranchSDK-t.build/Objects-normal/arm64_32/NSMutableDictionary+Branch.o
ScanDependencies /Users/admin/builder/spi-builder-workspace/.derivedData/Build/Intermediates.noindex/BranchSDK.build/Debug-watchos/BranchSDK-t.build/Objects-normal/arm64_32/UIViewController+Branch.o /Users/admin/builder/spi-builder-workspace/Sources/BranchSDK/UIViewController+Branch.m normal arm64_32 objective-c com.apple.compilers.llvm.clang.1_0.compiler (in target 'BranchSDK' from project 'BranchSDK')
cd /Users/admin/builder/spi-builder-workspace/.swiftpm/xcode
Using response file: /Users/admin/builder/spi-builder-workspace/.derivedData/Build/Intermediates.noindex/BranchSDK.build/Debug-watchos/BranchSDK-t.build/Objects-normal/arm64_32/e6072d4f65d7061329687fe24e3d63a7-common-args.resp
builtin-ScanDependencies -o /Users/admin/builder/spi-builder-workspace/.derivedData/Build/Intermediates.noindex/BranchSDK.build/Debug-watchos/BranchSDK-t.build/Objects-normal/arm64_32/UIViewController+Branch.o.scan -- /Applications/Xcode-27.0.0-Release.Candidate.app/Contents/Developer/Toolchains/XcodeDefault.xctoolchain/usr/bin/clang -x objective-c -ivfsstatcache /Users/admin/builder/spi-builder-workspace/.derivedData/SDKStatCaches.noindex/watchos27.0-24R360-e829b21a6f8c9b70876ba0858053c04477534ef55a1706bf4c1112bbb242f0a2.sdkstatcache -target arm64_32-apple-watchos9.0 -fmessage-length\=0 -fdiagnostics-show-note-include-stack -fmacro-backtrace-limit\=0 -fno-color-diagnostics -fmodules-prune-interval\=86400 -fmodules-prune-after\=345600 -fbuild-session-file\=/Users/admin/builder/spi-builder-workspace/.derivedData/ModuleCache.noindex/Session.modulevalidation -fmodules-validate-once-per-build-session -Wnon-modular-include-in-framework-module -Werror\=non-modular-include-in-framework-module -Wno-trigraphs -Wno-missing-field-initializers -Wno-missing-prototypes -Wno-return-type -Wno-implicit-atomic-properties -Wno-objc-interface-ivars -Wno-arc-repeated-use-of-weak -Wno-missing-braces -Wparentheses -Wswitch -Wno-unused-function -Wno-unused-label -Wno-unused-parameter -Wno-unused-variable -Wunused-value -Wno-empty-body -Wno-uninitialized -Wno-unknown-pragmas -Wno-shadow -Wno-four-char-constants -Wno-conversion -Wno-constant-conversion -Wno-int-conversion -Wno-bool-conversion -Wno-enum-conversion -Wno-float-conversion -Wno-non-literal-null-conversion -Wno-objc-literal-conversion -Wno-shorten-64-to-32 -Wpointer-sign -Wno-newline-eof -Wno-selector -Wno-strict-selector-match -Wno-undeclared-selector -Wno-deprecated-implementations -Wno-implicit-fallthrough -isysroot /Applications/Xcode-27.0.0-Release.Candidate.app/Contents/Developer/Platforms/WatchOS.platform/Developer/SDKs/WatchOS27.0.sdk -fstrict-aliasing -Wprotocol -Wdeprecated-declarations -Wno-sign-conversion -Wno-infinite-recursion -Wno-comma -Wno-block-capture-autoreleasing -Wno-strict-prototypes -Wno-semicolon-before-method-body -index-store-path /Users/admin/builder/spi-builder-workspace/.derivedData/Index.noindex/DataStore @/Users/admin/builder/spi-builder-workspace/.derivedData/Build/Intermediates.noindex/BranchSDK.build/Debug-watchos/BranchSDK-t.build/Objects-normal/arm64_32/e6072d4f65d7061329687fe24e3d63a7-common-args.resp -include /Users/admin/builder/spi-builder-workspace/.derivedData/Build/Intermediates.noindex/BranchSDK.build/Debug-watchos/BranchSDK-t.build/DerivedSources/resource_bundle_accessor.h -MMD -MT dependencies -MF /Users/admin/builder/spi-builder-workspace/.derivedData/Build/Intermediates.noindex/BranchSDK.build/Debug-watchos/BranchSDK-t.build/Objects-normal/arm64_32/UIViewController+Branch.d --serialize-diagnostics /Users/admin/builder/spi-builder-workspace/.derivedData/Build/Intermediates.noindex/BranchSDK.build/Debug-watchos/BranchSDK-t.build/Objects-normal/arm64_32/UIViewController+Branch.dia -c /Users/admin/builder/spi-builder-workspace/Sources/BranchSDK/UIViewController+Branch.m -o /Users/admin/builder/spi-builder-workspace/.derivedData/Build/Intermediates.noindex/BranchSDK.build/Debug-watchos/BranchSDK-t.build/Objects-normal/arm64_32/UIViewController+Branch.o -index-unit-output-path /BranchSDK.build/Debug-watchos/BranchSDK-t.build/Objects-normal/arm64_32/UIViewController+Branch.o
ScanDependencies /Users/admin/builder/spi-builder-workspace/.derivedData/Build/Intermediates.noindex/BranchSDK.build/Debug-watchos/BranchSDK-t.build/Objects-normal/arm64_32/BranchUniversalObject.o /Users/admin/builder/spi-builder-workspace/Sources/BranchSDK/BranchUniversalObject.m normal arm64_32 objective-c com.apple.compilers.llvm.clang.1_0.compiler (in target 'BranchSDK' from project 'BranchSDK')
cd /Users/admin/builder/spi-builder-workspace/.swiftpm/xcode
Using response file: /Users/admin/builder/spi-builder-workspace/.derivedData/Build/Intermediates.noindex/BranchSDK.build/Debug-watchos/BranchSDK-t.build/Objects-normal/arm64_32/e6072d4f65d7061329687fe24e3d63a7-common-args.resp
builtin-ScanDependencies -o /Users/admin/builder/spi-builder-workspace/.derivedData/Build/Intermediates.noindex/BranchSDK.build/Debug-watchos/BranchSDK-t.build/Objects-normal/arm64_32/BranchUniversalObject.o.scan -- /Applications/Xcode-27.0.0-Release.Candidate.app/Contents/Developer/Toolchains/XcodeDefault.xctoolchain/usr/bin/clang -x objective-c -ivfsstatcache /Users/admin/builder/spi-builder-workspace/.derivedData/SDKStatCaches.noindex/watchos27.0-24R360-e829b21a6f8c9b70876ba0858053c04477534ef55a1706bf4c1112bbb242f0a2.sdkstatcache -target arm64_32-apple-watchos9.0 -fmessage-length\=0 -fdiagnostics-show-note-include-stack -fmacro-backtrace-limit\=0 -fno-color-diagnostics -fmodules-prune-interval\=86400 -fmodules-prune-after\=345600 -fbuild-session-file\=/Users/admin/builder/spi-builder-workspace/.derivedData/ModuleCache.noindex/Session.modulevalidation -fmodules-validate-once-per-build-session -Wnon-modular-include-in-framework-module -Werror\=non-modular-include-in-framework-module -Wno-trigraphs -Wno-missing-field-initializers -Wno-missing-prototypes -Wno-return-type -Wno-implicit-atomic-properties -Wno-objc-interface-ivars -Wno-arc-repeated-use-of-weak -Wno-missing-braces -Wparentheses -Wswitch -Wno-unused-function -Wno-unused-label -Wno-unused-parameter -Wno-unused-variable -Wunused-value -Wno-empty-body -Wno-uninitialized -Wno-unknown-pragmas -Wno-shadow -Wno-four-char-constants -Wno-conversion -Wno-constant-conversion -Wno-int-conversion -Wno-bool-conversion -Wno-enum-conversion -Wno-float-conversion -Wno-non-literal-null-conversion -Wno-objc-literal-conversion -Wno-shorten-64-to-32 -Wpointer-sign -Wno-newline-eof -Wno-selector -Wno-strict-selector-match -Wno-undeclared-selector -Wno-deprecated-implementations -Wno-implicit-fallthrough -isysroot /Applications/Xcode-27.0.0-Release.Candidate.app/Contents/Developer/Platforms/WatchOS.platform/Developer/SDKs/WatchOS27.0.sdk -fstrict-aliasing -Wprotocol -Wdeprecated-declarations -Wno-sign-conversion -Wno-infinite-recursion -Wno-comma -Wno-block-capture-autoreleasing -Wno-strict-prototypes -Wno-semicolon-before-method-body -index-store-path /Users/admin/builder/spi-builder-workspace/.derivedData/Index.noindex/DataStore @/Users/admin/builder/spi-builder-workspace/.derivedData/Build/Intermediates.noindex/BranchSDK.build/Debug-watchos/BranchSDK-t.build/Objects-normal/arm64_32/e6072d4f65d7061329687fe24e3d63a7-common-args.resp -include /Users/admin/builder/spi-builder-workspace/.derivedData/Build/Intermediates.noindex/BranchSDK.build/Debug-watchos/BranchSDK-t.build/DerivedSources/resource_bundle_accessor.h -MMD -MT dependencies -MF /Users/admin/builder/spi-builder-workspace/.derivedData/Build/Intermediates.noindex/BranchSDK.build/Debug-watchos/BranchSDK-t.build/Objects-normal/arm64_32/BranchUniversalObject.d --serialize-diagnostics /Users/admin/builder/spi-builder-workspace/.derivedData/Build/Intermediates.noindex/BranchSDK.build/Debug-watchos/BranchSDK-t.build/Objects-normal/arm64_32/BranchUniversalObject.dia -c /Users/admin/builder/spi-builder-workspace/Sources/BranchSDK/BranchUniversalObject.m -o /Users/admin/builder/spi-builder-workspace/.derivedData/Build/Intermediates.noindex/BranchSDK.build/Debug-watchos/BranchSDK-t.build/Objects-normal/arm64_32/BranchUniversalObject.o -index-unit-output-path /BranchSDK.build/Debug-watchos/BranchSDK-t.build/Objects-normal/arm64_32/BranchUniversalObject.o
/Users/admin/builder/spi-builder-workspace/Sources/BranchSDK/Public/BranchUniversalObject.h:11:9: error: Module 'CoreSpotlight' not found (in target 'BranchSDK' from project 'BranchSDK')
/Users/admin/builder/spi-builder-workspace/Sources/BranchSDK/BranchUniversalObject.m:9:9: note: in file included from /Users/admin/builder/spi-builder-workspace/Sources/BranchSDK/BranchUniversalObject.m:9:
ScanDependencies /Users/admin/builder/spi-builder-workspace/.derivedData/Build/Intermediates.noindex/BranchSDK.build/Debug-watchos/BranchSDK-t.build/Objects-normal/arm64_32/NSString+Branch.o /Users/admin/builder/spi-builder-workspace/Sources/BranchSDK/NSString+Branch.m normal arm64_32 objective-c com.apple.compilers.llvm.clang.1_0.compiler (in target 'BranchSDK' from project 'BranchSDK')
cd /Users/admin/builder/spi-builder-workspace/.swiftpm/xcode
Using response file: /Users/admin/builder/spi-builder-workspace/.derivedData/Build/Intermediates.noindex/BranchSDK.build/Debug-watchos/BranchSDK-t.build/Objects-normal/arm64_32/e6072d4f65d7061329687fe24e3d63a7-common-args.resp
builtin-ScanDependencies -o /Users/admin/builder/spi-builder-workspace/.derivedData/Build/Intermediates.noindex/BranchSDK.build/Debug-watchos/BranchSDK-t.build/Objects-normal/arm64_32/NSString+Branch.o.scan -- /Applications/Xcode-27.0.0-Release.Candidate.app/Contents/Developer/Toolchains/XcodeDefault.xctoolchain/usr/bin/clang -x objective-c -ivfsstatcache /Users/admin/builder/spi-builder-workspace/.derivedData/SDKStatCaches.noindex/watchos27.0-24R360-e829b21a6f8c9b70876ba0858053c04477534ef55a1706bf4c1112bbb242f0a2.sdkstatcache -target arm64_32-apple-watchos9.0 -fmessage-length\=0 -fdiagnostics-show-note-include-stack -fmacro-backtrace-limit\=0 -fno-color-diagnostics -fmodules-prune-interval\=86400 -fmodules-prune-after\=345600 -fbuild-session-file\=/Users/admin/builder/spi-builder-workspace/.derivedData/ModuleCache.noindex/Session.modulevalidation -fmodules-validate-once-per-build-session -Wnon-modular-include-in-framework-module -Werror\=non-modular-include-in-framework-module -Wno-trigraphs -Wno-missing-field-initializers -Wno-missing-prototypes -Wno-return-type -Wno-implicit-atomic-properties -Wno-objc-interface-ivars -Wno-arc-repeated-use-of-weak -Wno-missing-braces -Wparentheses -Wswitch -Wno-unused-function -Wno-unused-label -Wno-unused-parameter -Wno-unused-variable -Wunused-value -Wno-empty-body -Wno-uninitialized -Wno-unknown-pragmas -Wno-shadow -Wno-four-char-constants -Wno-conversion -Wno-constant-conversion -Wno-int-conversion -Wno-bool-conversion -Wno-enum-conversion -Wno-float-conversion -Wno-non-literal-null-conversion -Wno-objc-literal-conversion -Wno-shorten-64-to-32 -Wpointer-sign -Wno-newline-eof -Wno-selector -Wno-strict-selector-match -Wno-undeclared-selector -Wno-deprecated-implementations -Wno-implicit-fallthrough -isysroot /Applications/Xcode-27.0.0-Release.Candidate.app/Contents/Developer/Platforms/WatchOS.platform/Developer/SDKs/WatchOS27.0.sdk -fstrict-aliasing -Wprotocol -Wdeprecated-declarations -Wno-sign-conversion -Wno-infinite-recursion -Wno-comma -Wno-block-capture-autoreleasing -Wno-strict-prototypes -Wno-semicolon-before-method-body -index-store-path /Users/admin/builder/spi-builder-workspace/.derivedData/Index.noindex/DataStore @/Users/admin/builder/spi-builder-workspace/.derivedData/Build/Intermediates.noindex/BranchSDK.build/Debug-watchos/BranchSDK-t.build/Objects-normal/arm64_32/e6072d4f65d7061329687fe24e3d63a7-common-args.resp -include /Users/admin/builder/spi-builder-workspace/.derivedData/Build/Intermediates.noindex/BranchSDK.build/Debug-watchos/BranchSDK-t.build/DerivedSources/resource_bundle_accessor.h -MMD -MT dependencies -MF /Users/admin/builder/spi-builder-workspace/.derivedData/Build/Intermediates.noindex/BranchSDK.build/Debug-watchos/BranchSDK-t.build/Objects-normal/arm64_32/NSString+Branch.d --serialize-diagnostics /Users/admin/builder/spi-builder-workspace/.derivedData/Build/Intermediates.noindex/BranchSDK.build/Debug-watchos/BranchSDK-t.build/Objects-normal/arm64_32/NSString+Branch.dia -c /Users/admin/builder/spi-builder-workspace/Sources/BranchSDK/NSString+Branch.m -o /Users/admin/builder/spi-builder-workspace/.derivedData/Build/Intermediates.noindex/BranchSDK.build/Debug-watchos/BranchSDK-t.build/Objects-normal/arm64_32/NSString+Branch.o -index-unit-output-path /BranchSDK.build/Debug-watchos/BranchSDK-t.build/Objects-normal/arm64_32/NSString+Branch.o
ScanDependencies /Users/admin/builder/spi-builder-workspace/.derivedData/Build/Intermediates.noindex/BranchSDK.build/Debug-watchos/BranchSDK-t.build/Objects-normal/arm64_32/NSError+Branch.o /Users/admin/builder/spi-builder-workspace/Sources/BranchSDK/NSError+Branch.m normal arm64_32 objective-c com.apple.compilers.llvm.clang.1_0.compiler (in target 'BranchSDK' from project 'BranchSDK')
cd /Users/admin/builder/spi-builder-workspace/.swiftpm/xcode
Using response file: /Users/admin/builder/spi-builder-workspace/.derivedData/Build/Intermediates.noindex/BranchSDK.build/Debug-watchos/BranchSDK-t.build/Objects-normal/arm64_32/e6072d4f65d7061329687fe24e3d63a7-common-args.resp
builtin-ScanDependencies -o /Users/admin/builder/spi-builder-workspace/.derivedData/Build/Intermediates.noindex/BranchSDK.build/Debug-watchos/BranchSDK-t.build/Objects-normal/arm64_32/NSError+Branch.o.scan -- /Applications/Xcode-27.0.0-Release.Candidate.app/Contents/Developer/Toolchains/XcodeDefault.xctoolchain/usr/bin/clang -x objective-c -ivfsstatcache /Users/admin/builder/spi-builder-workspace/.derivedData/SDKStatCaches.noindex/watchos27.0-24R360-e829b21a6f8c9b70876ba0858053c04477534ef55a1706bf4c1112bbb242f0a2.sdkstatcache -target arm64_32-apple-watchos9.0 -fmessage-length\=0 -fdiagnostics-show-note-include-stack -fmacro-backtrace-limit\=0 -fno-color-diagnostics -fmodules-prune-interval\=86400 -fmodules-prune-after\=345600 -fbuild-session-file\=/Users/admin/builder/spi-builder-workspace/.derivedData/ModuleCache.noindex/Session.modulevalidation -fmodules-validate-once-per-build-session -Wnon-modular-include-in-framework-module -Werror\=non-modular-include-in-framework-module -Wno-trigraphs -Wno-missing-field-initializers -Wno-missing-prototypes -Wno-return-type -Wno-implicit-atomic-properties -Wno-objc-interface-ivars -Wno-arc-repeated-use-of-weak -Wno-missing-braces -Wparentheses -Wswitch -Wno-unused-function -Wno-unused-label -Wno-unused-parameter -Wno-unused-variable -Wunused-value -Wno-empty-body -Wno-uninitialized -Wno-unknown-pragmas -Wno-shadow -Wno-four-char-constants -Wno-conversion -Wno-constant-conversion -Wno-int-conversion -Wno-bool-conversion -Wno-enum-conversion -Wno-float-conversion -Wno-non-literal-null-conversion -Wno-objc-literal-conversion -Wno-shorten-64-to-32 -Wpointer-sign -Wno-newline-eof -Wno-selector -Wno-strict-selector-match -Wno-undeclared-selector -Wno-deprecated-implementations -Wno-implicit-fallthrough -isysroot /Applications/Xcode-27.0.0-Release.Candidate.app/Contents/Developer/Platforms/WatchOS.platform/Developer/SDKs/WatchOS27.0.sdk -fstrict-aliasing -Wprotocol -Wdeprecated-declarations -Wno-sign-conversion -Wno-infinite-recursion -Wno-comma -Wno-block-capture-autoreleasing -Wno-strict-prototypes -Wno-semicolon-before-method-body -index-store-path /Users/admin/builder/spi-builder-workspace/.derivedData/Index.noindex/DataStore @/Users/admin/builder/spi-builder-workspace/.derivedData/Build/Intermediates.noindex/BranchSDK.build/Debug-watchos/BranchSDK-t.build/Objects-normal/arm64_32/e6072d4f65d7061329687fe24e3d63a7-common-args.resp -include /Users/admin/builder/spi-builder-workspace/.derivedData/Build/Intermediates.noindex/BranchSDK.build/Debug-watchos/BranchSDK-t.build/DerivedSources/resource_bundle_accessor.h -MMD -MT dependencies -MF /Users/admin/builder/spi-builder-workspace/.derivedData/Build/Intermediates.noindex/BranchSDK.build/Debug-watchos/BranchSDK-t.build/Objects-normal/arm64_32/NSError+Branch.d --serialize-diagnostics /Users/admin/builder/spi-builder-workspace/.derivedData/Build/Intermediates.noindex/BranchSDK.build/Debug-watchos/BranchSDK-t.build/Objects-normal/arm64_32/NSError+Branch.dia -c /Users/admin/builder/spi-builder-workspace/Sources/BranchSDK/NSError+Branch.m -o /Users/admin/builder/spi-builder-workspace/.derivedData/Build/Intermediates.noindex/BranchSDK.build/Debug-watchos/BranchSDK-t.build/Objects-normal/arm64_32/NSError+Branch.o -index-unit-output-path /BranchSDK.build/Debug-watchos/BranchSDK-t.build/Objects-normal/arm64_32/NSError+Branch.o
ScanDependencies /Users/admin/builder/spi-builder-workspace/.derivedData/Build/Intermediates.noindex/BranchSDK.build/Debug-watchos/BranchSDK-t.build/Objects-normal/arm64_32/BranchShortUrlSyncRequest.o /Users/admin/builder/spi-builder-workspace/Sources/BranchSDK/BranchShortUrlSyncRequest.m normal arm64_32 objective-c com.apple.compilers.llvm.clang.1_0.compiler (in target 'BranchSDK' from project 'BranchSDK')
cd /Users/admin/builder/spi-builder-workspace/.swiftpm/xcode
Using response file: /Users/admin/builder/spi-builder-workspace/.derivedData/Build/Intermediates.noindex/BranchSDK.build/Debug-watchos/BranchSDK-t.build/Objects-normal/arm64_32/e6072d4f65d7061329687fe24e3d63a7-common-args.resp
builtin-ScanDependencies -o /Users/admin/builder/spi-builder-workspace/.derivedData/Build/Intermediates.noindex/BranchSDK.build/Debug-watchos/BranchSDK-t.build/Objects-normal/arm64_32/BranchShortUrlSyncRequest.o.scan -- /Applications/Xcode-27.0.0-Release.Candidate.app/Contents/Developer/Toolchains/XcodeDefault.xctoolchain/usr/bin/clang -x objective-c -ivfsstatcache /Users/admin/builder/spi-builder-workspace/.derivedData/SDKStatCaches.noindex/watchos27.0-24R360-e829b21a6f8c9b70876ba0858053c04477534ef55a1706bf4c1112bbb242f0a2.sdkstatcache -target arm64_32-apple-watchos9.0 -fmessage-length\=0 -fdiagnostics-show-note-include-stack -fmacro-backtrace-limit\=0 -fno-color-diagnostics -fmodules-prune-interval\=86400 -fmodules-prune-after\=345600 -fbuild-session-file\=/Users/admin/builder/spi-builder-workspace/.derivedData/ModuleCache.noindex/Session.modulevalidation -fmodules-validate-once-per-build-session -Wnon-modular-include-in-framework-module -Werror\=non-modular-include-in-framework-module -Wno-trigraphs -Wno-missing-field-initializers -Wno-missing-prototypes -Wno-return-type -Wno-implicit-atomic-properties -Wno-objc-interface-ivars -Wno-arc-repeated-use-of-weak -Wno-missing-braces -Wparentheses -Wswitch -Wno-unused-function -Wno-unused-label -Wno-unused-parameter -Wno-unused-variable -Wunused-value -Wno-empty-body -Wno-uninitialized -Wno-unknown-pragmas -Wno-shadow -Wno-four-char-constants -Wno-conversion -Wno-constant-conversion -Wno-int-conversion -Wno-bool-conversion -Wno-enum-conversion -Wno-float-conversion -Wno-non-literal-null-conversion -Wno-objc-literal-conversion -Wno-shorten-64-to-32 -Wpointer-sign -Wno-newline-eof -Wno-selector -Wno-strict-selector-match -Wno-undeclared-selector -Wno-deprecated-implementations -Wno-implicit-fallthrough -isysroot /Applications/Xcode-27.0.0-Release.Candidate.app/Contents/Developer/Platforms/WatchOS.platform/Developer/SDKs/WatchOS27.0.sdk -fstrict-aliasing -Wprotocol -Wdeprecated-declarations -Wno-sign-conversion -Wno-infinite-recursion -Wno-comma -Wno-block-capture-autoreleasing -Wno-strict-prototypes -Wno-semicolon-before-method-body -index-store-path /Users/admin/builder/spi-builder-workspace/.derivedData/Index.noindex/DataStore @/Users/admin/builder/spi-builder-workspace/.derivedData/Build/Intermediates.noindex/BranchSDK.build/Debug-watchos/BranchSDK-t.build/Objects-normal/arm64_32/e6072d4f65d7061329687fe24e3d63a7-common-args.resp -include /Users/admin/builder/spi-builder-workspace/.derivedData/Build/Intermediates.noindex/BranchSDK.build/Debug-watchos/BranchSDK-t.build/DerivedSources/resource_bundle_accessor.h -MMD -MT dependencies -MF /Users/admin/builder/spi-builder-workspace/.derivedData/Build/Intermediates.noindex/BranchSDK.build/Debug-watchos/BranchSDK-t.build/Objects-normal/arm64_32/BranchShortUrlSyncRequest.d --serialize-diagnostics /Users/admin/builder/spi-builder-workspace/.derivedData/Build/Intermediates.noindex/BranchSDK.build/Debug-watchos/BranchSDK-t.build/Objects-normal/arm64_32/BranchShortUrlSyncRequest.dia -c /Users/admin/builder/spi-builder-workspace/Sources/BranchSDK/BranchShortUrlSyncRequest.m -o /Users/admin/builder/spi-builder-workspace/.derivedData/Build/Intermediates.noindex/BranchSDK.build/Debug-watchos/BranchSDK-t.build/Objects-normal/arm64_32/BranchShortUrlSyncRequest.o -index-unit-output-path /BranchSDK.build/Debug-watchos/BranchSDK-t.build/Objects-normal/arm64_32/BranchShortUrlSyncRequest.o
/Users/admin/builder/spi-builder-workspace/Sources/BranchSDK/Public/BranchUniversalObject.h:11:9: error: Module 'CoreSpotlight' not found (in target 'BranchSDK' from project 'BranchSDK')
/Users/admin/builder/spi-builder-workspace/Sources/BranchSDK/BranchShortUrlSyncRequest.m:9:9: note: in file included from /Users/admin/builder/spi-builder-workspace/Sources/BranchSDK/BranchShortUrlSyncRequest.m:9:
/Users/admin/builder/spi-builder-workspace/Sources/BranchSDK/Private/BranchShortUrlSyncRequest.h:9:9: note: in file included from /Users/admin/builder/spi-builder-workspace/Sources/BranchSDK/Private/BranchShortUrlSyncRequest.h:9:
/Users/admin/builder/spi-builder-workspace/Sources/BranchSDK/Public/Branch.h:18:9: note: in file included from /Users/admin/builder/spi-builder-workspace/Sources/BranchSDK/Public/Branch.h:18:
ScanDependencies /Users/admin/builder/spi-builder-workspace/.derivedData/Build/Intermediates.noindex/BranchSDK.build/Debug-watchos/BranchSDK-t.build/Objects-normal/arm64_32/BranchSpotlightUrlRequest.o /Users/admin/builder/spi-builder-workspace/Sources/BranchSDK/BranchSpotlightUrlRequest.m normal arm64_32 objective-c com.apple.compilers.llvm.clang.1_0.compiler (in target 'BranchSDK' from project 'BranchSDK')
cd /Users/admin/builder/spi-builder-workspace/.swiftpm/xcode
Using response file: /Users/admin/builder/spi-builder-workspace/.derivedData/Build/Intermediates.noindex/BranchSDK.build/Debug-watchos/BranchSDK-t.build/Objects-normal/arm64_32/e6072d4f65d7061329687fe24e3d63a7-common-args.resp
builtin-ScanDependencies -o /Users/admin/builder/spi-builder-workspace/.derivedData/Build/Intermediates.noindex/BranchSDK.build/Debug-watchos/BranchSDK-t.build/Objects-normal/arm64_32/BranchSpotlightUrlRequest.o.scan -- /Applications/Xcode-27.0.0-Release.Candidate.app/Contents/Developer/Toolchains/XcodeDefault.xctoolchain/usr/bin/clang -x objective-c -ivfsstatcache /Users/admin/builder/spi-builder-workspace/.derivedData/SDKStatCaches.noindex/watchos27.0-24R360-e829b21a6f8c9b70876ba0858053c04477534ef55a1706bf4c1112bbb242f0a2.sdkstatcache -target arm64_32-apple-watchos9.0 -fmessage-length\=0 -fdiagnostics-show-note-include-stack -fmacro-backtrace-limit\=0 -fno-color-diagnostics -fmodules-prune-interval\=86400 -fmodules-prune-after\=345600 -fbuild-session-file\=/Users/admin/builder/spi-builder-workspace/.derivedData/ModuleCache.noindex/Session.modulevalidation -fmodules-validate-once-per-build-session -Wnon-modular-include-in-framework-module -Werror\=non-modular-include-in-framework-module -Wno-trigraphs -Wno-missing-field-initializers -Wno-missing-prototypes -Wno-return-type -Wno-implicit-atomic-properties -Wno-objc-interface-ivars -Wno-arc-repeated-use-of-weak -Wno-missing-braces -Wparentheses -Wswitch -Wno-unused-function -Wno-unused-label -Wno-unused-parameter -Wno-unused-variable -Wunused-value -Wno-empty-body -Wno-uninitialized -Wno-unknown-pragmas -Wno-shadow -Wno-four-char-constants -Wno-conversion -Wno-constant-conversion -Wno-int-conversion -Wno-bool-conversion -Wno-enum-conversion -Wno-float-conversion -Wno-non-literal-null-conversion -Wno-objc-literal-conversion -Wno-shorten-64-to-32 -Wpointer-sign -Wno-newline-eof -Wno-selector -Wno-strict-selector-match -Wno-undeclared-selector -Wno-deprecated-implementations -Wno-implicit-fallthrough -isysroot /Applications/Xcode-27.0.0-Release.Candidate.app/Contents/Developer/Platforms/WatchOS.platform/Developer/SDKs/WatchOS27.0.sdk -fstrict-aliasing -Wprotocol -Wdeprecated-declarations -Wno-sign-conversion -Wno-infinite-recursion -Wno-comma -Wno-block-capture-autoreleasing -Wno-strict-prototypes -Wno-semicolon-before-method-body -index-store-path /Users/admin/builder/spi-builder-workspace/.derivedData/Index.noindex/DataStore @/Users/admin/builder/spi-builder-workspace/.derivedData/Build/Intermediates.noindex/BranchSDK.build/Debug-watchos/BranchSDK-t.build/Objects-normal/arm64_32/e6072d4f65d7061329687fe24e3d63a7-common-args.resp -include /Users/admin/builder/spi-builder-workspace/.derivedData/Build/Intermediates.noindex/BranchSDK.build/Debug-watchos/BranchSDK-t.build/DerivedSources/resource_bundle_accessor.h -MMD -MT dependencies -MF /Users/admin/builder/spi-builder-workspace/.derivedData/Build/Intermediates.noindex/BranchSDK.build/Debug-watchos/BranchSDK-t.build/Objects-normal/arm64_32/BranchSpotlightUrlRequest.d --serialize-diagnostics /Users/admin/builder/spi-builder-workspace/.derivedData/Build/Intermediates.noindex/BranchSDK.build/Debug-watchos/BranchSDK-t.build/Objects-normal/arm64_32/BranchSpotlightUrlRequest.dia -c /Users/admin/builder/spi-builder-workspace/Sources/BranchSDK/BranchSpotlightUrlRequest.m -o /Users/admin/builder/spi-builder-workspace/.derivedData/Build/Intermediates.noindex/BranchSDK.build/Debug-watchos/BranchSDK-t.build/Objects-normal/arm64_32/BranchSpotlightUrlRequest.o -index-unit-output-path /BranchSDK.build/Debug-watchos/BranchSDK-t.build/Objects-normal/arm64_32/BranchSpotlightUrlRequest.o
/Users/admin/builder/spi-builder-workspace/Sources/BranchSDK/Public/BranchUniversalObject.h:11:9: error: Module 'CoreSpotlight' not found (in target 'BranchSDK' from project 'BranchSDK')
/Users/admin/builder/spi-builder-workspace/Sources/BranchSDK/BranchSpotlightUrlRequest.m:9:9: note: in file included from /Users/admin/builder/spi-builder-workspace/Sources/BranchSDK/BranchSpotlightUrlRequest.m:9:
/Users/admin/builder/spi-builder-workspace/Sources/BranchSDK/Private/BranchSpotlightUrlRequest.h:9:9: note: in file included from /Users/admin/builder/spi-builder-workspace/Sources/BranchSDK/Private/BranchSpotlightUrlRequest.h:9:
/Users/admin/builder/spi-builder-workspace/Sources/BranchSDK/Private/BranchShortUrlRequest.h:10:9: note: in file included from /Users/admin/builder/spi-builder-workspace/Sources/BranchSDK/Private/BranchShortUrlRequest.h:10:
/Users/admin/builder/spi-builder-workspace/Sources/BranchSDK/Public/Branch.h:18:9: note: in file included from /Users/admin/builder/spi-builder-workspace/Sources/BranchSDK/Public/Branch.h:18:
ScanDependencies /Users/admin/builder/spi-builder-workspace/.derivedData/Build/Intermediates.noindex/BranchSDK.build/Debug-watchos/BranchSDK-t.build/Objects-normal/arm64_32/BranchShortUrlRequest.o /Users/admin/builder/spi-builder-workspace/Sources/BranchSDK/BranchShortUrlRequest.m normal arm64_32 objective-c com.apple.compilers.llvm.clang.1_0.compiler (in target 'BranchSDK' from project 'BranchSDK')
cd /Users/admin/builder/spi-builder-workspace/.swiftpm/xcode
Using response file: /Users/admin/builder/spi-builder-workspace/.derivedData/Build/Intermediates.noindex/BranchSDK.build/Debug-watchos/BranchSDK-t.build/Objects-normal/arm64_32/e6072d4f65d7061329687fe24e3d63a7-common-args.resp
builtin-ScanDependencies -o /Users/admin/builder/spi-builder-workspace/.derivedData/Build/Intermediates.noindex/BranchSDK.build/Debug-watchos/BranchSDK-t.build/Objects-normal/arm64_32/BranchShortUrlRequest.o.scan -- /Applications/Xcode-27.0.0-Release.Candidate.app/Contents/Developer/Toolchains/XcodeDefault.xctoolchain/usr/bin/clang -x objective-c -ivfsstatcache /Users/admin/builder/spi-builder-workspace/.derivedData/SDKStatCaches.noindex/watchos27.0-24R360-e829b21a6f8c9b70876ba0858053c04477534ef55a1706bf4c1112bbb242f0a2.sdkstatcache -target arm64_32-apple-watchos9.0 -fmessage-length\=0 -fdiagnostics-show-note-include-stack -fmacro-backtrace-limit\=0 -fno-color-diagnostics -fmodules-prune-interval\=86400 -fmodules-prune-after\=345600 -fbuild-session-file\=/Users/admin/builder/spi-builder-workspace/.derivedData/ModuleCache.noindex/Session.modulevalidation -fmodules-validate-once-per-build-session -Wnon-modular-include-in-framework-module -Werror\=non-modular-include-in-framework-module -Wno-trigraphs -Wno-missing-field-initializers -Wno-missing-prototypes -Wno-return-type -Wno-implicit-atomic-properties -Wno-objc-interface-ivars -Wno-arc-repeated-use-of-weak -Wno-missing-braces -Wparentheses -Wswitch -Wno-unused-function -Wno-unused-label -Wno-unused-parameter -Wno-unused-variable -Wunused-value -Wno-empty-body -Wno-uninitialized -Wno-unknown-pragmas -Wno-shadow -Wno-four-char-constants -Wno-conversion -Wno-constant-conversion -Wno-int-conversion -Wno-bool-conversion -Wno-enum-conversion -Wno-float-conversion -Wno-non-literal-null-conversion -Wno-objc-literal-conversion -Wno-shorten-64-to-32 -Wpointer-sign -Wno-newline-eof -Wno-selector -Wno-strict-selector-match -Wno-undeclared-selector -Wno-deprecated-implementations -Wno-implicit-fallthrough -isysroot /Applications/Xcode-27.0.0-Release.Candidate.app/Contents/Developer/Platforms/WatchOS.platform/Developer/SDKs/WatchOS27.0.sdk -fstrict-aliasing -Wprotocol -Wdeprecated-declarations -Wno-sign-conversion -Wno-infinite-recursion -Wno-comma -Wno-block-capture-autoreleasing -Wno-strict-prototypes -Wno-semicolon-before-method-body -index-store-path /Users/admin/builder/spi-builder-workspace/.derivedData/Index.noindex/DataStore @/Users/admin/builder/spi-builder-workspace/.derivedData/Build/Intermediates.noindex/BranchSDK.build/Debug-watchos/BranchSDK-t.build/Objects-normal/arm64_32/e6072d4f65d7061329687fe24e3d63a7-common-args.resp -include /Users/admin/builder/spi-builder-workspace/.derivedData/Build/Intermediates.noindex/BranchSDK.build/Debug-watchos/BranchSDK-t.build/DerivedSources/resource_bundle_accessor.h -MMD -MT dependencies -MF /Users/admin/builder/spi-builder-workspace/.derivedData/Build/Intermediates.noindex/BranchSDK.build/Debug-watchos/BranchSDK-t.build/Objects-normal/arm64_32/BranchShortUrlRequest.d --serialize-diagnostics /Users/admin/builder/spi-builder-workspace/.derivedData/Build/Intermediates.noindex/BranchSDK.build/Debug-watchos/BranchSDK-t.build/Objects-normal/arm64_32/BranchShortUrlRequest.dia -c /Users/admin/builder/spi-builder-workspace/Sources/BranchSDK/BranchShortUrlRequest.m -o /Users/admin/builder/spi-builder-workspace/.derivedData/Build/Intermediates.noindex/BranchSDK.build/Debug-watchos/BranchSDK-t.build/Objects-normal/arm64_32/BranchShortUrlRequest.o -index-unit-output-path /BranchSDK.build/Debug-watchos/BranchSDK-t.build/Objects-normal/arm64_32/BranchShortUrlRequest.o
/Users/admin/builder/spi-builder-workspace/Sources/BranchSDK/Public/BranchUniversalObject.h:11:9: error: Module 'CoreSpotlight' not found (in target 'BranchSDK' from project 'BranchSDK')
/Users/admin/builder/spi-builder-workspace/Sources/BranchSDK/BranchShortUrlRequest.m:9:9: note: in file included from /Users/admin/builder/spi-builder-workspace/Sources/BranchSDK/BranchShortUrlRequest.m:9:
/Users/admin/builder/spi-builder-workspace/Sources/BranchSDK/Private/BranchShortUrlRequest.h:10:9: note: in file included from /Users/admin/builder/spi-builder-workspace/Sources/BranchSDK/Private/BranchShortUrlRequest.h:10:
/Users/admin/builder/spi-builder-workspace/Sources/BranchSDK/Public/Branch.h:18:9: note: in file included from /Users/admin/builder/spi-builder-workspace/Sources/BranchSDK/Public/Branch.h:18:
ScanDependencies /Users/admin/builder/spi-builder-workspace/.derivedData/Build/Intermediates.noindex/BranchSDK.build/Debug-watchos/BranchSDK-t.build/Objects-normal/arm64_32/BranchShareLink.o /Users/admin/builder/spi-builder-workspace/Sources/BranchSDK/BranchShareLink.m normal arm64_32 objective-c com.apple.compilers.llvm.clang.1_0.compiler (in target 'BranchSDK' from project 'BranchSDK')
cd /Users/admin/builder/spi-builder-workspace/.swiftpm/xcode
Using response file: /Users/admin/builder/spi-builder-workspace/.derivedData/Build/Intermediates.noindex/BranchSDK.build/Debug-watchos/BranchSDK-t.build/Objects-normal/arm64_32/e6072d4f65d7061329687fe24e3d63a7-common-args.resp
builtin-ScanDependencies -o /Users/admin/builder/spi-builder-workspace/.derivedData/Build/Intermediates.noindex/BranchSDK.build/Debug-watchos/BranchSDK-t.build/Objects-normal/arm64_32/BranchShareLink.o.scan -- /Applications/Xcode-27.0.0-Release.Candidate.app/Contents/Developer/Toolchains/XcodeDefault.xctoolchain/usr/bin/clang -x objective-c -ivfsstatcache /Users/admin/builder/spi-builder-workspace/.derivedData/SDKStatCaches.noindex/watchos27.0-24R360-e829b21a6f8c9b70876ba0858053c04477534ef55a1706bf4c1112bbb242f0a2.sdkstatcache -target arm64_32-apple-watchos9.0 -fmessage-length\=0 -fdiagnostics-show-note-include-stack -fmacro-backtrace-limit\=0 -fno-color-diagnostics -fmodules-prune-interval\=86400 -fmodules-prune-after\=345600 -fbuild-session-file\=/Users/admin/builder/spi-builder-workspace/.derivedData/ModuleCache.noindex/Session.modulevalidation -fmodules-validate-once-per-build-session -Wnon-modular-include-in-framework-module -Werror\=non-modular-include-in-framework-module -Wno-trigraphs -Wno-missing-field-initializers -Wno-missing-prototypes -Wno-return-type -Wno-implicit-atomic-properties -Wno-objc-interface-ivars -Wno-arc-repeated-use-of-weak -Wno-missing-braces -Wparentheses -Wswitch -Wno-unused-function -Wno-unused-label -Wno-unused-parameter -Wno-unused-variable -Wunused-value -Wno-empty-body -Wno-uninitialized -Wno-unknown-pragmas -Wno-shadow -Wno-four-char-constants -Wno-conversion -Wno-constant-conversion -Wno-int-conversion -Wno-bool-conversion -Wno-enum-conversion -Wno-float-conversion -Wno-non-literal-null-conversion -Wno-objc-literal-conversion -Wno-shorten-64-to-32 -Wpointer-sign -Wno-newline-eof -Wno-selector -Wno-strict-selector-match -Wno-undeclared-selector -Wno-deprecated-implementations -Wno-implicit-fallthrough -isysroot /Applications/Xcode-27.0.0-Release.Candidate.app/Contents/Developer/Platforms/WatchOS.platform/Developer/SDKs/WatchOS27.0.sdk -fstrict-aliasing -Wprotocol -Wdeprecated-declarations -Wno-sign-conversion -Wno-infinite-recursion -Wno-comma -Wno-block-capture-autoreleasing -Wno-strict-prototypes -Wno-semicolon-before-method-body -index-store-path /Users/admin/builder/spi-builder-workspace/.derivedData/Index.noindex/DataStore @/Users/admin/builder/spi-builder-workspace/.derivedData/Build/Intermediates.noindex/BranchSDK.build/Debug-watchos/BranchSDK-t.build/Objects-normal/arm64_32/e6072d4f65d7061329687fe24e3d63a7-common-args.resp -include /Users/admin/builder/spi-builder-workspace/.derivedData/Build/Intermediates.noindex/BranchSDK.build/Debug-watchos/BranchSDK-t.build/DerivedSources/resource_bundle_accessor.h -MMD -MT dependencies -MF /Users/admin/builder/spi-builder-workspace/.derivedData/Build/Intermediates.noindex/BranchSDK.build/Debug-watchos/BranchSDK-t.build/Objects-normal/arm64_32/BranchShareLink.d --serialize-diagnostics /Users/admin/builder/spi-builder-workspace/.derivedData/Build/Intermediates.noindex/BranchSDK.build/Debug-watchos/BranchSDK-t.build/Objects-normal/arm64_32/BranchShareLink.dia -c /Users/admin/builder/spi-builder-workspace/Sources/BranchSDK/BranchShareLink.m -o /Users/admin/builder/spi-builder-workspace/.derivedData/Build/Intermediates.noindex/BranchSDK.build/Debug-watchos/BranchSDK-t.build/Objects-normal/arm64_32/BranchShareLink.o -index-unit-output-path /BranchSDK.build/Debug-watchos/BranchSDK-t.build/Objects-normal/arm64_32/BranchShareLink.o
/Users/admin/builder/spi-builder-workspace/Sources/BranchSDK/Public/BranchUniversalObject.h:11:9: error: Module 'CoreSpotlight' not found (in target 'BranchSDK' from project 'BranchSDK')
/Users/admin/builder/spi-builder-workspace/Sources/BranchSDK/BranchShareLink.m:10:9: note: in file included from /Users/admin/builder/spi-builder-workspace/Sources/BranchSDK/BranchShareLink.m:10:
/Users/admin/builder/spi-builder-workspace/Sources/BranchSDK/Public/BranchShareLink.h:11:9: note: in file included from /Users/admin/builder/spi-builder-workspace/Sources/BranchSDK/Public/BranchShareLink.h:11:
ScanDependencies /Users/admin/builder/spi-builder-workspace/.derivedData/Build/Intermediates.noindex/BranchSDK.build/Debug-watchos/BranchSDK-t.build/Objects-normal/arm64_32/BranchScene.o /Users/admin/builder/spi-builder-workspace/Sources/BranchSDK/BranchScene.m normal arm64_32 objective-c com.apple.compilers.llvm.clang.1_0.compiler (in target 'BranchSDK' from project 'BranchSDK')
cd /Users/admin/builder/spi-builder-workspace/.swiftpm/xcode
Using response file: /Users/admin/builder/spi-builder-workspace/.derivedData/Build/Intermediates.noindex/BranchSDK.build/Debug-watchos/BranchSDK-t.build/Objects-normal/arm64_32/e6072d4f65d7061329687fe24e3d63a7-common-args.resp
builtin-ScanDependencies -o /Users/admin/builder/spi-builder-workspace/.derivedData/Build/Intermediates.noindex/BranchSDK.build/Debug-watchos/BranchSDK-t.build/Objects-normal/arm64_32/BranchScene.o.scan -- /Applications/Xcode-27.0.0-Release.Candidate.app/Contents/Developer/Toolchains/XcodeDefault.xctoolchain/usr/bin/clang -x objective-c -ivfsstatcache /Users/admin/builder/spi-builder-workspace/.derivedData/SDKStatCaches.noindex/watchos27.0-24R360-e829b21a6f8c9b70876ba0858053c04477534ef55a1706bf4c1112bbb242f0a2.sdkstatcache -target arm64_32-apple-watchos9.0 -fmessage-length\=0 -fdiagnostics-show-note-include-stack -fmacro-backtrace-limit\=0 -fno-color-diagnostics -fmodules-prune-interval\=86400 -fmodules-prune-after\=345600 -fbuild-session-file\=/Users/admin/builder/spi-builder-workspace/.derivedData/ModuleCache.noindex/Session.modulevalidation -fmodules-validate-once-per-build-session -Wnon-modular-include-in-framework-module -Werror\=non-modular-include-in-framework-module -Wno-trigraphs -Wno-missing-field-initializers -Wno-missing-prototypes -Wno-return-type -Wno-implicit-atomic-properties -Wno-objc-interface-ivars -Wno-arc-repeated-use-of-weak -Wno-missing-braces -Wparentheses -Wswitch -Wno-unused-function -Wno-unused-label -Wno-unused-parameter -Wno-unused-variable -Wunused-value -Wno-empty-body -Wno-uninitialized -Wno-unknown-pragmas -Wno-shadow -Wno-four-char-constants -Wno-conversion -Wno-constant-conversion -Wno-int-conversion -Wno-bool-conversion -Wno-enum-conversion -Wno-float-conversion -Wno-non-literal-null-conversion -Wno-objc-literal-conversion -Wno-shorten-64-to-32 -Wpointer-sign -Wno-newline-eof -Wno-selector -Wno-strict-selector-match -Wno-undeclared-selector -Wno-deprecated-implementations -Wno-implicit-fallthrough -isysroot /Applications/Xcode-27.0.0-Release.Candidate.app/Contents/Developer/Platforms/WatchOS.platform/Developer/SDKs/WatchOS27.0.sdk -fstrict-aliasing -Wprotocol -Wdeprecated-declarations -Wno-sign-conversion -Wno-infinite-recursion -Wno-comma -Wno-block-capture-autoreleasing -Wno-strict-prototypes -Wno-semicolon-before-method-body -index-store-path /Users/admin/builder/spi-builder-workspace/.derivedData/Index.noindex/DataStore @/Users/admin/builder/spi-builder-workspace/.derivedData/Build/Intermediates.noindex/BranchSDK.build/Debug-watchos/BranchSDK-t.build/Objects-normal/arm64_32/e6072d4f65d7061329687fe24e3d63a7-common-args.resp -include /Users/admin/builder/spi-builder-workspace/.derivedData/Build/Intermediates.noindex/BranchSDK.build/Debug-watchos/BranchSDK-t.build/DerivedSources/resource_bundle_accessor.h -MMD -MT dependencies -MF /Users/admin/builder/spi-builder-workspace/.derivedData/Build/Intermediates.noindex/BranchSDK.build/Debug-watchos/BranchSDK-t.build/Objects-normal/arm64_32/BranchScene.d --serialize-diagnostics /Users/admin/builder/spi-builder-workspace/.derivedData/Build/Intermediates.noindex/BranchSDK.build/Debug-watchos/BranchSDK-t.build/Objects-normal/arm64_32/BranchScene.dia -c /Users/admin/builder/spi-builder-workspace/Sources/BranchSDK/BranchScene.m -o /Users/admin/builder/spi-builder-workspace/.derivedData/Build/Intermediates.noindex/BranchSDK.build/Debug-watchos/BranchSDK-t.build/Objects-normal/arm64_32/BranchScene.o -index-unit-output-path /BranchSDK.build/Debug-watchos/BranchSDK-t.build/Objects-normal/arm64_32/BranchScene.o
/Users/admin/builder/spi-builder-workspace/Sources/BranchSDK/Public/BranchUniversalObject.h:11:9: error: Module 'CoreSpotlight' not found (in target 'BranchSDK' from project 'BranchSDK')
/Users/admin/builder/spi-builder-workspace/Sources/BranchSDK/BranchScene.m:10:9: note: in file included from /Users/admin/builder/spi-builder-workspace/Sources/BranchSDK/BranchScene.m:10:
/Users/admin/builder/spi-builder-workspace/Sources/BranchSDK/Public/Branch.h:18:9: note: in file included from /Users/admin/builder/spi-builder-workspace/Sources/BranchSDK/Public/Branch.h:18:
ScanDependencies /Users/admin/builder/spi-builder-workspace/.derivedData/Build/Intermediates.noindex/BranchSDK.build/Debug-watchos/BranchSDK-t.build/Objects-normal/arm64_32/BranchQRCode.o /Users/admin/builder/spi-builder-workspace/Sources/BranchSDK/BranchQRCode.m normal arm64_32 objective-c com.apple.compilers.llvm.clang.1_0.compiler (in target 'BranchSDK' from project 'BranchSDK')
cd /Users/admin/builder/spi-builder-workspace/.swiftpm/xcode
Using response file: /Users/admin/builder/spi-builder-workspace/.derivedData/Build/Intermediates.noindex/BranchSDK.build/Debug-watchos/BranchSDK-t.build/Objects-normal/arm64_32/e6072d4f65d7061329687fe24e3d63a7-common-args.resp
builtin-ScanDependencies -o /Users/admin/builder/spi-builder-workspace/.derivedData/Build/Intermediates.noindex/BranchSDK.build/Debug-watchos/BranchSDK-t.build/Objects-normal/arm64_32/BranchQRCode.o.scan -- /Applications/Xcode-27.0.0-Release.Candidate.app/Contents/Developer/Toolchains/XcodeDefault.xctoolchain/usr/bin/clang -x objective-c -ivfsstatcache /Users/admin/builder/spi-builder-workspace/.derivedData/SDKStatCaches.noindex/watchos27.0-24R360-e829b21a6f8c9b70876ba0858053c04477534ef55a1706bf4c1112bbb242f0a2.sdkstatcache -target arm64_32-apple-watchos9.0 -fmessage-length\=0 -fdiagnostics-show-note-include-stack -fmacro-backtrace-limit\=0 -fno-color-diagnostics -fmodules-prune-interval\=86400 -fmodules-prune-after\=345600 -fbuild-session-file\=/Users/admin/builder/spi-builder-workspace/.derivedData/ModuleCache.noindex/Session.modulevalidation -fmodules-validate-once-per-build-session -Wnon-modular-include-in-framework-module -Werror\=non-modular-include-in-framework-module -Wno-trigraphs -Wno-missing-field-initializers -Wno-missing-prototypes -Wno-return-type -Wno-implicit-atomic-properties -Wno-objc-interface-ivars -Wno-arc-repeated-use-of-weak -Wno-missing-braces -Wparentheses -Wswitch -Wno-unused-function -Wno-unused-label -Wno-unused-parameter -Wno-unused-variable -Wunused-value -Wno-empty-body -Wno-uninitialized -Wno-unknown-pragmas -Wno-shadow -Wno-four-char-constants -Wno-conversion -Wno-constant-conversion -Wno-int-conversion -Wno-bool-conversion -Wno-enum-conversion -Wno-float-conversion -Wno-non-literal-null-conversion -Wno-objc-literal-conversion -Wno-shorten-64-to-32 -Wpointer-sign -Wno-newline-eof -Wno-selector -Wno-strict-selector-match -Wno-undeclared-selector -Wno-deprecated-implementations -Wno-implicit-fallthrough -isysroot /Applications/Xcode-27.0.0-Release.Candidate.app/Contents/Developer/Platforms/WatchOS.platform/Developer/SDKs/WatchOS27.0.sdk -fstrict-aliasing -Wprotocol -Wdeprecated-declarations -Wno-sign-conversion -Wno-infinite-recursion -Wno-comma -Wno-block-capture-autoreleasing -Wno-strict-prototypes -Wno-semicolon-before-method-body -index-store-path /Users/admin/builder/spi-builder-workspace/.derivedData/Index.noindex/DataStore @/Users/admin/builder/spi-builder-workspace/.derivedData/Build/Intermediates.noindex/BranchSDK.build/Debug-watchos/BranchSDK-t.build/Objects-normal/arm64_32/e6072d4f65d7061329687fe24e3d63a7-common-args.resp -include /Users/admin/builder/spi-builder-workspace/.derivedData/Build/Intermediates.noindex/BranchSDK.build/Debug-watchos/BranchSDK-t.build/DerivedSources/resource_bundle_accessor.h -MMD -MT dependencies -MF /Users/admin/builder/spi-builder-workspace/.derivedData/Build/Intermediates.noindex/BranchSDK.build/Debug-watchos/BranchSDK-t.build/Objects-normal/arm64_32/BranchQRCode.d --serialize-diagnostics /Users/admin/builder/spi-builder-workspace/.derivedData/Build/Intermediates.noindex/BranchSDK.build/Debug-watchos/BranchSDK-t.build/Objects-normal/arm64_32/BranchQRCode.dia -c /Users/admin/builder/spi-builder-workspace/Sources/BranchSDK/BranchQRCode.m -o /Users/admin/builder/spi-builder-workspace/.derivedData/Build/Intermediates.noindex/BranchSDK.build/Debug-watchos/BranchSDK-t.build/Objects-normal/arm64_32/BranchQRCode.o -index-unit-output-path /BranchSDK.build/Debug-watchos/BranchSDK-t.build/Objects-normal/arm64_32/BranchQRCode.o
/Users/admin/builder/spi-builder-workspace/Sources/BranchSDK/Public/BranchUniversalObject.h:11:9: error: Module 'CoreSpotlight' not found (in target 'BranchSDK' from project 'BranchSDK')
/Users/admin/builder/spi-builder-workspace/Sources/BranchSDK/BranchQRCode.m:9:9: note: in file included from /Users/admin/builder/spi-builder-workspace/Sources/BranchSDK/BranchQRCode.m:9:
/Users/admin/builder/spi-builder-workspace/Sources/BranchSDK/Public/BranchQRCode.h:9:9: note: in file included from /Users/admin/builder/spi-builder-workspace/Sources/BranchSDK/Public/BranchQRCode.h:9:
ScanDependencies /Users/admin/builder/spi-builder-workspace/.derivedData/Build/Intermediates.noindex/BranchSDK.build/Debug-watchos/BranchSDK-t.build/Objects-normal/arm64_32/BranchPluginSupport.o /Users/admin/builder/spi-builder-workspace/Sources/BranchSDK/BranchPluginSupport.m normal arm64_32 objective-c com.apple.compilers.llvm.clang.1_0.compiler (in target 'BranchSDK' from project 'BranchSDK')
cd /Users/admin/builder/spi-builder-workspace/.swiftpm/xcode
Using response file: /Users/admin/builder/spi-builder-workspace/.derivedData/Build/Intermediates.noindex/BranchSDK.build/Debug-watchos/BranchSDK-t.build/Objects-normal/arm64_32/e6072d4f65d7061329687fe24e3d63a7-common-args.resp
builtin-ScanDependencies -o /Users/admin/builder/spi-builder-workspace/.derivedData/Build/Intermediates.noindex/BranchSDK.build/Debug-watchos/BranchSDK-t.build/Objects-normal/arm64_32/BranchPluginSupport.o.scan -- /Applications/Xcode-27.0.0-Release.Candidate.app/Contents/Developer/Toolchains/XcodeDefault.xctoolchain/usr/bin/clang -x objective-c -ivfsstatcache /Users/admin/builder/spi-builder-workspace/.derivedData/SDKStatCaches.noindex/watchos27.0-24R360-e829b21a6f8c9b70876ba0858053c04477534ef55a1706bf4c1112bbb242f0a2.sdkstatcache -target arm64_32-apple-watchos9.0 -fmessage-length\=0 -fdiagnostics-show-note-include-stack -fmacro-backtrace-limit\=0 -fno-color-diagnostics -fmodules-prune-interval\=86400 -fmodules-prune-after\=345600 -fbuild-session-file\=/Users/admin/builder/spi-builder-workspace/.derivedData/ModuleCache.noindex/Session.modulevalidation -fmodules-validate-once-per-build-session -Wnon-modular-include-in-framework-module -Werror\=non-modular-include-in-framework-module -Wno-trigraphs -Wno-missing-field-initializers -Wno-missing-prototypes -Wno-return-type -Wno-implicit-atomic-properties -Wno-objc-interface-ivars -Wno-arc-repeated-use-of-weak -Wno-missing-braces -Wparentheses -Wswitch -Wno-unused-function -Wno-unused-label -Wno-unused-parameter -Wno-unused-variable -Wunused-value -Wno-empty-body -Wno-uninitialized -Wno-unknown-pragmas -Wno-shadow -Wno-four-char-constants -Wno-conversion -Wno-constant-conversion -Wno-int-conversion -Wno-bool-conversion -Wno-enum-conversion -Wno-float-conversion -Wno-non-literal-null-conversion -Wno-objc-literal-conversion -Wno-shorten-64-to-32 -Wpointer-sign -Wno-newline-eof -Wno-selector -Wno-strict-selector-match -Wno-undeclared-selector -Wno-deprecated-implementations -Wno-implicit-fallthrough -isysroot /Applications/Xcode-27.0.0-Release.Candidate.app/Contents/Developer/Platforms/WatchOS.platform/Developer/SDKs/WatchOS27.0.sdk -fstrict-aliasing -Wprotocol -Wdeprecated-declarations -Wno-sign-conversion -Wno-infinite-recursion -Wno-comma -Wno-block-capture-autoreleasing -Wno-strict-prototypes -Wno-semicolon-before-method-body -index-store-path /Users/admin/builder/spi-builder-workspace/.derivedData/Index.noindex/DataStore @/Users/admin/builder/spi-builder-workspace/.derivedData/Build/Intermediates.noindex/BranchSDK.build/Debug-watchos/BranchSDK-t.build/Objects-normal/arm64_32/e6072d4f65d7061329687fe24e3d63a7-common-args.resp -include /Users/admin/builder/spi-builder-workspace/.derivedData/Build/Intermediates.noindex/BranchSDK.build/Debug-watchos/BranchSDK-t.build/DerivedSources/resource_bundle_accessor.h -MMD -MT dependencies -MF /Users/admin/builder/spi-builder-workspace/.derivedData/Build/Intermediates.noindex/BranchSDK.build/Debug-watchos/BranchSDK-t.build/Objects-normal/arm64_32/BranchPluginSupport.d --serialize-diagnostics /Users/admin/builder/spi-builder-workspace/.derivedData/Build/Intermediates.noindex/BranchSDK.build/Debug-watchos/BranchSDK-t.build/Objects-normal/arm64_32/BranchPluginSupport.dia -c /Users/admin/builder/spi-builder-workspace/Sources/BranchSDK/BranchPluginSupport.m -o /Users/admin/builder/spi-builder-workspace/.derivedData/Build/Intermediates.noindex/BranchSDK.build/Debug-watchos/BranchSDK-t.build/Objects-normal/arm64_32/BranchPluginSupport.o -index-unit-output-path /BranchSDK.build/Debug-watchos/BranchSDK-t.build/Objects-normal/arm64_32/BranchPluginSupport.o
/Users/admin/builder/spi-builder-workspace/Sources/BranchSDK/Public/BranchUniversalObject.h:11:9: error: Module 'CoreSpotlight' not found (in target 'BranchSDK' from project 'BranchSDK')
/Users/admin/builder/spi-builder-workspace/Sources/BranchSDK/BranchPluginSupport.m:13:9: note: in file included from /Users/admin/builder/spi-builder-workspace/Sources/BranchSDK/BranchPluginSupport.m:13:
/Users/admin/builder/spi-builder-workspace/Sources/BranchSDK/Public/Branch.h:18:9: note: in file included from /Users/admin/builder/spi-builder-workspace/Sources/BranchSDK/Public/Branch.h:18:
ScanDependencies /Users/admin/builder/spi-builder-workspace/.derivedData/Build/Intermediates.noindex/BranchSDK.build/Debug-watchos/BranchSDK-t.build/Objects-normal/arm64_32/BranchPasteControl.o /Users/admin/builder/spi-builder-workspace/Sources/BranchSDK/BranchPasteControl.m normal arm64_32 objective-c com.apple.compilers.llvm.clang.1_0.compiler (in target 'BranchSDK' from project 'BranchSDK')
cd /Users/admin/builder/spi-builder-workspace/.swiftpm/xcode
Using response file: /Users/admin/builder/spi-builder-workspace/.derivedData/Build/Intermediates.noindex/BranchSDK.build/Debug-watchos/BranchSDK-t.build/Objects-normal/arm64_32/e6072d4f65d7061329687fe24e3d63a7-common-args.resp
builtin-ScanDependencies -o /Users/admin/builder/spi-builder-workspace/.derivedData/Build/Intermediates.noindex/BranchSDK.build/Debug-watchos/BranchSDK-t.build/Objects-normal/arm64_32/BranchPasteControl.o.scan -- /Applications/Xcode-27.0.0-Release.Candidate.app/Contents/Developer/Toolchains/XcodeDefault.xctoolchain/usr/bin/clang -x objective-c -ivfsstatcache /Users/admin/builder/spi-builder-workspace/.derivedData/SDKStatCaches.noindex/watchos27.0-24R360-e829b21a6f8c9b70876ba0858053c04477534ef55a1706bf4c1112bbb242f0a2.sdkstatcache -target arm64_32-apple-watchos9.0 -fmessage-length\=0 -fdiagnostics-show-note-include-stack -fmacro-backtrace-limit\=0 -fno-color-diagnostics -fmodules-prune-interval\=86400 -fmodules-prune-after\=345600 -fbuild-session-file\=/Users/admin/builder/spi-builder-workspace/.derivedData/ModuleCache.noindex/Session.modulevalidation -fmodules-validate-once-per-build-session -Wnon-modular-include-in-framework-module -Werror\=non-modular-include-in-framework-module -Wno-trigraphs -Wno-missing-field-initializers -Wno-missing-prototypes -Wno-return-type -Wno-implicit-atomic-properties -Wno-objc-interface-ivars -Wno-arc-repeated-use-of-weak -Wno-missing-braces -Wparentheses -Wswitch -Wno-unused-function -Wno-unused-label -Wno-unused-parameter -Wno-unused-variable -Wunused-value -Wno-empty-body -Wno-uninitialized -Wno-unknown-pragmas -Wno-shadow -Wno-four-char-constants -Wno-conversion -Wno-constant-conversion -Wno-int-conversion -Wno-bool-conversion -Wno-enum-conversion -Wno-float-conversion -Wno-non-literal-null-conversion -Wno-objc-literal-conversion -Wno-shorten-64-to-32 -Wpointer-sign -Wno-newline-eof -Wno-selector -Wno-strict-selector-match -Wno-undeclared-selector -Wno-deprecated-implementations -Wno-implicit-fallthrough -isysroot /Applications/Xcode-27.0.0-Release.Candidate.app/Contents/Developer/Platforms/WatchOS.platform/Developer/SDKs/WatchOS27.0.sdk -fstrict-aliasing -Wprotocol -Wdeprecated-declarations -Wno-sign-conversion -Wno-infinite-recursion -Wno-comma -Wno-block-capture-autoreleasing -Wno-strict-prototypes -Wno-semicolon-before-method-body -index-store-path /Users/admin/builder/spi-builder-workspace/.derivedData/Index.noindex/DataStore @/Users/admin/builder/spi-builder-workspace/.derivedData/Build/Intermediates.noindex/BranchSDK.build/Debug-watchos/BranchSDK-t.build/Objects-normal/arm64_32/e6072d4f65d7061329687fe24e3d63a7-common-args.resp -include /Users/admin/builder/spi-builder-workspace/.derivedData/Build/Intermediates.noindex/BranchSDK.build/Debug-watchos/BranchSDK-t.build/DerivedSources/resource_bundle_accessor.h -MMD -MT dependencies -MF /Users/admin/builder/spi-builder-workspace/.derivedData/Build/Intermediates.noindex/BranchSDK.build/Debug-watchos/BranchSDK-t.build/Objects-normal/arm64_32/BranchPasteControl.d --serialize-diagnostics /Users/admin/builder/spi-builder-workspace/.derivedData/Build/Intermediates.noindex/BranchSDK.build/Debug-watchos/BranchSDK-t.build/Objects-normal/arm64_32/BranchPasteControl.dia -c /Users/admin/builder/spi-builder-workspace/Sources/BranchSDK/BranchPasteControl.m -o /Users/admin/builder/spi-builder-workspace/.derivedData/Build/Intermediates.noindex/BranchSDK.build/Debug-watchos/BranchSDK-t.build/Objects-normal/arm64_32/BranchPasteControl.o -index-unit-output-path /BranchSDK.build/Debug-watchos/BranchSDK-t.build/Objects-normal/arm64_32/BranchPasteControl.o
/Users/admin/builder/spi-builder-workspace/Sources/BranchSDK/Public/BranchUniversalObject.h:11:9: error: Module 'CoreSpotlight' not found (in target 'BranchSDK' from project 'BranchSDK')
/Users/admin/builder/spi-builder-workspace/Sources/BranchSDK/BranchPasteControl.m:11:9: note: in file included from /Users/admin/builder/spi-builder-workspace/Sources/BranchSDK/BranchPasteControl.m:11:
/Users/admin/builder/spi-builder-workspace/Sources/BranchSDK/Public/Branch.h:18:9: note: in file included from /Users/admin/builder/spi-builder-workspace/Sources/BranchSDK/Public/Branch.h:18:
PrecompileModule /Users/admin/builder/spi-builder-workspace/.derivedData/Build/Intermediates.noindex/ExplicitPrecompiledModules/_Builtin_stdbool-D649XUGWO01K5689JO4R7ZWD.scan
cd /
builtin-precompileModule /Users/admin/builder/spi-builder-workspace/.derivedData/Build/Intermediates.noindex/ExplicitPrecompiledModules/_Builtin_stdbool-D649XUGWO01K5689JO4R7ZWD.scan
PruneExplicitPrecompiledModules /Users/admin/builder/spi-builder-workspace/.derivedData/SDKExplicitPrecompiledModules
PruneExplicitPrecompiledModules /Users/admin/builder/spi-builder-workspace/.derivedData/Build/Intermediates.noindex/SwiftExplicitPrecompiledModules
PruneExplicitPrecompiledModules /Users/admin/builder/spi-builder-workspace/.derivedData/Build/Intermediates.noindex/ExplicitPrecompiledModules
2026-09-26 00:35:54.660 xcodebuild[689:4490] [MT] IDERunDestination: Supported platforms for the buildables in the current scheme is empty.
** BUILD FAILED **
The following build commands failed:
ScanDependencies /Users/admin/builder/spi-builder-workspace/.derivedData/Build/Intermediates.noindex/BranchSDK.build/Debug-watchos/BranchSDK-t.build/Objects-normal/arm64_32/BranchUniversalObject.o /Users/admin/builder/spi-builder-workspace/Sources/BranchSDK/BranchUniversalObject.m normal arm64_32 objective-c com.apple.compilers.llvm.clang.1_0.compiler (in target 'BranchSDK' from project 'BranchSDK')
ScanDependencies /Users/admin/builder/spi-builder-workspace/.derivedData/Build/Intermediates.noindex/BranchSDK.build/Debug-watchos/BranchSDK-t.build/Objects-normal/arm64_32/BranchShortUrlSyncRequest.o /Users/admin/builder/spi-builder-workspace/Sources/BranchSDK/BranchShortUrlSyncRequest.m normal arm64_32 objective-c com.apple.compilers.llvm.clang.1_0.compiler (in target 'BranchSDK' from project 'BranchSDK')
ScanDependencies /Users/admin/builder/spi-builder-workspace/.derivedData/Build/Intermediates.noindex/BranchSDK.build/Debug-watchos/BranchSDK-t.build/Objects-normal/arm64_32/BranchSpotlightUrlRequest.o /Users/admin/builder/spi-builder-workspace/Sources/BranchSDK/BranchSpotlightUrlRequest.m normal arm64_32 objective-c com.apple.compilers.llvm.clang.1_0.compiler (in target 'BranchSDK' from project 'BranchSDK')
ScanDependencies /Users/admin/builder/spi-builder-workspace/.derivedData/Build/Intermediates.noindex/BranchSDK.build/Debug-watchos/BranchSDK-t.build/Objects-normal/arm64_32/BranchShortUrlRequest.o /Users/admin/builder/spi-builder-workspace/Sources/BranchSDK/BranchShortUrlRequest.m normal arm64_32 objective-c com.apple.compilers.llvm.clang.1_0.compiler (in target 'BranchSDK' from project 'BranchSDK')
ScanDependencies /Users/admin/builder/spi-builder-workspace/.derivedData/Build/Intermediates.noindex/BranchSDK.build/Debug-watchos/BranchSDK-t.build/Objects-normal/arm64_32/BranchShareLink.o /Users/admin/builder/spi-builder-workspace/Sources/BranchSDK/BranchShareLink.m normal arm64_32 objective-c com.apple.compilers.llvm.clang.1_0.compiler (in target 'BranchSDK' from project 'BranchSDK')
ScanDependencies /Users/admin/builder/spi-builder-workspace/.derivedData/Build/Intermediates.noindex/BranchSDK.build/Debug-watchos/BranchSDK-t.build/Objects-normal/arm64_32/BranchScene.o /Users/admin/builder/spi-builder-workspace/Sources/BranchSDK/BranchScene.m normal arm64_32 objective-c com.apple.compilers.llvm.clang.1_0.compiler (in target 'BranchSDK' from project 'BranchSDK')
ScanDependencies /Users/admin/builder/spi-builder-workspace/.derivedData/Build/Intermediates.noindex/BranchSDK.build/Debug-watchos/BranchSDK-t.build/Objects-normal/arm64_32/BranchQRCode.o /Users/admin/builder/spi-builder-workspace/Sources/BranchSDK/BranchQRCode.m normal arm64_32 objective-c com.apple.compilers.llvm.clang.1_0.compiler (in target 'BranchSDK' from project 'BranchSDK')
ScanDependencies /Users/admin/builder/spi-builder-workspace/.derivedData/Build/Intermediates.noindex/BranchSDK.build/Debug-watchos/BranchSDK-t.build/Objects-normal/arm64_32/BranchPluginSupport.o /Users/admin/builder/spi-builder-workspace/Sources/BranchSDK/BranchPluginSupport.m normal arm64_32 objective-c com.apple.compilers.llvm.clang.1_0.compiler (in target 'BranchSDK' from project 'BranchSDK')
ScanDependencies /Users/admin/builder/spi-builder-workspace/.derivedData/Build/Intermediates.noindex/BranchSDK.build/Debug-watchos/BranchSDK-t.build/Objects-normal/arm64_32/BranchPasteControl.o /Users/admin/builder/spi-builder-workspace/Sources/BranchSDK/BranchPasteControl.m normal arm64_32 objective-c com.apple.compilers.llvm.clang.1_0.compiler (in target 'BranchSDK' from project 'BranchSDK')
Building workspace BranchSDK with scheme BranchSDK
(10 failures)
Command line invocation:
/Applications/Xcode-27.0.0-Release.Candidate.app/Contents/Developer/usr/bin/xcodebuild -IDEClonedSourcePackagesDirPathOverride=/Users/admin/builder/spi-builder-workspace/.dependencies -resolvePackageDependencies
Resolve Package Graph
Resolved source packages:
BranchSDK: /Users/admin/builder/spi-builder-workspace
resolved source packages: BranchSDK
2026-09-26 00:35:57.892 xcodebuild[713:4673] [MT] IDERunDestination: Supported platforms for the buildables in the current scheme is empty.
{
"dependencies" : [
],
"manifest_display_name" : "BranchSDK",
"name" : "BranchSDK",
"path" : "/Users/admin/builder/spi-builder-workspace",
"platforms" : [
{
"name" : "ios",
"version" : "12.0"
},
{
"name" : "tvos",
"version" : "12.0"
}
],
"products" : [
{
"name" : "BranchSDK",
"targets" : [
"BranchSDK"
],
"type" : {
"library" : [
"automatic"
]
}
}
],
"targets" : [
{
"c99name" : "BranchSDK",
"module_type" : "ClangTarget",
"name" : "BranchSDK",
"path" : "Sources",
"product_memberships" : [
"BranchSDK"
],
"resources" : [
{
"path" : "/Users/admin/builder/spi-builder-workspace/Sources/Resources/PrivacyInfo.xcprivacy",
"rule" : {
"copy" : {
}
}
}
],
"sources" : [
"BranchSDK/BNCAppGroupsData.m",
"BranchSDK/BNCApplication.m",
"BranchSDK/BNCCallbackMap.m",
"BranchSDK/BNCConfig.m",
"BranchSDK/BNCContentDiscoveryManager.m",
"BranchSDK/BNCCrashlyticsWrapper.m",
"BranchSDK/BNCCurrency.m",
"BranchSDK/BNCDeepLinkViewControllerInstance.m",
"BranchSDK/BNCDeviceInfo.m",
"BranchSDK/BNCDeviceSystem.m",
"BranchSDK/BNCEncodingUtils.m",
"BranchSDK/BNCEventUtils.m",
"BranchSDK/BNCInAppBrowser.m",
"BranchSDK/BNCInitSessionResponse.m",
"BranchSDK/BNCJSONUtility.m",
"BranchSDK/BNCKeyChain.m",
"BranchSDK/BNCLinkCache.m",
"BranchSDK/BNCLinkData.m",
"BranchSDK/BNCNetworkInterface.m",
"BranchSDK/BNCNetworkService.m",
"BranchSDK/BNCODMInfoCollector.m",
"BranchSDK/BNCPartnerParameters.m",
"BranchSDK/BNCPasteboard.m",
"BranchSDK/BNCPreferenceHelper.m",
"BranchSDK/BNCProductCategory.m",
"BranchSDK/BNCQRCodeCache.m",
"BranchSDK/BNCReachability.m",
"BranchSDK/BNCReferringURLUtility.m",
"BranchSDK/BNCRequestFactory.m",
"BranchSDK/BNCSKAdNetwork.m",
"BranchSDK/BNCServerAPI.m",
"BranchSDK/BNCServerInterface.m",
"BranchSDK/BNCServerRequest.m",
"BranchSDK/BNCServerRequestQueue.m",
"BranchSDK/BNCServerResponse.m",
"BranchSDK/BNCSpotlightService.m",
"BranchSDK/BNCSystemObserver.m",
"BranchSDK/BNCURLFilter.m",
"BranchSDK/BNCUrlQueryParameter.m",
"BranchSDK/BNCUserAgentCollector.m",
"BranchSDK/Branch+Validator.m",
"BranchSDK/Branch.m",
"BranchSDK/BranchActivityItemProvider.m",
"BranchSDK/BranchCSSearchableItemAttributeSet.m",
"BranchSDK/BranchConfigurationController.m",
"BranchSDK/BranchConstants.m",
"BranchSDK/BranchContentDiscoverer.m",
"BranchSDK/BranchContentDiscoveryManifest.m",
"BranchSDK/BranchContentPathProperties.m",
"BranchSDK/BranchDelegate.m",
"BranchSDK/BranchEvent.m",
"BranchSDK/BranchFileLogger.m",
"BranchSDK/BranchInstallRequest.m",
"BranchSDK/BranchJsonConfig.m",
"BranchSDK/BranchLATDRequest.m",
"BranchSDK/BranchLastAttributedTouchData.m",
"BranchSDK/BranchLinkProperties.m",
"BranchSDK/BranchLogger.m",
"BranchSDK/BranchOpenRequest.m",
"BranchSDK/BranchPasteControl.m",
"BranchSDK/BranchPluginSupport.m",
"BranchSDK/BranchQRCode.m",
"BranchSDK/BranchScene.m",
"BranchSDK/BranchShareLink.m",
"BranchSDK/BranchShortUrlRequest.m",
"BranchSDK/BranchShortUrlSyncRequest.m",
"BranchSDK/BranchSpotlightUrlRequest.m",
"BranchSDK/BranchUniversalObject.m",
"BranchSDK/NSError+Branch.m",
"BranchSDK/NSMutableDictionary+Branch.m",
"BranchSDK/NSString+Branch.m",
"BranchSDK/UIViewController+Branch.m"
],
"type" : "library"
}
],
"tools_version" : "5.3"
}
{
"workspace" : {
"name" : "BranchSDK",
"schemes" : [
"BranchSDK"
]
}
}
2026-09-26 00:35:59.124 xcodebuild[721:4730] [MT] IDERunDestination: Supported platforms for the buildables in the current scheme is empty.
Running build ...
env DEVELOPER_DIR=/Applications/Xcode-27.0.0-Release.Candidate.app xcrun xcodebuild -IDEClonedSourcePackagesDirPathOverride=$PWD/.dependencies -skipMacroValidation -skipPackagePluginValidation -derivedDataPath $PWD/.derivedData build -scheme BranchSDK -destination generic/platform=watchOS
Command line invocation:
/Applications/Xcode-27.0.0-Release.Candidate.app/Contents/Developer/usr/bin/xcodebuild -IDEClonedSourcePackagesDirPathOverride=/Users/admin/builder/spi-builder-workspace/.dependencies -skipMacroValidation -skipPackagePluginValidation -derivedDataPath /Users/admin/builder/spi-builder-workspace/.derivedData build -scheme BranchSDK -destination generic/platform=watchOS
Resolve Package Graph
Resolved source packages:
BranchSDK: /Users/admin/builder/spi-builder-workspace
ComputePackagePrebuildTargetDependencyGraph
Prepare packages
CreateBuildRequest
SendProjectDescription
CreateBuildOperation
ComputeTargetDependencyGraph
note: Building targets in dependency order
note: Target dependency graph (3 targets)
Target 'BranchSDK-product' in project 'BranchSDK'
➜ Explicit dependency on target 'BranchSDK' in project 'BranchSDK'
➜ Explicit dependency on target 'BranchSDK_BranchSDK' in project 'BranchSDK'
Target 'BranchSDK' in project 'BranchSDK'
➜ Explicit dependency on target 'BranchSDK_BranchSDK' in project 'BranchSDK'
Target 'BranchSDK_BranchSDK' in project 'BranchSDK' (no dependencies)
GatherProvisioningInputs
CreateBuildDescription
ClangStatCache /Applications/Xcode-27.0.0-Release.Candidate.app/Contents/Developer/Toolchains/XcodeDefault.xctoolchain/usr/bin/clang-stat-cache /Applications/Xcode-27.0.0-Release.Candidate.app/Contents/Developer/Platforms/WatchOS.platform/Developer/SDKs/WatchOS27.0.sdk /Users/admin/builder/spi-builder-workspace/.derivedData/SDKStatCaches.noindex/watchos27.0-24R360-e829b21a6f8c9b70876ba0858053c04477534ef55a1706bf4c1112bbb242f0a2.sdkstatcache
cd /Users/admin/builder/spi-builder-workspace/.swiftpm/xcode
/Applications/Xcode-27.0.0-Release.Candidate.app/Contents/Developer/Toolchains/XcodeDefault.xctoolchain/usr/bin/clang-stat-cache /Applications/Xcode-27.0.0-Release.Candidate.app/Contents/Developer/Platforms/WatchOS.platform/Developer/SDKs/WatchOS27.0.sdk -o /Users/admin/builder/spi-builder-workspace/.derivedData/SDKStatCaches.noindex/watchos27.0-24R360-e829b21a6f8c9b70876ba0858053c04477534ef55a1706bf4c1112bbb242f0a2.sdkstatcache
ScanDependencies /Users/admin/builder/spi-builder-workspace/.derivedData/Build/Intermediates.noindex/BranchSDK.build/Debug-watchos/BranchSDK-t.build/Objects-normal/arm64_32/BranchUniversalObject.o /Users/admin/builder/spi-builder-workspace/Sources/BranchSDK/BranchUniversalObject.m normal arm64_32 objective-c com.apple.compilers.llvm.clang.1_0.compiler (in target 'BranchSDK' from project 'BranchSDK')
cd /Users/admin/builder/spi-builder-workspace/.swiftpm/xcode
Using response file: /Users/admin/builder/spi-builder-workspace/.derivedData/Build/Intermediates.noindex/BranchSDK.build/Debug-watchos/BranchSDK-t.build/Objects-normal/arm64_32/e6072d4f65d7061329687fe24e3d63a7-common-args.resp
builtin-ScanDependencies -o /Users/admin/builder/spi-builder-workspace/.derivedData/Build/Intermediates.noindex/BranchSDK.build/Debug-watchos/BranchSDK-t.build/Objects-normal/arm64_32/BranchUniversalObject.o.scan -- /Applications/Xcode-27.0.0-Release.Candidate.app/Contents/Developer/Toolchains/XcodeDefault.xctoolchain/usr/bin/clang -x objective-c -ivfsstatcache /Users/admin/builder/spi-builder-workspace/.derivedData/SDKStatCaches.noindex/watchos27.0-24R360-e829b21a6f8c9b70876ba0858053c04477534ef55a1706bf4c1112bbb242f0a2.sdkstatcache -target arm64_32-apple-watchos9.0 -fmessage-length\=0 -fdiagnostics-show-note-include-stack -fmacro-backtrace-limit\=0 -fno-color-diagnostics -fmodules-prune-interval\=86400 -fmodules-prune-after\=345600 -fbuild-session-file\=/Users/admin/builder/spi-builder-workspace/.derivedData/ModuleCache.noindex/Session.modulevalidation -fmodules-validate-once-per-build-session -Wnon-modular-include-in-framework-module -Werror\=non-modular-include-in-framework-module -Wno-trigraphs -Wno-missing-field-initializers -Wno-missing-prototypes -Wno-return-type -Wno-implicit-atomic-properties -Wno-objc-interface-ivars -Wno-arc-repeated-use-of-weak -Wno-missing-braces -Wparentheses -Wswitch -Wno-unused-function -Wno-unused-label -Wno-unused-parameter -Wno-unused-variable -Wunused-value -Wno-empty-body -Wno-uninitialized -Wno-unknown-pragmas -Wno-shadow -Wno-four-char-constants -Wno-conversion -Wno-constant-conversion -Wno-int-conversion -Wno-bool-conversion -Wno-enum-conversion -Wno-float-conversion -Wno-non-literal-null-conversion -Wno-objc-literal-conversion -Wno-shorten-64-to-32 -Wpointer-sign -Wno-newline-eof -Wno-selector -Wno-strict-selector-match -Wno-undeclared-selector -Wno-deprecated-implementations -Wno-implicit-fallthrough -isysroot /Applications/Xcode-27.0.0-Release.Candidate.app/Contents/Developer/Platforms/WatchOS.platform/Developer/SDKs/WatchOS27.0.sdk -fstrict-aliasing -Wprotocol -Wdeprecated-declarations -Wno-sign-conversion -Wno-infinite-recursion -Wno-comma -Wno-block-capture-autoreleasing -Wno-strict-prototypes -Wno-semicolon-before-method-body -index-store-path /Users/admin/builder/spi-builder-workspace/.derivedData/Index.noindex/DataStore @/Users/admin/builder/spi-builder-workspace/.derivedData/Build/Intermediates.noindex/BranchSDK.build/Debug-watchos/BranchSDK-t.build/Objects-normal/arm64_32/e6072d4f65d7061329687fe24e3d63a7-common-args.resp -include /Users/admin/builder/spi-builder-workspace/.derivedData/Build/Intermediates.noindex/BranchSDK.build/Debug-watchos/BranchSDK-t.build/DerivedSources/resource_bundle_accessor.h -MMD -MT dependencies -MF /Users/admin/builder/spi-builder-workspace/.derivedData/Build/Intermediates.noindex/BranchSDK.build/Debug-watchos/BranchSDK-t.build/Objects-normal/arm64_32/BranchUniversalObject.d --serialize-diagnostics /Users/admin/builder/spi-builder-workspace/.derivedData/Build/Intermediates.noindex/BranchSDK.build/Debug-watchos/BranchSDK-t.build/Objects-normal/arm64_32/BranchUniversalObject.dia -c /Users/admin/builder/spi-builder-workspace/Sources/BranchSDK/BranchUniversalObject.m -o /Users/admin/builder/spi-builder-workspace/.derivedData/Build/Intermediates.noindex/BranchSDK.build/Debug-watchos/BranchSDK-t.build/Objects-normal/arm64_32/BranchUniversalObject.o -index-unit-output-path /BranchSDK.build/Debug-watchos/BranchSDK-t.build/Objects-normal/arm64_32/BranchUniversalObject.o
/Users/admin/builder/spi-builder-workspace/Sources/BranchSDK/Public/BranchUniversalObject.h:11:9: error: Module 'CoreSpotlight' not found (in target 'BranchSDK' from project 'BranchSDK')
/Users/admin/builder/spi-builder-workspace/Sources/BranchSDK/BranchUniversalObject.m:9:9: note: in file included from /Users/admin/builder/spi-builder-workspace/Sources/BranchSDK/BranchUniversalObject.m:9:
ScanDependencies /Users/admin/builder/spi-builder-workspace/.derivedData/Build/Intermediates.noindex/BranchSDK.build/Debug-watchos/BranchSDK-t.build/Objects-normal/arm64_32/BranchSpotlightUrlRequest.o /Users/admin/builder/spi-builder-workspace/Sources/BranchSDK/BranchSpotlightUrlRequest.m normal arm64_32 objective-c com.apple.compilers.llvm.clang.1_0.compiler (in target 'BranchSDK' from project 'BranchSDK')
cd /Users/admin/builder/spi-builder-workspace/.swiftpm/xcode
Using response file: /Users/admin/builder/spi-builder-workspace/.derivedData/Build/Intermediates.noindex/BranchSDK.build/Debug-watchos/BranchSDK-t.build/Objects-normal/arm64_32/e6072d4f65d7061329687fe24e3d63a7-common-args.resp
builtin-ScanDependencies -o /Users/admin/builder/spi-builder-workspace/.derivedData/Build/Intermediates.noindex/BranchSDK.build/Debug-watchos/BranchSDK-t.build/Objects-normal/arm64_32/BranchSpotlightUrlRequest.o.scan -- /Applications/Xcode-27.0.0-Release.Candidate.app/Contents/Developer/Toolchains/XcodeDefault.xctoolchain/usr/bin/clang -x objective-c -ivfsstatcache /Users/admin/builder/spi-builder-workspace/.derivedData/SDKStatCaches.noindex/watchos27.0-24R360-e829b21a6f8c9b70876ba0858053c04477534ef55a1706bf4c1112bbb242f0a2.sdkstatcache -target arm64_32-apple-watchos9.0 -fmessage-length\=0 -fdiagnostics-show-note-include-stack -fmacro-backtrace-limit\=0 -fno-color-diagnostics -fmodules-prune-interval\=86400 -fmodules-prune-after\=345600 -fbuild-session-file\=/Users/admin/builder/spi-builder-workspace/.derivedData/ModuleCache.noindex/Session.modulevalidation -fmodules-validate-once-per-build-session -Wnon-modular-include-in-framework-module -Werror\=non-modular-include-in-framework-module -Wno-trigraphs -Wno-missing-field-initializers -Wno-missing-prototypes -Wno-return-type -Wno-implicit-atomic-properties -Wno-objc-interface-ivars -Wno-arc-repeated-use-of-weak -Wno-missing-braces -Wparentheses -Wswitch -Wno-unused-function -Wno-unused-label -Wno-unused-parameter -Wno-unused-variable -Wunused-value -Wno-empty-body -Wno-uninitialized -Wno-unknown-pragmas -Wno-shadow -Wno-four-char-constants -Wno-conversion -Wno-constant-conversion -Wno-int-conversion -Wno-bool-conversion -Wno-enum-conversion -Wno-float-conversion -Wno-non-literal-null-conversion -Wno-objc-literal-conversion -Wno-shorten-64-to-32 -Wpointer-sign -Wno-newline-eof -Wno-selector -Wno-strict-selector-match -Wno-undeclared-selector -Wno-deprecated-implementations -Wno-implicit-fallthrough -isysroot /Applications/Xcode-27.0.0-Release.Candidate.app/Contents/Developer/Platforms/WatchOS.platform/Developer/SDKs/WatchOS27.0.sdk -fstrict-aliasing -Wprotocol -Wdeprecated-declarations -Wno-sign-conversion -Wno-infinite-recursion -Wno-comma -Wno-block-capture-autoreleasing -Wno-strict-prototypes -Wno-semicolon-before-method-body -index-store-path /Users/admin/builder/spi-builder-workspace/.derivedData/Index.noindex/DataStore @/Users/admin/builder/spi-builder-workspace/.derivedData/Build/Intermediates.noindex/BranchSDK.build/Debug-watchos/BranchSDK-t.build/Objects-normal/arm64_32/e6072d4f65d7061329687fe24e3d63a7-common-args.resp -include /Users/admin/builder/spi-builder-workspace/.derivedData/Build/Intermediates.noindex/BranchSDK.build/Debug-watchos/BranchSDK-t.build/DerivedSources/resource_bundle_accessor.h -MMD -MT dependencies -MF /Users/admin/builder/spi-builder-workspace/.derivedData/Build/Intermediates.noindex/BranchSDK.build/Debug-watchos/BranchSDK-t.build/Objects-normal/arm64_32/BranchSpotlightUrlRequest.d --serialize-diagnostics /Users/admin/builder/spi-builder-workspace/.derivedData/Build/Intermediates.noindex/BranchSDK.build/Debug-watchos/BranchSDK-t.build/Objects-normal/arm64_32/BranchSpotlightUrlRequest.dia -c /Users/admin/builder/spi-builder-workspace/Sources/BranchSDK/BranchSpotlightUrlRequest.m -o /Users/admin/builder/spi-builder-workspace/.derivedData/Build/Intermediates.noindex/BranchSDK.build/Debug-watchos/BranchSDK-t.build/Objects-normal/arm64_32/BranchSpotlightUrlRequest.o -index-unit-output-path /BranchSDK.build/Debug-watchos/BranchSDK-t.build/Objects-normal/arm64_32/BranchSpotlightUrlRequest.o
/Users/admin/builder/spi-builder-workspace/Sources/BranchSDK/Public/BranchUniversalObject.h:11:9: error: Module 'CoreSpotlight' not found (in target 'BranchSDK' from project 'BranchSDK')
/Users/admin/builder/spi-builder-workspace/Sources/BranchSDK/BranchSpotlightUrlRequest.m:9:9: note: in file included from /Users/admin/builder/spi-builder-workspace/Sources/BranchSDK/BranchSpotlightUrlRequest.m:9:
/Users/admin/builder/spi-builder-workspace/Sources/BranchSDK/Private/BranchSpotlightUrlRequest.h:9:9: note: in file included from /Users/admin/builder/spi-builder-workspace/Sources/BranchSDK/Private/BranchSpotlightUrlRequest.h:9:
/Users/admin/builder/spi-builder-workspace/Sources/BranchSDK/Private/BranchShortUrlRequest.h:10:9: note: in file included from /Users/admin/builder/spi-builder-workspace/Sources/BranchSDK/Private/BranchShortUrlRequest.h:10:
/Users/admin/builder/spi-builder-workspace/Sources/BranchSDK/Public/Branch.h:18:9: note: in file included from /Users/admin/builder/spi-builder-workspace/Sources/BranchSDK/Public/Branch.h:18:
ScanDependencies /Users/admin/builder/spi-builder-workspace/.derivedData/Build/Intermediates.noindex/BranchSDK.build/Debug-watchos/BranchSDK-t.build/Objects-normal/arm64_32/BranchShortUrlSyncRequest.o /Users/admin/builder/spi-builder-workspace/Sources/BranchSDK/BranchShortUrlSyncRequest.m normal arm64_32 objective-c com.apple.compilers.llvm.clang.1_0.compiler (in target 'BranchSDK' from project 'BranchSDK')
cd /Users/admin/builder/spi-builder-workspace/.swiftpm/xcode
Using response file: /Users/admin/builder/spi-builder-workspace/.derivedData/Build/Intermediates.noindex/BranchSDK.build/Debug-watchos/BranchSDK-t.build/Objects-normal/arm64_32/e6072d4f65d7061329687fe24e3d63a7-common-args.resp
builtin-ScanDependencies -o /Users/admin/builder/spi-builder-workspace/.derivedData/Build/Intermediates.noindex/BranchSDK.build/Debug-watchos/BranchSDK-t.build/Objects-normal/arm64_32/BranchShortUrlSyncRequest.o.scan -- /Applications/Xcode-27.0.0-Release.Candidate.app/Contents/Developer/Toolchains/XcodeDefault.xctoolchain/usr/bin/clang -x objective-c -ivfsstatcache /Users/admin/builder/spi-builder-workspace/.derivedData/SDKStatCaches.noindex/watchos27.0-24R360-e829b21a6f8c9b70876ba0858053c04477534ef55a1706bf4c1112bbb242f0a2.sdkstatcache -target arm64_32-apple-watchos9.0 -fmessage-length\=0 -fdiagnostics-show-note-include-stack -fmacro-backtrace-limit\=0 -fno-color-diagnostics -fmodules-prune-interval\=86400 -fmodules-prune-after\=345600 -fbuild-session-file\=/Users/admin/builder/spi-builder-workspace/.derivedData/ModuleCache.noindex/Session.modulevalidation -fmodules-validate-once-per-build-session -Wnon-modular-include-in-framework-module -Werror\=non-modular-include-in-framework-module -Wno-trigraphs -Wno-missing-field-initializers -Wno-missing-prototypes -Wno-return-type -Wno-implicit-atomic-properties -Wno-objc-interface-ivars -Wno-arc-repeated-use-of-weak -Wno-missing-braces -Wparentheses -Wswitch -Wno-unused-function -Wno-unused-label -Wno-unused-parameter -Wno-unused-variable -Wunused-value -Wno-empty-body -Wno-uninitialized -Wno-unknown-pragmas -Wno-shadow -Wno-four-char-constants -Wno-conversion -Wno-constant-conversion -Wno-int-conversion -Wno-bool-conversion -Wno-enum-conversion -Wno-float-conversion -Wno-non-literal-null-conversion -Wno-objc-literal-conversion -Wno-shorten-64-to-32 -Wpointer-sign -Wno-newline-eof -Wno-selector -Wno-strict-selector-match -Wno-undeclared-selector -Wno-deprecated-implementations -Wno-implicit-fallthrough -isysroot /Applications/Xcode-27.0.0-Release.Candidate.app/Contents/Developer/Platforms/WatchOS.platform/Developer/SDKs/WatchOS27.0.sdk -fstrict-aliasing -Wprotocol -Wdeprecated-declarations -Wno-sign-conversion -Wno-infinite-recursion -Wno-comma -Wno-block-capture-autoreleasing -Wno-strict-prototypes -Wno-semicolon-before-method-body -index-store-path /Users/admin/builder/spi-builder-workspace/.derivedData/Index.noindex/DataStore @/Users/admin/builder/spi-builder-workspace/.derivedData/Build/Intermediates.noindex/BranchSDK.build/Debug-watchos/BranchSDK-t.build/Objects-normal/arm64_32/e6072d4f65d7061329687fe24e3d63a7-common-args.resp -include /Users/admin/builder/spi-builder-workspace/.derivedData/Build/Intermediates.noindex/BranchSDK.build/Debug-watchos/BranchSDK-t.build/DerivedSources/resource_bundle_accessor.h -MMD -MT dependencies -MF /Users/admin/builder/spi-builder-workspace/.derivedData/Build/Intermediates.noindex/BranchSDK.build/Debug-watchos/BranchSDK-t.build/Objects-normal/arm64_32/BranchShortUrlSyncRequest.d --serialize-diagnostics /Users/admin/builder/spi-builder-workspace/.derivedData/Build/Intermediates.noindex/BranchSDK.build/Debug-watchos/BranchSDK-t.build/Objects-normal/arm64_32/BranchShortUrlSyncRequest.dia -c /Users/admin/builder/spi-builder-workspace/Sources/BranchSDK/BranchShortUrlSyncRequest.m -o /Users/admin/builder/spi-builder-workspace/.derivedData/Build/Intermediates.noindex/BranchSDK.build/Debug-watchos/BranchSDK-t.build/Objects-normal/arm64_32/BranchShortUrlSyncRequest.o -index-unit-output-path /BranchSDK.build/Debug-watchos/BranchSDK-t.build/Objects-normal/arm64_32/BranchShortUrlSyncRequest.o
/Users/admin/builder/spi-builder-workspace/Sources/BranchSDK/Public/BranchUniversalObject.h:11:9: error: Module 'CoreSpotlight' not found (in target 'BranchSDK' from project 'BranchSDK')
/Users/admin/builder/spi-builder-workspace/Sources/BranchSDK/BranchShortUrlSyncRequest.m:9:9: note: in file included from /Users/admin/builder/spi-builder-workspace/Sources/BranchSDK/BranchShortUrlSyncRequest.m:9:
/Users/admin/builder/spi-builder-workspace/Sources/BranchSDK/Private/BranchShortUrlSyncRequest.h:9:9: note: in file included from /Users/admin/builder/spi-builder-workspace/Sources/BranchSDK/Private/BranchShortUrlSyncRequest.h:9:
/Users/admin/builder/spi-builder-workspace/Sources/BranchSDK/Public/Branch.h:18:9: note: in file included from /Users/admin/builder/spi-builder-workspace/Sources/BranchSDK/Public/Branch.h:18:
ScanDependencies /Users/admin/builder/spi-builder-workspace/.derivedData/Build/Intermediates.noindex/BranchSDK.build/Debug-watchos/BranchSDK-t.build/Objects-normal/arm64_32/BranchShortUrlRequest.o /Users/admin/builder/spi-builder-workspace/Sources/BranchSDK/BranchShortUrlRequest.m normal arm64_32 objective-c com.apple.compilers.llvm.clang.1_0.compiler (in target 'BranchSDK' from project 'BranchSDK')
cd /Users/admin/builder/spi-builder-workspace/.swiftpm/xcode
Using response file: /Users/admin/builder/spi-builder-workspace/.derivedData/Build/Intermediates.noindex/BranchSDK.build/Debug-watchos/BranchSDK-t.build/Objects-normal/arm64_32/e6072d4f65d7061329687fe24e3d63a7-common-args.resp
builtin-ScanDependencies -o /Users/admin/builder/spi-builder-workspace/.derivedData/Build/Intermediates.noindex/BranchSDK.build/Debug-watchos/BranchSDK-t.build/Objects-normal/arm64_32/BranchShortUrlRequest.o.scan -- /Applications/Xcode-27.0.0-Release.Candidate.app/Contents/Developer/Toolchains/XcodeDefault.xctoolchain/usr/bin/clang -x objective-c -ivfsstatcache /Users/admin/builder/spi-builder-workspace/.derivedData/SDKStatCaches.noindex/watchos27.0-24R360-e829b21a6f8c9b70876ba0858053c04477534ef55a1706bf4c1112bbb242f0a2.sdkstatcache -target arm64_32-apple-watchos9.0 -fmessage-length\=0 -fdiagnostics-show-note-include-stack -fmacro-backtrace-limit\=0 -fno-color-diagnostics -fmodules-prune-interval\=86400 -fmodules-prune-after\=345600 -fbuild-session-file\=/Users/admin/builder/spi-builder-workspace/.derivedData/ModuleCache.noindex/Session.modulevalidation -fmodules-validate-once-per-build-session -Wnon-modular-include-in-framework-module -Werror\=non-modular-include-in-framework-module -Wno-trigraphs -Wno-missing-field-initializers -Wno-missing-prototypes -Wno-return-type -Wno-implicit-atomic-properties -Wno-objc-interface-ivars -Wno-arc-repeated-use-of-weak -Wno-missing-braces -Wparentheses -Wswitch -Wno-unused-function -Wno-unused-label -Wno-unused-parameter -Wno-unused-variable -Wunused-value -Wno-empty-body -Wno-uninitialized -Wno-unknown-pragmas -Wno-shadow -Wno-four-char-constants -Wno-conversion -Wno-constant-conversion -Wno-int-conversion -Wno-bool-conversion -Wno-enum-conversion -Wno-float-conversion -Wno-non-literal-null-conversion -Wno-objc-literal-conversion -Wno-shorten-64-to-32 -Wpointer-sign -Wno-newline-eof -Wno-selector -Wno-strict-selector-match -Wno-undeclared-selector -Wno-deprecated-implementations -Wno-implicit-fallthrough -isysroot /Applications/Xcode-27.0.0-Release.Candidate.app/Contents/Developer/Platforms/WatchOS.platform/Developer/SDKs/WatchOS27.0.sdk -fstrict-aliasing -Wprotocol -Wdeprecated-declarations -Wno-sign-conversion -Wno-infinite-recursion -Wno-comma -Wno-block-capture-autoreleasing -Wno-strict-prototypes -Wno-semicolon-before-method-body -index-store-path /Users/admin/builder/spi-builder-workspace/.derivedData/Index.noindex/DataStore @/Users/admin/builder/spi-builder-workspace/.derivedData/Build/Intermediates.noindex/BranchSDK.build/Debug-watchos/BranchSDK-t.build/Objects-normal/arm64_32/e6072d4f65d7061329687fe24e3d63a7-common-args.resp -include /Users/admin/builder/spi-builder-workspace/.derivedData/Build/Intermediates.noindex/BranchSDK.build/Debug-watchos/BranchSDK-t.build/DerivedSources/resource_bundle_accessor.h -MMD -MT dependencies -MF /Users/admin/builder/spi-builder-workspace/.derivedData/Build/Intermediates.noindex/BranchSDK.build/Debug-watchos/BranchSDK-t.build/Objects-normal/arm64_32/BranchShortUrlRequest.d --serialize-diagnostics /Users/admin/builder/spi-builder-workspace/.derivedData/Build/Intermediates.noindex/BranchSDK.build/Debug-watchos/BranchSDK-t.build/Objects-normal/arm64_32/BranchShortUrlRequest.dia -c /Users/admin/builder/spi-builder-workspace/Sources/BranchSDK/BranchShortUrlRequest.m -o /Users/admin/builder/spi-builder-workspace/.derivedData/Build/Intermediates.noindex/BranchSDK.build/Debug-watchos/BranchSDK-t.build/Objects-normal/arm64_32/BranchShortUrlRequest.o -index-unit-output-path /BranchSDK.build/Debug-watchos/BranchSDK-t.build/Objects-normal/arm64_32/BranchShortUrlRequest.o
/Users/admin/builder/spi-builder-workspace/Sources/BranchSDK/Public/BranchUniversalObject.h:11:9: error: Module 'CoreSpotlight' not found (in target 'BranchSDK' from project 'BranchSDK')
/Users/admin/builder/spi-builder-workspace/Sources/BranchSDK/BranchShortUrlRequest.m:9:9: note: in file included from /Users/admin/builder/spi-builder-workspace/Sources/BranchSDK/BranchShortUrlRequest.m:9:
/Users/admin/builder/spi-builder-workspace/Sources/BranchSDK/Private/BranchShortUrlRequest.h:10:9: note: in file included from /Users/admin/builder/spi-builder-workspace/Sources/BranchSDK/Private/BranchShortUrlRequest.h:10:
/Users/admin/builder/spi-builder-workspace/Sources/BranchSDK/Public/Branch.h:18:9: note: in file included from /Users/admin/builder/spi-builder-workspace/Sources/BranchSDK/Public/Branch.h:18:
ScanDependencies /Users/admin/builder/spi-builder-workspace/.derivedData/Build/Intermediates.noindex/BranchSDK.build/Debug-watchos/BranchSDK-t.build/Objects-normal/arm64_32/BranchQRCode.o /Users/admin/builder/spi-builder-workspace/Sources/BranchSDK/BranchQRCode.m normal arm64_32 objective-c com.apple.compilers.llvm.clang.1_0.compiler (in target 'BranchSDK' from project 'BranchSDK')
cd /Users/admin/builder/spi-builder-workspace/.swiftpm/xcode
Using response file: /Users/admin/builder/spi-builder-workspace/.derivedData/Build/Intermediates.noindex/BranchSDK.build/Debug-watchos/BranchSDK-t.build/Objects-normal/arm64_32/e6072d4f65d7061329687fe24e3d63a7-common-args.resp
builtin-ScanDependencies -o /Users/admin/builder/spi-builder-workspace/.derivedData/Build/Intermediates.noindex/BranchSDK.build/Debug-watchos/BranchSDK-t.build/Objects-normal/arm64_32/BranchQRCode.o.scan -- /Applications/Xcode-27.0.0-Release.Candidate.app/Contents/Developer/Toolchains/XcodeDefault.xctoolchain/usr/bin/clang -x objective-c -ivfsstatcache /Users/admin/builder/spi-builder-workspace/.derivedData/SDKStatCaches.noindex/watchos27.0-24R360-e829b21a6f8c9b70876ba0858053c04477534ef55a1706bf4c1112bbb242f0a2.sdkstatcache -target arm64_32-apple-watchos9.0 -fmessage-length\=0 -fdiagnostics-show-note-include-stack -fmacro-backtrace-limit\=0 -fno-color-diagnostics -fmodules-prune-interval\=86400 -fmodules-prune-after\=345600 -fbuild-session-file\=/Users/admin/builder/spi-builder-workspace/.derivedData/ModuleCache.noindex/Session.modulevalidation -fmodules-validate-once-per-build-session -Wnon-modular-include-in-framework-module -Werror\=non-modular-include-in-framework-module -Wno-trigraphs -Wno-missing-field-initializers -Wno-missing-prototypes -Wno-return-type -Wno-implicit-atomic-properties -Wno-objc-interface-ivars -Wno-arc-repeated-use-of-weak -Wno-missing-braces -Wparentheses -Wswitch -Wno-unused-function -Wno-unused-label -Wno-unused-parameter -Wno-unused-variable -Wunused-value -Wno-empty-body -Wno-uninitialized -Wno-unknown-pragmas -Wno-shadow -Wno-four-char-constants -Wno-conversion -Wno-constant-conversion -Wno-int-conversion -Wno-bool-conversion -Wno-enum-conversion -Wno-float-conversion -Wno-non-literal-null-conversion -Wno-objc-literal-conversion -Wno-shorten-64-to-32 -Wpointer-sign -Wno-newline-eof -Wno-selector -Wno-strict-selector-match -Wno-undeclared-selector -Wno-deprecated-implementations -Wno-implicit-fallthrough -isysroot /Applications/Xcode-27.0.0-Release.Candidate.app/Contents/Developer/Platforms/WatchOS.platform/Developer/SDKs/WatchOS27.0.sdk -fstrict-aliasing -Wprotocol -Wdeprecated-declarations -Wno-sign-conversion -Wno-infinite-recursion -Wno-comma -Wno-block-capture-autoreleasing -Wno-strict-prototypes -Wno-semicolon-before-method-body -index-store-path /Users/admin/builder/spi-builder-workspace/.derivedData/Index.noindex/DataStore @/Users/admin/builder/spi-builder-workspace/.derivedData/Build/Intermediates.noindex/BranchSDK.build/Debug-watchos/BranchSDK-t.build/Objects-normal/arm64_32/e6072d4f65d7061329687fe24e3d63a7-common-args.resp -include /Users/admin/builder/spi-builder-workspace/.derivedData/Build/Intermediates.noindex/BranchSDK.build/Debug-watchos/BranchSDK-t.build/DerivedSources/resource_bundle_accessor.h -MMD -MT dependencies -MF /Users/admin/builder/spi-builder-workspace/.derivedData/Build/Intermediates.noindex/BranchSDK.build/Debug-watchos/BranchSDK-t.build/Objects-normal/arm64_32/BranchQRCode.d --serialize-diagnostics /Users/admin/builder/spi-builder-workspace/.derivedData/Build/Intermediates.noindex/BranchSDK.build/Debug-watchos/BranchSDK-t.build/Objects-normal/arm64_32/BranchQRCode.dia -c /Users/admin/builder/spi-builder-workspace/Sources/BranchSDK/BranchQRCode.m -o /Users/admin/builder/spi-builder-workspace/.derivedData/Build/Intermediates.noindex/BranchSDK.build/Debug-watchos/BranchSDK-t.build/Objects-normal/arm64_32/BranchQRCode.o -index-unit-output-path /BranchSDK.build/Debug-watchos/BranchSDK-t.build/Objects-normal/arm64_32/BranchQRCode.o
/Users/admin/builder/spi-builder-workspace/Sources/BranchSDK/Public/BranchUniversalObject.h:11:9: error: Module 'CoreSpotlight' not found (in target 'BranchSDK' from project 'BranchSDK')
/Users/admin/builder/spi-builder-workspace/Sources/BranchSDK/BranchQRCode.m:9:9: note: in file included from /Users/admin/builder/spi-builder-workspace/Sources/BranchSDK/BranchQRCode.m:9:
/Users/admin/builder/spi-builder-workspace/Sources/BranchSDK/Public/BranchQRCode.h:9:9: note: in file included from /Users/admin/builder/spi-builder-workspace/Sources/BranchSDK/Public/BranchQRCode.h:9:
ScanDependencies /Users/admin/builder/spi-builder-workspace/.derivedData/Build/Intermediates.noindex/BranchSDK.build/Debug-watchos/BranchSDK-t.build/Objects-normal/arm64_32/BranchPluginSupport.o /Users/admin/builder/spi-builder-workspace/Sources/BranchSDK/BranchPluginSupport.m normal arm64_32 objective-c com.apple.compilers.llvm.clang.1_0.compiler (in target 'BranchSDK' from project 'BranchSDK')
cd /Users/admin/builder/spi-builder-workspace/.swiftpm/xcode
Using response file: /Users/admin/builder/spi-builder-workspace/.derivedData/Build/Intermediates.noindex/BranchSDK.build/Debug-watchos/BranchSDK-t.build/Objects-normal/arm64_32/e6072d4f65d7061329687fe24e3d63a7-common-args.resp
builtin-ScanDependencies -o /Users/admin/builder/spi-builder-workspace/.derivedData/Build/Intermediates.noindex/BranchSDK.build/Debug-watchos/BranchSDK-t.build/Objects-normal/arm64_32/BranchPluginSupport.o.scan -- /Applications/Xcode-27.0.0-Release.Candidate.app/Contents/Developer/Toolchains/XcodeDefault.xctoolchain/usr/bin/clang -x objective-c -ivfsstatcache /Users/admin/builder/spi-builder-workspace/.derivedData/SDKStatCaches.noindex/watchos27.0-24R360-e829b21a6f8c9b70876ba0858053c04477534ef55a1706bf4c1112bbb242f0a2.sdkstatcache -target arm64_32-apple-watchos9.0 -fmessage-length\=0 -fdiagnostics-show-note-include-stack -fmacro-backtrace-limit\=0 -fno-color-diagnostics -fmodules-prune-interval\=86400 -fmodules-prune-after\=345600 -fbuild-session-file\=/Users/admin/builder/spi-builder-workspace/.derivedData/ModuleCache.noindex/Session.modulevalidation -fmodules-validate-once-per-build-session -Wnon-modular-include-in-framework-module -Werror\=non-modular-include-in-framework-module -Wno-trigraphs -Wno-missing-field-initializers -Wno-missing-prototypes -Wno-return-type -Wno-implicit-atomic-properties -Wno-objc-interface-ivars -Wno-arc-repeated-use-of-weak -Wno-missing-braces -Wparentheses -Wswitch -Wno-unused-function -Wno-unused-label -Wno-unused-parameter -Wno-unused-variable -Wunused-value -Wno-empty-body -Wno-uninitialized -Wno-unknown-pragmas -Wno-shadow -Wno-four-char-constants -Wno-conversion -Wno-constant-conversion -Wno-int-conversion -Wno-bool-conversion -Wno-enum-conversion -Wno-float-conversion -Wno-non-literal-null-conversion -Wno-objc-literal-conversion -Wno-shorten-64-to-32 -Wpointer-sign -Wno-newline-eof -Wno-selector -Wno-strict-selector-match -Wno-undeclared-selector -Wno-deprecated-implementations -Wno-implicit-fallthrough -isysroot /Applications/Xcode-27.0.0-Release.Candidate.app/Contents/Developer/Platforms/WatchOS.platform/Developer/SDKs/WatchOS27.0.sdk -fstrict-aliasing -Wprotocol -Wdeprecated-declarations -Wno-sign-conversion -Wno-infinite-recursion -Wno-comma -Wno-block-capture-autoreleasing -Wno-strict-prototypes -Wno-semicolon-before-method-body -index-store-path /Users/admin/builder/spi-builder-workspace/.derivedData/Index.noindex/DataStore @/Users/admin/builder/spi-builder-workspace/.derivedData/Build/Intermediates.noindex/BranchSDK.build/Debug-watchos/BranchSDK-t.build/Objects-normal/arm64_32/e6072d4f65d7061329687fe24e3d63a7-common-args.resp -include /Users/admin/builder/spi-builder-workspace/.derivedData/Build/Intermediates.noindex/BranchSDK.build/Debug-watchos/BranchSDK-t.build/DerivedSources/resource_bundle_accessor.h -MMD -MT dependencies -MF /Users/admin/builder/spi-builder-workspace/.derivedData/Build/Intermediates.noindex/BranchSDK.build/Debug-watchos/BranchSDK-t.build/Objects-normal/arm64_32/BranchPluginSupport.d --serialize-diagnostics /Users/admin/builder/spi-builder-workspace/.derivedData/Build/Intermediates.noindex/BranchSDK.build/Debug-watchos/BranchSDK-t.build/Objects-normal/arm64_32/BranchPluginSupport.dia -c /Users/admin/builder/spi-builder-workspace/Sources/BranchSDK/BranchPluginSupport.m -o /Users/admin/builder/spi-builder-workspace/.derivedData/Build/Intermediates.noindex/BranchSDK.build/Debug-watchos/BranchSDK-t.build/Objects-normal/arm64_32/BranchPluginSupport.o -index-unit-output-path /BranchSDK.build/Debug-watchos/BranchSDK-t.build/Objects-normal/arm64_32/BranchPluginSupport.o
/Users/admin/builder/spi-builder-workspace/Sources/BranchSDK/Public/BranchUniversalObject.h:11:9: error: Module 'CoreSpotlight' not found (in target 'BranchSDK' from project 'BranchSDK')
/Users/admin/builder/spi-builder-workspace/Sources/BranchSDK/BranchPluginSupport.m:13:9: note: in file included from /Users/admin/builder/spi-builder-workspace/Sources/BranchSDK/BranchPluginSupport.m:13:
/Users/admin/builder/spi-builder-workspace/Sources/BranchSDK/Public/Branch.h:18:9: note: in file included from /Users/admin/builder/spi-builder-workspace/Sources/BranchSDK/Public/Branch.h:18:
ScanDependencies /Users/admin/builder/spi-builder-workspace/.derivedData/Build/Intermediates.noindex/BranchSDK.build/Debug-watchos/BranchSDK-t.build/Objects-normal/arm64_32/BranchOpenRequest.o /Users/admin/builder/spi-builder-workspace/Sources/BranchSDK/BranchOpenRequest.m normal arm64_32 objective-c com.apple.compilers.llvm.clang.1_0.compiler (in target 'BranchSDK' from project 'BranchSDK')
cd /Users/admin/builder/spi-builder-workspace/.swiftpm/xcode
Using response file: /Users/admin/builder/spi-builder-workspace/.derivedData/Build/Intermediates.noindex/BranchSDK.build/Debug-watchos/BranchSDK-t.build/Objects-normal/arm64_32/e6072d4f65d7061329687fe24e3d63a7-common-args.resp
builtin-ScanDependencies -o /Users/admin/builder/spi-builder-workspace/.derivedData/Build/Intermediates.noindex/BranchSDK.build/Debug-watchos/BranchSDK-t.build/Objects-normal/arm64_32/BranchOpenRequest.o.scan -- /Applications/Xcode-27.0.0-Release.Candidate.app/Contents/Developer/Toolchains/XcodeDefault.xctoolchain/usr/bin/clang -x objective-c -ivfsstatcache /Users/admin/builder/spi-builder-workspace/.derivedData/SDKStatCaches.noindex/watchos27.0-24R360-e829b21a6f8c9b70876ba0858053c04477534ef55a1706bf4c1112bbb242f0a2.sdkstatcache -target arm64_32-apple-watchos9.0 -fmessage-length\=0 -fdiagnostics-show-note-include-stack -fmacro-backtrace-limit\=0 -fno-color-diagnostics -fmodules-prune-interval\=86400 -fmodules-prune-after\=345600 -fbuild-session-file\=/Users/admin/builder/spi-builder-workspace/.derivedData/ModuleCache.noindex/Session.modulevalidation -fmodules-validate-once-per-build-session -Wnon-modular-include-in-framework-module -Werror\=non-modular-include-in-framework-module -Wno-trigraphs -Wno-missing-field-initializers -Wno-missing-prototypes -Wno-return-type -Wno-implicit-atomic-properties -Wno-objc-interface-ivars -Wno-arc-repeated-use-of-weak -Wno-missing-braces -Wparentheses -Wswitch -Wno-unused-function -Wno-unused-label -Wno-unused-parameter -Wno-unused-variable -Wunused-value -Wno-empty-body -Wno-uninitialized -Wno-unknown-pragmas -Wno-shadow -Wno-four-char-constants -Wno-conversion -Wno-constant-conversion -Wno-int-conversion -Wno-bool-conversion -Wno-enum-conversion -Wno-float-conversion -Wno-non-literal-null-conversion -Wno-objc-literal-conversion -Wno-shorten-64-to-32 -Wpointer-sign -Wno-newline-eof -Wno-selector -Wno-strict-selector-match -Wno-undeclared-selector -Wno-deprecated-implementations -Wno-implicit-fallthrough -isysroot /Applications/Xcode-27.0.0-Release.Candidate.app/Contents/Developer/Platforms/WatchOS.platform/Developer/SDKs/WatchOS27.0.sdk -fstrict-aliasing -Wprotocol -Wdeprecated-declarations -Wno-sign-conversion -Wno-infinite-recursion -Wno-comma -Wno-block-capture-autoreleasing -Wno-strict-prototypes -Wno-semicolon-before-method-body -index-store-path /Users/admin/builder/spi-builder-workspace/.derivedData/Index.noindex/DataStore @/Users/admin/builder/spi-builder-workspace/.derivedData/Build/Intermediates.noindex/BranchSDK.build/Debug-watchos/BranchSDK-t.build/Objects-normal/arm64_32/e6072d4f65d7061329687fe24e3d63a7-common-args.resp -include /Users/admin/builder/spi-builder-workspace/.derivedData/Build/Intermediates.noindex/BranchSDK.build/Debug-watchos/BranchSDK-t.build/DerivedSources/resource_bundle_accessor.h -MMD -MT dependencies -MF /Users/admin/builder/spi-builder-workspace/.derivedData/Build/Intermediates.noindex/BranchSDK.build/Debug-watchos/BranchSDK-t.build/Objects-normal/arm64_32/BranchOpenRequest.d --serialize-diagnostics /Users/admin/builder/spi-builder-workspace/.derivedData/Build/Intermediates.noindex/BranchSDK.build/Debug-watchos/BranchSDK-t.build/Objects-normal/arm64_32/BranchOpenRequest.dia -c /Users/admin/builder/spi-builder-workspace/Sources/BranchSDK/BranchOpenRequest.m -o /Users/admin/builder/spi-builder-workspace/.derivedData/Build/Intermediates.noindex/BranchSDK.build/Debug-watchos/BranchSDK-t.build/Objects-normal/arm64_32/BranchOpenRequest.o -index-unit-output-path /BranchSDK.build/Debug-watchos/BranchSDK-t.build/Objects-normal/arm64_32/BranchOpenRequest.o
/Users/admin/builder/spi-builder-workspace/Sources/BranchSDK/Public/BranchUniversalObject.h:11:9: error: Module 'CoreSpotlight' not found (in target 'BranchSDK' from project 'BranchSDK')
/Users/admin/builder/spi-builder-workspace/Sources/BranchSDK/BranchOpenRequest.m:12:9: note: in file included from /Users/admin/builder/spi-builder-workspace/Sources/BranchSDK/BranchOpenRequest.m:12:
/Users/admin/builder/spi-builder-workspace/Sources/BranchSDK/Public/Branch.h:18:9: note: in file included from /Users/admin/builder/spi-builder-workspace/Sources/BranchSDK/Public/Branch.h:18:
ScanDependencies /Users/admin/builder/spi-builder-workspace/.derivedData/Build/Intermediates.noindex/BranchSDK.build/Debug-watchos/BranchSDK-t.build/Objects-normal/arm64_32/BranchScene.o /Users/admin/builder/spi-builder-workspace/Sources/BranchSDK/BranchScene.m normal arm64_32 objective-c com.apple.compilers.llvm.clang.1_0.compiler (in target 'BranchSDK' from project 'BranchSDK')
cd /Users/admin/builder/spi-builder-workspace/.swiftpm/xcode
Using response file: /Users/admin/builder/spi-builder-workspace/.derivedData/Build/Intermediates.noindex/BranchSDK.build/Debug-watchos/BranchSDK-t.build/Objects-normal/arm64_32/e6072d4f65d7061329687fe24e3d63a7-common-args.resp
builtin-ScanDependencies -o /Users/admin/builder/spi-builder-workspace/.derivedData/Build/Intermediates.noindex/BranchSDK.build/Debug-watchos/BranchSDK-t.build/Objects-normal/arm64_32/BranchScene.o.scan -- /Applications/Xcode-27.0.0-Release.Candidate.app/Contents/Developer/Toolchains/XcodeDefault.xctoolchain/usr/bin/clang -x objective-c -ivfsstatcache /Users/admin/builder/spi-builder-workspace/.derivedData/SDKStatCaches.noindex/watchos27.0-24R360-e829b21a6f8c9b70876ba0858053c04477534ef55a1706bf4c1112bbb242f0a2.sdkstatcache -target arm64_32-apple-watchos9.0 -fmessage-length\=0 -fdiagnostics-show-note-include-stack -fmacro-backtrace-limit\=0 -fno-color-diagnostics -fmodules-prune-interval\=86400 -fmodules-prune-after\=345600 -fbuild-session-file\=/Users/admin/builder/spi-builder-workspace/.derivedData/ModuleCache.noindex/Session.modulevalidation -fmodules-validate-once-per-build-session -Wnon-modular-include-in-framework-module -Werror\=non-modular-include-in-framework-module -Wno-trigraphs -Wno-missing-field-initializers -Wno-missing-prototypes -Wno-return-type -Wno-implicit-atomic-properties -Wno-objc-interface-ivars -Wno-arc-repeated-use-of-weak -Wno-missing-braces -Wparentheses -Wswitch -Wno-unused-function -Wno-unused-label -Wno-unused-parameter -Wno-unused-variable -Wunused-value -Wno-empty-body -Wno-uninitialized -Wno-unknown-pragmas -Wno-shadow -Wno-four-char-constants -Wno-conversion -Wno-constant-conversion -Wno-int-conversion -Wno-bool-conversion -Wno-enum-conversion -Wno-float-conversion -Wno-non-literal-null-conversion -Wno-objc-literal-conversion -Wno-shorten-64-to-32 -Wpointer-sign -Wno-newline-eof -Wno-selector -Wno-strict-selector-match -Wno-undeclared-selector -Wno-deprecated-implementations -Wno-implicit-fallthrough -isysroot /Applications/Xcode-27.0.0-Release.Candidate.app/Contents/Developer/Platforms/WatchOS.platform/Developer/SDKs/WatchOS27.0.sdk -fstrict-aliasing -Wprotocol -Wdeprecated-declarations -Wno-sign-conversion -Wno-infinite-recursion -Wno-comma -Wno-block-capture-autoreleasing -Wno-strict-prototypes -Wno-semicolon-before-method-body -index-store-path /Users/admin/builder/spi-builder-workspace/.derivedData/Index.noindex/DataStore @/Users/admin/builder/spi-builder-workspace/.derivedData/Build/Intermediates.noindex/BranchSDK.build/Debug-watchos/BranchSDK-t.build/Objects-normal/arm64_32/e6072d4f65d7061329687fe24e3d63a7-common-args.resp -include /Users/admin/builder/spi-builder-workspace/.derivedData/Build/Intermediates.noindex/BranchSDK.build/Debug-watchos/BranchSDK-t.build/DerivedSources/resource_bundle_accessor.h -MMD -MT dependencies -MF /Users/admin/builder/spi-builder-workspace/.derivedData/Build/Intermediates.noindex/BranchSDK.build/Debug-watchos/BranchSDK-t.build/Objects-normal/arm64_32/BranchScene.d --serialize-diagnostics /Users/admin/builder/spi-builder-workspace/.derivedData/Build/Intermediates.noindex/BranchSDK.build/Debug-watchos/BranchSDK-t.build/Objects-normal/arm64_32/BranchScene.dia -c /Users/admin/builder/spi-builder-workspace/Sources/BranchSDK/BranchScene.m -o /Users/admin/builder/spi-builder-workspace/.derivedData/Build/Intermediates.noindex/BranchSDK.build/Debug-watchos/BranchSDK-t.build/Objects-normal/arm64_32/BranchScene.o -index-unit-output-path /BranchSDK.build/Debug-watchos/BranchSDK-t.build/Objects-normal/arm64_32/BranchScene.o
/Users/admin/builder/spi-builder-workspace/Sources/BranchSDK/Public/BranchUniversalObject.h:11:9: error: Module 'CoreSpotlight' not found (in target 'BranchSDK' from project 'BranchSDK')
/Users/admin/builder/spi-builder-workspace/Sources/BranchSDK/BranchScene.m:10:9: note: in file included from /Users/admin/builder/spi-builder-workspace/Sources/BranchSDK/BranchScene.m:10:
/Users/admin/builder/spi-builder-workspace/Sources/BranchSDK/Public/Branch.h:18:9: note: in file included from /Users/admin/builder/spi-builder-workspace/Sources/BranchSDK/Public/Branch.h:18:
ScanDependencies /Users/admin/builder/spi-builder-workspace/.derivedData/Build/Intermediates.noindex/BranchSDK.build/Debug-watchos/BranchSDK-t.build/Objects-normal/arm64_32/BranchShareLink.o /Users/admin/builder/spi-builder-workspace/Sources/BranchSDK/BranchShareLink.m normal arm64_32 objective-c com.apple.compilers.llvm.clang.1_0.compiler (in target 'BranchSDK' from project 'BranchSDK')
cd /Users/admin/builder/spi-builder-workspace/.swiftpm/xcode
Using response file: /Users/admin/builder/spi-builder-workspace/.derivedData/Build/Intermediates.noindex/BranchSDK.build/Debug-watchos/BranchSDK-t.build/Objects-normal/arm64_32/e6072d4f65d7061329687fe24e3d63a7-common-args.resp
builtin-ScanDependencies -o /Users/admin/builder/spi-builder-workspace/.derivedData/Build/Intermediates.noindex/BranchSDK.build/Debug-watchos/BranchSDK-t.build/Objects-normal/arm64_32/BranchShareLink.o.scan -- /Applications/Xcode-27.0.0-Release.Candidate.app/Contents/Developer/Toolchains/XcodeDefault.xctoolchain/usr/bin/clang -x objective-c -ivfsstatcache /Users/admin/builder/spi-builder-workspace/.derivedData/SDKStatCaches.noindex/watchos27.0-24R360-e829b21a6f8c9b70876ba0858053c04477534ef55a1706bf4c1112bbb242f0a2.sdkstatcache -target arm64_32-apple-watchos9.0 -fmessage-length\=0 -fdiagnostics-show-note-include-stack -fmacro-backtrace-limit\=0 -fno-color-diagnostics -fmodules-prune-interval\=86400 -fmodules-prune-after\=345600 -fbuild-session-file\=/Users/admin/builder/spi-builder-workspace/.derivedData/ModuleCache.noindex/Session.modulevalidation -fmodules-validate-once-per-build-session -Wnon-modular-include-in-framework-module -Werror\=non-modular-include-in-framework-module -Wno-trigraphs -Wno-missing-field-initializers -Wno-missing-prototypes -Wno-return-type -Wno-implicit-atomic-properties -Wno-objc-interface-ivars -Wno-arc-repeated-use-of-weak -Wno-missing-braces -Wparentheses -Wswitch -Wno-unused-function -Wno-unused-label -Wno-unused-parameter -Wno-unused-variable -Wunused-value -Wno-empty-body -Wno-uninitialized -Wno-unknown-pragmas -Wno-shadow -Wno-four-char-constants -Wno-conversion -Wno-constant-conversion -Wno-int-conversion -Wno-bool-conversion -Wno-enum-conversion -Wno-float-conversion -Wno-non-literal-null-conversion -Wno-objc-literal-conversion -Wno-shorten-64-to-32 -Wpointer-sign -Wno-newline-eof -Wno-selector -Wno-strict-selector-match -Wno-undeclared-selector -Wno-deprecated-implementations -Wno-implicit-fallthrough -isysroot /Applications/Xcode-27.0.0-Release.Candidate.app/Contents/Developer/Platforms/WatchOS.platform/Developer/SDKs/WatchOS27.0.sdk -fstrict-aliasing -Wprotocol -Wdeprecated-declarations -Wno-sign-conversion -Wno-infinite-recursion -Wno-comma -Wno-block-capture-autoreleasing -Wno-strict-prototypes -Wno-semicolon-before-method-body -index-store-path /Users/admin/builder/spi-builder-workspace/.derivedData/Index.noindex/DataStore @/Users/admin/builder/spi-builder-workspace/.derivedData/Build/Intermediates.noindex/BranchSDK.build/Debug-watchos/BranchSDK-t.build/Objects-normal/arm64_32/e6072d4f65d7061329687fe24e3d63a7-common-args.resp -include /Users/admin/builder/spi-builder-workspace/.derivedData/Build/Intermediates.noindex/BranchSDK.build/Debug-watchos/BranchSDK-t.build/DerivedSources/resource_bundle_accessor.h -MMD -MT dependencies -MF /Users/admin/builder/spi-builder-workspace/.derivedData/Build/Intermediates.noindex/BranchSDK.build/Debug-watchos/BranchSDK-t.build/Objects-normal/arm64_32/BranchShareLink.d --serialize-diagnostics /Users/admin/builder/spi-builder-workspace/.derivedData/Build/Intermediates.noindex/BranchSDK.build/Debug-watchos/BranchSDK-t.build/Objects-normal/arm64_32/BranchShareLink.dia -c /Users/admin/builder/spi-builder-workspace/Sources/BranchSDK/BranchShareLink.m -o /Users/admin/builder/spi-builder-workspace/.derivedData/Build/Intermediates.noindex/BranchSDK.build/Debug-watchos/BranchSDK-t.build/Objects-normal/arm64_32/BranchShareLink.o -index-unit-output-path /BranchSDK.build/Debug-watchos/BranchSDK-t.build/Objects-normal/arm64_32/BranchShareLink.o
/Users/admin/builder/spi-builder-workspace/Sources/BranchSDK/Public/BranchUniversalObject.h:11:9: error: Module 'CoreSpotlight' not found (in target 'BranchSDK' from project 'BranchSDK')
/Users/admin/builder/spi-builder-workspace/Sources/BranchSDK/BranchShareLink.m:10:9: note: in file included from /Users/admin/builder/spi-builder-workspace/Sources/BranchSDK/BranchShareLink.m:10:
/Users/admin/builder/spi-builder-workspace/Sources/BranchSDK/Public/BranchShareLink.h:11:9: note: in file included from /Users/admin/builder/spi-builder-workspace/Sources/BranchSDK/Public/BranchShareLink.h:11:
ScanDependencies /Users/admin/builder/spi-builder-workspace/.derivedData/Build/Intermediates.noindex/BranchSDK.build/Debug-watchos/BranchSDK-t.build/Objects-normal/arm64_32/BranchPasteControl.o /Users/admin/builder/spi-builder-workspace/Sources/BranchSDK/BranchPasteControl.m normal arm64_32 objective-c com.apple.compilers.llvm.clang.1_0.compiler (in target 'BranchSDK' from project 'BranchSDK')
cd /Users/admin/builder/spi-builder-workspace/.swiftpm/xcode
Using response file: /Users/admin/builder/spi-builder-workspace/.derivedData/Build/Intermediates.noindex/BranchSDK.build/Debug-watchos/BranchSDK-t.build/Objects-normal/arm64_32/e6072d4f65d7061329687fe24e3d63a7-common-args.resp
builtin-ScanDependencies -o /Users/admin/builder/spi-builder-workspace/.derivedData/Build/Intermediates.noindex/BranchSDK.build/Debug-watchos/BranchSDK-t.build/Objects-normal/arm64_32/BranchPasteControl.o.scan -- /Applications/Xcode-27.0.0-Release.Candidate.app/Contents/Developer/Toolchains/XcodeDefault.xctoolchain/usr/bin/clang -x objective-c -ivfsstatcache /Users/admin/builder/spi-builder-workspace/.derivedData/SDKStatCaches.noindex/watchos27.0-24R360-e829b21a6f8c9b70876ba0858053c04477534ef55a1706bf4c1112bbb242f0a2.sdkstatcache -target arm64_32-apple-watchos9.0 -fmessage-length\=0 -fdiagnostics-show-note-include-stack -fmacro-backtrace-limit\=0 -fno-color-diagnostics -fmodules-prune-interval\=86400 -fmodules-prune-after\=345600 -fbuild-session-file\=/Users/admin/builder/spi-builder-workspace/.derivedData/ModuleCache.noindex/Session.modulevalidation -fmodules-validate-once-per-build-session -Wnon-modular-include-in-framework-module -Werror\=non-modular-include-in-framework-module -Wno-trigraphs -Wno-missing-field-initializers -Wno-missing-prototypes -Wno-return-type -Wno-implicit-atomic-properties -Wno-objc-interface-ivars -Wno-arc-repeated-use-of-weak -Wno-missing-braces -Wparentheses -Wswitch -Wno-unused-function -Wno-unused-label -Wno-unused-parameter -Wno-unused-variable -Wunused-value -Wno-empty-body -Wno-uninitialized -Wno-unknown-pragmas -Wno-shadow -Wno-four-char-constants -Wno-conversion -Wno-constant-conversion -Wno-int-conversion -Wno-bool-conversion -Wno-enum-conversion -Wno-float-conversion -Wno-non-literal-null-conversion -Wno-objc-literal-conversion -Wno-shorten-64-to-32 -Wpointer-sign -Wno-newline-eof -Wno-selector -Wno-strict-selector-match -Wno-undeclared-selector -Wno-deprecated-implementations -Wno-implicit-fallthrough -isysroot /Applications/Xcode-27.0.0-Release.Candidate.app/Contents/Developer/Platforms/WatchOS.platform/Developer/SDKs/WatchOS27.0.sdk -fstrict-aliasing -Wprotocol -Wdeprecated-declarations -Wno-sign-conversion -Wno-infinite-recursion -Wno-comma -Wno-block-capture-autoreleasing -Wno-strict-prototypes -Wno-semicolon-before-method-body -index-store-path /Users/admin/builder/spi-builder-workspace/.derivedData/Index.noindex/DataStore @/Users/admin/builder/spi-builder-workspace/.derivedData/Build/Intermediates.noindex/BranchSDK.build/Debug-watchos/BranchSDK-t.build/Objects-normal/arm64_32/e6072d4f65d7061329687fe24e3d63a7-common-args.resp -include /Users/admin/builder/spi-builder-workspace/.derivedData/Build/Intermediates.noindex/BranchSDK.build/Debug-watchos/BranchSDK-t.build/DerivedSources/resource_bundle_accessor.h -MMD -MT dependencies -MF /Users/admin/builder/spi-builder-workspace/.derivedData/Build/Intermediates.noindex/BranchSDK.build/Debug-watchos/BranchSDK-t.build/Objects-normal/arm64_32/BranchPasteControl.d --serialize-diagnostics /Users/admin/builder/spi-builder-workspace/.derivedData/Build/Intermediates.noindex/BranchSDK.build/Debug-watchos/BranchSDK-t.build/Objects-normal/arm64_32/BranchPasteControl.dia -c /Users/admin/builder/spi-builder-workspace/Sources/BranchSDK/BranchPasteControl.m -o /Users/admin/builder/spi-builder-workspace/.derivedData/Build/Intermediates.noindex/BranchSDK.build/Debug-watchos/BranchSDK-t.build/Objects-normal/arm64_32/BranchPasteControl.o -index-unit-output-path /BranchSDK.build/Debug-watchos/BranchSDK-t.build/Objects-normal/arm64_32/BranchPasteControl.o
/Users/admin/builder/spi-builder-workspace/Sources/BranchSDK/Public/BranchUniversalObject.h:11:9: error: Module 'CoreSpotlight' not found (in target 'BranchSDK' from project 'BranchSDK')
/Users/admin/builder/spi-builder-workspace/Sources/BranchSDK/BranchPasteControl.m:11:9: note: in file included from /Users/admin/builder/spi-builder-workspace/Sources/BranchSDK/BranchPasteControl.m:11:
/Users/admin/builder/spi-builder-workspace/Sources/BranchSDK/Public/Branch.h:18:9: note: in file included from /Users/admin/builder/spi-builder-workspace/Sources/BranchSDK/Public/Branch.h:18:
PruneExplicitPrecompiledModules /Users/admin/builder/spi-builder-workspace/.derivedData/Build/Intermediates.noindex/ExplicitPrecompiledModules
PruneExplicitPrecompiledModules /Users/admin/builder/spi-builder-workspace/.derivedData/SDKExplicitPrecompiledModules
PruneExplicitPrecompiledModules /Users/admin/builder/spi-builder-workspace/.derivedData/Build/Intermediates.noindex/SwiftExplicitPrecompiledModules
2026-09-26 00:36:00.090 xcodebuild[722:4758] [MT] IDERunDestination: Supported platforms for the buildables in the current scheme is empty.
** BUILD FAILED **
The following build commands failed:
ScanDependencies /Users/admin/builder/spi-builder-workspace/.derivedData/Build/Intermediates.noindex/BranchSDK.build/Debug-watchos/BranchSDK-t.build/Objects-normal/arm64_32/BranchUniversalObject.o /Users/admin/builder/spi-builder-workspace/Sources/BranchSDK/BranchUniversalObject.m normal arm64_32 objective-c com.apple.compilers.llvm.clang.1_0.compiler (in target 'BranchSDK' from project 'BranchSDK')
ScanDependencies /Users/admin/builder/spi-builder-workspace/.derivedData/Build/Intermediates.noindex/BranchSDK.build/Debug-watchos/BranchSDK-t.build/Objects-normal/arm64_32/BranchSpotlightUrlRequest.o /Users/admin/builder/spi-builder-workspace/Sources/BranchSDK/BranchSpotlightUrlRequest.m normal arm64_32 objective-c com.apple.compilers.llvm.clang.1_0.compiler (in target 'BranchSDK' from project 'BranchSDK')
ScanDependencies /Users/admin/builder/spi-builder-workspace/.derivedData/Build/Intermediates.noindex/BranchSDK.build/Debug-watchos/BranchSDK-t.build/Objects-normal/arm64_32/BranchShortUrlSyncRequest.o /Users/admin/builder/spi-builder-workspace/Sources/BranchSDK/BranchShortUrlSyncRequest.m normal arm64_32 objective-c com.apple.compilers.llvm.clang.1_0.compiler (in target 'BranchSDK' from project 'BranchSDK')
ScanDependencies /Users/admin/builder/spi-builder-workspace/.derivedData/Build/Intermediates.noindex/BranchSDK.build/Debug-watchos/BranchSDK-t.build/Objects-normal/arm64_32/BranchShortUrlRequest.o /Users/admin/builder/spi-builder-workspace/Sources/BranchSDK/BranchShortUrlRequest.m normal arm64_32 objective-c com.apple.compilers.llvm.clang.1_0.compiler (in target 'BranchSDK' from project 'BranchSDK')
ScanDependencies /Users/admin/builder/spi-builder-workspace/.derivedData/Build/Intermediates.noindex/BranchSDK.build/Debug-watchos/BranchSDK-t.build/Objects-normal/arm64_32/BranchQRCode.o /Users/admin/builder/spi-builder-workspace/Sources/BranchSDK/BranchQRCode.m normal arm64_32 objective-c com.apple.compilers.llvm.clang.1_0.compiler (in target 'BranchSDK' from project 'BranchSDK')
ScanDependencies /Users/admin/builder/spi-builder-workspace/.derivedData/Build/Intermediates.noindex/BranchSDK.build/Debug-watchos/BranchSDK-t.build/Objects-normal/arm64_32/BranchPluginSupport.o /Users/admin/builder/spi-builder-workspace/Sources/BranchSDK/BranchPluginSupport.m normal arm64_32 objective-c com.apple.compilers.llvm.clang.1_0.compiler (in target 'BranchSDK' from project 'BranchSDK')
ScanDependencies /Users/admin/builder/spi-builder-workspace/.derivedData/Build/Intermediates.noindex/BranchSDK.build/Debug-watchos/BranchSDK-t.build/Objects-normal/arm64_32/BranchOpenRequest.o /Users/admin/builder/spi-builder-workspace/Sources/BranchSDK/BranchOpenRequest.m normal arm64_32 objective-c com.apple.compilers.llvm.clang.1_0.compiler (in target 'BranchSDK' from project 'BranchSDK')
ScanDependencies /Users/admin/builder/spi-builder-workspace/.derivedData/Build/Intermediates.noindex/BranchSDK.build/Debug-watchos/BranchSDK-t.build/Objects-normal/arm64_32/BranchScene.o /Users/admin/builder/spi-builder-workspace/Sources/BranchSDK/BranchScene.m normal arm64_32 objective-c com.apple.compilers.llvm.clang.1_0.compiler (in target 'BranchSDK' from project 'BranchSDK')
ScanDependencies /Users/admin/builder/spi-builder-workspace/.derivedData/Build/Intermediates.noindex/BranchSDK.build/Debug-watchos/BranchSDK-t.build/Objects-normal/arm64_32/BranchShareLink.o /Users/admin/builder/spi-builder-workspace/Sources/BranchSDK/BranchShareLink.m normal arm64_32 objective-c com.apple.compilers.llvm.clang.1_0.compiler (in target 'BranchSDK' from project 'BranchSDK')
ScanDependencies /Users/admin/builder/spi-builder-workspace/.derivedData/Build/Intermediates.noindex/BranchSDK.build/Debug-watchos/BranchSDK-t.build/Objects-normal/arm64_32/BranchPasteControl.o /Users/admin/builder/spi-builder-workspace/Sources/BranchSDK/BranchPasteControl.m normal arm64_32 objective-c com.apple.compilers.llvm.clang.1_0.compiler (in target 'BranchSDK' from project 'BranchSDK')
Building workspace BranchSDK with scheme BranchSDK
(11 failures)
BUILD FAILURE 6.4 watchOS