Build Information
Failed to build AdvancedCollectionTableView, reference main (435dac), with Swift 6.1 for Android on 4 Sep 2026 19:48:14 UTC.
Build Command
bash -c docker run --pull=always --rm -v "checkouts-54344843-0":/host -w "$PWD" -e JAVA_HOME="/root/.sdkman/candidates/java/current" -e SPI_BUILD="1" -e SPI_PROCESSING="1" registry.gitlab.com/saguaro1/spi-images:android-6.1-latest swift build --swift-sdk aarch64-unknown-linux-android24 2>&1Build Log
========================================
RunAll
========================================
Builder version: 5.0.2
Interrupt handler set up.
========================================
Checkout
========================================
Clone URL: https://github.com/flocked/AdvancedCollectionTableView.git
Reference: main
Initialized empty Git repository in /host/spi-builder-workspace/.git/
hint: Using 'master' as the name for the initial branch. This default branch name
hint: is subject to change. To configure the initial branch name to use in all
hint: of your new repositories, which will suppress this warning, call:
hint:
hint: git config --global init.defaultBranch <name>
hint:
hint: Names commonly chosen instead of 'master' are 'main', 'trunk' and
hint: 'development'. The just-created branch can be renamed via this command:
hint:
hint: git branch -m <name>
From https://github.com/flocked/AdvancedCollectionTableView
* branch main -> FETCH_HEAD
* [new branch] main -> origin/main
HEAD is now at 435daca updated
Cloned https://github.com/flocked/AdvancedCollectionTableView.git
Revision (git rev-parse @):
435daca85cd06ab74a03647e366bc6cab4ac2138
SPI manifest file found: $PWD/.spi.yml
SUCCESS checkout https://github.com/flocked/AdvancedCollectionTableView.git at main
========================================
Build
========================================
Selected platform: android
Swift version: 6.1
Building package at path: $PWD
https://github.com/flocked/AdvancedCollectionTableView.git
https://github.com/flocked/AdvancedCollectionTableView.git
WARNING: environment variable SUPPRESS_SWIFT_6_FLAGS is not set
Running build ...
bash -c docker run --pull=always --rm -v "checkouts-54344843-0":/host -w "$PWD" -e JAVA_HOME="/root/.sdkman/candidates/java/current" -e SPI_BUILD="1" -e SPI_PROCESSING="1" registry.gitlab.com/saguaro1/spi-images:android-6.1-latest swift build --swift-sdk aarch64-unknown-linux-android24 -Xswiftc -Xfrontend -Xswiftc -stats-output-dir -Xswiftc -Xfrontend -Xswiftc .stats -Xswiftc -strict-concurrency=complete -Xswiftc -enable-upcoming-feature -Xswiftc StrictConcurrency -Xswiftc -enable-upcoming-feature -Xswiftc DisableOutwardActorInference -Xswiftc -enable-upcoming-feature -Xswiftc GlobalActorIsolatedTypesUsability -Xswiftc -enable-upcoming-feature -Xswiftc InferSendableFromCaptures 2>&1
android-6.1-latest: Pulling from saguaro1/spi-images
Digest: sha256:0cd0efb458d677a6de9b5e028d30e2aa1d1b247c2277202ba317a28ce9e867e0
Status: Image is up to date for registry.gitlab.com/saguaro1/spi-images:android-6.1-latest
Fetching https://github.com/flocked/FZUIKit.git
[1/233780] Fetching fzuikit
Fetched https://github.com/flocked/FZUIKit.git from cache (6.01s)
Fetching https://github.com/flocked/FZQuicklook.git
[1/2051] Fetching fzquicklook
Fetched https://github.com/flocked/FZQuicklook.git from cache (0.46s)
Fetching https://github.com/flocked/FZSwiftUtils.git
[1/75608] Fetching fzswiftutils
Fetched https://github.com/flocked/FZSwiftUtils.git from cache (2.09s)
Creating working copy for https://github.com/flocked/FZUIKit.git
Working copy of https://github.com/flocked/FZUIKit.git resolved at main (006a8ac)
Creating working copy for https://github.com/flocked/FZQuicklook.git
Working copy of https://github.com/flocked/FZQuicklook.git resolved at main (b05a931)
Creating working copy for https://github.com/flocked/FZSwiftUtils.git
Working copy of https://github.com/flocked/FZSwiftUtils.git resolved at main (994ee92)
Building for debugging...
[0/50] Write sources
In file included from /host/spi-builder-workspace/.build/checkouts/FZSwiftUtils/Sources/FZSwiftUtils+ObjC/MethodSignature.m:9:
/host/spi-builder-workspace/.build/checkouts/FZSwiftUtils/Sources/FZSwiftUtils+ObjC/include/MethodSignature.h:9:9: fatal error: 'Foundation/Foundation.h' file not found
9 | #import <Foundation/Foundation.h>
| ^~~~~~~~~~~~~~~~~~~~~~~~~
1 error generated.
[2/50] Compiling _FZSwiftUtilsObjC MethodSignature.m
In file included from /host/spi-builder-workspace/.build/checkouts/FZSwiftUtils/Sources/FZSwiftUtils+ObjC/ObjectProxy.m:8:
/host/spi-builder-workspace/.build/checkouts/FZSwiftUtils/Sources/FZSwiftUtils+ObjC/include/ObjectProxy.h:8:9: fatal error: 'Foundation/Foundation.h' file not found
8 | #import <Foundation/Foundation.h>
| ^~~~~~~~~~~~~~~~~~~~~~~~~
1 error generated.
[2/50] Compiling _FZSwiftUtilsObjC ObjectProxy.m
In file included from /host/spi-builder-workspace/.build/checkouts/FZSwiftUtils/Sources/FZSwiftUtils+ObjC/SHFFITypeContext.m:9:
/host/spi-builder-workspace/.build/checkouts/FZSwiftUtils/Sources/FZSwiftUtils+ObjC/include/SHFFITypeContext.h:9:9: fatal error: 'Foundation/Foundation.h' file not found
9 | #import <Foundation/Foundation.h>
| ^~~~~~~~~~~~~~~~~~~~~~~~~
1 error generated.
[2/50] Compiling _FZSwiftUtilsObjC SHFFITypeContext.m
In file included from /host/spi-builder-workspace/.build/checkouts/FZSwiftUtils/Sources/FZSwiftUtils+ObjC/NSObject+ExceptionCatcher.m:8:
/host/spi-builder-workspace/.build/checkouts/FZSwiftUtils/Sources/FZSwiftUtils+ObjC/include/NSObject+ExceptionCatcher.h:8:9: fatal error: 'Foundation/Foundation.h' file not found
8 | #import <Foundation/Foundation.h>
| ^~~~~~~~~~~~~~~~~~~~~~~~~
[2/50] Compiling _FZSwiftUtilsObjC NSObject+ExceptionCatcher.m
In file included from /host/spi-builder-workspace/.build/checkouts/FZSwiftUtils/Sources/FZSwiftUtils+ObjC/SHMethodSignature.m:9:
/host/spi-builder-workspace/.build/checkouts/FZSwiftUtils/Sources/FZSwiftUtils+ObjC/include/SHMethodSignature.h:9:9: fatal error: 'Foundation/Foundation.h' file not found
9 | #import <Foundation/Foundation.h>
| ^~~~~~~~~~~~~~~~~~~~~~~~~
1 error generated.
[2/50] Compiling _FZSwiftUtilsObjC SHMethodSignature.m
In file included from /host/spi-builder-workspace/.build/checkouts/FZSwiftUtils/Sources/FZSwiftUtils+ObjC/SHObjectiveCUtilities.m:9:
/host/spi-builder-workspace/.build/checkouts/FZSwiftUtils/Sources/FZSwiftUtils+ObjC/include/SHObjectiveCUtilities.h:9:9: fatal error: 'Foundation/Foundation.h' file not found
9 | #import <Foundation/Foundation.h>
| ^~~~~~~~~~~~~~~~~~~~~~~~~
[2/50] Compiling _FZSwiftUtilsObjC SHObjectiveCUtilities.m
[2/50] Compiling _DelegateProxy _DelegateProxy.m
[2/50] Write swift-version-24593BA9C3E375BF.txt
Running build ...
bash -c docker run --pull=always --rm -v "checkouts-54344843-0":/host -w "$PWD" -e JAVA_HOME="/root/.sdkman/candidates/java/current" -e SPI_BUILD="1" -e SPI_PROCESSING="1" registry.gitlab.com/saguaro1/spi-images:android-6.1-latest swift build --swift-sdk aarch64-unknown-linux-android24 2>&1
android-6.1-latest: Pulling from saguaro1/spi-images
Digest: sha256:0cd0efb458d677a6de9b5e028d30e2aa1d1b247c2277202ba317a28ce9e867e0
Status: Image is up to date for registry.gitlab.com/saguaro1/spi-images:android-6.1-latest
[0/1] Planning build
Building for debugging...
[0/48] Copying zoomout.plist
In file included from /host/spi-builder-workspace/.build/checkouts/FZSwiftUtils/Sources/FZSwiftUtils+ObjC/SHFFITypeContext.m:9:
/host/spi-builder-workspace/.build/checkouts/FZSwiftUtils/Sources/FZSwiftUtils+ObjC/include/SHFFITypeContext.h:9:9: fatal error: 'Foundation/Foundation.h' file not found
9 | #import <Foundation/Foundation.h>
| ^~~~~~~~~~~~~~~~~~~~~~~~~
1 error generated.
[1/48] Compiling _FZSwiftUtilsObjC SHFFITypeContext.m
In file included from /host/spi-builder-workspace/.build/checkouts/FZSwiftUtils/Sources/FZSwiftUtils+ObjC/MethodSignature.m:9:
/host/spi-builder-workspace/.build/checkouts/FZSwiftUtils/Sources/FZSwiftUtils+ObjC/include/MethodSignature.h:9:9: fatal error: 'Foundation/Foundation.h' file not found
9 | #import <Foundation/Foundation.h>
| ^~~~~~~~~~~~~~~~~~~~~~~~~
1 error generated.
[1/48] Compiling _FZSwiftUtilsObjC MethodSignature.m
In file included from /host/spi-builder-workspace/.build/checkouts/FZSwiftUtils/Sources/FZSwiftUtils+ObjC/ObjectProxy.m:8:
/host/spi-builder-workspace/.build/checkouts/FZSwiftUtils/Sources/FZSwiftUtils+ObjC/include/ObjectProxy.h:8:9: fatal error: 'Foundation/Foundation.h' file not found
8 | #import <Foundation/Foundation.h>
| ^~~~~~~~~~~~~~~~~~~~~~~~~
1 error generated.
[1/48] Compiling _FZSwiftUtilsObjC ObjectProxy.m
In file included from /host/spi-builder-workspace/.build/checkouts/FZSwiftUtils/Sources/FZSwiftUtils+ObjC/Invocation.m:8:
/host/spi-builder-workspace/.build/checkouts/FZSwiftUtils/Sources/FZSwiftUtils+ObjC/include/Invocation.h:8:9: fatal error: 'Foundation/Foundation.h' file not found
8 | #import <Foundation/Foundation.h>
| ^~~~~~~~~~~~~~~~~~~~~~~~~
1 error generated.
[1/48] Compiling _FZSwiftUtilsObjC Invocation.m
In file included from /host/spi-builder-workspace/.build/checkouts/FZSwiftUtils/Sources/FZSwiftUtils+ObjC/NSObject+ExceptionCatcher.m:8:
/host/spi-builder-workspace/.build/checkouts/FZSwiftUtils/Sources/FZSwiftUtils+ObjC/include/NSObject+ExceptionCatcher.h:8:9: fatal error: 'Foundation/Foundation.h' file not found
8 | #import <Foundation/Foundation.h>
| ^~~~~~~~~~~~~~~~~~~~~~~~~
[1/48] Compiling _FZSwiftUtilsObjC NSObject+ExceptionCatcher.m
In file included from /host/spi-builder-workspace/.build/checkouts/FZSwiftUtils/Sources/FZSwiftUtils+ObjC/SHObjectiveCUtilities.m:9:
/host/spi-builder-workspace/.build/checkouts/FZSwiftUtils/Sources/FZSwiftUtils+ObjC/include/SHObjectiveCUtilities.h:9:9: fatal error: 'Foundation/Foundation.h' file not found
9 | #import <Foundation/Foundation.h>
| ^~~~~~~~~~~~~~~~~~~~~~~~~
[1/48] Compiling _FZSwiftUtilsObjC SHObjectiveCUtilities.m
In file included from /host/spi-builder-workspace/.build/checkouts/FZSwiftUtils/Sources/FZSwiftUtils+ObjC/SHMethodSignature.m:9:
/host/spi-builder-workspace/.build/checkouts/FZSwiftUtils/Sources/FZSwiftUtils+ObjC/include/SHMethodSignature.h:9:9: fatal error: 'Foundation/Foundation.h' file not found
9 | #import <Foundation/Foundation.h>
| ^~~~~~~~~~~~~~~~~~~~~~~~~
1 error generated.
[1/48] Compiling _FZSwiftUtilsObjC SHMethodSignature.m
[1/48] Write swift-version-24593BA9C3E375BF.txt
BUILD FAILURE 6.1 android