The Swift Package Index logo.Swift Package Index

Track the adoption of Swift 6 strict concurrency checks for data race safety. How many packages are Ready for Swift 6?

Build Information

Failed to build CSwift with Swift 5.10 for macOS (Xcode) using Xcode 15.4 at 2.0.0.

Build Command

env DEVELOPER_DIR=/Applications/Xcode-15.3.0-Beta.2.app xcrun xcodebuild -IDEClonedSourcePackagesDirPathOverride=$workDir/.dependencies -skipMacroValidation -skipPackagePluginValidation -derivedDataPath $workDir/.derivedData build -scheme CSwift -destination platform=macos,arch=arm64

Build Log

========================================
RunAll
========================================
Builder version: 4.29.0
Interrupt handler set up.
========================================
Checkout
========================================
Clone URL: https://github.com/rockfordwei/cswift.git
Reference: 2.0.0
Initialized empty Git repository in /Users/builder/builds/UKfvDsi8u/3/finestructure/swiftpackageindex-builder/spi-builder-workspace/.git/
From https://github.com/rockfordwei/cswift
 * tag               2.0.0      -> FETCH_HEAD
HEAD is now at 3f48123 Upgrading to Swift 4.
Cloned https://github.com/rockfordwei/cswift.git
Revision (git rev-parse @):
3f481237d22aa307b7d7509a4f1a23102beedf61
SUCCESS checkout https://github.com/rockfordwei/cswift.git at 2.0.0
========================================
Build
========================================
Selected platform:         macosXcodebuild
Swift version:             5.10
Building package at path:  $workDir
https://github.com/rockfordwei/cswift.git
Command line invocation:
    /Applications/Xcode-15.3.0-Beta.2.app/Contents/Developer/usr/bin/xcodebuild -IDEClonedSourcePackagesDirPathOverride=/Users/builder/builds/UKfvDsi8u/3/finestructure/swiftpackageindex-builder/spi-builder-workspace/.dependencies -resolvePackageDependencies
User defaults from command line:
    IDEClonedSourcePackagesDirPathOverride = /Users/builder/builds/UKfvDsi8u/3/finestructure/swiftpackageindex-builder/spi-builder-workspace/.dependencies
    IDEPackageSupportUseBuiltinSCM = YES
Resolve Package Graph
Resolved source packages:
  CSwift: /Users/builder/builds/UKfvDsi8u/3/finestructure/swiftpackageindex-builder/spi-builder-workspace
resolved source packages: CSwift
2024-02-13 16:58:02.055 xcodebuild[20215:683879] Requested but did not find extension point with identifier Xcode.DVTDeviceFoundation.Aspect for extension Xcode.IDEiOSSupportCore.Aspect.NBDD of plug-in com.apple.dt.IDE.IDEiOSSupportCore
2024-02-13 16:58:02.345 xcodebuild[20215:683879] [MT] DVTPlugInQuery: Requested but did not find extension point with identifier 'Xcode.DVTDeviceFoundation.CompatibleDeviceFamilyPair'. This is programmer error; code should only request extension points that are defined by itself or its dependencies.
{
  "workspace" : {
    "name" : "spi-builder-workspace",
    "schemes" : [
      "CSwift"
    ]
  }
}
2024-02-13 16:58:02.583 xcodebuild[20227:683920] Requested but did not find extension point with identifier Xcode.DVTDeviceFoundation.Aspect for extension Xcode.IDEiOSSupportCore.Aspect.NBDD of plug-in com.apple.dt.IDE.IDEiOSSupportCore
2024-02-13 16:58:02.873 xcodebuild[20227:683920] [MT] DVTPlugInQuery: Requested but did not find extension point with identifier 'Xcode.DVTDeviceFoundation.CompatibleDeviceFamilyPair'. This is programmer error; code should only request extension points that are defined by itself or its dependencies.
Running build ...
env DEVELOPER_DIR=/Applications/Xcode-15.3.0-Beta.2.app xcrun xcodebuild -IDEClonedSourcePackagesDirPathOverride=$workDir/.dependencies -skipMacroValidation -skipPackagePluginValidation -derivedDataPath $workDir/.derivedData build -scheme CSwift -destination platform=macos,arch=arm64
Command line invocation:
    /Applications/Xcode-15.3.0-Beta.2.app/Contents/Developer/usr/bin/xcodebuild -IDEClonedSourcePackagesDirPathOverride=/Users/builder/builds/UKfvDsi8u/3/finestructure/swiftpackageindex-builder/spi-builder-workspace/.dependencies -skipMacroValidation -skipPackagePluginValidation -derivedDataPath /Users/builder/builds/UKfvDsi8u/3/finestructure/swiftpackageindex-builder/spi-builder-workspace/.derivedData build -scheme CSwift -destination platform=macos,arch=arm64
User defaults from command line:
    IDEClonedSourcePackagesDirPathOverride = /Users/builder/builds/UKfvDsi8u/3/finestructure/swiftpackageindex-builder/spi-builder-workspace/.dependencies
    IDEDerivedDataPathOverride = /Users/builder/builds/UKfvDsi8u/3/finestructure/swiftpackageindex-builder/spi-builder-workspace/.derivedData
    IDEPackageSupportUseBuiltinSCM = YES
Resolve Package Graph
Resolved source packages:
  CSwift: /Users/builder/builds/UKfvDsi8u/3/finestructure/swiftpackageindex-builder/spi-builder-workspace
Resolve Package Graph
Prepare packages
ComputeTargetDependencyGraph
note: Building targets in dependency order
note: Target dependency graph (2 targets)
    Target 'CSwift' in project 'CSwift'
        ➜ Explicit dependency on target 'CSwift' in project 'CSwift'
    Target 'CSwift' in project 'CSwift' (no dependencies)
GatherProvisioningInputs
CreateBuildDescription
ExecuteExternalTool /Applications/Xcode-15.3.0-Beta.2.app/Contents/Developer/Toolchains/XcodeDefault.xctoolchain/usr/bin/clang -v -E -dM -arch arm64 -isysroot /Applications/Xcode-15.3.0-Beta.2.app/Contents/Developer/Platforms/MacOSX.platform/Developer/SDKs/MacOSX14.4.sdk -x c -c /dev/null
ExecuteExternalTool /Applications/Xcode-15.3.0-Beta.2.app/Contents/Developer/Toolchains/XcodeDefault.xctoolchain/usr/bin/clang -v -E -dM -isysroot /Applications/Xcode-15.3.0-Beta.2.app/Contents/Developer/Platforms/MacOSX.platform/Developer/SDKs/MacOSX14.4.sdk -x c -c /dev/null
ExecuteExternalTool /Applications/Xcode-15.3.0-Beta.2.app/Contents/Developer/Toolchains/XcodeDefault.xctoolchain/usr/bin/ld -version_details
Build description signature: 9f6dad8b01c21a09fd8445bcd9caca78
Build description path: /Users/builder/builds/UKfvDsi8u/3/finestructure/swiftpackageindex-builder/spi-builder-workspace/.derivedData/Build/Intermediates.noindex/XCBuildData/9f6dad8b01c21a09fd8445bcd9caca78.xcbuilddata
CreateBuildDirectory /Users/builder/builds/UKfvDsi8u/3/finestructure/swiftpackageindex-builder/spi-builder-workspace/.derivedData/Build/Products
    cd /Users/builder/builds/UKfvDsi8u/3/finestructure/swiftpackageindex-builder/spi-builder-workspace/.swiftpm/xcode
    builtin-create-build-directory /Users/builder/builds/UKfvDsi8u/3/finestructure/swiftpackageindex-builder/spi-builder-workspace/.derivedData/Build/Products
CreateBuildDirectory /Users/builder/builds/UKfvDsi8u/3/finestructure/swiftpackageindex-builder/spi-builder-workspace/.derivedData/Build/Intermediates.noindex
    cd /Users/builder/builds/UKfvDsi8u/3/finestructure/swiftpackageindex-builder/spi-builder-workspace/.swiftpm/xcode
    builtin-create-build-directory /Users/builder/builds/UKfvDsi8u/3/finestructure/swiftpackageindex-builder/spi-builder-workspace/.derivedData/Build/Intermediates.noindex
ClangStatCache /Applications/Xcode-15.3.0-Beta.2.app/Contents/Developer/Toolchains/XcodeDefault.xctoolchain/usr/bin/clang-stat-cache /Applications/Xcode-15.3.0-Beta.2.app/Contents/Developer/Platforms/MacOSX.platform/Developer/SDKs/MacOSX14.4.sdk /Users/builder/builds/UKfvDsi8u/3/finestructure/swiftpackageindex-builder/spi-builder-workspace/.derivedData/SDKStatCaches.noindex/macosx14.4-23E5191c-5eb64f1a3ecde1ad91091371889b1b07.sdkstatcache
    cd /Users/builder/builds/UKfvDsi8u/3/finestructure/swiftpackageindex-builder/spi-builder-workspace/.swiftpm/xcode
    /Applications/Xcode-15.3.0-Beta.2.app/Contents/Developer/Toolchains/XcodeDefault.xctoolchain/usr/bin/clang-stat-cache /Applications/Xcode-15.3.0-Beta.2.app/Contents/Developer/Platforms/MacOSX.platform/Developer/SDKs/MacOSX14.4.sdk -o /Users/builder/builds/UKfvDsi8u/3/finestructure/swiftpackageindex-builder/spi-builder-workspace/.derivedData/SDKStatCaches.noindex/macosx14.4-23E5191c-5eb64f1a3ecde1ad91091371889b1b07.sdkstatcache
CreateBuildDirectory /Users/builder/builds/UKfvDsi8u/3/finestructure/swiftpackageindex-builder/spi-builder-workspace/.derivedData/Build/Products/Debug
    cd /Users/builder/builds/UKfvDsi8u/3/finestructure/swiftpackageindex-builder/spi-builder-workspace/.swiftpm/xcode
    builtin-create-build-directory /Users/builder/builds/UKfvDsi8u/3/finestructure/swiftpackageindex-builder/spi-builder-workspace/.derivedData/Build/Products/Debug
CreateBuildDirectory /Users/builder/builds/UKfvDsi8u/3/finestructure/swiftpackageindex-builder/spi-builder-workspace/.derivedData/Build/Intermediates.noindex/EagerLinkingTBDs/Debug
    cd /Users/builder/builds/UKfvDsi8u/3/finestructure/swiftpackageindex-builder/spi-builder-workspace/.swiftpm/xcode
    builtin-create-build-directory /Users/builder/builds/UKfvDsi8u/3/finestructure/swiftpackageindex-builder/spi-builder-workspace/.derivedData/Build/Intermediates.noindex/EagerLinkingTBDs/Debug
CreateBuildDirectory /Users/builder/builds/UKfvDsi8u/3/finestructure/swiftpackageindex-builder/spi-builder-workspace/.derivedData/Build/Products/Debug/PackageFrameworks
    cd /Users/builder/builds/UKfvDsi8u/3/finestructure/swiftpackageindex-builder/spi-builder-workspace/.swiftpm/xcode
    builtin-create-build-directory /Users/builder/builds/UKfvDsi8u/3/finestructure/swiftpackageindex-builder/spi-builder-workspace/.derivedData/Build/Products/Debug/PackageFrameworks
SymLink /Users/builder/builds/UKfvDsi8u/3/finestructure/swiftpackageindex-builder/spi-builder-workspace/.derivedData/Build/Products/Debug/PackageFrameworks/CSwift.framework/Versions/Current A (in target 'CSwift' from project 'CSwift')
    cd /Users/builder/builds/UKfvDsi8u/3/finestructure/swiftpackageindex-builder/spi-builder-workspace
    /bin/ln -sfh A /Users/builder/builds/UKfvDsi8u/3/finestructure/swiftpackageindex-builder/spi-builder-workspace/.derivedData/Build/Products/Debug/PackageFrameworks/CSwift.framework/Versions/Current
SymLink /Users/builder/builds/UKfvDsi8u/3/finestructure/swiftpackageindex-builder/spi-builder-workspace/.derivedData/Build/Products/Debug/PackageFrameworks/CSwift.framework/Resources Versions/Current/Resources (in target 'CSwift' from project 'CSwift')
    cd /Users/builder/builds/UKfvDsi8u/3/finestructure/swiftpackageindex-builder/spi-builder-workspace
    /bin/ln -sfh Versions/Current/Resources /Users/builder/builds/UKfvDsi8u/3/finestructure/swiftpackageindex-builder/spi-builder-workspace/.derivedData/Build/Products/Debug/PackageFrameworks/CSwift.framework/Resources
SymLink /Users/builder/builds/UKfvDsi8u/3/finestructure/swiftpackageindex-builder/spi-builder-workspace/.derivedData/Build/Products/Debug/PackageFrameworks/CSwift.framework/CSwift Versions/Current/CSwift (in target 'CSwift' from project 'CSwift')
    cd /Users/builder/builds/UKfvDsi8u/3/finestructure/swiftpackageindex-builder/spi-builder-workspace
    /bin/ln -sfh Versions/Current/CSwift /Users/builder/builds/UKfvDsi8u/3/finestructure/swiftpackageindex-builder/spi-builder-workspace/.derivedData/Build/Products/Debug/PackageFrameworks/CSwift.framework/CSwift
MkDir /Users/builder/builds/UKfvDsi8u/3/finestructure/swiftpackageindex-builder/spi-builder-workspace/.derivedData/Build/Products/Debug/PackageFrameworks/CSwift.framework/Versions/A (in target 'CSwift' from project 'CSwift')
    cd /Users/builder/builds/UKfvDsi8u/3/finestructure/swiftpackageindex-builder/spi-builder-workspace
    /bin/mkdir -p /Users/builder/builds/UKfvDsi8u/3/finestructure/swiftpackageindex-builder/spi-builder-workspace/.derivedData/Build/Products/Debug/PackageFrameworks/CSwift.framework/Versions/A
MkDir /Users/builder/builds/UKfvDsi8u/3/finestructure/swiftpackageindex-builder/spi-builder-workspace/.derivedData/Build/Products/Debug/PackageFrameworks/CSwift.framework/Versions (in target 'CSwift' from project 'CSwift')
    cd /Users/builder/builds/UKfvDsi8u/3/finestructure/swiftpackageindex-builder/spi-builder-workspace
    /bin/mkdir -p /Users/builder/builds/UKfvDsi8u/3/finestructure/swiftpackageindex-builder/spi-builder-workspace/.derivedData/Build/Products/Debug/PackageFrameworks/CSwift.framework/Versions
MkDir /Users/builder/builds/UKfvDsi8u/3/finestructure/swiftpackageindex-builder/spi-builder-workspace/.derivedData/Build/Products/Debug/PackageFrameworks/CSwift.framework/Versions/A/Resources (in target 'CSwift' from project 'CSwift')
    cd /Users/builder/builds/UKfvDsi8u/3/finestructure/swiftpackageindex-builder/spi-builder-workspace
    /bin/mkdir -p /Users/builder/builds/UKfvDsi8u/3/finestructure/swiftpackageindex-builder/spi-builder-workspace/.derivedData/Build/Products/Debug/PackageFrameworks/CSwift.framework/Versions/A/Resources
MkDir /Users/builder/builds/UKfvDsi8u/3/finestructure/swiftpackageindex-builder/spi-builder-workspace/.derivedData/Build/Products/Debug/PackageFrameworks/CSwift.framework (in target 'CSwift' from project 'CSwift')
    cd /Users/builder/builds/UKfvDsi8u/3/finestructure/swiftpackageindex-builder/spi-builder-workspace
    /bin/mkdir -p /Users/builder/builds/UKfvDsi8u/3/finestructure/swiftpackageindex-builder/spi-builder-workspace/.derivedData/Build/Products/Debug/PackageFrameworks/CSwift.framework
WriteAuxiliaryFile /Users/builder/builds/UKfvDsi8u/3/finestructure/swiftpackageindex-builder/spi-builder-workspace/.derivedData/Build/Intermediates.noindex/CSwift.build/Debug/CSwift.build/Objects-normal/arm64/7187679823f38a2a940e0043cdf9d637-common-args.resp (in target 'CSwift' from project 'CSwift')
    cd /Users/builder/builds/UKfvDsi8u/3/finestructure/swiftpackageindex-builder/spi-builder-workspace
    write-file /Users/builder/builds/UKfvDsi8u/3/finestructure/swiftpackageindex-builder/spi-builder-workspace/.derivedData/Build/Intermediates.noindex/CSwift.build/Debug/CSwift.build/Objects-normal/arm64/7187679823f38a2a940e0043cdf9d637-common-args.resp
-target arm64-apple-macos10.13 -fmodules -gmodules '-fmodules-cache-path=/Users/builder/builds/UKfvDsi8u/3/finestructure/swiftpackageindex-builder/spi-builder-workspace/.derivedData/ModuleCache.noindex' '-fmodule-name=CSwift' -fpascal-strings -O0 -DSWIFT_PACKAGE '-DDEBUG=1' -isysroot /Applications/Xcode-15.3.0-Beta.2.app/Contents/Developer/Platforms/MacOSX.platform/Developer/SDKs/MacOSX14.4.sdk -g -fprofile-instr-generate -fcoverage-mapping -I/Users/builder/builds/UKfvDsi8u/3/finestructure/swiftpackageindex-builder/spi-builder-workspace/.derivedData/Build/Products/Debug/include -I/Users/builder/builds/UKfvDsi8u/3/finestructure/swiftpackageindex-builder/spi-builder-workspace/Sources/CSwift/include -I/Users/builder/builds/UKfvDsi8u/3/finestructure/swiftpackageindex-builder/spi-builder-workspace/.derivedData/Build/Intermediates.noindex/CSwift.build/Debug/CSwift.build/DerivedSources-normal/arm64 -I/Users/builder/builds/UKfvDsi8u/3/finestructure/swiftpackageindex-builder/spi-builder-workspace/.derivedData/Build/Intermediates.noindex/CSwift.build/Debug/CSwift.build/DerivedSources/arm64 -I/Users/builder/builds/UKfvDsi8u/3/finestructure/swiftpackageindex-builder/spi-builder-workspace/.derivedData/Build/Intermediates.noindex/CSwift.build/Debug/CSwift.build/DerivedSources -F/Users/builder/builds/UKfvDsi8u/3/finestructure/swiftpackageindex-builder/spi-builder-workspace/.derivedData/Build/Products/Debug -iframework /Applications/Xcode-15.3.0-Beta.2.app/Contents/Developer/Platforms/MacOSX.platform/Developer/Library/Frameworks -DXcode
WriteAuxiliaryFile /Users/builder/builds/UKfvDsi8u/3/finestructure/swiftpackageindex-builder/spi-builder-workspace/.derivedData/Build/Intermediates.noindex/CSwift.build/Debug/CSwift.build/Objects-normal/arm64/CSwift.LinkFileList (in target 'CSwift' from project 'CSwift')
    cd /Users/builder/builds/UKfvDsi8u/3/finestructure/swiftpackageindex-builder/spi-builder-workspace
    write-file /Users/builder/builds/UKfvDsi8u/3/finestructure/swiftpackageindex-builder/spi-builder-workspace/.derivedData/Build/Intermediates.noindex/CSwift.build/Debug/CSwift.build/Objects-normal/arm64/CSwift.LinkFileList
CompileC /Users/builder/builds/UKfvDsi8u/3/finestructure/swiftpackageindex-builder/spi-builder-workspace/.derivedData/Build/Intermediates.noindex/CSwift.build/Debug/CSwift.build/Objects-normal/arm64/CSwift.o /Users/builder/builds/UKfvDsi8u/3/finestructure/swiftpackageindex-builder/spi-builder-workspace/Sources/CSwift/CSwift.c normal arm64 c com.apple.compilers.llvm.clang.1_0.compiler (in target 'CSwift' from project 'CSwift')
    cd /Users/builder/builds/UKfvDsi8u/3/finestructure/swiftpackageindex-builder/spi-builder-workspace
    /Applications/Xcode-15.3.0-Beta.2.app/Contents/Developer/Toolchains/XcodeDefault.xctoolchain/usr/bin/clang -x c -ivfsstatcache /Users/builder/builds/UKfvDsi8u/3/finestructure/swiftpackageindex-builder/spi-builder-workspace/.derivedData/SDKStatCaches.noindex/macosx14.4-23E5191c-5eb64f1a3ecde1ad91091371889b1b07.sdkstatcache -fmessage-length\=0 -fdiagnostics-show-note-include-stack -fmacro-backtrace-limit\=0 -fno-color-diagnostics -fmodules-prune-interval\=86400 -fmodules-prune-after\=345600 -fbuild-session-file\=/Users/builder/builds/UKfvDsi8u/3/finestructure/swiftpackageindex-builder/spi-builder-workspace/.derivedData/ModuleCache.noindex/Session.modulevalidation -fmodules-validate-once-per-build-session -Wnon-modular-include-in-framework-module -Werror\=non-modular-include-in-framework-module -Wno-trigraphs -Wno-missing-field-initializers -Wno-missing-prototypes -Wno-return-type -Wno-missing-braces -Wparentheses -Wswitch -Wno-unused-function -Wno-unused-label -Wno-unused-parameter -Wno-unused-variable -Wunused-value -Wno-empty-body -Wno-uninitialized -Wno-unknown-pragmas -Wno-shadow -Wno-four-char-constants -Wno-conversion -Wno-constant-conversion -Wno-int-conversion -Wno-bool-conversion -Wno-enum-conversion -Wno-float-conversion -Wno-non-literal-null-conversion -Wno-objc-literal-conversion -Wshorten-64-to-32 -Wpointer-sign -Wno-newline-eof -Wno-implicit-fallthrough -fstrict-aliasing -Wdeprecated-declarations -Wno-sign-conversion -Wno-infinite-recursion -Wno-comma -Wno-block-capture-autoreleasing -Wno-strict-prototypes -Wno-semicolon-before-method-body -index-store-path /Users/builder/builds/UKfvDsi8u/3/finestructure/swiftpackageindex-builder/spi-builder-workspace/.derivedData/Index.noindex/DataStore @/Users/builder/builds/UKfvDsi8u/3/finestructure/swiftpackageindex-builder/spi-builder-workspace/.derivedData/Build/Intermediates.noindex/CSwift.build/Debug/CSwift.build/Objects-normal/arm64/7187679823f38a2a940e0043cdf9d637-common-args.resp -MMD -MT dependencies -MF /Users/builder/builds/UKfvDsi8u/3/finestructure/swiftpackageindex-builder/spi-builder-workspace/.derivedData/Build/Intermediates.noindex/CSwift.build/Debug/CSwift.build/Objects-normal/arm64/CSwift.d --serialize-diagnostics /Users/builder/builds/UKfvDsi8u/3/finestructure/swiftpackageindex-builder/spi-builder-workspace/.derivedData/Build/Intermediates.noindex/CSwift.build/Debug/CSwift.build/Objects-normal/arm64/CSwift.dia -c /Users/builder/builds/UKfvDsi8u/3/finestructure/swiftpackageindex-builder/spi-builder-workspace/Sources/CSwift/CSwift.c -o /Users/builder/builds/UKfvDsi8u/3/finestructure/swiftpackageindex-builder/spi-builder-workspace/.derivedData/Build/Intermediates.noindex/CSwift.build/Debug/CSwift.build/Objects-normal/arm64/CSwift.o -index-unit-output-path /CSwift.build/Debug/CSwift.build/Objects-normal/arm64/CSwift.o
Ld /Users/builder/builds/UKfvDsi8u/3/finestructure/swiftpackageindex-builder/spi-builder-workspace/.derivedData/Build/Products/Debug/CSwift.o normal (in target 'CSwift' from project 'CSwift')
    cd /Users/builder/builds/UKfvDsi8u/3/finestructure/swiftpackageindex-builder/spi-builder-workspace
    /Applications/Xcode-15.3.0-Beta.2.app/Contents/Developer/Toolchains/XcodeDefault.xctoolchain/usr/bin/clang -Xlinker -reproducible -target arm64-apple-macos10.13 -r -isysroot /Applications/Xcode-15.3.0-Beta.2.app/Contents/Developer/Platforms/MacOSX.platform/Developer/SDKs/MacOSX14.4.sdk -O0 -L/Users/builder/builds/UKfvDsi8u/3/finestructure/swiftpackageindex-builder/spi-builder-workspace/.derivedData/Build/Intermediates.noindex/EagerLinkingTBDs/Debug -L/Users/builder/builds/UKfvDsi8u/3/finestructure/swiftpackageindex-builder/spi-builder-workspace/.derivedData/Build/Products/Debug -L/Applications/Xcode-15.3.0-Beta.2.app/Contents/Developer/Platforms/MacOSX.platform/Developer/usr/lib -F/Users/builder/builds/UKfvDsi8u/3/finestructure/swiftpackageindex-builder/spi-builder-workspace/.derivedData/Build/Intermediates.noindex/EagerLinkingTBDs/Debug -F/Users/builder/builds/UKfvDsi8u/3/finestructure/swiftpackageindex-builder/spi-builder-workspace/.derivedData/Build/Products/Debug -iframework /Applications/Xcode-15.3.0-Beta.2.app/Contents/Developer/Platforms/MacOSX.platform/Developer/Library/Frameworks -filelist /Users/builder/builds/UKfvDsi8u/3/finestructure/swiftpackageindex-builder/spi-builder-workspace/.derivedData/Build/Intermediates.noindex/CSwift.build/Debug/CSwift.build/Objects-normal/arm64/CSwift.LinkFileList -nostdlib -Xlinker -object_path_lto -Xlinker /Users/builder/builds/UKfvDsi8u/3/finestructure/swiftpackageindex-builder/spi-builder-workspace/.derivedData/Build/Intermediates.noindex/CSwift.build/Debug/CSwift.build/Objects-normal/arm64/CSwift_lto.o -Xlinker -export_dynamic -Xlinker -no_deduplicate -Xlinker -debug_variant -Xlinker -dependency_info -Xlinker /Users/builder/builds/UKfvDsi8u/3/finestructure/swiftpackageindex-builder/spi-builder-workspace/.derivedData/Build/Intermediates.noindex/CSwift.build/Debug/CSwift.build/Objects-normal/arm64/CSwift_dependency_info.dat -o /Users/builder/builds/UKfvDsi8u/3/finestructure/swiftpackageindex-builder/spi-builder-workspace/.derivedData/Build/Products/Debug/CSwift.o
RegisterExecutionPolicyException /Users/builder/builds/UKfvDsi8u/3/finestructure/swiftpackageindex-builder/spi-builder-workspace/.derivedData/Build/Products/Debug/CSwift.o (in target 'CSwift' from project 'CSwift')
    cd /Users/builder/builds/UKfvDsi8u/3/finestructure/swiftpackageindex-builder/spi-builder-workspace
    builtin-RegisterExecutionPolicyException /Users/builder/builds/UKfvDsi8u/3/finestructure/swiftpackageindex-builder/spi-builder-workspace/.derivedData/Build/Products/Debug/CSwift.o
WriteAuxiliaryFile /Users/builder/builds/UKfvDsi8u/3/finestructure/swiftpackageindex-builder/spi-builder-workspace/.derivedData/Build/Intermediates.noindex/CSwift.build/Debug/CSwift\ product.build/Objects-normal/arm64/CSwift.LinkFileList (in target 'CSwift' from project 'CSwift')
    cd /Users/builder/builds/UKfvDsi8u/3/finestructure/swiftpackageindex-builder/spi-builder-workspace
    write-file /Users/builder/builds/UKfvDsi8u/3/finestructure/swiftpackageindex-builder/spi-builder-workspace/.derivedData/Build/Intermediates.noindex/CSwift.build/Debug/CSwift\ product.build/Objects-normal/arm64/CSwift.LinkFileList
WriteAuxiliaryFile /Users/builder/builds/UKfvDsi8u/3/finestructure/swiftpackageindex-builder/spi-builder-workspace/.derivedData/Build/Intermediates.noindex/CSwift.build/Debug/CSwift\ product.build/empty-CSwift.plist (in target 'CSwift' from project 'CSwift')
    cd /Users/builder/builds/UKfvDsi8u/3/finestructure/swiftpackageindex-builder/spi-builder-workspace
    write-file /Users/builder/builds/UKfvDsi8u/3/finestructure/swiftpackageindex-builder/spi-builder-workspace/.derivedData/Build/Intermediates.noindex/CSwift.build/Debug/CSwift\ product.build/empty-CSwift.plist
Ld /Users/builder/builds/UKfvDsi8u/3/finestructure/swiftpackageindex-builder/spi-builder-workspace/.derivedData/Build/Products/Debug/PackageFrameworks/CSwift.framework/Versions/A/CSwift normal (in target 'CSwift' from project 'CSwift')
    cd /Users/builder/builds/UKfvDsi8u/3/finestructure/swiftpackageindex-builder/spi-builder-workspace
    /Applications/Xcode-15.3.0-Beta.2.app/Contents/Developer/Toolchains/XcodeDefault.xctoolchain/usr/bin/clang -Xlinker -reproducible -target arm64-apple-macos10.13 -dynamiclib -isysroot /Applications/Xcode-15.3.0-Beta.2.app/Contents/Developer/Platforms/MacOSX.platform/Developer/SDKs/MacOSX14.4.sdk -O0 -L/Users/builder/builds/UKfvDsi8u/3/finestructure/swiftpackageindex-builder/spi-builder-workspace/.derivedData/Build/Intermediates.noindex/EagerLinkingTBDs/Debug -L/Users/builder/builds/UKfvDsi8u/3/finestructure/swiftpackageindex-builder/spi-builder-workspace/.derivedData/Build/Products/Debug -L/Applications/Xcode-15.3.0-Beta.2.app/Contents/Developer/Platforms/MacOSX.platform/Developer/usr/lib -F/Users/builder/builds/UKfvDsi8u/3/finestructure/swiftpackageindex-builder/spi-builder-workspace/.derivedData/Build/Intermediates.noindex/EagerLinkingTBDs/Debug -F/Users/builder/builds/UKfvDsi8u/3/finestructure/swiftpackageindex-builder/spi-builder-workspace/.derivedData/Build/Products/Debug/PackageFrameworks -F/Users/builder/builds/UKfvDsi8u/3/finestructure/swiftpackageindex-builder/spi-builder-workspace/.derivedData/Build/Products/Debug -iframework /Applications/Xcode-15.3.0-Beta.2.app/Contents/Developer/Platforms/MacOSX.platform/Developer/Library/Frameworks -filelist /Users/builder/builds/UKfvDsi8u/3/finestructure/swiftpackageindex-builder/spi-builder-workspace/.derivedData/Build/Intermediates.noindex/CSwift.build/Debug/CSwift\ product.build/Objects-normal/arm64/CSwift.LinkFileList -install_name @rpath/CSwift.framework/Versions/A/CSwift -Xlinker -rpath -Xlinker /Users/builder/builds/UKfvDsi8u/3/finestructure/swiftpackageindex-builder/spi-builder-workspace/.derivedData/Build/Products/Debug/PackageFrameworks -Xlinker -object_path_lto -Xlinker /Users/builder/builds/UKfvDsi8u/3/finestructure/swiftpackageindex-builder/spi-builder-workspace/.derivedData/Build/Intermediates.noindex/CSwift.build/Debug/CSwift\ product.build/Objects-normal/arm64/CSwift_lto.o -Xlinker -export_dynamic -Xlinker -no_deduplicate -Xlinker -debug_variant -Wl,-no_warn_duplicate_libraries -Xlinker -dependency_info -Xlinker /Users/builder/builds/UKfvDsi8u/3/finestructure/swiftpackageindex-builder/spi-builder-workspace/.derivedData/Build/Intermediates.noindex/CSwift.build/Debug/CSwift\ product.build/Objects-normal/arm64/CSwift_dependency_info.dat -o /Users/builder/builds/UKfvDsi8u/3/finestructure/swiftpackageindex-builder/spi-builder-workspace/.derivedData/Build/Products/Debug/PackageFrameworks/CSwift.framework/Versions/A/CSwift
Undefined symbols for architecture arm64:
  "___llvm_profile_runtime", referenced from:
      ___llvm_profile_runtime_user in CSwift.o
ld: symbol(s) not found for architecture arm64
clang: error: linker command failed with exit code 1 (use -v to see invocation)
ProcessInfoPlistFile /Users/builder/builds/UKfvDsi8u/3/finestructure/swiftpackageindex-builder/spi-builder-workspace/.derivedData/Build/Products/Debug/PackageFrameworks/CSwift.framework/Versions/A/Resources/Info.plist /Users/builder/builds/UKfvDsi8u/3/finestructure/swiftpackageindex-builder/spi-builder-workspace/.derivedData/Build/Intermediates.noindex/CSwift.build/Debug/CSwift\ product.build/empty-CSwift.plist (in target 'CSwift' from project 'CSwift')
    cd /Users/builder/builds/UKfvDsi8u/3/finestructure/swiftpackageindex-builder/spi-builder-workspace
    builtin-infoPlistUtility /Users/builder/builds/UKfvDsi8u/3/finestructure/swiftpackageindex-builder/spi-builder-workspace/.derivedData/Build/Intermediates.noindex/CSwift.build/Debug/CSwift\ product.build/empty-CSwift.plist -producttype com.apple.product-type.framework -expandbuildsettings -platform macosx -o /Users/builder/builds/UKfvDsi8u/3/finestructure/swiftpackageindex-builder/spi-builder-workspace/.derivedData/Build/Products/Debug/PackageFrameworks/CSwift.framework/Versions/A/Resources/Info.plist
2024-02-13 16:58:03.112 xcodebuild[20228:683941] Requested but did not find extension point with identifier Xcode.DVTDeviceFoundation.Aspect for extension Xcode.IDEiOSSupportCore.Aspect.NBDD of plug-in com.apple.dt.IDE.IDEiOSSupportCore
2024-02-13 16:58:03.404 xcodebuild[20228:683941] [MT] DVTPlugInQuery: Requested but did not find extension point with identifier 'Xcode.DVTDeviceFoundation.CompatibleDeviceFamilyPair'. This is programmer error; code should only request extension points that are defined by itself or its dependencies.
--- xcodebuild: WARNING: Using the first of multiple matching destinations:
{ platform:macOS, arch:arm64, id:00008103-001A103E26D2001E, name:My Mac }
{ platform:macOS, arch:arm64, variant:Mac Catalyst, id:00008103-001A103E26D2001E, name:My Mac }
{ platform:macOS, arch:arm64, variant:DriverKit, id:00008103-001A103E26D2001E, name:My Mac }
{ platform:macOS, arch:arm64, variant:Designed for [iPad,iPhone], id:00008103-001A103E26D2001E, name:My Mac }
{ platform:tvOS Simulator, id:70405EF9-9F90-417C-9F6E-AB3B1F1D9DC7, OS:17.2, name:Apple TV }
{ platform:tvOS Simulator, id:5A5BB7E0-B90B-49A0-BBB1-943FFC27A1D4, OS:17.4, name:Apple TV }
{ platform:tvOS Simulator, id:B2053F29-3B9E-4DE9-85A6-E38ACA4451A3, OS:17.2, name:Apple TV 4K (3rd generation) }
{ platform:tvOS Simulator, id:2937AC14-15E0-4D42-B8AA-9481941721C6, OS:17.4, name:Apple TV 4K (3rd generation) }
{ platform:tvOS Simulator, id:8CB0E68C-1668-4843-9793-1033274AEF77, OS:17.2, name:Apple TV 4K (3rd generation) (at 1080p) }
{ platform:tvOS Simulator, id:12F2CDEA-21DA-4EB9-9191-18D81B6D6038, OS:17.4, name:Apple TV 4K (3rd generation) (at 1080p) }
{ platform:visionOS Simulator, id:3ED67185-3870-4373-A65C-9E87C7BB694D, OS:1.0, name:Apple Vision Pro }
{ platform:visionOS Simulator, id:F72B4774-80F1-46B1-8438-87CC44877F81, OS:1.1, name:Apple Vision Pro }
{ platform:watchOS Simulator, id:C09E6AC2-CB54-425A-B2A5-6989BBD552F6, OS:10.2, name:Apple Watch SE (40mm) (2nd generation) }
{ platform:watchOS Simulator, id:AC0D13ED-0C17-4393-B49C-7E77D9D536A9, OS:10.4, name:Apple Watch SE (40mm) (2nd generation) }
{ platform:watchOS Simulator, id:9F3BF276-B6F8-498E-A39B-7E990D422823, OS:10.2, name:Apple Watch SE (44mm) (2nd generation) }
{ platform:watchOS Simulator, id:307A0B53-641A-4BD9-AC70-1795D0990F5A, OS:10.4, name:Apple Watch SE (44mm) (2nd generation) }
{ platform:watchOS Simulator, id:F1090B6B-F489-45B3-998E-2B4F804B19E4, OS:10.2, name:Apple Watch Series 5 (40mm) }
{ platform:watchOS Simulator, id:1667D247-6F26-4CDF-8BEE-7608CA76115D, OS:10.4, name:Apple Watch Series 5 (40mm) }
{ platform:watchOS Simulator, id:32473BDB-0398-4FBE-9F10-1F59EB759BBE, OS:10.2, name:Apple Watch Series 5 (44mm) }
{ platform:watchOS Simulator, id:0EF50BE9-DA98-47FF-A50C-13ADFA45F141, OS:10.4, name:Apple Watch Series 5 (44mm) }
{ platform:watchOS Simulator, id:5CA09CC5-AC4C-4E46-B119-058DDEF07CD8, OS:10.2, name:Apple Watch Series 6 (40mm) }
{ platform:watchOS Simulator, id:F7F04DC6-F2F7-4C7D-A681-4CDBBEBAC095, OS:10.4, name:Apple Watch Series 6 (40mm) }
{ platform:watchOS Simulator, id:6979E2A9-F51A-4C70-81EF-61FC04A6FFB0, OS:10.2, name:Apple Watch Series 6 (44mm) }
{ platform:watchOS Simulator, id:9FEBE2FA-B4C6-4EF7-9518-D1CC33162E5E, OS:10.4, name:Apple Watch Series 6 (44mm) }
{ platform:watchOS Simulator, id:3619F637-7CC2-42C4-AE50-2BA4EFACF343, OS:10.2, name:Apple Watch Series 7 (41mm) }
{ platform:watchOS Simulator, id:8BA0449F-D125-45B5-8326-1BF2744151FD, OS:10.4, name:Apple Watch Series 7 (41mm) }
{ platform:watchOS Simulator, id:F23A4AA7-9463-412D-B832-3859C6BE279B, OS:10.2, name:Apple Watch Series 7 (45mm) }
{ platform:watchOS Simulator, id:E0C99BE0-D2D5-4BB3-8F87-FB5E7C2E7B54, OS:10.4, name:Apple Watch Series 7 (45mm) }
{ platform:watchOS Simulator, id:D4727970-4CE3-4078-AFB3-82E06BA84CF9, OS:10.2, name:Apple Watch Series 9 (41mm) }
{ platform:watchOS Simulator, id:E1574FD0-AF8F-4000-A3A4-99E160EB2B93, OS:10.4, name:Apple Watch Series 9 (41mm) }
{ platform:watchOS Simulator, id:FEFDEB23-F4A2-40D6-BF31-D6DAF814114F, OS:10.2, name:Apple Watch Series 9 (45mm) }
{ platform:watchOS Simulator, id:81C5852D-104B-4EF8-82AB-533A260025BA, OS:10.4, name:Apple Watch Series 9 (45mm) }
{ platform:watchOS Simulator, id:C17E5169-BF27-402A-A3B3-BD0E2C66315A, OS:10.2, name:Apple Watch Ultra 2 (49mm) }
{ platform:watchOS Simulator, id:FB3DD217-BE1E-45E5-9638-D38C79323506, OS:10.4, name:Apple Watch Ultra 2 (49mm) }
{ platform:iOS Simulator, id:8C0985BD-C231-44A9-A42A-48E32D904F22, OS:17.2, name:iPad (10th generation) }
{ platform:iOS Simulator, id:B356BE2B-EFC5-41D9-851F-D3F4BE4E9E18, OS:17.4, name:iPad (10th generation) }
{ platform:iOS Simulator, id:1061DA60-1B2C-43B4-8A12-AA8E17FDBF6B, OS:17.2, name:iPad Air (5th generation) }
{ platform:iOS Simulator, id:4E3FF828-C406-4B78-9927-9C976A8B1FCB, OS:17.4, name:iPad Air (5th generation) }
{ platform:iOS Simulator, id:25D827DD-3847-4642-8622-9336A529A407, OS:17.2, name:iPad Pro (11-inch) (4th generation) }
{ platform:iOS Simulator, id:C3B8C198-8013-4BE6-959F-63057EDC6035, OS:17.4, name:iPad Pro (11-inch) (4th generation) }
{ platform:iOS Simulator, id:EF66F110-FED0-4A49-91C4-126AC2E5240C, OS:17.2, name:iPad Pro (12.9-inch) (6th generation) }
{ platform:iOS Simulator, id:ECA6D07B-4A0E-4906-80ED-951B87F032DF, OS:17.4, name:iPad Pro (12.9-inch) (6th generation) }
{ platform:iOS Simulator, id:7D6DC3D2-B9B6-4F95-A23F-15029D0A987A, OS:17.2, name:iPad mini (6th generation) }
{ platform:iOS Simulator, id:742F36DC-4CCD-4C21-B5A2-3A184C8FC8E2, OS:17.4, name:iPad mini (6th generation) }
{ platform:iOS Simulator, id:8C38D4D5-D1D3-4860-84B1-0A1FB8CF28E4, OS:17.2, name:iPhone 15 }
{ platform:iOS Simulator, id:3CA0008B-DE9E-40AE-8796-57466FEC6CB4, OS:17.4, name:iPhone 15 }
{ platform:iOS Simulator, id:CBA75002-93AE-442A-9270-D70099CE0A53, OS:17.2, name:iPhone 15 Plus }
{ platform:iOS Simulator, id:698BC705-0BA2-43A3-B6BE-6DA0A57E93D3, OS:17.4, name:iPhone 15 Plus }
{ platform:iOS Simulator, id:508BD349-D73E-44FD-9CC7-77D01749CA1F, OS:17.2, name:iPhone 15 Pro }
{ platform:iOS Simulator, id:7AC01184-85A2-4585-8CB1-681C489D52AE, OS:17.4, name:iPhone 15 Pro }
{ platform:iOS Simulator, id:F3F94F7F-22C1-423E-9993-20876A4D535B, OS:17.2, name:iPhone 15 Pro Max }
{ platform:iOS Simulator, id:ACB7F155-FC1C-463C-9455-63BE11A7BA54, OS:17.4, name:iPhone 15 Pro Max }
{ platform:iOS Simulator, id:54F76F08-7524-4F62-A049-3CD511DF9155, OS:17.2, name:iPhone SE (3rd generation) }
{ platform:iOS Simulator, id:9937A015-E1C7-43F5-87C9-53FE3A21628D, OS:17.4, name:iPhone SE (3rd generation) }
** BUILD FAILED **
The following build commands failed:
	Ld /Users/builder/builds/UKfvDsi8u/3/finestructure/swiftpackageindex-builder/spi-builder-workspace/.derivedData/Build/Products/Debug/PackageFrameworks/CSwift.framework/Versions/A/CSwift normal (in target 'CSwift' from project 'CSwift')
(1 failure)
Command line invocation:
    /Applications/Xcode-15.3.0-Beta.2.app/Contents/Developer/usr/bin/xcodebuild -IDEClonedSourcePackagesDirPathOverride=/Users/builder/builds/UKfvDsi8u/3/finestructure/swiftpackageindex-builder/spi-builder-workspace/.dependencies -skipMacroValidation -skipPackagePluginValidation -derivedDataPath /Users/builder/builds/UKfvDsi8u/3/finestructure/swiftpackageindex-builder/spi-builder-workspace/.derivedData build -scheme CSwift -destination platform=macos,arch=arm64
User defaults from command line:
    IDEClonedSourcePackagesDirPathOverride = /Users/builder/builds/UKfvDsi8u/3/finestructure/swiftpackageindex-builder/spi-builder-workspace/.dependencies
    IDEDerivedDataPathOverride = /Users/builder/builds/UKfvDsi8u/3/finestructure/swiftpackageindex-builder/spi-builder-workspace/.derivedData
    IDEPackageSupportUseBuiltinSCM = YES
Resolve Package Graph
Resolved source packages:
  CSwift: /Users/builder/builds/UKfvDsi8u/3/finestructure/swiftpackageindex-builder/spi-builder-workspace
Prepare packages
ComputeTargetDependencyGraph
note: Building targets in dependency order
note: Target dependency graph (2 targets)
    Target 'CSwift' in project 'CSwift'
        ➜ Explicit dependency on target 'CSwift' in project 'CSwift'
    Target 'CSwift' in project 'CSwift' (no dependencies)
GatherProvisioningInputs
CreateBuildDescription
ClangStatCache /Applications/Xcode-15.3.0-Beta.2.app/Contents/Developer/Toolchains/XcodeDefault.xctoolchain/usr/bin/clang-stat-cache /Applications/Xcode-15.3.0-Beta.2.app/Contents/Developer/Platforms/MacOSX.platform/Developer/SDKs/MacOSX14.4.sdk /Users/builder/builds/UKfvDsi8u/3/finestructure/swiftpackageindex-builder/spi-builder-workspace/.derivedData/SDKStatCaches.noindex/macosx14.4-23E5191c-5eb64f1a3ecde1ad91091371889b1b07.sdkstatcache
    cd /Users/builder/builds/UKfvDsi8u/3/finestructure/swiftpackageindex-builder/spi-builder-workspace/.swiftpm/xcode
    /Applications/Xcode-15.3.0-Beta.2.app/Contents/Developer/Toolchains/XcodeDefault.xctoolchain/usr/bin/clang-stat-cache /Applications/Xcode-15.3.0-Beta.2.app/Contents/Developer/Platforms/MacOSX.platform/Developer/SDKs/MacOSX14.4.sdk -o /Users/builder/builds/UKfvDsi8u/3/finestructure/swiftpackageindex-builder/spi-builder-workspace/.derivedData/SDKStatCaches.noindex/macosx14.4-23E5191c-5eb64f1a3ecde1ad91091371889b1b07.sdkstatcache
Ld /Users/builder/builds/UKfvDsi8u/3/finestructure/swiftpackageindex-builder/spi-builder-workspace/.derivedData/Build/Products/Debug/PackageFrameworks/CSwift.framework/Versions/A/CSwift normal (in target 'CSwift' from project 'CSwift')
    cd /Users/builder/builds/UKfvDsi8u/3/finestructure/swiftpackageindex-builder/spi-builder-workspace
    /Applications/Xcode-15.3.0-Beta.2.app/Contents/Developer/Toolchains/XcodeDefault.xctoolchain/usr/bin/clang -Xlinker -reproducible -target arm64-apple-macos10.13 -dynamiclib -isysroot /Applications/Xcode-15.3.0-Beta.2.app/Contents/Developer/Platforms/MacOSX.platform/Developer/SDKs/MacOSX14.4.sdk -O0 -L/Users/builder/builds/UKfvDsi8u/3/finestructure/swiftpackageindex-builder/spi-builder-workspace/.derivedData/Build/Intermediates.noindex/EagerLinkingTBDs/Debug -L/Users/builder/builds/UKfvDsi8u/3/finestructure/swiftpackageindex-builder/spi-builder-workspace/.derivedData/Build/Products/Debug -L/Applications/Xcode-15.3.0-Beta.2.app/Contents/Developer/Platforms/MacOSX.platform/Developer/usr/lib -F/Users/builder/builds/UKfvDsi8u/3/finestructure/swiftpackageindex-builder/spi-builder-workspace/.derivedData/Build/Intermediates.noindex/EagerLinkingTBDs/Debug -F/Users/builder/builds/UKfvDsi8u/3/finestructure/swiftpackageindex-builder/spi-builder-workspace/.derivedData/Build/Products/Debug/PackageFrameworks -F/Users/builder/builds/UKfvDsi8u/3/finestructure/swiftpackageindex-builder/spi-builder-workspace/.derivedData/Build/Products/Debug -iframework /Applications/Xcode-15.3.0-Beta.2.app/Contents/Developer/Platforms/MacOSX.platform/Developer/Library/Frameworks -filelist /Users/builder/builds/UKfvDsi8u/3/finestructure/swiftpackageindex-builder/spi-builder-workspace/.derivedData/Build/Intermediates.noindex/CSwift.build/Debug/CSwift\ product.build/Objects-normal/arm64/CSwift.LinkFileList -install_name @rpath/CSwift.framework/Versions/A/CSwift -Xlinker -rpath -Xlinker /Users/builder/builds/UKfvDsi8u/3/finestructure/swiftpackageindex-builder/spi-builder-workspace/.derivedData/Build/Products/Debug/PackageFrameworks -Xlinker -object_path_lto -Xlinker /Users/builder/builds/UKfvDsi8u/3/finestructure/swiftpackageindex-builder/spi-builder-workspace/.derivedData/Build/Intermediates.noindex/CSwift.build/Debug/CSwift\ product.build/Objects-normal/arm64/CSwift_lto.o -Xlinker -export_dynamic -Xlinker -no_deduplicate -Xlinker -debug_variant -Wl,-no_warn_duplicate_libraries -Xlinker -dependency_info -Xlinker /Users/builder/builds/UKfvDsi8u/3/finestructure/swiftpackageindex-builder/spi-builder-workspace/.derivedData/Build/Intermediates.noindex/CSwift.build/Debug/CSwift\ product.build/Objects-normal/arm64/CSwift_dependency_info.dat -o /Users/builder/builds/UKfvDsi8u/3/finestructure/swiftpackageindex-builder/spi-builder-workspace/.derivedData/Build/Products/Debug/PackageFrameworks/CSwift.framework/Versions/A/CSwift
Undefined symbols for architecture arm64:
  "___llvm_profile_runtime", referenced from:
      ___llvm_profile_runtime_user in CSwift.o
ld: symbol(s) not found for architecture arm64
clang: error: linker command failed with exit code 1 (use -v to see invocation)
2024-02-13 16:58:36.065 xcodebuild[21048:686765] Requested but did not find extension point with identifier Xcode.DVTDeviceFoundation.Aspect for extension Xcode.IDEiOSSupportCore.Aspect.NBDD of plug-in com.apple.dt.IDE.IDEiOSSupportCore
2024-02-13 16:58:36.424 xcodebuild[21048:686765] [MT] DVTPlugInQuery: Requested but did not find extension point with identifier 'Xcode.DVTDeviceFoundation.CompatibleDeviceFamilyPair'. This is programmer error; code should only request extension points that are defined by itself or its dependencies.
--- xcodebuild: WARNING: Using the first of multiple matching destinations:
{ platform:macOS, arch:arm64, id:00008103-001A103E26D2001E, name:My Mac }
{ platform:macOS, arch:arm64, variant:Mac Catalyst, id:00008103-001A103E26D2001E, name:My Mac }
{ platform:macOS, arch:arm64, variant:DriverKit, id:00008103-001A103E26D2001E, name:My Mac }
{ platform:macOS, arch:arm64, variant:Designed for [iPad,iPhone], id:00008103-001A103E26D2001E, name:My Mac }
{ platform:tvOS Simulator, id:70405EF9-9F90-417C-9F6E-AB3B1F1D9DC7, OS:17.2, name:Apple TV }
{ platform:tvOS Simulator, id:5A5BB7E0-B90B-49A0-BBB1-943FFC27A1D4, OS:17.4, name:Apple TV }
{ platform:tvOS Simulator, id:B2053F29-3B9E-4DE9-85A6-E38ACA4451A3, OS:17.2, name:Apple TV 4K (3rd generation) }
{ platform:tvOS Simulator, id:2937AC14-15E0-4D42-B8AA-9481941721C6, OS:17.4, name:Apple TV 4K (3rd generation) }
{ platform:tvOS Simulator, id:8CB0E68C-1668-4843-9793-1033274AEF77, OS:17.2, name:Apple TV 4K (3rd generation) (at 1080p) }
{ platform:tvOS Simulator, id:12F2CDEA-21DA-4EB9-9191-18D81B6D6038, OS:17.4, name:Apple TV 4K (3rd generation) (at 1080p) }
{ platform:visionOS Simulator, id:3ED67185-3870-4373-A65C-9E87C7BB694D, OS:1.0, name:Apple Vision Pro }
{ platform:visionOS Simulator, id:F72B4774-80F1-46B1-8438-87CC44877F81, OS:1.1, name:Apple Vision Pro }
{ platform:watchOS Simulator, id:C09E6AC2-CB54-425A-B2A5-6989BBD552F6, OS:10.2, name:Apple Watch SE (40mm) (2nd generation) }
{ platform:watchOS Simulator, id:AC0D13ED-0C17-4393-B49C-7E77D9D536A9, OS:10.4, name:Apple Watch SE (40mm) (2nd generation) }
{ platform:watchOS Simulator, id:9F3BF276-B6F8-498E-A39B-7E990D422823, OS:10.2, name:Apple Watch SE (44mm) (2nd generation) }
{ platform:watchOS Simulator, id:307A0B53-641A-4BD9-AC70-1795D0990F5A, OS:10.4, name:Apple Watch SE (44mm) (2nd generation) }
{ platform:watchOS Simulator, id:F1090B6B-F489-45B3-998E-2B4F804B19E4, OS:10.2, name:Apple Watch Series 5 (40mm) }
{ platform:watchOS Simulator, id:1667D247-6F26-4CDF-8BEE-7608CA76115D, OS:10.4, name:Apple Watch Series 5 (40mm) }
{ platform:watchOS Simulator, id:32473BDB-0398-4FBE-9F10-1F59EB759BBE, OS:10.2, name:Apple Watch Series 5 (44mm) }
{ platform:watchOS Simulator, id:0EF50BE9-DA98-47FF-A50C-13ADFA45F141, OS:10.4, name:Apple Watch Series 5 (44mm) }
{ platform:watchOS Simulator, id:5CA09CC5-AC4C-4E46-B119-058DDEF07CD8, OS:10.2, name:Apple Watch Series 6 (40mm) }
{ platform:watchOS Simulator, id:F7F04DC6-F2F7-4C7D-A681-4CDBBEBAC095, OS:10.4, name:Apple Watch Series 6 (40mm) }
{ platform:watchOS Simulator, id:6979E2A9-F51A-4C70-81EF-61FC04A6FFB0, OS:10.2, name:Apple Watch Series 6 (44mm) }
{ platform:watchOS Simulator, id:9FEBE2FA-B4C6-4EF7-9518-D1CC33162E5E, OS:10.4, name:Apple Watch Series 6 (44mm) }
{ platform:watchOS Simulator, id:3619F637-7CC2-42C4-AE50-2BA4EFACF343, OS:10.2, name:Apple Watch Series 7 (41mm) }
{ platform:watchOS Simulator, id:8BA0449F-D125-45B5-8326-1BF2744151FD, OS:10.4, name:Apple Watch Series 7 (41mm) }
{ platform:watchOS Simulator, id:F23A4AA7-9463-412D-B832-3859C6BE279B, OS:10.2, name:Apple Watch Series 7 (45mm) }
{ platform:watchOS Simulator, id:E0C99BE0-D2D5-4BB3-8F87-FB5E7C2E7B54, OS:10.4, name:Apple Watch Series 7 (45mm) }
{ platform:watchOS Simulator, id:D4727970-4CE3-4078-AFB3-82E06BA84CF9, OS:10.2, name:Apple Watch Series 9 (41mm) }
{ platform:watchOS Simulator, id:E1574FD0-AF8F-4000-A3A4-99E160EB2B93, OS:10.4, name:Apple Watch Series 9 (41mm) }
{ platform:watchOS Simulator, id:FEFDEB23-F4A2-40D6-BF31-D6DAF814114F, OS:10.2, name:Apple Watch Series 9 (45mm) }
{ platform:watchOS Simulator, id:81C5852D-104B-4EF8-82AB-533A260025BA, OS:10.4, name:Apple Watch Series 9 (45mm) }
{ platform:watchOS Simulator, id:C17E5169-BF27-402A-A3B3-BD0E2C66315A, OS:10.2, name:Apple Watch Ultra 2 (49mm) }
{ platform:watchOS Simulator, id:FB3DD217-BE1E-45E5-9638-D38C79323506, OS:10.4, name:Apple Watch Ultra 2 (49mm) }
{ platform:iOS Simulator, id:8C0985BD-C231-44A9-A42A-48E32D904F22, OS:17.2, name:iPad (10th generation) }
{ platform:iOS Simulator, id:B356BE2B-EFC5-41D9-851F-D3F4BE4E9E18, OS:17.4, name:iPad (10th generation) }
{ platform:iOS Simulator, id:1061DA60-1B2C-43B4-8A12-AA8E17FDBF6B, OS:17.2, name:iPad Air (5th generation) }
{ platform:iOS Simulator, id:4E3FF828-C406-4B78-9927-9C976A8B1FCB, OS:17.4, name:iPad Air (5th generation) }
{ platform:iOS Simulator, id:25D827DD-3847-4642-8622-9336A529A407, OS:17.2, name:iPad Pro (11-inch) (4th generation) }
{ platform:iOS Simulator, id:C3B8C198-8013-4BE6-959F-63057EDC6035, OS:17.4, name:iPad Pro (11-inch) (4th generation) }
{ platform:iOS Simulator, id:EF66F110-FED0-4A49-91C4-126AC2E5240C, OS:17.2, name:iPad Pro (12.9-inch) (6th generation) }
{ platform:iOS Simulator, id:ECA6D07B-4A0E-4906-80ED-951B87F032DF, OS:17.4, name:iPad Pro (12.9-inch) (6th generation) }
{ platform:iOS Simulator, id:7D6DC3D2-B9B6-4F95-A23F-15029D0A987A, OS:17.2, name:iPad mini (6th generation) }
{ platform:iOS Simulator, id:742F36DC-4CCD-4C21-B5A2-3A184C8FC8E2, OS:17.4, name:iPad mini (6th generation) }
{ platform:iOS Simulator, id:8C38D4D5-D1D3-4860-84B1-0A1FB8CF28E4, OS:17.2, name:iPhone 15 }
{ platform:iOS Simulator, id:3CA0008B-DE9E-40AE-8796-57466FEC6CB4, OS:17.4, name:iPhone 15 }
{ platform:iOS Simulator, id:CBA75002-93AE-442A-9270-D70099CE0A53, OS:17.2, name:iPhone 15 Plus }
{ platform:iOS Simulator, id:698BC705-0BA2-43A3-B6BE-6DA0A57E93D3, OS:17.4, name:iPhone 15 Plus }
{ platform:iOS Simulator, id:508BD349-D73E-44FD-9CC7-77D01749CA1F, OS:17.2, name:iPhone 15 Pro }
{ platform:iOS Simulator, id:7AC01184-85A2-4585-8CB1-681C489D52AE, OS:17.4, name:iPhone 15 Pro }
{ platform:iOS Simulator, id:F3F94F7F-22C1-423E-9993-20876A4D535B, OS:17.2, name:iPhone 15 Pro Max }
{ platform:iOS Simulator, id:ACB7F155-FC1C-463C-9455-63BE11A7BA54, OS:17.4, name:iPhone 15 Pro Max }
{ platform:iOS Simulator, id:54F76F08-7524-4F62-A049-3CD511DF9155, OS:17.2, name:iPhone SE (3rd generation) }
{ platform:iOS Simulator, id:9937A015-E1C7-43F5-87C9-53FE3A21628D, OS:17.4, name:iPhone SE (3rd generation) }
** BUILD FAILED **
The following build commands failed:
	Ld /Users/builder/builds/UKfvDsi8u/3/finestructure/swiftpackageindex-builder/spi-builder-workspace/.derivedData/Build/Products/Debug/PackageFrameworks/CSwift.framework/Versions/A/CSwift normal (in target 'CSwift' from project 'CSwift')
(1 failure)
BUILD FAILURE 5.10 macosXcodebuild

Build Machine: Mac 7