Build Information
Failed to build Upsurge, reference 0.11.0 (66c662), with Swift 6.4 for watchOS using Xcode 27.0 on 17 Sep 2026 01:09:22 UTC.
Build Command
env DEVELOPER_DIR=/Applications/Xcode-27.0.0-Release.Candidate.app xcrun xcodebuild -IDEClonedSourcePackagesDirPathOverride=$PWD/.dependencies -skipMacroValidation -skipPackagePluginValidation -derivedDataPath $PWD/.derivedData build -scheme Upsurge -destination generic/platform=watchOSBuild Log
========================================
RunAll
========================================
Builder version: 5.1.0
Interrupt handler set up.
========================================
Checkout
========================================
Clone URL: https://github.com/alejandro-isaza/Upsurge.git
Reference: 0.11.0
Initialized empty Git repository in /Users/admin/builder/spi-builder-workspace/.git/
From https://github.com/alejandro-isaza/Upsurge
* tag 0.11.0 -> FETCH_HEAD
HEAD is now at 66c6625 Update podspec
Cloned https://github.com/alejandro-isaza/Upsurge.git
Revision (git rev-parse @):
66c66253ab0d1a0988a6efb68f49629cf3e06a84
SUCCESS checkout https://github.com/alejandro-isaza/Upsurge.git at 0.11.0
========================================
Build
========================================
Selected platform: watchOS
Swift version: 6.4
Building package at path: $PWD
https://github.com/alejandro-isaza/Upsurge.git
Command line invocation:
/Applications/Xcode-27.0.0-Release.Candidate.app/Contents/Developer/usr/bin/xcodebuild -IDEClonedSourcePackagesDirPathOverride=/Users/admin/builder/spi-builder-workspace/.dependencies -resolvePackageDependencies
resolved source packages:
{
"dependencies" : [
],
"manifest_display_name" : "Upsurge",
"name" : "Upsurge",
"path" : "/Users/admin/builder/spi-builder-workspace",
"platforms" : [
],
"products" : [
{
"name" : "Upsurge",
"targets" : [
"Upsurge"
],
"type" : {
"library" : [
"automatic"
]
}
}
],
"targets" : [
{
"c99name" : "UpsurgeTests",
"module_type" : "SwiftTarget",
"name" : "UpsurgeTests",
"path" : "Tests/UpsurgeTests",
"sources" : [
"ArithmeticTests.swift",
"AuxiliaryTests.swift",
"ComplexTests.swift",
"ExponentialTests.swift",
"RealMatrixTests.swift",
"SpanTests.swift",
"TensorTests.swift",
"ValueArraySliceTests.swift",
"ValueArrayTests.swift",
"XCTestCase+Surge.swift"
],
"target_dependencies" : [
"Upsurge"
],
"type" : "test"
},
{
"c99name" : "Upsurge",
"module_type" : "SwiftTarget",
"name" : "Upsurge",
"path" : "Sources/Upsurge",
"product_memberships" : [
"Upsurge"
],
"sources" : [
"2DTensorSlice.swift",
"Arithmetic.swift",
"Auxiliary.swift",
"Complex.swift",
"ComplexArithmetic.swift",
"ComplexArray.swift",
"ComplexArrayRealSlice.swift",
"ComplexArraySlice.swift",
"Exponential.swift",
"Interval.swift",
"LinearOperators.swift",
"LinearType.swift",
"Matrix.swift",
"MatrixArithmetic.swift",
"MatrixSlice.swift",
"PointerUtilities.swift",
"QuadraticType.swift",
"Real.swift",
"Sequence.swift",
"Span.swift",
"Tensor.swift",
"TensorSlice.swift",
"TensorType.swift",
"Value.swift",
"ValueArray.swift",
"ValueArraySlice.swift"
],
"type" : "library"
}
],
"tools_version" : "4.0"
}
{
"project" : {
"configurations" : [
"Debug",
"Release"
],
"name" : "Upsurge",
"schemes" : [
"Upsurge iOS",
"Upsurge OSX",
"Upsurge tvOS"
],
"targets" : [
"Upsurge OSX",
"UpsurgeTests OSX",
"Upsurge iOS",
"UpsurgeTests iOS",
"Upsurge tvOS",
"UpsurgeTests tvOS"
]
}
}
{
"workspace" : {
"name" : "Upsurge",
"schemes" : [
"Upsurge"
]
}
}
2026-09-16 21:09:10.782 xcodebuild[616:3843] [MT] IDERunDestination: Supported platforms for the buildables in the current scheme is empty.
Running build ...
env DEVELOPER_DIR=/Applications/Xcode-27.0.0-Release.Candidate.app xcrun xcodebuild -IDEClonedSourcePackagesDirPathOverride=$PWD/.dependencies -skipMacroValidation -skipPackagePluginValidation -derivedDataPath $PWD/.derivedData build -scheme Upsurge -destination generic/platform=watchOS
Command line invocation:
/Applications/Xcode-27.0.0-Release.Candidate.app/Contents/Developer/usr/bin/xcodebuild -IDEClonedSourcePackagesDirPathOverride=/Users/admin/builder/spi-builder-workspace/.dependencies -skipMacroValidation -skipPackagePluginValidation -derivedDataPath /Users/admin/builder/spi-builder-workspace/.derivedData build -scheme Upsurge -destination generic/platform=watchOS
Resolve Package Graph
Resolved source packages:
Upsurge: /Users/admin/builder/spi-builder-workspace
ComputePackagePrebuildTargetDependencyGraph
Prepare packages
CreateBuildRequest
SendProjectDescription
CreateBuildOperation
ComputeTargetDependencyGraph
note: Building targets in dependency order
note: Target dependency graph (2 targets)
Target 'Upsurge-product' in project 'Upsurge'
➜ Explicit dependency on target 'Upsurge' in project 'Upsurge'
Target 'Upsurge' in project 'Upsurge' (no dependencies)
GatherProvisioningInputs
CreateBuildDescription
ExecuteExternalTool /Applications/Xcode-27.0.0-Release.Candidate.app/Contents/Developer/Toolchains/XcodeDefault.xctoolchain/usr/bin/clang -v -E -dM -isysroot /Applications/Xcode-27.0.0-Release.Candidate.app/Contents/Developer/Platforms/WatchOS.platform/Developer/SDKs/WatchOS27.0.sdk -x c -c /dev/null
ExecuteExternalTool /Applications/Xcode-27.0.0-Release.Candidate.app/Contents/Developer/Toolchains/XcodeDefault.xctoolchain/usr/bin/swiftc --version
ExecuteExternalTool /Applications/Xcode-27.0.0-Release.Candidate.app/Contents/Developer/Toolchains/XcodeDefault.xctoolchain/usr/bin/ld -version_details
Build description signature: 7fddfb36106024613ebef264b374bc5b
Build description path: /Users/admin/builder/spi-builder-workspace/.derivedData/Build/Intermediates.noindex/XCBuildData/7fddfb36106024613ebef264b374bc5b.xcbuilddata
CreateBuildDirectory /Users/admin/builder/spi-builder-workspace/.derivedData/ModuleCache.noindex
cd /Users/admin/builder/spi-builder-workspace/.swiftpm/xcode
builtin-create-build-directory /Users/admin/builder/spi-builder-workspace/.derivedData/ModuleCache.noindex
CreateBuildDirectory /Users/admin/builder/spi-builder-workspace/.derivedData/SDKExplicitPrecompiledModules
cd /Users/admin/builder/spi-builder-workspace/.swiftpm/xcode
builtin-create-build-directory /Users/admin/builder/spi-builder-workspace/.derivedData/SDKExplicitPrecompiledModules
CreateBuildDirectory /Users/admin/builder/spi-builder-workspace/.derivedData/CompilationCache.noindex
cd /Users/admin/builder/spi-builder-workspace/.swiftpm/xcode
builtin-create-build-directory /Users/admin/builder/spi-builder-workspace/.derivedData/CompilationCache.noindex
ClangStatCache /Applications/Xcode-27.0.0-Release.Candidate.app/Contents/Developer/Toolchains/XcodeDefault.xctoolchain/usr/bin/clang-stat-cache /Applications/Xcode-27.0.0-Release.Candidate.app/Contents/Developer/Platforms/WatchOS.platform/Developer/SDKs/WatchOS27.0.sdk /Users/admin/builder/spi-builder-workspace/.derivedData/SDKStatCaches.noindex/watchos27.0-24R360-e829b21a6f8c9b70876ba0858053c04477534ef55a1706bf4c1112bbb242f0a2.sdkstatcache
cd /Users/admin/builder/spi-builder-workspace/.swiftpm/xcode
/Applications/Xcode-27.0.0-Release.Candidate.app/Contents/Developer/Toolchains/XcodeDefault.xctoolchain/usr/bin/clang-stat-cache /Applications/Xcode-27.0.0-Release.Candidate.app/Contents/Developer/Platforms/WatchOS.platform/Developer/SDKs/WatchOS27.0.sdk -o /Users/admin/builder/spi-builder-workspace/.derivedData/SDKStatCaches.noindex/watchos27.0-24R360-e829b21a6f8c9b70876ba0858053c04477534ef55a1706bf4c1112bbb242f0a2.sdkstatcache
CreateBuildDirectory /Users/admin/builder/spi-builder-workspace/.derivedData/Build/Intermediates.noindex
cd /Users/admin/builder/spi-builder-workspace/.swiftpm/xcode
builtin-create-build-directory /Users/admin/builder/spi-builder-workspace/.derivedData/Build/Intermediates.noindex
CreateBuildDirectory /Users/admin/builder/spi-builder-workspace/.derivedData/Build/Products
cd /Users/admin/builder/spi-builder-workspace/.swiftpm/xcode
builtin-create-build-directory /Users/admin/builder/spi-builder-workspace/.derivedData/Build/Products
CreateBuildDirectory /Users/admin/builder/spi-builder-workspace/.derivedData/Build/Intermediates.noindex/SwiftExplicitPrecompiledModules
cd /Users/admin/builder/spi-builder-workspace/.swiftpm/xcode
builtin-create-build-directory /Users/admin/builder/spi-builder-workspace/.derivedData/Build/Intermediates.noindex/SwiftExplicitPrecompiledModules
CreateBuildDirectory /Users/admin/builder/spi-builder-workspace/.derivedData/Build/Intermediates.noindex/ExplicitPrecompiledModules
cd /Users/admin/builder/spi-builder-workspace/.swiftpm/xcode
builtin-create-build-directory /Users/admin/builder/spi-builder-workspace/.derivedData/Build/Intermediates.noindex/ExplicitPrecompiledModules
CreateBuildDirectory /Users/admin/builder/spi-builder-workspace/.derivedData/Build/Intermediates.noindex/PrecompiledHeaders
cd /Users/admin/builder/spi-builder-workspace/.swiftpm/xcode
builtin-create-build-directory /Users/admin/builder/spi-builder-workspace/.derivedData/Build/Intermediates.noindex/PrecompiledHeaders
CreateBuildDirectory /Users/admin/builder/spi-builder-workspace/.derivedData/Build/Products/Debug-watchos
cd /Users/admin/builder/spi-builder-workspace/.swiftpm/xcode
builtin-create-build-directory /Users/admin/builder/spi-builder-workspace/.derivedData/Build/Products/Debug-watchos
CreateBuildDirectory /Users/admin/builder/spi-builder-workspace/.derivedData/Build/Intermediates.noindex/EagerLinkingTBDs/Debug-watchos
cd /Users/admin/builder/spi-builder-workspace/.swiftpm/xcode
builtin-create-build-directory /Users/admin/builder/spi-builder-workspace/.derivedData/Build/Intermediates.noindex/EagerLinkingTBDs/Debug-watchos
CreateBuildDirectory /Users/admin/builder/spi-builder-workspace/.derivedData/Build/Products/Debug-watchos/PackageFrameworks
cd /Users/admin/builder/spi-builder-workspace/.swiftpm/xcode
builtin-create-build-directory /Users/admin/builder/spi-builder-workspace/.derivedData/Build/Products/Debug-watchos/PackageFrameworks
WriteAuxiliaryFile /Users/admin/builder/spi-builder-workspace/.derivedData/Build/Intermediates.noindex/Upsurge.build/Debug-watchos/Upsurge-t.build/Upsurge.modulemap (in target 'Upsurge' from project 'Upsurge')
cd /Users/admin/builder/spi-builder-workspace
write-file /Users/admin/builder/spi-builder-workspace/.derivedData/Build/Intermediates.noindex/Upsurge.build/Debug-watchos/Upsurge-t.build/Upsurge.modulemap
WriteAuxiliaryFile /Users/admin/builder/spi-builder-workspace/.derivedData/Build/Intermediates.noindex/Upsurge.build/Debug-watchos/Upsurge-t.build/Upsurge.DependencyMetadataFileList (in target 'Upsurge' from project 'Upsurge')
cd /Users/admin/builder/spi-builder-workspace
write-file /Users/admin/builder/spi-builder-workspace/.derivedData/Build/Intermediates.noindex/Upsurge.build/Debug-watchos/Upsurge-t.build/Upsurge.DependencyMetadataFileList
WriteAuxiliaryFile /Users/admin/builder/spi-builder-workspace/.derivedData/Build/Intermediates.noindex/Upsurge.build/Debug-watchos/Upsurge-t.build/Upsurge.DependencyStaticMetadataFileList (in target 'Upsurge' from project 'Upsurge')
cd /Users/admin/builder/spi-builder-workspace
write-file /Users/admin/builder/spi-builder-workspace/.derivedData/Build/Intermediates.noindex/Upsurge.build/Debug-watchos/Upsurge-t.build/Upsurge.DependencyStaticMetadataFileList
WriteAuxiliaryFile /Users/admin/builder/spi-builder-workspace/.derivedData/Build/Intermediates.noindex/Upsurge.build/Debug-watchos/Upsurge-t.build/Objects-normal/arm64_32/Upsurge.SwiftFileList (in target 'Upsurge' from project 'Upsurge')
cd /Users/admin/builder/spi-builder-workspace
write-file /Users/admin/builder/spi-builder-workspace/.derivedData/Build/Intermediates.noindex/Upsurge.build/Debug-watchos/Upsurge-t.build/Objects-normal/arm64_32/Upsurge.SwiftFileList
WriteAuxiliaryFile /Users/admin/builder/spi-builder-workspace/.derivedData/Build/Intermediates.noindex/Upsurge.build/Debug-watchos/Upsurge-t.build/Objects-normal/arm64_32/Upsurge.SwiftConstValuesFileList (in target 'Upsurge' from project 'Upsurge')
cd /Users/admin/builder/spi-builder-workspace
write-file /Users/admin/builder/spi-builder-workspace/.derivedData/Build/Intermediates.noindex/Upsurge.build/Debug-watchos/Upsurge-t.build/Objects-normal/arm64_32/Upsurge.SwiftConstValuesFileList
WriteAuxiliaryFile /Users/admin/builder/spi-builder-workspace/.derivedData/Build/Intermediates.noindex/Upsurge.build/Debug-watchos/Upsurge-t.build/Objects-normal/arm64_32/Upsurge-OutputFileMap.json (in target 'Upsurge' from project 'Upsurge')
cd /Users/admin/builder/spi-builder-workspace
write-file /Users/admin/builder/spi-builder-workspace/.derivedData/Build/Intermediates.noindex/Upsurge.build/Debug-watchos/Upsurge-t.build/Objects-normal/arm64_32/Upsurge-OutputFileMap.json
WriteAuxiliaryFile /Users/admin/builder/spi-builder-workspace/.derivedData/Build/Intermediates.noindex/Upsurge.build/Debug-watchos/Upsurge-t.build/Objects-normal/arm64_32/Upsurge.LinkFileList (in target 'Upsurge' from project 'Upsurge')
cd /Users/admin/builder/spi-builder-workspace
write-file /Users/admin/builder/spi-builder-workspace/.derivedData/Build/Intermediates.noindex/Upsurge.build/Debug-watchos/Upsurge-t.build/Objects-normal/arm64_32/Upsurge.LinkFileList
WriteAuxiliaryFile /Users/admin/builder/spi-builder-workspace/.derivedData/Build/Intermediates.noindex/Upsurge.build/Debug-watchos/Upsurge-t.build/Objects-normal/arm64_32/Upsurge_const_extract_protocols.json (in target 'Upsurge' from project 'Upsurge')
cd /Users/admin/builder/spi-builder-workspace
write-file /Users/admin/builder/spi-builder-workspace/.derivedData/Build/Intermediates.noindex/Upsurge.build/Debug-watchos/Upsurge-t.build/Objects-normal/arm64_32/Upsurge_const_extract_protocols.json
WriteAuxiliaryFile /Users/admin/builder/spi-builder-workspace/.derivedData/Build/Intermediates.noindex/Upsurge.build/Debug-watchos/Upsurge-t.build/Objects-normal/arm64/Upsurge_const_extract_protocols.json (in target 'Upsurge' from project 'Upsurge')
cd /Users/admin/builder/spi-builder-workspace
write-file /Users/admin/builder/spi-builder-workspace/.derivedData/Build/Intermediates.noindex/Upsurge.build/Debug-watchos/Upsurge-t.build/Objects-normal/arm64/Upsurge_const_extract_protocols.json
WriteAuxiliaryFile /Users/admin/builder/spi-builder-workspace/.derivedData/Build/Intermediates.noindex/Upsurge.build/Debug-watchos/Upsurge-t.build/Objects-normal/arm64/Upsurge.SwiftFileList (in target 'Upsurge' from project 'Upsurge')
cd /Users/admin/builder/spi-builder-workspace
write-file /Users/admin/builder/spi-builder-workspace/.derivedData/Build/Intermediates.noindex/Upsurge.build/Debug-watchos/Upsurge-t.build/Objects-normal/arm64/Upsurge.SwiftFileList
WriteAuxiliaryFile /Users/admin/builder/spi-builder-workspace/.derivedData/Build/Intermediates.noindex/Upsurge.build/Debug-watchos/Upsurge-t.build/Objects-normal/arm64/Upsurge.SwiftConstValuesFileList (in target 'Upsurge' from project 'Upsurge')
cd /Users/admin/builder/spi-builder-workspace
write-file /Users/admin/builder/spi-builder-workspace/.derivedData/Build/Intermediates.noindex/Upsurge.build/Debug-watchos/Upsurge-t.build/Objects-normal/arm64/Upsurge.SwiftConstValuesFileList
WriteAuxiliaryFile /Users/admin/builder/spi-builder-workspace/.derivedData/Build/Intermediates.noindex/Upsurge.build/Debug-watchos/Upsurge-t.build/Objects-normal/arm64/Upsurge.LinkFileList (in target 'Upsurge' from project 'Upsurge')
cd /Users/admin/builder/spi-builder-workspace
write-file /Users/admin/builder/spi-builder-workspace/.derivedData/Build/Intermediates.noindex/Upsurge.build/Debug-watchos/Upsurge-t.build/Objects-normal/arm64/Upsurge.LinkFileList
WriteAuxiliaryFile /Users/admin/builder/spi-builder-workspace/.derivedData/Build/Intermediates.noindex/Upsurge.build/Debug-watchos/Upsurge-t.build/Objects-normal/arm64/Upsurge-OutputFileMap.json (in target 'Upsurge' from project 'Upsurge')
cd /Users/admin/builder/spi-builder-workspace
write-file /Users/admin/builder/spi-builder-workspace/.derivedData/Build/Intermediates.noindex/Upsurge.build/Debug-watchos/Upsurge-t.build/Objects-normal/arm64/Upsurge-OutputFileMap.json
Copy /Users/admin/builder/spi-builder-workspace/.derivedData/Build/Intermediates.noindex/GeneratedModuleMaps-watchos/Upsurge.modulemap /Users/admin/builder/spi-builder-workspace/.derivedData/Build/Intermediates.noindex/Upsurge.build/Debug-watchos/Upsurge-t.build/Upsurge.modulemap (in target 'Upsurge' from project 'Upsurge')
cd /Users/admin/builder/spi-builder-workspace
builtin-copy -exclude .DS_Store -exclude CVS -exclude .svn -exclude .git -exclude .hg -resolve-src-symlinks /Users/admin/builder/spi-builder-workspace/.derivedData/Build/Intermediates.noindex/Upsurge.build/Debug-watchos/Upsurge-t.build/Upsurge.modulemap /Users/admin/builder/spi-builder-workspace/.derivedData/Build/Intermediates.noindex/GeneratedModuleMaps-watchos
SwiftDriver Upsurge normal arm64_32 com.apple.xcode.tools.swift.compiler (in target 'Upsurge' from project 'Upsurge')
cd /Users/admin/builder/spi-builder-workspace/.swiftpm/xcode
builtin-SwiftDriver -- /Applications/Xcode-27.0.0-Release.Candidate.app/Contents/Developer/Toolchains/XcodeDefault.xctoolchain/usr/bin/swiftc -parse-as-library -module-name Upsurge -Onone @/Users/admin/builder/spi-builder-workspace/.derivedData/Build/Intermediates.noindex/Upsurge.build/Debug-watchos/Upsurge-t.build/Objects-normal/arm64_32/Upsurge.SwiftFileList -DSWIFT_PACKAGE -DDEBUG -DSWIFT_MODULE_RESOURCE_BUNDLE_UNAVAILABLE -DXcode -plugin-path /Applications/Xcode-27.0.0-Release.Candidate.app/Contents/Developer/Toolchains/XcodeDefault.xctoolchain/usr/lib/swift/host/plugins/testing -enable-experimental-feature DebugDescriptionMacro -sdk /Applications/Xcode-27.0.0-Release.Candidate.app/Contents/Developer/Platforms/WatchOS.platform/Developer/SDKs/WatchOS27.0.sdk -target arm64_32-apple-watchos9.0 -g -module-cache-path /Users/admin/builder/spi-builder-workspace/.derivedData/ModuleCache.noindex -Xfrontend -serialize-debugging-options -profile-coverage-mapping -profile-generate -enable-testing -index-store-path /Users/admin/builder/spi-builder-workspace/.derivedData/Index.noindex/DataStore -Xcc -D_LIBCPP_HARDENING_MODE\=_LIBCPP_HARDENING_MODE_DEBUG -swift-version 4 -I /Users/admin/builder/spi-builder-workspace/.derivedData/Build/Products/Debug-watchos -Isystem /Applications/Xcode-27.0.0-Release.Candidate.app/Contents/Developer/Platforms/WatchOS.platform/Developer/usr/lib -F /Users/admin/builder/spi-builder-workspace/.derivedData/Build/Products/Debug-watchos -F /Applications/Xcode-27.0.0-Release.Candidate.app/Contents/Developer/Platforms/WatchOS.platform/Developer/Library/Frameworks -F /Applications/Xcode-27.0.0-Release.Candidate.app/Contents/Developer/Platforms/WatchOS.platform/Developer/SDKs/WatchOS27.0.sdk/Developer/Library/Frameworks -c -j10 -enable-batch-mode -incremental -Xcc -ivfsstatcache -Xcc /Users/admin/builder/spi-builder-workspace/.derivedData/SDKStatCaches.noindex/watchos27.0-24R360-e829b21a6f8c9b70876ba0858053c04477534ef55a1706bf4c1112bbb242f0a2.sdkstatcache -output-file-map /Users/admin/builder/spi-builder-workspace/.derivedData/Build/Intermediates.noindex/Upsurge.build/Debug-watchos/Upsurge-t.build/Objects-normal/arm64_32/Upsurge-OutputFileMap.json -save-temps -no-color-diagnostics -emit-dependencies -emit-module -emit-module-path /Users/admin/builder/spi-builder-workspace/.derivedData/Build/Intermediates.noindex/Upsurge.build/Debug-watchos/Upsurge-t.build/Objects-normal/arm64_32/Upsurge.swiftmodule -serialize-diagnostics -validate-clang-modules-once -clang-build-session-file /Users/admin/builder/spi-builder-workspace/.derivedData/ModuleCache.noindex/Session.modulevalidation -Xcc -fmodules-prune-interval\=86400 -Xcc -fmodules-prune-after\=345600 -emit-const-values -const-gather-protocols-list /Users/admin/builder/spi-builder-workspace/.derivedData/Build/Intermediates.noindex/Upsurge.build/Debug-watchos/Upsurge-t.build/Objects-normal/arm64_32/Upsurge_const_extract_protocols.json -Xcc -I/Users/admin/builder/spi-builder-workspace/.derivedData/Build/Products/Debug-watchos/include -Xcc -I/Users/admin/builder/spi-builder-workspace/.derivedData/Build/Intermediates.noindex/Upsurge.build/Debug-watchos/Upsurge-t.build/DerivedSources-normal/arm64_32 -Xcc -I/Users/admin/builder/spi-builder-workspace/.derivedData/Build/Intermediates.noindex/Upsurge.build/Debug-watchos/Upsurge-t.build/DerivedSources/arm64_32 -Xcc -I/Users/admin/builder/spi-builder-workspace/.derivedData/Build/Intermediates.noindex/Upsurge.build/Debug-watchos/Upsurge-t.build/DerivedSources -Xcc -DSWIFT_PACKAGE -Xcc -DDEBUG\=1 -emit-objc-header -emit-objc-header-path /Users/admin/builder/spi-builder-workspace/.derivedData/Build/Intermediates.noindex/Upsurge.build/Debug-watchos/Upsurge-t.build/Objects-normal/arm64_32/Upsurge-Swift.h -working-directory /Users/admin/builder/spi-builder-workspace/.swiftpm/xcode -experimental-emit-module-separately -disable-cmo
SwiftDriver Upsurge normal arm64 com.apple.xcode.tools.swift.compiler (in target 'Upsurge' from project 'Upsurge')
cd /Users/admin/builder/spi-builder-workspace/.swiftpm/xcode
builtin-SwiftDriver -- /Applications/Xcode-27.0.0-Release.Candidate.app/Contents/Developer/Toolchains/XcodeDefault.xctoolchain/usr/bin/swiftc -parse-as-library -module-name Upsurge -Onone @/Users/admin/builder/spi-builder-workspace/.derivedData/Build/Intermediates.noindex/Upsurge.build/Debug-watchos/Upsurge-t.build/Objects-normal/arm64/Upsurge.SwiftFileList -DSWIFT_PACKAGE -DDEBUG -DSWIFT_MODULE_RESOURCE_BUNDLE_UNAVAILABLE -DXcode -plugin-path /Applications/Xcode-27.0.0-Release.Candidate.app/Contents/Developer/Toolchains/XcodeDefault.xctoolchain/usr/lib/swift/host/plugins/testing -enable-experimental-feature DebugDescriptionMacro -sdk /Applications/Xcode-27.0.0-Release.Candidate.app/Contents/Developer/Platforms/WatchOS.platform/Developer/SDKs/WatchOS27.0.sdk -target arm64-apple-watchos9.0 -g -module-cache-path /Users/admin/builder/spi-builder-workspace/.derivedData/ModuleCache.noindex -Xfrontend -serialize-debugging-options -profile-coverage-mapping -profile-generate -enable-testing -index-store-path /Users/admin/builder/spi-builder-workspace/.derivedData/Index.noindex/DataStore -Xcc -D_LIBCPP_HARDENING_MODE\=_LIBCPP_HARDENING_MODE_DEBUG -swift-version 4 -I /Users/admin/builder/spi-builder-workspace/.derivedData/Build/Products/Debug-watchos -Isystem /Applications/Xcode-27.0.0-Release.Candidate.app/Contents/Developer/Platforms/WatchOS.platform/Developer/usr/lib -F /Users/admin/builder/spi-builder-workspace/.derivedData/Build/Products/Debug-watchos -F /Applications/Xcode-27.0.0-Release.Candidate.app/Contents/Developer/Platforms/WatchOS.platform/Developer/Library/Frameworks -F /Applications/Xcode-27.0.0-Release.Candidate.app/Contents/Developer/Platforms/WatchOS.platform/Developer/SDKs/WatchOS27.0.sdk/Developer/Library/Frameworks -c -j10 -enable-batch-mode -incremental -Xcc -ivfsstatcache -Xcc /Users/admin/builder/spi-builder-workspace/.derivedData/SDKStatCaches.noindex/watchos27.0-24R360-e829b21a6f8c9b70876ba0858053c04477534ef55a1706bf4c1112bbb242f0a2.sdkstatcache -output-file-map /Users/admin/builder/spi-builder-workspace/.derivedData/Build/Intermediates.noindex/Upsurge.build/Debug-watchos/Upsurge-t.build/Objects-normal/arm64/Upsurge-OutputFileMap.json -save-temps -no-color-diagnostics -emit-dependencies -emit-module -emit-module-path /Users/admin/builder/spi-builder-workspace/.derivedData/Build/Intermediates.noindex/Upsurge.build/Debug-watchos/Upsurge-t.build/Objects-normal/arm64/Upsurge.swiftmodule -serialize-diagnostics -validate-clang-modules-once -clang-build-session-file /Users/admin/builder/spi-builder-workspace/.derivedData/ModuleCache.noindex/Session.modulevalidation -Xcc -fmodules-prune-interval\=86400 -Xcc -fmodules-prune-after\=345600 -emit-const-values -const-gather-protocols-list /Users/admin/builder/spi-builder-workspace/.derivedData/Build/Intermediates.noindex/Upsurge.build/Debug-watchos/Upsurge-t.build/Objects-normal/arm64/Upsurge_const_extract_protocols.json -Xcc -I/Users/admin/builder/spi-builder-workspace/.derivedData/Build/Products/Debug-watchos/include -Xcc -I/Users/admin/builder/spi-builder-workspace/.derivedData/Build/Intermediates.noindex/Upsurge.build/Debug-watchos/Upsurge-t.build/DerivedSources-normal/arm64 -Xcc -I/Users/admin/builder/spi-builder-workspace/.derivedData/Build/Intermediates.noindex/Upsurge.build/Debug-watchos/Upsurge-t.build/DerivedSources/arm64 -Xcc -I/Users/admin/builder/spi-builder-workspace/.derivedData/Build/Intermediates.noindex/Upsurge.build/Debug-watchos/Upsurge-t.build/DerivedSources -Xcc -DSWIFT_PACKAGE -Xcc -DDEBUG\=1 -emit-objc-header -emit-objc-header-path /Users/admin/builder/spi-builder-workspace/.derivedData/Build/Intermediates.noindex/Upsurge.build/Debug-watchos/Upsurge-t.build/Objects-normal/arm64/Upsurge-Swift.h -working-directory /Users/admin/builder/spi-builder-workspace/.swiftpm/xcode -experimental-emit-module-separately -disable-cmo
SwiftCompile normal arm64 Compiling\ Interval.swift,\ LinearOperators.swift,\ LinearType.swift /Users/admin/builder/spi-builder-workspace/Sources/Upsurge/Interval.swift /Users/admin/builder/spi-builder-workspace/Sources/Upsurge/LinearOperators.swift /Users/admin/builder/spi-builder-workspace/Sources/Upsurge/LinearType.swift (in target 'Upsurge' from project 'Upsurge')
SwiftCompile normal arm64 /Users/admin/builder/spi-builder-workspace/Sources/Upsurge/Interval.swift (in target 'Upsurge' from project 'Upsurge')
cd /Users/admin/builder/spi-builder-workspace/.swiftpm/xcode
builtin-SwiftPerFileCompile Interval.swift
SwiftCompile normal arm64 /Users/admin/builder/spi-builder-workspace/Sources/Upsurge/LinearOperators.swift (in target 'Upsurge' from project 'Upsurge')
cd /Users/admin/builder/spi-builder-workspace/.swiftpm/xcode
builtin-SwiftPerFileCompile LinearOperators.swift
SwiftCompile normal arm64 /Users/admin/builder/spi-builder-workspace/Sources/Upsurge/LinearType.swift (in target 'Upsurge' from project 'Upsurge')
cd /Users/admin/builder/spi-builder-workspace/.swiftpm/xcode
builtin-SwiftPerFileCompile LinearType.swift
/Users/admin/builder/spi-builder-workspace/Sources/Upsurge/LinearType.swift:37:5: warning: 'public' modifier is redundant for property declared in a public extension
35 |
36 | public extension LinearType {
37 | public var dimensions: [Int] {
| `- warning: 'public' modifier is redundant for property declared in a public extension
38 | return [count]
39 | }
/Users/admin/builder/spi-builder-workspace/Sources/Upsurge/LinearType.swift:41:5: warning: 'public' modifier is redundant for instance method declared in a public extension
39 | }
40 |
41 | public func index(after i: Int) -> Int {
| `- warning: 'public' modifier is redundant for instance method declared in a public extension
42 | return i + 1
43 | }
/Users/admin/builder/spi-builder-workspace/Sources/Upsurge/LinearType.swift:45:5: warning: 'public' modifier is redundant for instance method declared in a public extension
43 | }
44 |
45 | public func index(before i: Int) -> Int {
| `- warning: 'public' modifier is redundant for instance method declared in a public extension
46 | return i - 1
47 | }
/Users/admin/builder/spi-builder-workspace/Sources/Upsurge/LinearType.swift:49:5: warning: 'public' modifier is redundant for instance method declared in a public extension
47 | }
48 |
49 | public func formIndex(after i: inout Int) {
| `- warning: 'public' modifier is redundant for instance method declared in a public extension
50 | i += 1
51 | }
/Users/admin/builder/spi-builder-workspace/Sources/Upsurge/LinearType.swift:53:5: warning: 'public' modifier is redundant for property declared in a public extension
51 | }
52 |
53 | public var description: String {
| `- warning: 'public' modifier is redundant for property declared in a public extension
54 | return "[\(map { "\($0)" }.joined(separator: ", "))]"
55 | }
/Users/admin/builder/spi-builder-workspace/Sources/Upsurge/LinearType.swift:57:5: warning: 'public' modifier is redundant for property declared in a public extension
55 | }
56 |
57 | public var debugDescription: String {
| `- warning: 'public' modifier is redundant for property declared in a public extension
58 | return description
59 | }
SwiftCompile normal arm64 Compiling\ Matrix.swift,\ MatrixArithmetic.swift,\ MatrixSlice.swift /Users/admin/builder/spi-builder-workspace/Sources/Upsurge/Matrix.swift /Users/admin/builder/spi-builder-workspace/Sources/Upsurge/MatrixArithmetic.swift /Users/admin/builder/spi-builder-workspace/Sources/Upsurge/MatrixSlice.swift (in target 'Upsurge' from project 'Upsurge')
SwiftCompile normal arm64 /Users/admin/builder/spi-builder-workspace/Sources/Upsurge/Matrix.swift (in target 'Upsurge' from project 'Upsurge')
cd /Users/admin/builder/spi-builder-workspace/.swiftpm/xcode
builtin-SwiftPerFileCompile Matrix.swift
SwiftCompile normal arm64 /Users/admin/builder/spi-builder-workspace/Sources/Upsurge/MatrixArithmetic.swift (in target 'Upsurge' from project 'Upsurge')
cd /Users/admin/builder/spi-builder-workspace/.swiftpm/xcode
builtin-SwiftPerFileCompile MatrixArithmetic.swift
SwiftCompile normal arm64 /Users/admin/builder/spi-builder-workspace/Sources/Upsurge/MatrixSlice.swift (in target 'Upsurge' from project 'Upsurge')
cd /Users/admin/builder/spi-builder-workspace/.swiftpm/xcode
builtin-SwiftPerFileCompile MatrixSlice.swift
SwiftCompile normal arm64 Compiling\ ComplexArrayRealSlice.swift,\ ComplexArraySlice.swift,\ Exponential.swift /Users/admin/builder/spi-builder-workspace/Sources/Upsurge/ComplexArrayRealSlice.swift /Users/admin/builder/spi-builder-workspace/Sources/Upsurge/ComplexArraySlice.swift /Users/admin/builder/spi-builder-workspace/Sources/Upsurge/Exponential.swift (in target 'Upsurge' from project 'Upsurge')
SwiftCompile normal arm64 /Users/admin/builder/spi-builder-workspace/Sources/Upsurge/ComplexArrayRealSlice.swift (in target 'Upsurge' from project 'Upsurge')
cd /Users/admin/builder/spi-builder-workspace/.swiftpm/xcode
builtin-SwiftPerFileCompile ComplexArrayRealSlice.swift
SwiftCompile normal arm64 /Users/admin/builder/spi-builder-workspace/Sources/Upsurge/ComplexArraySlice.swift (in target 'Upsurge' from project 'Upsurge')
cd /Users/admin/builder/spi-builder-workspace/.swiftpm/xcode
builtin-SwiftPerFileCompile ComplexArraySlice.swift
SwiftCompile normal arm64 /Users/admin/builder/spi-builder-workspace/Sources/Upsurge/Exponential.swift (in target 'Upsurge' from project 'Upsurge')
cd /Users/admin/builder/spi-builder-workspace/.swiftpm/xcode
builtin-SwiftPerFileCompile Exponential.swift
SwiftEmitModule normal arm64 Emitting\ module\ for\ Upsurge (in target 'Upsurge' from project 'Upsurge')
/Users/admin/builder/spi-builder-workspace/Sources/Upsurge/Complex.swift:62:16: warning: 'Hashable.hashValue' is deprecated as a protocol requirement; conform type 'Complex' to 'Hashable' by implementing 'hash(into:)' instead [#DeprecatedDeclaration]
60 | }
61 |
62 | public var hashValue: Int {
| `- warning: 'Hashable.hashValue' is deprecated as a protocol requirement; conform type 'Complex' to 'Hashable' by implementing 'hash(into:)' instead [#DeprecatedDeclaration]
63 | return real.hashValue ^ imag.hashValue
64 | }
/Users/admin/builder/spi-builder-workspace/Sources/Upsurge/LinearType.swift:37:5: warning: 'public' modifier is redundant for property declared in a public extension
35 |
36 | public extension LinearType {
37 | public var dimensions: [Int] {
| `- warning: 'public' modifier is redundant for property declared in a public extension
38 | return [count]
39 | }
/Users/admin/builder/spi-builder-workspace/Sources/Upsurge/LinearType.swift:41:5: warning: 'public' modifier is redundant for instance method declared in a public extension
39 | }
40 |
41 | public func index(after i: Int) -> Int {
| `- warning: 'public' modifier is redundant for instance method declared in a public extension
42 | return i + 1
43 | }
/Users/admin/builder/spi-builder-workspace/Sources/Upsurge/LinearType.swift:45:5: warning: 'public' modifier is redundant for instance method declared in a public extension
43 | }
44 |
45 | public func index(before i: Int) -> Int {
| `- warning: 'public' modifier is redundant for instance method declared in a public extension
46 | return i - 1
47 | }
/Users/admin/builder/spi-builder-workspace/Sources/Upsurge/LinearType.swift:49:5: warning: 'public' modifier is redundant for instance method declared in a public extension
47 | }
48 |
49 | public func formIndex(after i: inout Int) {
| `- warning: 'public' modifier is redundant for instance method declared in a public extension
50 | i += 1
51 | }
/Users/admin/builder/spi-builder-workspace/Sources/Upsurge/LinearType.swift:53:5: warning: 'public' modifier is redundant for property declared in a public extension
51 | }
52 |
53 | public var description: String {
| `- warning: 'public' modifier is redundant for property declared in a public extension
54 | return "[\(map { "\($0)" }.joined(separator: ", "))]"
55 | }
/Users/admin/builder/spi-builder-workspace/Sources/Upsurge/LinearType.swift:57:5: warning: 'public' modifier is redundant for property declared in a public extension
55 | }
56 |
57 | public var debugDescription: String {
| `- warning: 'public' modifier is redundant for property declared in a public extension
58 | return description
59 | }
/Users/admin/builder/spi-builder-workspace/Sources/Upsurge/QuadraticType.swift:49:5: warning: 'public' modifier is redundant for property declared in a public extension
47 | public extension QuadraticType {
48 | /// The number of valid element in the memory block, taking into account the step size.
49 | public var count: Int {
| `- warning: 'public' modifier is redundant for property declared in a public extension
50 | return rows * columns
51 | }
/Users/admin/builder/spi-builder-workspace/Sources/Upsurge/QuadraticType.swift:53:5: warning: 'public' modifier is redundant for property declared in a public extension
51 | }
52 |
53 | public var dimensions: [Int] {
| `- warning: 'public' modifier is redundant for property declared in a public extension
54 | if arrangement == .rowMajor {
55 | return [rows, columns]
/Users/admin/builder/spi-builder-workspace/Sources/Upsurge/TensorType.swift:41:5: warning: 'public' modifier is redundant for property declared in a public extension
39 | public extension TensorType {
40 | /// The size of each dimension
41 | public var dimensions: [Int] {
| `- warning: 'public' modifier is redundant for property declared in a public extension
42 | return span.dimensions
43 | }
/Users/admin/builder/spi-builder-workspace/Sources/Upsurge/TensorType.swift:46:5: warning: 'public' modifier is redundant for property declared in a public extension
44 |
45 | /// The number of dimensions
46 | public var rank: Int {
| `- warning: 'public' modifier is redundant for property declared in a public extension
47 | return span.rank
48 | }
/Users/admin/builder/spi-builder-workspace/Sources/Upsurge/TensorType.swift:51:5: warning: 'public' modifier is redundant for instance method declared in a public extension
49 |
50 | /// Convert a high-dimensional index into an integer index for a LinearType
51 | public func linearIndex(_ indices: [Int]) -> Int {
| `- warning: 'public' modifier is redundant for instance method declared in a public extension
52 | precondition(indexIsValid(indices))
53 | var index = indices[0]
/Users/admin/builder/spi-builder-workspace/Sources/Upsurge/TensorType.swift:61:5: warning: 'public' modifier is redundant for instance method declared in a public extension
59 |
60 | /// Check that an index falls within the span
61 | public func indexIsValid(_ indices: [Int]) -> Bool {
| `- warning: 'public' modifier is redundant for instance method declared in a public extension
62 | return indices.count == rank && indices.enumerated().all { (i, index) in
63 | self.span[i].contains(index)
[#DeprecatedDeclaration]: <https://docs.swift.org/compiler/documentation/diagnostics/deprecated-declaration>
SwiftCompile normal arm64 (in target 'Upsurge' from project 'Upsurge')
cd /Users/admin/builder/spi-builder-workspace/.swiftpm/xcode
SwiftCompile normal arm64_32 Compiling\ ValueArray.swift,\ ValueArraySlice.swift /Users/admin/builder/spi-builder-workspace/Sources/Upsurge/ValueArray.swift /Users/admin/builder/spi-builder-workspace/Sources/Upsurge/ValueArraySlice.swift (in target 'Upsurge' from project 'Upsurge')
SwiftCompile normal arm64_32 /Users/admin/builder/spi-builder-workspace/Sources/Upsurge/ValueArray.swift (in target 'Upsurge' from project 'Upsurge')
cd /Users/admin/builder/spi-builder-workspace/.swiftpm/xcode
builtin-SwiftPerFileCompile ValueArray.swift
SwiftCompile normal arm64_32 /Users/admin/builder/spi-builder-workspace/Sources/Upsurge/ValueArraySlice.swift (in target 'Upsurge' from project 'Upsurge')
cd /Users/admin/builder/spi-builder-workspace/.swiftpm/xcode
builtin-SwiftPerFileCompile ValueArraySlice.swift
SwiftCompile normal arm64_32 Compiling\ ComplexArrayRealSlice.swift,\ ComplexArraySlice.swift,\ Exponential.swift /Users/admin/builder/spi-builder-workspace/Sources/Upsurge/ComplexArrayRealSlice.swift /Users/admin/builder/spi-builder-workspace/Sources/Upsurge/ComplexArraySlice.swift /Users/admin/builder/spi-builder-workspace/Sources/Upsurge/Exponential.swift (in target 'Upsurge' from project 'Upsurge')
SwiftCompile normal arm64_32 /Users/admin/builder/spi-builder-workspace/Sources/Upsurge/ComplexArrayRealSlice.swift (in target 'Upsurge' from project 'Upsurge')
cd /Users/admin/builder/spi-builder-workspace/.swiftpm/xcode
builtin-SwiftPerFileCompile ComplexArrayRealSlice.swift
SwiftCompile normal arm64_32 /Users/admin/builder/spi-builder-workspace/Sources/Upsurge/ComplexArraySlice.swift (in target 'Upsurge' from project 'Upsurge')
cd /Users/admin/builder/spi-builder-workspace/.swiftpm/xcode
builtin-SwiftPerFileCompile ComplexArraySlice.swift
SwiftCompile normal arm64_32 /Users/admin/builder/spi-builder-workspace/Sources/Upsurge/Exponential.swift (in target 'Upsurge' from project 'Upsurge')
cd /Users/admin/builder/spi-builder-workspace/.swiftpm/xcode
builtin-SwiftPerFileCompile Exponential.swift
SwiftCompile normal arm64_32 Compiling\ Sequence.swift,\ Span.swift /Users/admin/builder/spi-builder-workspace/Sources/Upsurge/Sequence.swift /Users/admin/builder/spi-builder-workspace/Sources/Upsurge/Span.swift (in target 'Upsurge' from project 'Upsurge')
SwiftCompile normal arm64_32 /Users/admin/builder/spi-builder-workspace/Sources/Upsurge/Sequence.swift (in target 'Upsurge' from project 'Upsurge')
cd /Users/admin/builder/spi-builder-workspace/.swiftpm/xcode
builtin-SwiftPerFileCompile Sequence.swift
SwiftCompile normal arm64_32 /Users/admin/builder/spi-builder-workspace/Sources/Upsurge/Span.swift (in target 'Upsurge' from project 'Upsurge')
cd /Users/admin/builder/spi-builder-workspace/.swiftpm/xcode
builtin-SwiftPerFileCompile Span.swift
SwiftCompile normal arm64_32 Compiling\ Complex.swift,\ ComplexArithmetic.swift,\ ComplexArray.swift /Users/admin/builder/spi-builder-workspace/Sources/Upsurge/Complex.swift /Users/admin/builder/spi-builder-workspace/Sources/Upsurge/ComplexArithmetic.swift /Users/admin/builder/spi-builder-workspace/Sources/Upsurge/ComplexArray.swift (in target 'Upsurge' from project 'Upsurge')
/Users/admin/builder/spi-builder-workspace/Sources/Upsurge/Complex.swift:62:16: warning: 'Hashable.hashValue' is deprecated as a protocol requirement; conform type 'Complex' to 'Hashable' by implementing 'hash(into:)' instead [#DeprecatedDeclaration]
60 | }
61 |
62 | public var hashValue: Int {
| `- warning: 'Hashable.hashValue' is deprecated as a protocol requirement; conform type 'Complex' to 'Hashable' by implementing 'hash(into:)' instead [#DeprecatedDeclaration]
63 | return real.hashValue ^ imag.hashValue
64 | }
[#DeprecatedDeclaration]: <https://docs.swift.org/compiler/documentation/diagnostics/deprecated-declaration>
SwiftCompile normal arm64_32 /Users/admin/builder/spi-builder-workspace/Sources/Upsurge/Complex.swift (in target 'Upsurge' from project 'Upsurge')
cd /Users/admin/builder/spi-builder-workspace/.swiftpm/xcode
builtin-SwiftPerFileCompile Complex.swift
SwiftCompile normal arm64_32 /Users/admin/builder/spi-builder-workspace/Sources/Upsurge/ComplexArithmetic.swift (in target 'Upsurge' from project 'Upsurge')
cd /Users/admin/builder/spi-builder-workspace/.swiftpm/xcode
builtin-SwiftPerFileCompile ComplexArithmetic.swift
SwiftCompile normal arm64_32 /Users/admin/builder/spi-builder-workspace/Sources/Upsurge/ComplexArray.swift (in target 'Upsurge' from project 'Upsurge')
cd /Users/admin/builder/spi-builder-workspace/.swiftpm/xcode
builtin-SwiftPerFileCompile ComplexArray.swift
SwiftCompile normal arm64 Compiling\ 2DTensorSlice.swift,\ Arithmetic.swift,\ Auxiliary.swift /Users/admin/builder/spi-builder-workspace/Sources/Upsurge/2DTensorSlice.swift /Users/admin/builder/spi-builder-workspace/Sources/Upsurge/Arithmetic.swift /Users/admin/builder/spi-builder-workspace/Sources/Upsurge/Auxiliary.swift (in target 'Upsurge' from project 'Upsurge')
SwiftCompile normal arm64 /Users/admin/builder/spi-builder-workspace/Sources/Upsurge/2DTensorSlice.swift (in target 'Upsurge' from project 'Upsurge')
cd /Users/admin/builder/spi-builder-workspace/.swiftpm/xcode
builtin-SwiftPerFileCompile 2DTensorSlice.swift
SwiftCompile normal arm64 /Users/admin/builder/spi-builder-workspace/Sources/Upsurge/Arithmetic.swift (in target 'Upsurge' from project 'Upsurge')
cd /Users/admin/builder/spi-builder-workspace/.swiftpm/xcode
builtin-SwiftPerFileCompile Arithmetic.swift
SwiftCompile normal arm64 /Users/admin/builder/spi-builder-workspace/Sources/Upsurge/Auxiliary.swift (in target 'Upsurge' from project 'Upsurge')
cd /Users/admin/builder/spi-builder-workspace/.swiftpm/xcode
builtin-SwiftPerFileCompile Auxiliary.swift
SwiftEmitModule normal arm64_32 Emitting\ module\ for\ Upsurge (in target 'Upsurge' from project 'Upsurge')
/Users/admin/builder/spi-builder-workspace/Sources/Upsurge/Complex.swift:62:16: warning: 'Hashable.hashValue' is deprecated as a protocol requirement; conform type 'Complex' to 'Hashable' by implementing 'hash(into:)' instead [#DeprecatedDeclaration]
60 | }
61 |
62 | public var hashValue: Int {
| `- warning: 'Hashable.hashValue' is deprecated as a protocol requirement; conform type 'Complex' to 'Hashable' by implementing 'hash(into:)' instead [#DeprecatedDeclaration]
63 | return real.hashValue ^ imag.hashValue
64 | }
/Users/admin/builder/spi-builder-workspace/Sources/Upsurge/LinearType.swift:37:5: warning: 'public' modifier is redundant for property declared in a public extension
35 |
36 | public extension LinearType {
37 | public var dimensions: [Int] {
| `- warning: 'public' modifier is redundant for property declared in a public extension
38 | return [count]
39 | }
/Users/admin/builder/spi-builder-workspace/Sources/Upsurge/LinearType.swift:41:5: warning: 'public' modifier is redundant for instance method declared in a public extension
39 | }
40 |
41 | public func index(after i: Int) -> Int {
| `- warning: 'public' modifier is redundant for instance method declared in a public extension
42 | return i + 1
43 | }
/Users/admin/builder/spi-builder-workspace/Sources/Upsurge/LinearType.swift:45:5: warning: 'public' modifier is redundant for instance method declared in a public extension
43 | }
44 |
45 | public func index(before i: Int) -> Int {
| `- warning: 'public' modifier is redundant for instance method declared in a public extension
46 | return i - 1
47 | }
/Users/admin/builder/spi-builder-workspace/Sources/Upsurge/LinearType.swift:49:5: warning: 'public' modifier is redundant for instance method declared in a public extension
47 | }
48 |
49 | public func formIndex(after i: inout Int) {
| `- warning: 'public' modifier is redundant for instance method declared in a public extension
50 | i += 1
51 | }
/Users/admin/builder/spi-builder-workspace/Sources/Upsurge/LinearType.swift:53:5: warning: 'public' modifier is redundant for property declared in a public extension
51 | }
52 |
53 | public var description: String {
| `- warning: 'public' modifier is redundant for property declared in a public extension
54 | return "[\(map { "\($0)" }.joined(separator: ", "))]"
55 | }
/Users/admin/builder/spi-builder-workspace/Sources/Upsurge/LinearType.swift:57:5: warning: 'public' modifier is redundant for property declared in a public extension
55 | }
56 |
57 | public var debugDescription: String {
| `- warning: 'public' modifier is redundant for property declared in a public extension
58 | return description
59 | }
/Users/admin/builder/spi-builder-workspace/Sources/Upsurge/QuadraticType.swift:49:5: warning: 'public' modifier is redundant for property declared in a public extension
47 | public extension QuadraticType {
48 | /// The number of valid element in the memory block, taking into account the step size.
49 | public var count: Int {
| `- warning: 'public' modifier is redundant for property declared in a public extension
50 | return rows * columns
51 | }
/Users/admin/builder/spi-builder-workspace/Sources/Upsurge/QuadraticType.swift:53:5: warning: 'public' modifier is redundant for property declared in a public extension
51 | }
52 |
53 | public var dimensions: [Int] {
| `- warning: 'public' modifier is redundant for property declared in a public extension
54 | if arrangement == .rowMajor {
55 | return [rows, columns]
/Users/admin/builder/spi-builder-workspace/Sources/Upsurge/TensorType.swift:41:5: warning: 'public' modifier is redundant for property declared in a public extension
39 | public extension TensorType {
40 | /// The size of each dimension
41 | public var dimensions: [Int] {
| `- warning: 'public' modifier is redundant for property declared in a public extension
42 | return span.dimensions
43 | }
/Users/admin/builder/spi-builder-workspace/Sources/Upsurge/TensorType.swift:46:5: warning: 'public' modifier is redundant for property declared in a public extension
44 |
45 | /// The number of dimensions
46 | public var rank: Int {
| `- warning: 'public' modifier is redundant for property declared in a public extension
47 | return span.rank
48 | }
/Users/admin/builder/spi-builder-workspace/Sources/Upsurge/TensorType.swift:51:5: warning: 'public' modifier is redundant for instance method declared in a public extension
49 |
50 | /// Convert a high-dimensional index into an integer index for a LinearType
51 | public func linearIndex(_ indices: [Int]) -> Int {
| `- warning: 'public' modifier is redundant for instance method declared in a public extension
52 | precondition(indexIsValid(indices))
53 | var index = indices[0]
/Users/admin/builder/spi-builder-workspace/Sources/Upsurge/TensorType.swift:61:5: warning: 'public' modifier is redundant for instance method declared in a public extension
59 |
60 | /// Check that an index falls within the span
61 | public func indexIsValid(_ indices: [Int]) -> Bool {
| `- warning: 'public' modifier is redundant for instance method declared in a public extension
62 | return indices.count == rank && indices.enumerated().all { (i, index) in
63 | self.span[i].contains(index)
[#DeprecatedDeclaration]: <https://docs.swift.org/compiler/documentation/diagnostics/deprecated-declaration>
SwiftCompile normal arm64_32 (in target 'Upsurge' from project 'Upsurge')
cd /Users/admin/builder/spi-builder-workspace/.swiftpm/xcode
SwiftCompile normal arm64 Compiling\ Sequence.swift,\ Span.swift /Users/admin/builder/spi-builder-workspace/Sources/Upsurge/Sequence.swift /Users/admin/builder/spi-builder-workspace/Sources/Upsurge/Span.swift (in target 'Upsurge' from project 'Upsurge')
SwiftCompile normal arm64 /Users/admin/builder/spi-builder-workspace/Sources/Upsurge/Sequence.swift (in target 'Upsurge' from project 'Upsurge')
cd /Users/admin/builder/spi-builder-workspace/.swiftpm/xcode
builtin-SwiftPerFileCompile Sequence.swift
SwiftCompile normal arm64 /Users/admin/builder/spi-builder-workspace/Sources/Upsurge/Span.swift (in target 'Upsurge' from project 'Upsurge')
cd /Users/admin/builder/spi-builder-workspace/.swiftpm/xcode
builtin-SwiftPerFileCompile Span.swift
SwiftDriverJobDiscovery normal arm64 Emitting module for Upsurge (in target 'Upsurge' from project 'Upsurge')
SwiftDriver\ Compilation\ Requirements Upsurge normal arm64 com.apple.xcode.tools.swift.compiler (in target 'Upsurge' from project 'Upsurge')
cd /Users/admin/builder/spi-builder-workspace/.swiftpm/xcode
builtin-Swift-Compilation-Requirements -- /Applications/Xcode-27.0.0-Release.Candidate.app/Contents/Developer/Toolchains/XcodeDefault.xctoolchain/usr/bin/swiftc -parse-as-library -module-name Upsurge -Onone @/Users/admin/builder/spi-builder-workspace/.derivedData/Build/Intermediates.noindex/Upsurge.build/Debug-watchos/Upsurge-t.build/Objects-normal/arm64/Upsurge.SwiftFileList -DSWIFT_PACKAGE -DDEBUG -DSWIFT_MODULE_RESOURCE_BUNDLE_UNAVAILABLE -DXcode -plugin-path /Applications/Xcode-27.0.0-Release.Candidate.app/Contents/Developer/Toolchains/XcodeDefault.xctoolchain/usr/lib/swift/host/plugins/testing -enable-experimental-feature DebugDescriptionMacro -sdk /Applications/Xcode-27.0.0-Release.Candidate.app/Contents/Developer/Platforms/WatchOS.platform/Developer/SDKs/WatchOS27.0.sdk -target arm64-apple-watchos9.0 -g -module-cache-path /Users/admin/builder/spi-builder-workspace/.derivedData/ModuleCache.noindex -Xfrontend -serialize-debugging-options -profile-coverage-mapping -profile-generate -enable-testing -index-store-path /Users/admin/builder/spi-builder-workspace/.derivedData/Index.noindex/DataStore -Xcc -D_LIBCPP_HARDENING_MODE\=_LIBCPP_HARDENING_MODE_DEBUG -swift-version 4 -I /Users/admin/builder/spi-builder-workspace/.derivedData/Build/Products/Debug-watchos -Isystem /Applications/Xcode-27.0.0-Release.Candidate.app/Contents/Developer/Platforms/WatchOS.platform/Developer/usr/lib -F /Users/admin/builder/spi-builder-workspace/.derivedData/Build/Products/Debug-watchos -F /Applications/Xcode-27.0.0-Release.Candidate.app/Contents/Developer/Platforms/WatchOS.platform/Developer/Library/Frameworks -F /Applications/Xcode-27.0.0-Release.Candidate.app/Contents/Developer/Platforms/WatchOS.platform/Developer/SDKs/WatchOS27.0.sdk/Developer/Library/Frameworks -c -j10 -enable-batch-mode -incremental -Xcc -ivfsstatcache -Xcc /Users/admin/builder/spi-builder-workspace/.derivedData/SDKStatCaches.noindex/watchos27.0-24R360-e829b21a6f8c9b70876ba0858053c04477534ef55a1706bf4c1112bbb242f0a2.sdkstatcache -output-file-map /Users/admin/builder/spi-builder-workspace/.derivedData/Build/Intermediates.noindex/Upsurge.build/Debug-watchos/Upsurge-t.build/Objects-normal/arm64/Upsurge-OutputFileMap.json -save-temps -no-color-diagnostics -emit-dependencies -emit-module -emit-module-path /Users/admin/builder/spi-builder-workspace/.derivedData/Build/Intermediates.noindex/Upsurge.build/Debug-watchos/Upsurge-t.build/Objects-normal/arm64/Upsurge.swiftmodule -serialize-diagnostics -validate-clang-modules-once -clang-build-session-file /Users/admin/builder/spi-builder-workspace/.derivedData/ModuleCache.noindex/Session.modulevalidation -Xcc -fmodules-prune-interval\=86400 -Xcc -fmodules-prune-after\=345600 -emit-const-values -const-gather-protocols-list /Users/admin/builder/spi-builder-workspace/.derivedData/Build/Intermediates.noindex/Upsurge.build/Debug-watchos/Upsurge-t.build/Objects-normal/arm64/Upsurge_const_extract_protocols.json -Xcc -I/Users/admin/builder/spi-builder-workspace/.derivedData/Build/Products/Debug-watchos/include -Xcc -I/Users/admin/builder/spi-builder-workspace/.derivedData/Build/Intermediates.noindex/Upsurge.build/Debug-watchos/Upsurge-t.build/DerivedSources-normal/arm64 -Xcc -I/Users/admin/builder/spi-builder-workspace/.derivedData/Build/Intermediates.noindex/Upsurge.build/Debug-watchos/Upsurge-t.build/DerivedSources/arm64 -Xcc -I/Users/admin/builder/spi-builder-workspace/.derivedData/Build/Intermediates.noindex/Upsurge.build/Debug-watchos/Upsurge-t.build/DerivedSources -Xcc -DSWIFT_PACKAGE -Xcc -DDEBUG\=1 -emit-objc-header -emit-objc-header-path /Users/admin/builder/spi-builder-workspace/.derivedData/Build/Intermediates.noindex/Upsurge.build/Debug-watchos/Upsurge-t.build/Objects-normal/arm64/Upsurge-Swift.h -working-directory /Users/admin/builder/spi-builder-workspace/.swiftpm/xcode -experimental-emit-module-separately -disable-cmo
SwiftDriverJobDiscovery normal arm64_32 Emitting module for Upsurge (in target 'Upsurge' from project 'Upsurge')
SwiftDriver\ Compilation\ Requirements Upsurge normal arm64_32 com.apple.xcode.tools.swift.compiler (in target 'Upsurge' from project 'Upsurge')
cd /Users/admin/builder/spi-builder-workspace/.swiftpm/xcode
builtin-Swift-Compilation-Requirements -- /Applications/Xcode-27.0.0-Release.Candidate.app/Contents/Developer/Toolchains/XcodeDefault.xctoolchain/usr/bin/swiftc -parse-as-library -module-name Upsurge -Onone @/Users/admin/builder/spi-builder-workspace/.derivedData/Build/Intermediates.noindex/Upsurge.build/Debug-watchos/Upsurge-t.build/Objects-normal/arm64_32/Upsurge.SwiftFileList -DSWIFT_PACKAGE -DDEBUG -DSWIFT_MODULE_RESOURCE_BUNDLE_UNAVAILABLE -DXcode -plugin-path /Applications/Xcode-27.0.0-Release.Candidate.app/Contents/Developer/Toolchains/XcodeDefault.xctoolchain/usr/lib/swift/host/plugins/testing -enable-experimental-feature DebugDescriptionMacro -sdk /Applications/Xcode-27.0.0-Release.Candidate.app/Contents/Developer/Platforms/WatchOS.platform/Developer/SDKs/WatchOS27.0.sdk -target arm64_32-apple-watchos9.0 -g -module-cache-path /Users/admin/builder/spi-builder-workspace/.derivedData/ModuleCache.noindex -Xfrontend -serialize-debugging-options -profile-coverage-mapping -profile-generate -enable-testing -index-store-path /Users/admin/builder/spi-builder-workspace/.derivedData/Index.noindex/DataStore -Xcc -D_LIBCPP_HARDENING_MODE\=_LIBCPP_HARDENING_MODE_DEBUG -swift-version 4 -I /Users/admin/builder/spi-builder-workspace/.derivedData/Build/Products/Debug-watchos -Isystem /Applications/Xcode-27.0.0-Release.Candidate.app/Contents/Developer/Platforms/WatchOS.platform/Developer/usr/lib -F /Users/admin/builder/spi-builder-workspace/.derivedData/Build/Products/Debug-watchos -F /Applications/Xcode-27.0.0-Release.Candidate.app/Contents/Developer/Platforms/WatchOS.platform/Developer/Library/Frameworks -F /Applications/Xcode-27.0.0-Release.Candidate.app/Contents/Developer/Platforms/WatchOS.platform/Developer/SDKs/WatchOS27.0.sdk/Developer/Library/Frameworks -c -j10 -enable-batch-mode -incremental -Xcc -ivfsstatcache -Xcc /Users/admin/builder/spi-builder-workspace/.derivedData/SDKStatCaches.noindex/watchos27.0-24R360-e829b21a6f8c9b70876ba0858053c04477534ef55a1706bf4c1112bbb242f0a2.sdkstatcache -output-file-map /Users/admin/builder/spi-builder-workspace/.derivedData/Build/Intermediates.noindex/Upsurge.build/Debug-watchos/Upsurge-t.build/Objects-normal/arm64_32/Upsurge-OutputFileMap.json -save-temps -no-color-diagnostics -emit-dependencies -emit-module -emit-module-path /Users/admin/builder/spi-builder-workspace/.derivedData/Build/Intermediates.noindex/Upsurge.build/Debug-watchos/Upsurge-t.build/Objects-normal/arm64_32/Upsurge.swiftmodule -serialize-diagnostics -validate-clang-modules-once -clang-build-session-file /Users/admin/builder/spi-builder-workspace/.derivedData/ModuleCache.noindex/Session.modulevalidation -Xcc -fmodules-prune-interval\=86400 -Xcc -fmodules-prune-after\=345600 -emit-const-values -const-gather-protocols-list /Users/admin/builder/spi-builder-workspace/.derivedData/Build/Intermediates.noindex/Upsurge.build/Debug-watchos/Upsurge-t.build/Objects-normal/arm64_32/Upsurge_const_extract_protocols.json -Xcc -I/Users/admin/builder/spi-builder-workspace/.derivedData/Build/Products/Debug-watchos/include -Xcc -I/Users/admin/builder/spi-builder-workspace/.derivedData/Build/Intermediates.noindex/Upsurge.build/Debug-watchos/Upsurge-t.build/DerivedSources-normal/arm64_32 -Xcc -I/Users/admin/builder/spi-builder-workspace/.derivedData/Build/Intermediates.noindex/Upsurge.build/Debug-watchos/Upsurge-t.build/DerivedSources/arm64_32 -Xcc -I/Users/admin/builder/spi-builder-workspace/.derivedData/Build/Intermediates.noindex/Upsurge.build/Debug-watchos/Upsurge-t.build/DerivedSources -Xcc -DSWIFT_PACKAGE -Xcc -DDEBUG\=1 -emit-objc-header -emit-objc-header-path /Users/admin/builder/spi-builder-workspace/.derivedData/Build/Intermediates.noindex/Upsurge.build/Debug-watchos/Upsurge-t.build/Objects-normal/arm64_32/Upsurge-Swift.h -working-directory /Users/admin/builder/spi-builder-workspace/.swiftpm/xcode -experimental-emit-module-separately -disable-cmo
Copy /Users/admin/builder/spi-builder-workspace/.derivedData/Build/Products/Debug-watchos/Upsurge.swiftmodule/arm64-apple-watchos.swiftmodule /Users/admin/builder/spi-builder-workspace/.derivedData/Build/Intermediates.noindex/Upsurge.build/Debug-watchos/Upsurge-t.build/Objects-normal/arm64/Upsurge.swiftmodule (in target 'Upsurge' from project 'Upsurge')
cd /Users/admin/builder/spi-builder-workspace
builtin-copy -exclude .DS_Store -exclude CVS -exclude .svn -exclude .git -exclude .hg -resolve-src-symlinks -rename /Users/admin/builder/spi-builder-workspace/.derivedData/Build/Intermediates.noindex/Upsurge.build/Debug-watchos/Upsurge-t.build/Objects-normal/arm64/Upsurge.swiftmodule /Users/admin/builder/spi-builder-workspace/.derivedData/Build/Products/Debug-watchos/Upsurge.swiftmodule/arm64-apple-watchos.swiftmodule
SwiftMergeGeneratedHeaders /Users/admin/builder/spi-builder-workspace/.derivedData/Build/Intermediates.noindex/GeneratedModuleMaps-watchos/Upsurge-Swift.h /Users/admin/builder/spi-builder-workspace/.derivedData/Build/Intermediates.noindex/Upsurge.build/Debug-watchos/Upsurge-t.build/Objects-normal/arm64/Upsurge-Swift.h /Users/admin/builder/spi-builder-workspace/.derivedData/Build/Intermediates.noindex/Upsurge.build/Debug-watchos/Upsurge-t.build/Objects-normal/arm64_32/Upsurge-Swift.h (in target 'Upsurge' from project 'Upsurge')
cd /Users/admin/builder/spi-builder-workspace
builtin-swiftHeaderTool -arch arm64 /Users/admin/builder/spi-builder-workspace/.derivedData/Build/Intermediates.noindex/Upsurge.build/Debug-watchos/Upsurge-t.build/Objects-normal/arm64/Upsurge-Swift.h -arch arm64_32 /Users/admin/builder/spi-builder-workspace/.derivedData/Build/Intermediates.noindex/Upsurge.build/Debug-watchos/Upsurge-t.build/Objects-normal/arm64_32/Upsurge-Swift.h -o /Users/admin/builder/spi-builder-workspace/.derivedData/Build/Intermediates.noindex/GeneratedModuleMaps-watchos/Upsurge-Swift.h
Copy /Users/admin/builder/spi-builder-workspace/.derivedData/Build/Products/Debug-watchos/Upsurge.swiftmodule/arm64_32-apple-watchos.swiftmodule /Users/admin/builder/spi-builder-workspace/.derivedData/Build/Intermediates.noindex/Upsurge.build/Debug-watchos/Upsurge-t.build/Objects-normal/arm64_32/Upsurge.swiftmodule (in target 'Upsurge' from project 'Upsurge')
cd /Users/admin/builder/spi-builder-workspace
builtin-copy -exclude .DS_Store -exclude CVS -exclude .svn -exclude .git -exclude .hg -resolve-src-symlinks -rename /Users/admin/builder/spi-builder-workspace/.derivedData/Build/Intermediates.noindex/Upsurge.build/Debug-watchos/Upsurge-t.build/Objects-normal/arm64_32/Upsurge.swiftmodule /Users/admin/builder/spi-builder-workspace/.derivedData/Build/Products/Debug-watchos/Upsurge.swiftmodule/arm64_32-apple-watchos.swiftmodule
Copy /Users/admin/builder/spi-builder-workspace/.derivedData/Build/Products/Debug-watchos/Upsurge.swiftmodule/arm64_32-apple-watchos.swiftdoc /Users/admin/builder/spi-builder-workspace/.derivedData/Build/Intermediates.noindex/Upsurge.build/Debug-watchos/Upsurge-t.build/Objects-normal/arm64_32/Upsurge.swiftdoc (in target 'Upsurge' from project 'Upsurge')
cd /Users/admin/builder/spi-builder-workspace
builtin-copy -exclude .DS_Store -exclude CVS -exclude .svn -exclude .git -exclude .hg -resolve-src-symlinks -rename /Users/admin/builder/spi-builder-workspace/.derivedData/Build/Intermediates.noindex/Upsurge.build/Debug-watchos/Upsurge-t.build/Objects-normal/arm64_32/Upsurge.swiftdoc /Users/admin/builder/spi-builder-workspace/.derivedData/Build/Products/Debug-watchos/Upsurge.swiftmodule/arm64_32-apple-watchos.swiftdoc
Copy /Users/admin/builder/spi-builder-workspace/.derivedData/Build/Products/Debug-watchos/Upsurge.swiftmodule/arm64_32-apple-watchos.abi.json /Users/admin/builder/spi-builder-workspace/.derivedData/Build/Intermediates.noindex/Upsurge.build/Debug-watchos/Upsurge-t.build/Objects-normal/arm64_32/Upsurge.abi.json (in target 'Upsurge' from project 'Upsurge')
cd /Users/admin/builder/spi-builder-workspace
builtin-copy -exclude .DS_Store -exclude CVS -exclude .svn -exclude .git -exclude .hg -resolve-src-symlinks -rename /Users/admin/builder/spi-builder-workspace/.derivedData/Build/Intermediates.noindex/Upsurge.build/Debug-watchos/Upsurge-t.build/Objects-normal/arm64_32/Upsurge.abi.json /Users/admin/builder/spi-builder-workspace/.derivedData/Build/Products/Debug-watchos/Upsurge.swiftmodule/arm64_32-apple-watchos.abi.json
Copy /Users/admin/builder/spi-builder-workspace/.derivedData/Build/Products/Debug-watchos/Upsurge.swiftmodule/arm64-apple-watchos.swiftdoc /Users/admin/builder/spi-builder-workspace/.derivedData/Build/Intermediates.noindex/Upsurge.build/Debug-watchos/Upsurge-t.build/Objects-normal/arm64/Upsurge.swiftdoc (in target 'Upsurge' from project 'Upsurge')
cd /Users/admin/builder/spi-builder-workspace
builtin-copy -exclude .DS_Store -exclude CVS -exclude .svn -exclude .git -exclude .hg -resolve-src-symlinks -rename /Users/admin/builder/spi-builder-workspace/.derivedData/Build/Intermediates.noindex/Upsurge.build/Debug-watchos/Upsurge-t.build/Objects-normal/arm64/Upsurge.swiftdoc /Users/admin/builder/spi-builder-workspace/.derivedData/Build/Products/Debug-watchos/Upsurge.swiftmodule/arm64-apple-watchos.swiftdoc
Copy /Users/admin/builder/spi-builder-workspace/.derivedData/Build/Products/Debug-watchos/Upsurge.swiftmodule/arm64-apple-watchos.abi.json /Users/admin/builder/spi-builder-workspace/.derivedData/Build/Intermediates.noindex/Upsurge.build/Debug-watchos/Upsurge-t.build/Objects-normal/arm64/Upsurge.abi.json (in target 'Upsurge' from project 'Upsurge')
cd /Users/admin/builder/spi-builder-workspace
builtin-copy -exclude .DS_Store -exclude CVS -exclude .svn -exclude .git -exclude .hg -resolve-src-symlinks -rename /Users/admin/builder/spi-builder-workspace/.derivedData/Build/Intermediates.noindex/Upsurge.build/Debug-watchos/Upsurge-t.build/Objects-normal/arm64/Upsurge.abi.json /Users/admin/builder/spi-builder-workspace/.derivedData/Build/Products/Debug-watchos/Upsurge.swiftmodule/arm64-apple-watchos.abi.json
Copy /Users/admin/builder/spi-builder-workspace/.derivedData/Build/Products/Debug-watchos/Upsurge.swiftmodule/Project/arm64_32-apple-watchos.swiftsourceinfo /Users/admin/builder/spi-builder-workspace/.derivedData/Build/Intermediates.noindex/Upsurge.build/Debug-watchos/Upsurge-t.build/Objects-normal/arm64_32/Upsurge.swiftsourceinfo (in target 'Upsurge' from project 'Upsurge')
cd /Users/admin/builder/spi-builder-workspace
builtin-copy -exclude .DS_Store -exclude CVS -exclude .svn -exclude .git -exclude .hg -resolve-src-symlinks -rename /Users/admin/builder/spi-builder-workspace/.derivedData/Build/Intermediates.noindex/Upsurge.build/Debug-watchos/Upsurge-t.build/Objects-normal/arm64_32/Upsurge.swiftsourceinfo /Users/admin/builder/spi-builder-workspace/.derivedData/Build/Products/Debug-watchos/Upsurge.swiftmodule/Project/arm64_32-apple-watchos.swiftsourceinfo
Copy /Users/admin/builder/spi-builder-workspace/.derivedData/Build/Products/Debug-watchos/Upsurge.swiftmodule/Project/arm64-apple-watchos.swiftsourceinfo /Users/admin/builder/spi-builder-workspace/.derivedData/Build/Intermediates.noindex/Upsurge.build/Debug-watchos/Upsurge-t.build/Objects-normal/arm64/Upsurge.swiftsourceinfo (in target 'Upsurge' from project 'Upsurge')
cd /Users/admin/builder/spi-builder-workspace
builtin-copy -exclude .DS_Store -exclude CVS -exclude .svn -exclude .git -exclude .hg -resolve-src-symlinks -rename /Users/admin/builder/spi-builder-workspace/.derivedData/Build/Intermediates.noindex/Upsurge.build/Debug-watchos/Upsurge-t.build/Objects-normal/arm64/Upsurge.swiftsourceinfo /Users/admin/builder/spi-builder-workspace/.derivedData/Build/Products/Debug-watchos/Upsurge.swiftmodule/Project/arm64-apple-watchos.swiftsourceinfo
SwiftCompile normal arm64 Compiling\ TensorType.swift,\ Value.swift /Users/admin/builder/spi-builder-workspace/Sources/Upsurge/TensorType.swift /Users/admin/builder/spi-builder-workspace/Sources/Upsurge/Value.swift (in target 'Upsurge' from project 'Upsurge')
/Users/admin/builder/spi-builder-workspace/Sources/Upsurge/TensorType.swift:41:5: warning: 'public' modifier is redundant for property declared in a public extension
39 | public extension TensorType {
40 | /// The size of each dimension
41 | public var dimensions: [Int] {
| `- warning: 'public' modifier is redundant for property declared in a public extension
42 | return span.dimensions
43 | }
/Users/admin/builder/spi-builder-workspace/Sources/Upsurge/TensorType.swift:46:5: warning: 'public' modifier is redundant for property declared in a public extension
44 |
45 | /// The number of dimensions
46 | public var rank: Int {
| `- warning: 'public' modifier is redundant for property declared in a public extension
47 | return span.rank
48 | }
/Users/admin/builder/spi-builder-workspace/Sources/Upsurge/TensorType.swift:51:5: warning: 'public' modifier is redundant for instance method declared in a public extension
49 |
50 | /// Convert a high-dimensional index into an integer index for a LinearType
51 | public func linearIndex(_ indices: [Int]) -> Int {
| `- warning: 'public' modifier is redundant for instance method declared in a public extension
52 | precondition(indexIsValid(indices))
53 | var index = indices[0]
/Users/admin/builder/spi-builder-workspace/Sources/Upsurge/TensorType.swift:61:5: warning: 'public' modifier is redundant for instance method declared in a public extension
59 |
60 | /// Check that an index falls within the span
61 | public func indexIsValid(_ indices: [Int]) -> Bool {
| `- warning: 'public' modifier is redundant for instance method declared in a public extension
62 | return indices.count == rank && indices.enumerated().all { (i, index) in
63 | self.span[i].contains(index)
SwiftCompile normal arm64 /Users/admin/builder/spi-builder-workspace/Sources/Upsurge/TensorType.swift (in target 'Upsurge' from project 'Upsurge')
cd /Users/admin/builder/spi-builder-workspace/.swiftpm/xcode
builtin-SwiftPerFileCompile TensorType.swift
SwiftCompile normal arm64 /Users/admin/builder/spi-builder-workspace/Sources/Upsurge/Value.swift (in target 'Upsurge' from project 'Upsurge')
cd /Users/admin/builder/spi-builder-workspace/.swiftpm/xcode
builtin-SwiftPerFileCompile Value.swift
SwiftDriverJobDiscovery normal arm64_32 Compiling Complex.swift, ComplexArithmetic.swift, ComplexArray.swift (in target 'Upsurge' from project 'Upsurge')
SwiftCompile normal arm64_32 Compiling\ Matrix.swift,\ MatrixArithmetic.swift,\ MatrixSlice.swift /Users/admin/builder/spi-builder-workspace/Sources/Upsurge/Matrix.swift /Users/admin/builder/spi-builder-workspace/Sources/Upsurge/MatrixArithmetic.swift /Users/admin/builder/spi-builder-workspace/Sources/Upsurge/MatrixSlice.swift (in target 'Upsurge' from project 'Upsurge')
/Users/admin/builder/spi-builder-workspace/Sources/Upsurge/Matrix.swift:72:29: warning: 'assign(from:count:)' is deprecated: renamed to 'update(from:count:)' [#DeprecatedDeclaration]
70 | let sourcePointer = UnsafeMutablePointer<Element>(mutating: pointer.baseAddress! + (row * quad.stride))
71 | let destPointer = elements.mutablePointer + row * columns
72 | destPointer.assign(from: sourcePointer, count: columns)
| |- warning: 'assign(from:count:)' is deprecated: renamed to 'update(from:count:)' [#DeprecatedDeclaration]
| `- note: use 'update(from:count:)' instead
73 | }
74 | }
/Users/admin/builder/spi-builder-workspace/Sources/Upsurge/MatrixArithmetic.swift:99:28: error: cannot convert value of type 'Int' to expected argument type 'vDSP_Stride' (aka 'Int64')
97 | let step = results.step
98 | withPointers(x, &results) { xp, rp in
99 | vDSP_mtransD(xp, x.step, rp, step, vDSP_Length(rows), vDSP_Length(columns))
| `- error: cannot convert value of type 'Int' to expected argument type 'vDSP_Stride' (aka 'Int64')
100 | }
101 | return results
/Users/admin/builder/spi-builder-workspace/Sources/Upsurge/MatrixArithmetic.swift:99:38: error: cannot convert value of type 'Int' to expected argument type 'vDSP_Stride' (aka 'Int64')
97 | let step = results.step
98 | withPointers(x, &results) { xp, rp in
99 | vDSP_mtransD(xp, x.step, rp, step, vDSP_Length(rows), vDSP_Length(columns))
| `- error: cannot convert value of type 'Int' to expected argument type 'vDSP_Stride' (aka 'Int64')
100 | }
101 | return results
/Users/admin/builder/spi-builder-workspace/Sources/Upsurge/MatrixArithmetic.swift:245:27: error: cannot convert value of type 'Int' to expected argument type 'vDSP_Stride' (aka 'Int64')
243 | let step = results.step
244 | withPointers(x, &results) { xp, rp in
245 | vDSP_mtrans(xp, x.step, rp, step, vDSP_Length(x.columns), vDSP_Length(x.rows))
| `- error: cannot convert value of type 'Int' to expected argument type 'vDSP_Stride' (aka 'Int64')
246 | }
247 | return results
/Users/admin/builder/spi-builder-workspace/Sources/Upsurge/MatrixArithmetic.swift:245:37: error: cannot convert value of type 'Int' to expected argument type 'vDSP_Stride' (aka 'Int64')
243 | let step = results.step
244 | withPointers(x, &results) { xp, rp in
245 | vDSP_mtrans(xp, x.step, rp, step, vDSP_Length(x.columns), vDSP_Length(x.rows))
| `- error: cannot convert value of type 'Int' to expected argument type 'vDSP_Stride' (aka 'Int64')
246 | }
247 | return results
[#DeprecatedDeclaration]: <https://docs.swift.org/compiler/documentation/diagnostics/deprecated-declaration>
Failed frontend command:
/Applications/Xcode-27.0.0-Release.Candidate.app/Contents/Developer/Toolchains/XcodeDefault.xctoolchain/usr/bin/swift-frontend -frontend -c /Users/admin/builder/spi-builder-workspace/Sources/Upsurge/2DTensorSlice.swift /Users/admin/builder/spi-builder-workspace/Sources/Upsurge/Arithmetic.swift /Users/admin/builder/spi-builder-workspace/Sources/Upsurge/Auxiliary.swift /Users/admin/builder/spi-builder-workspace/Sources/Upsurge/Complex.swift /Users/admin/builder/spi-builder-workspace/Sources/Upsurge/ComplexArithmetic.swift /Users/admin/builder/spi-builder-workspace/Sources/Upsurge/ComplexArray.swift /Users/admin/builder/spi-builder-workspace/Sources/Upsurge/ComplexArrayRealSlice.swift /Users/admin/builder/spi-builder-workspace/Sources/Upsurge/ComplexArraySlice.swift /Users/admin/builder/spi-builder-workspace/Sources/Upsurge/Exponential.swift /Users/admin/builder/spi-builder-workspace/Sources/Upsurge/Interval.swift /Users/admin/builder/spi-builder-workspace/Sources/Upsurge/LinearOperators.swift /Users/admin/builder/spi-builder-workspace/Sources/Upsurge/LinearType.swift -primary-file /Users/admin/builder/spi-builder-workspace/Sources/Upsurge/Matrix.swift -primary-file /Users/admin/builder/spi-builder-workspace/Sources/Upsurge/MatrixArithmetic.swift -primary-file /Users/admin/builder/spi-builder-workspace/Sources/Upsurge/MatrixSlice.swift /Users/admin/builder/spi-builder-workspace/Sources/Upsurge/PointerUtilities.swift /Users/admin/builder/spi-builder-workspace/Sources/Upsurge/QuadraticType.swift /Users/admin/builder/spi-builder-workspace/Sources/Upsurge/Real.swift /Users/admin/builder/spi-builder-workspace/Sources/Upsurge/Sequence.swift /Users/admin/builder/spi-builder-workspace/Sources/Upsurge/Span.swift /Users/admin/builder/spi-builder-workspace/Sources/Upsurge/Tensor.swift /Users/admin/builder/spi-builder-workspace/Sources/Upsurge/TensorSlice.swift /Users/admin/builder/spi-builder-workspace/Sources/Upsurge/TensorType.swift /Users/admin/builder/spi-builder-workspace/Sources/Upsurge/Value.swift /Users/admin/builder/spi-builder-workspace/Sources/Upsurge/ValueArray.swift /Users/admin/builder/spi-builder-workspace/Sources/Upsurge/ValueArraySlice.swift -supplementary-output-file-map /Users/admin/builder/spi-builder-workspace/.derivedData/Build/Intermediates.noindex/Upsurge.build/Debug-watchos/Upsurge-t.build/Objects-normal/arm64_32/supplementaryOutputs-10 -target arm64_32-apple-watchos9.0 -enable-objc-interop -sdk /Applications/Xcode-27.0.0-Release.Candidate.app/Contents/Developer/Platforms/WatchOS.platform/Developer/SDKs/WatchOS27.0.sdk -I /Users/admin/builder/spi-builder-workspace/.derivedData/Build/Products/Debug-watchos -Isystem /Applications/Xcode-27.0.0-Release.Candidate.app/Contents/Developer/Platforms/WatchOS.platform/Developer/usr/lib -F /Users/admin/builder/spi-builder-workspace/.derivedData/Build/Products/Debug-watchos -F /Applications/Xcode-27.0.0-Release.Candidate.app/Contents/Developer/Platforms/WatchOS.platform/Developer/Library/Frameworks -F /Applications/Xcode-27.0.0-Release.Candidate.app/Contents/Developer/Platforms/WatchOS.platform/Developer/SDKs/WatchOS27.0.sdk/Developer/Library/Frameworks -module-cache-path /Users/admin/builder/spi-builder-workspace/.derivedData/ModuleCache.noindex -no-color-diagnostics -Xcc -fno-color-diagnostics -enable-testing -g -debug-info-format\=dwarf -dwarf-version\=4 -profile-generate -profile-coverage-mapping -swift-version 4 -Onone -D SWIFT_PACKAGE -D DEBUG -D SWIFT_MODULE_RESOURCE_BUNDLE_UNAVAILABLE -D Xcode -serialize-debugging-options -enable-experimental-feature DebugDescriptionMacro -empty-abi-descriptor -plugin-path /Applications/Xcode-27.0.0-Release.Candidate.app/Contents/Developer/Toolchains/XcodeDefault.xctoolchain/usr/lib/swift/host/plugins/testing -validate-clang-modules-once -clang-build-session-file /Users/admin/builder/spi-builder-workspace/.derivedData/ModuleCache.noindex/Session.modulevalidation -Xcc -working-directory -Xcc /Users/admin/builder/spi-builder-workspace/.swiftpm/xcode -enable-anonymous-context-mangled-names -file-compilation-dir /Users/admin/builder/spi-builder-workspace/.swiftpm/xcode -Xcc -D_LIBCPP_HARDENING_MODE\=_LIBCPP_HARDENING_MODE_DEBUG -Xcc -ivfsstatcache -Xcc /Users/admin/builder/spi-builder-workspace/.derivedData/SDKStatCaches.noindex/watchos27.0-24R360-e829b21a6f8c9b70876ba0858053c04477534ef55a1706bf4c1112bbb242f0a2.sdkstatcache -Xcc -fmodules-prune-interval\=86400 -Xcc -fmodules-prune-after\=345600 -Xcc -I/Users/admin/builder/spi-builder-workspace/.derivedData/Build/Products/Debug-watchos/include -Xcc -I/Users/admin/builder/spi-builder-workspace/.derivedData/Build/Intermediates.noindex/Upsurge.build/Debug-watchos/Upsurge-t.build/DerivedSources-normal/arm64_32 -Xcc -I/Users/admin/builder/spi-builder-workspace/.derivedData/Build/Intermediates.noindex/Upsurge.build/Debug-watchos/Upsurge-t.build/DerivedSources/arm64_32 -Xcc -I/Users/admin/builder/spi-builder-workspace/.derivedData/Build/Intermediates.noindex/Upsurge.build/Debug-watchos/Upsurge-t.build/DerivedSources -Xcc -DSWIFT_PACKAGE -Xcc -DDEBUG\=1 -no-auto-bridging-header-chaining -module-name Upsurge -const-gather-protocols-file /Users/admin/builder/spi-builder-workspace/.derivedData/Build/Intermediates.noindex/Upsurge.build/Debug-watchos/Upsurge-t.build/Objects-normal/arm64_32/Upsurge_const_extract_protocols.json -disable-clang-spi -target-sdk-version 27.0 -target-sdk-name watchos27.0 -external-plugin-path /Applications/Xcode-27.0.0-Release.Candidate.app/Contents/Developer/Platforms/WatchOS.platform/Developer/usr/lib/swift/host/plugins\#/Applications/Xcode-27.0.0-Release.Candidate.app/Contents/Developer/Platforms/WatchOS.platform/Developer/usr/bin/swift-plugin-server -external-plugin-path /Applications/Xcode-27.0.0-Release.Candidate.app/Contents/Developer/Platforms/WatchOS.platform/Developer/usr/local/lib/swift/host/plugins\#/Applications/Xcode-27.0.0-Release.Candidate.app/Contents/Developer/Platforms/WatchOS.platform/Developer/usr/bin/swift-plugin-server -in-process-plugin-server-path /Applications/Xcode-27.0.0-Release.Candidate.app/Contents/Developer/Toolchains/XcodeDefault.xctoolchain/usr/lib/swift/host/libSwiftInProcPluginServer.dylib -plugin-path /Applications/Xcode-27.0.0-Release.Candidate.app/Contents/Developer/Toolchains/XcodeDefault.xctoolchain/usr/lib/swift/host/plugins -plugin-path /Applications/Xcode-27.0.0-Release.Candidate.app/Contents/Developer/Toolchains/XcodeDefault.xctoolchain/usr/local/lib/swift/host/plugins -parse-as-library -o /Users/admin/builder/spi-builder-workspace/.derivedData/Build/Intermediates.noindex/Upsurge.build/Debug-watchos/Upsurge-t.build/Objects-normal/arm64_32/Matrix.o -o /Users/admin/builder/spi-builder-workspace/.derivedData/Build/Intermediates.noindex/Upsurge.build/Debug-watchos/Upsurge-t.build/Objects-normal/arm64_32/MatrixArithmetic.o -o /Users/admin/builder/spi-builder-workspace/.derivedData/Build/Intermediates.noindex/Upsurge.build/Debug-watchos/Upsurge-t.build/Objects-normal/arm64_32/MatrixSlice.o -index-unit-output-path /Upsurge.build/Debug-watchos/Upsurge-t.build/Objects-normal/arm64_32/Matrix.o -index-unit-output-path /Upsurge.build/Debug-watchos/Upsurge-t.build/Objects-normal/arm64_32/MatrixArithmetic.o -index-unit-output-path /Upsurge.build/Debug-watchos/Upsurge-t.build/Objects-normal/arm64_32/MatrixSlice.o -index-store-path /Users/admin/builder/spi-builder-workspace/.derivedData/Index.noindex/DataStore -index-system-modules
SwiftCompile normal arm64_32 /Users/admin/builder/spi-builder-workspace/Sources/Upsurge/Matrix.swift (in target 'Upsurge' from project 'Upsurge')
cd /Users/admin/builder/spi-builder-workspace/.swiftpm/xcode
builtin-SwiftPerFileCompile Matrix.swift
SwiftCompile normal arm64_32 /Users/admin/builder/spi-builder-workspace/Sources/Upsurge/MatrixArithmetic.swift (in target 'Upsurge' from project 'Upsurge')
cd /Users/admin/builder/spi-builder-workspace/.swiftpm/xcode
builtin-SwiftPerFileCompile MatrixArithmetic.swift
SwiftCompile normal arm64_32 /Users/admin/builder/spi-builder-workspace/Sources/Upsurge/MatrixSlice.swift (in target 'Upsurge' from project 'Upsurge')
cd /Users/admin/builder/spi-builder-workspace/.swiftpm/xcode
builtin-SwiftPerFileCompile MatrixSlice.swift
SwiftDriverJobDiscovery normal arm64_32 Compiling Sequence.swift, Span.swift (in target 'Upsurge' from project 'Upsurge')
SwiftCompile normal arm64 Compiling\ Complex.swift,\ ComplexArithmetic.swift,\ ComplexArray.swift /Users/admin/builder/spi-builder-workspace/Sources/Upsurge/Complex.swift /Users/admin/builder/spi-builder-workspace/Sources/Upsurge/ComplexArithmetic.swift /Users/admin/builder/spi-builder-workspace/Sources/Upsurge/ComplexArray.swift (in target 'Upsurge' from project 'Upsurge')
SwiftCompile normal arm64 /Users/admin/builder/spi-builder-workspace/Sources/Upsurge/Complex.swift (in target 'Upsurge' from project 'Upsurge')
cd /Users/admin/builder/spi-builder-workspace/.swiftpm/xcode
builtin-SwiftPerFileCompile Complex.swift
SwiftCompile normal arm64 /Users/admin/builder/spi-builder-workspace/Sources/Upsurge/ComplexArithmetic.swift (in target 'Upsurge' from project 'Upsurge')
cd /Users/admin/builder/spi-builder-workspace/.swiftpm/xcode
builtin-SwiftPerFileCompile ComplexArithmetic.swift
SwiftCompile normal arm64 /Users/admin/builder/spi-builder-workspace/Sources/Upsurge/ComplexArray.swift (in target 'Upsurge' from project 'Upsurge')
cd /Users/admin/builder/spi-builder-workspace/.swiftpm/xcode
builtin-SwiftPerFileCompile ComplexArray.swift
SwiftDriverJobDiscovery normal arm64_32 Compiling ComplexArrayRealSlice.swift, ComplexArraySlice.swift, Exponential.swift (in target 'Upsurge' from project 'Upsurge')
SwiftCompile normal arm64 Compiling\ Tensor.swift,\ TensorSlice.swift /Users/admin/builder/spi-builder-workspace/Sources/Upsurge/Tensor.swift /Users/admin/builder/spi-builder-workspace/Sources/Upsurge/TensorSlice.swift (in target 'Upsurge' from project 'Upsurge')
SwiftCompile normal arm64 /Users/admin/builder/spi-builder-workspace/Sources/Upsurge/Tensor.swift (in target 'Upsurge' from project 'Upsurge')
cd /Users/admin/builder/spi-builder-workspace/.swiftpm/xcode
builtin-SwiftPerFileCompile Tensor.swift
SwiftCompile normal arm64 /Users/admin/builder/spi-builder-workspace/Sources/Upsurge/TensorSlice.swift (in target 'Upsurge' from project 'Upsurge')
cd /Users/admin/builder/spi-builder-workspace/.swiftpm/xcode
builtin-SwiftPerFileCompile TensorSlice.swift
SwiftCompile normal arm64_32 Compiling\ Interval.swift,\ LinearOperators.swift,\ LinearType.swift /Users/admin/builder/spi-builder-workspace/Sources/Upsurge/Interval.swift /Users/admin/builder/spi-builder-workspace/Sources/Upsurge/LinearOperators.swift /Users/admin/builder/spi-builder-workspace/Sources/Upsurge/LinearType.swift (in target 'Upsurge' from project 'Upsurge')
SwiftCompile normal arm64_32 /Users/admin/builder/spi-builder-workspace/Sources/Upsurge/Interval.swift (in target 'Upsurge' from project 'Upsurge')
cd /Users/admin/builder/spi-builder-workspace/.swiftpm/xcode
builtin-SwiftPerFileCompile Interval.swift
SwiftCompile normal arm64_32 /Users/admin/builder/spi-builder-workspace/Sources/Upsurge/LinearOperators.swift (in target 'Upsurge' from project 'Upsurge')
cd /Users/admin/builder/spi-builder-workspace/.swiftpm/xcode
builtin-SwiftPerFileCompile LinearOperators.swift
SwiftCompile normal arm64_32 /Users/admin/builder/spi-builder-workspace/Sources/Upsurge/LinearType.swift (in target 'Upsurge' from project 'Upsurge')
cd /Users/admin/builder/spi-builder-workspace/.swiftpm/xcode
builtin-SwiftPerFileCompile LinearType.swift
SwiftDriverJobDiscovery normal arm64_32 Compiling ValueArray.swift, ValueArraySlice.swift (in target 'Upsurge' from project 'Upsurge')
SwiftCompile normal arm64_32 Compiling\ 2DTensorSlice.swift,\ Arithmetic.swift,\ Auxiliary.swift /Users/admin/builder/spi-builder-workspace/Sources/Upsurge/2DTensorSlice.swift /Users/admin/builder/spi-builder-workspace/Sources/Upsurge/Arithmetic.swift /Users/admin/builder/spi-builder-workspace/Sources/Upsurge/Auxiliary.swift (in target 'Upsurge' from project 'Upsurge')
SwiftCompile normal arm64_32 /Users/admin/builder/spi-builder-workspace/Sources/Upsurge/2DTensorSlice.swift (in target 'Upsurge' from project 'Upsurge')
cd /Users/admin/builder/spi-builder-workspace/.swiftpm/xcode
builtin-SwiftPerFileCompile 2DTensorSlice.swift
SwiftCompile normal arm64_32 /Users/admin/builder/spi-builder-workspace/Sources/Upsurge/Arithmetic.swift (in target 'Upsurge' from project 'Upsurge')
cd /Users/admin/builder/spi-builder-workspace/.swiftpm/xcode
builtin-SwiftPerFileCompile Arithmetic.swift
SwiftCompile normal arm64_32 /Users/admin/builder/spi-builder-workspace/Sources/Upsurge/Auxiliary.swift (in target 'Upsurge' from project 'Upsurge')
cd /Users/admin/builder/spi-builder-workspace/.swiftpm/xcode
builtin-SwiftPerFileCompile Auxiliary.swift
SwiftDriverJobDiscovery normal arm64 Compiling ComplexArrayRealSlice.swift, ComplexArraySlice.swift, Exponential.swift (in target 'Upsurge' from project 'Upsurge')
SwiftCompile normal arm64 Compiling\ PointerUtilities.swift,\ QuadraticType.swift,\ Real.swift /Users/admin/builder/spi-builder-workspace/Sources/Upsurge/PointerUtilities.swift /Users/admin/builder/spi-builder-workspace/Sources/Upsurge/QuadraticType.swift /Users/admin/builder/spi-builder-workspace/Sources/Upsurge/Real.swift (in target 'Upsurge' from project 'Upsurge')
SwiftCompile normal arm64 /Users/admin/builder/spi-builder-workspace/Sources/Upsurge/PointerUtilities.swift (in target 'Upsurge' from project 'Upsurge')
cd /Users/admin/builder/spi-builder-workspace/.swiftpm/xcode
builtin-SwiftPerFileCompile PointerUtilities.swift
SwiftCompile normal arm64 /Users/admin/builder/spi-builder-workspace/Sources/Upsurge/QuadraticType.swift (in target 'Upsurge' from project 'Upsurge')
cd /Users/admin/builder/spi-builder-workspace/.swiftpm/xcode
builtin-SwiftPerFileCompile QuadraticType.swift
SwiftCompile normal arm64 /Users/admin/builder/spi-builder-workspace/Sources/Upsurge/Real.swift (in target 'Upsurge' from project 'Upsurge')
cd /Users/admin/builder/spi-builder-workspace/.swiftpm/xcode
builtin-SwiftPerFileCompile Real.swift
SwiftDriverJobDiscovery normal arm64 Compiling Interval.swift, LinearOperators.swift, LinearType.swift (in target 'Upsurge' from project 'Upsurge')
SwiftCompile normal arm64 Compiling\ ValueArray.swift,\ ValueArraySlice.swift /Users/admin/builder/spi-builder-workspace/Sources/Upsurge/ValueArray.swift /Users/admin/builder/spi-builder-workspace/Sources/Upsurge/ValueArraySlice.swift (in target 'Upsurge' from project 'Upsurge')
SwiftCompile normal arm64 /Users/admin/builder/spi-builder-workspace/Sources/Upsurge/ValueArray.swift (in target 'Upsurge' from project 'Upsurge')
cd /Users/admin/builder/spi-builder-workspace/.swiftpm/xcode
builtin-SwiftPerFileCompile ValueArray.swift
SwiftCompile normal arm64 /Users/admin/builder/spi-builder-workspace/Sources/Upsurge/ValueArraySlice.swift (in target 'Upsurge' from project 'Upsurge')
cd /Users/admin/builder/spi-builder-workspace/.swiftpm/xcode
builtin-SwiftPerFileCompile ValueArraySlice.swift
SwiftDriverJobDiscovery normal arm64 Compiling 2DTensorSlice.swift, Arithmetic.swift, Auxiliary.swift (in target 'Upsurge' from project 'Upsurge')
SwiftCompile normal arm64_32 Compiling\ PointerUtilities.swift,\ QuadraticType.swift,\ Real.swift /Users/admin/builder/spi-builder-workspace/Sources/Upsurge/PointerUtilities.swift /Users/admin/builder/spi-builder-workspace/Sources/Upsurge/QuadraticType.swift /Users/admin/builder/spi-builder-workspace/Sources/Upsurge/Real.swift (in target 'Upsurge' from project 'Upsurge')
SwiftCompile normal arm64_32 /Users/admin/builder/spi-builder-workspace/Sources/Upsurge/PointerUtilities.swift (in target 'Upsurge' from project 'Upsurge')
cd /Users/admin/builder/spi-builder-workspace/.swiftpm/xcode
builtin-SwiftPerFileCompile PointerUtilities.swift
SwiftCompile normal arm64_32 /Users/admin/builder/spi-builder-workspace/Sources/Upsurge/QuadraticType.swift (in target 'Upsurge' from project 'Upsurge')
cd /Users/admin/builder/spi-builder-workspace/.swiftpm/xcode
builtin-SwiftPerFileCompile QuadraticType.swift
SwiftCompile normal arm64_32 /Users/admin/builder/spi-builder-workspace/Sources/Upsurge/Real.swift (in target 'Upsurge' from project 'Upsurge')
cd /Users/admin/builder/spi-builder-workspace/.swiftpm/xcode
builtin-SwiftPerFileCompile Real.swift
PruneExplicitPrecompiledModules /Users/admin/builder/spi-builder-workspace/.derivedData/SDKExplicitPrecompiledModules
PruneExplicitPrecompiledModules /Users/admin/builder/spi-builder-workspace/.derivedData/Build/Intermediates.noindex/ExplicitPrecompiledModules
PruneExplicitPrecompiledModules /Users/admin/builder/spi-builder-workspace/.derivedData/Build/Intermediates.noindex/SwiftExplicitPrecompiledModules
2026-09-16 21:09:12.443 xcodebuild[648:4191] [MT] IDERunDestination: Supported platforms for the buildables in the current scheme is empty.
** BUILD FAILED **
The following build commands failed:
SwiftCompile normal arm64_32 Compiling\ Matrix.swift,\ MatrixArithmetic.swift,\ MatrixSlice.swift /Users/admin/builder/spi-builder-workspace/Sources/Upsurge/Matrix.swift /Users/admin/builder/spi-builder-workspace/Sources/Upsurge/MatrixArithmetic.swift /Users/admin/builder/spi-builder-workspace/Sources/Upsurge/MatrixSlice.swift (in target 'Upsurge' from project 'Upsurge')
SwiftCompile normal arm64_32 /Users/admin/builder/spi-builder-workspace/Sources/Upsurge/MatrixArithmetic.swift (in target 'Upsurge' from project 'Upsurge')
Building workspace Upsurge with scheme Upsurge
(3 failures)
Command line invocation:
/Applications/Xcode-27.0.0-Release.Candidate.app/Contents/Developer/usr/bin/xcodebuild -IDEClonedSourcePackagesDirPathOverride=/Users/admin/builder/spi-builder-workspace/.dependencies -resolvePackageDependencies
Resolve Package Graph
Resolved source packages:
Upsurge: /Users/admin/builder/spi-builder-workspace
resolved source packages: Upsurge
2026-09-16 21:09:19.053 xcodebuild[682:4479] [MT] IDERunDestination: Supported platforms for the buildables in the current scheme is empty.
{
"dependencies" : [
],
"manifest_display_name" : "Upsurge",
"name" : "Upsurge",
"path" : "/Users/admin/builder/spi-builder-workspace",
"platforms" : [
],
"products" : [
{
"name" : "Upsurge",
"targets" : [
"Upsurge"
],
"type" : {
"library" : [
"automatic"
]
}
}
],
"targets" : [
{
"c99name" : "UpsurgeTests",
"module_type" : "SwiftTarget",
"name" : "UpsurgeTests",
"path" : "Tests/UpsurgeTests",
"sources" : [
"ArithmeticTests.swift",
"AuxiliaryTests.swift",
"ComplexTests.swift",
"ExponentialTests.swift",
"RealMatrixTests.swift",
"SpanTests.swift",
"TensorTests.swift",
"ValueArraySliceTests.swift",
"ValueArrayTests.swift",
"XCTestCase+Surge.swift"
],
"target_dependencies" : [
"Upsurge"
],
"type" : "test"
},
{
"c99name" : "Upsurge",
"module_type" : "SwiftTarget",
"name" : "Upsurge",
"path" : "Sources/Upsurge",
"product_memberships" : [
"Upsurge"
],
"sources" : [
"2DTensorSlice.swift",
"Arithmetic.swift",
"Auxiliary.swift",
"Complex.swift",
"ComplexArithmetic.swift",
"ComplexArray.swift",
"ComplexArrayRealSlice.swift",
"ComplexArraySlice.swift",
"Exponential.swift",
"Interval.swift",
"LinearOperators.swift",
"LinearType.swift",
"Matrix.swift",
"MatrixArithmetic.swift",
"MatrixSlice.swift",
"PointerUtilities.swift",
"QuadraticType.swift",
"Real.swift",
"Sequence.swift",
"Span.swift",
"Tensor.swift",
"TensorSlice.swift",
"TensorType.swift",
"Value.swift",
"ValueArray.swift",
"ValueArraySlice.swift"
],
"type" : "library"
}
],
"tools_version" : "4.0"
}
{
"workspace" : {
"name" : "Upsurge",
"schemes" : [
"Upsurge"
]
}
}
2026-09-16 21:09:20.282 xcodebuild[690:4555] [MT] IDERunDestination: Supported platforms for the buildables in the current scheme is empty.
Running build ...
env DEVELOPER_DIR=/Applications/Xcode-27.0.0-Release.Candidate.app xcrun xcodebuild -IDEClonedSourcePackagesDirPathOverride=$PWD/.dependencies -skipMacroValidation -skipPackagePluginValidation -derivedDataPath $PWD/.derivedData build -scheme Upsurge -destination generic/platform=watchOS
Command line invocation:
/Applications/Xcode-27.0.0-Release.Candidate.app/Contents/Developer/usr/bin/xcodebuild -IDEClonedSourcePackagesDirPathOverride=/Users/admin/builder/spi-builder-workspace/.dependencies -skipMacroValidation -skipPackagePluginValidation -derivedDataPath /Users/admin/builder/spi-builder-workspace/.derivedData build -scheme Upsurge -destination generic/platform=watchOS
Resolve Package Graph
Resolved source packages:
Upsurge: /Users/admin/builder/spi-builder-workspace
ComputePackagePrebuildTargetDependencyGraph
Prepare packages
CreateBuildRequest
SendProjectDescription
CreateBuildOperation
ComputeTargetDependencyGraph
note: Building targets in dependency order
note: Target dependency graph (2 targets)
Target 'Upsurge-product' in project 'Upsurge'
➜ Explicit dependency on target 'Upsurge' in project 'Upsurge'
Target 'Upsurge' in project 'Upsurge' (no dependencies)
GatherProvisioningInputs
CreateBuildDescription
ClangStatCache /Applications/Xcode-27.0.0-Release.Candidate.app/Contents/Developer/Toolchains/XcodeDefault.xctoolchain/usr/bin/clang-stat-cache /Applications/Xcode-27.0.0-Release.Candidate.app/Contents/Developer/Platforms/WatchOS.platform/Developer/SDKs/WatchOS27.0.sdk /Users/admin/builder/spi-builder-workspace/.derivedData/SDKStatCaches.noindex/watchos27.0-24R360-e829b21a6f8c9b70876ba0858053c04477534ef55a1706bf4c1112bbb242f0a2.sdkstatcache
cd /Users/admin/builder/spi-builder-workspace/.swiftpm/xcode
/Applications/Xcode-27.0.0-Release.Candidate.app/Contents/Developer/Toolchains/XcodeDefault.xctoolchain/usr/bin/clang-stat-cache /Applications/Xcode-27.0.0-Release.Candidate.app/Contents/Developer/Platforms/WatchOS.platform/Developer/SDKs/WatchOS27.0.sdk -o /Users/admin/builder/spi-builder-workspace/.derivedData/SDKStatCaches.noindex/watchos27.0-24R360-e829b21a6f8c9b70876ba0858053c04477534ef55a1706bf4c1112bbb242f0a2.sdkstatcache
SwiftDriver Upsurge normal arm64_32 com.apple.xcode.tools.swift.compiler (in target 'Upsurge' from project 'Upsurge')
cd /Users/admin/builder/spi-builder-workspace/.swiftpm/xcode
builtin-SwiftDriver -- /Applications/Xcode-27.0.0-Release.Candidate.app/Contents/Developer/Toolchains/XcodeDefault.xctoolchain/usr/bin/swiftc -parse-as-library -module-name Upsurge -Onone @/Users/admin/builder/spi-builder-workspace/.derivedData/Build/Intermediates.noindex/Upsurge.build/Debug-watchos/Upsurge-t.build/Objects-normal/arm64_32/Upsurge.SwiftFileList -DSWIFT_PACKAGE -DDEBUG -DSWIFT_MODULE_RESOURCE_BUNDLE_UNAVAILABLE -DXcode -plugin-path /Applications/Xcode-27.0.0-Release.Candidate.app/Contents/Developer/Toolchains/XcodeDefault.xctoolchain/usr/lib/swift/host/plugins/testing -enable-experimental-feature DebugDescriptionMacro -sdk /Applications/Xcode-27.0.0-Release.Candidate.app/Contents/Developer/Platforms/WatchOS.platform/Developer/SDKs/WatchOS27.0.sdk -target arm64_32-apple-watchos9.0 -g -module-cache-path /Users/admin/builder/spi-builder-workspace/.derivedData/ModuleCache.noindex -Xfrontend -serialize-debugging-options -profile-coverage-mapping -profile-generate -enable-testing -index-store-path /Users/admin/builder/spi-builder-workspace/.derivedData/Index.noindex/DataStore -Xcc -D_LIBCPP_HARDENING_MODE\=_LIBCPP_HARDENING_MODE_DEBUG -swift-version 4 -I /Users/admin/builder/spi-builder-workspace/.derivedData/Build/Products/Debug-watchos -Isystem /Applications/Xcode-27.0.0-Release.Candidate.app/Contents/Developer/Platforms/WatchOS.platform/Developer/usr/lib -F /Users/admin/builder/spi-builder-workspace/.derivedData/Build/Products/Debug-watchos -F /Applications/Xcode-27.0.0-Release.Candidate.app/Contents/Developer/Platforms/WatchOS.platform/Developer/Library/Frameworks -F /Applications/Xcode-27.0.0-Release.Candidate.app/Contents/Developer/Platforms/WatchOS.platform/Developer/SDKs/WatchOS27.0.sdk/Developer/Library/Frameworks -c -j10 -enable-batch-mode -incremental -Xcc -ivfsstatcache -Xcc /Users/admin/builder/spi-builder-workspace/.derivedData/SDKStatCaches.noindex/watchos27.0-24R360-e829b21a6f8c9b70876ba0858053c04477534ef55a1706bf4c1112bbb242f0a2.sdkstatcache -output-file-map /Users/admin/builder/spi-builder-workspace/.derivedData/Build/Intermediates.noindex/Upsurge.build/Debug-watchos/Upsurge-t.build/Objects-normal/arm64_32/Upsurge-OutputFileMap.json -save-temps -no-color-diagnostics -emit-dependencies -emit-module -emit-module-path /Users/admin/builder/spi-builder-workspace/.derivedData/Build/Intermediates.noindex/Upsurge.build/Debug-watchos/Upsurge-t.build/Objects-normal/arm64_32/Upsurge.swiftmodule -serialize-diagnostics -validate-clang-modules-once -clang-build-session-file /Users/admin/builder/spi-builder-workspace/.derivedData/ModuleCache.noindex/Session.modulevalidation -Xcc -fmodules-prune-interval\=86400 -Xcc -fmodules-prune-after\=345600 -emit-const-values -const-gather-protocols-list /Users/admin/builder/spi-builder-workspace/.derivedData/Build/Intermediates.noindex/Upsurge.build/Debug-watchos/Upsurge-t.build/Objects-normal/arm64_32/Upsurge_const_extract_protocols.json -Xcc -I/Users/admin/builder/spi-builder-workspace/.derivedData/Build/Products/Debug-watchos/include -Xcc -I/Users/admin/builder/spi-builder-workspace/.derivedData/Build/Intermediates.noindex/Upsurge.build/Debug-watchos/Upsurge-t.build/DerivedSources-normal/arm64_32 -Xcc -I/Users/admin/builder/spi-builder-workspace/.derivedData/Build/Intermediates.noindex/Upsurge.build/Debug-watchos/Upsurge-t.build/DerivedSources/arm64_32 -Xcc -I/Users/admin/builder/spi-builder-workspace/.derivedData/Build/Intermediates.noindex/Upsurge.build/Debug-watchos/Upsurge-t.build/DerivedSources -Xcc -DSWIFT_PACKAGE -Xcc -DDEBUG\=1 -emit-objc-header -emit-objc-header-path /Users/admin/builder/spi-builder-workspace/.derivedData/Build/Intermediates.noindex/Upsurge.build/Debug-watchos/Upsurge-t.build/Objects-normal/arm64_32/Upsurge-Swift.h -working-directory /Users/admin/builder/spi-builder-workspace/.swiftpm/xcode -experimental-emit-module-separately -disable-cmo
SwiftDriver Upsurge normal arm64 com.apple.xcode.tools.swift.compiler (in target 'Upsurge' from project 'Upsurge')
cd /Users/admin/builder/spi-builder-workspace/.swiftpm/xcode
builtin-SwiftDriver -- /Applications/Xcode-27.0.0-Release.Candidate.app/Contents/Developer/Toolchains/XcodeDefault.xctoolchain/usr/bin/swiftc -parse-as-library -module-name Upsurge -Onone @/Users/admin/builder/spi-builder-workspace/.derivedData/Build/Intermediates.noindex/Upsurge.build/Debug-watchos/Upsurge-t.build/Objects-normal/arm64/Upsurge.SwiftFileList -DSWIFT_PACKAGE -DDEBUG -DSWIFT_MODULE_RESOURCE_BUNDLE_UNAVAILABLE -DXcode -plugin-path /Applications/Xcode-27.0.0-Release.Candidate.app/Contents/Developer/Toolchains/XcodeDefault.xctoolchain/usr/lib/swift/host/plugins/testing -enable-experimental-feature DebugDescriptionMacro -sdk /Applications/Xcode-27.0.0-Release.Candidate.app/Contents/Developer/Platforms/WatchOS.platform/Developer/SDKs/WatchOS27.0.sdk -target arm64-apple-watchos9.0 -g -module-cache-path /Users/admin/builder/spi-builder-workspace/.derivedData/ModuleCache.noindex -Xfrontend -serialize-debugging-options -profile-coverage-mapping -profile-generate -enable-testing -index-store-path /Users/admin/builder/spi-builder-workspace/.derivedData/Index.noindex/DataStore -Xcc -D_LIBCPP_HARDENING_MODE\=_LIBCPP_HARDENING_MODE_DEBUG -swift-version 4 -I /Users/admin/builder/spi-builder-workspace/.derivedData/Build/Products/Debug-watchos -Isystem /Applications/Xcode-27.0.0-Release.Candidate.app/Contents/Developer/Platforms/WatchOS.platform/Developer/usr/lib -F /Users/admin/builder/spi-builder-workspace/.derivedData/Build/Products/Debug-watchos -F /Applications/Xcode-27.0.0-Release.Candidate.app/Contents/Developer/Platforms/WatchOS.platform/Developer/Library/Frameworks -F /Applications/Xcode-27.0.0-Release.Candidate.app/Contents/Developer/Platforms/WatchOS.platform/Developer/SDKs/WatchOS27.0.sdk/Developer/Library/Frameworks -c -j10 -enable-batch-mode -incremental -Xcc -ivfsstatcache -Xcc /Users/admin/builder/spi-builder-workspace/.derivedData/SDKStatCaches.noindex/watchos27.0-24R360-e829b21a6f8c9b70876ba0858053c04477534ef55a1706bf4c1112bbb242f0a2.sdkstatcache -output-file-map /Users/admin/builder/spi-builder-workspace/.derivedData/Build/Intermediates.noindex/Upsurge.build/Debug-watchos/Upsurge-t.build/Objects-normal/arm64/Upsurge-OutputFileMap.json -save-temps -no-color-diagnostics -emit-dependencies -emit-module -emit-module-path /Users/admin/builder/spi-builder-workspace/.derivedData/Build/Intermediates.noindex/Upsurge.build/Debug-watchos/Upsurge-t.build/Objects-normal/arm64/Upsurge.swiftmodule -serialize-diagnostics -validate-clang-modules-once -clang-build-session-file /Users/admin/builder/spi-builder-workspace/.derivedData/ModuleCache.noindex/Session.modulevalidation -Xcc -fmodules-prune-interval\=86400 -Xcc -fmodules-prune-after\=345600 -emit-const-values -const-gather-protocols-list /Users/admin/builder/spi-builder-workspace/.derivedData/Build/Intermediates.noindex/Upsurge.build/Debug-watchos/Upsurge-t.build/Objects-normal/arm64/Upsurge_const_extract_protocols.json -Xcc -I/Users/admin/builder/spi-builder-workspace/.derivedData/Build/Products/Debug-watchos/include -Xcc -I/Users/admin/builder/spi-builder-workspace/.derivedData/Build/Intermediates.noindex/Upsurge.build/Debug-watchos/Upsurge-t.build/DerivedSources-normal/arm64 -Xcc -I/Users/admin/builder/spi-builder-workspace/.derivedData/Build/Intermediates.noindex/Upsurge.build/Debug-watchos/Upsurge-t.build/DerivedSources/arm64 -Xcc -I/Users/admin/builder/spi-builder-workspace/.derivedData/Build/Intermediates.noindex/Upsurge.build/Debug-watchos/Upsurge-t.build/DerivedSources -Xcc -DSWIFT_PACKAGE -Xcc -DDEBUG\=1 -emit-objc-header -emit-objc-header-path /Users/admin/builder/spi-builder-workspace/.derivedData/Build/Intermediates.noindex/Upsurge.build/Debug-watchos/Upsurge-t.build/Objects-normal/arm64/Upsurge-Swift.h -working-directory /Users/admin/builder/spi-builder-workspace/.swiftpm/xcode -experimental-emit-module-separately -disable-cmo
SwiftCompile normal arm64_32 Compiling\ Auxiliary.swift,\ Interval.swift /Users/admin/builder/spi-builder-workspace/Sources/Upsurge/Auxiliary.swift /Users/admin/builder/spi-builder-workspace/Sources/Upsurge/Interval.swift (in target 'Upsurge' from project 'Upsurge')
/Users/admin/builder/spi-builder-workspace/Sources/Upsurge/Auxiliary.swift:29:40: error: cannot convert value of type 'Int' to expected argument type 'vDSP_Stride' (aka 'Int64')
27 | let results = ValueArray<Double>(count: x.count)
28 | withPointer(x) { p in
29 | vDSP_vabsD(p + x.startIndex, x.step, results.mutablePointer + results.startIndex, results.step, vDSP_Length(x.count))
| `- error: cannot convert value of type 'Int' to expected argument type 'vDSP_Stride' (aka 'Int64')
30 | }
31 | return results
/Users/admin/builder/spi-builder-workspace/Sources/Upsurge/Auxiliary.swift:29:99: error: cannot convert value of type 'Int' to expected argument type 'vDSP_Stride' (aka 'Int64')
27 | let results = ValueArray<Double>(count: x.count)
28 | withPointer(x) { p in
29 | vDSP_vabsD(p + x.startIndex, x.step, results.mutablePointer + results.startIndex, results.step, vDSP_Length(x.count))
| `- error: cannot convert value of type 'Int' to expected argument type 'vDSP_Stride' (aka 'Int64')
30 | }
31 | return results
/Users/admin/builder/spi-builder-workspace/Sources/Upsurge/Auxiliary.swift:40:41: error: cannot convert value of type 'Int' to expected argument type 'vDSP_Stride' (aka 'Int64')
38 | let step = results.step
39 | withPointers(x, &results) { xp, rp in
40 | vDSP_vabsD(xp + x.startIndex, x.step, rp + startIndex, step, vDSP_Length(x.count))
| `- error: cannot convert value of type 'Int' to expected argument type 'vDSP_Stride' (aka 'Int64')
41 | }
42 | }
/Users/admin/builder/spi-builder-workspace/Sources/Upsurge/Auxiliary.swift:40:64: error: cannot convert value of type 'Int' to expected argument type 'vDSP_Stride' (aka 'Int64')
38 | let step = results.step
39 | withPointers(x, &results) { xp, rp in
40 | vDSP_vabsD(xp + x.startIndex, x.step, rp + startIndex, step, vDSP_Length(x.count))
| `- error: cannot convert value of type 'Int' to expected argument type 'vDSP_Stride' (aka 'Int64')
41 | }
42 | }
/Users/admin/builder/spi-builder-workspace/Sources/Upsurge/Auxiliary.swift:68:41: error: cannot convert value of type 'Int' to expected argument type 'vDSP_Stride' (aka 'Int64')
66 | var results = ValueArray<Double>(count: x.count), y = low, z = high
67 | withPointer(x) { p in
68 | vDSP_vclipD(p + x.startIndex, x.step, &y, &z, results.mutablePointer + results.startIndex, results.step, vDSP_Length(x.count))
| `- error: cannot convert value of type 'Int' to expected argument type 'vDSP_Stride' (aka 'Int64')
69 | }
70 | return results
/Users/admin/builder/spi-builder-workspace/Sources/Upsurge/Auxiliary.swift:68:108: error: cannot convert value of type 'Int' to expected argument type 'vDSP_Stride' (aka 'Int64')
66 | var results = ValueArray<Double>(count: x.count), y = low, z = high
67 | withPointer(x) { p in
68 | vDSP_vclipD(p + x.startIndex, x.step, &y, &z, results.mutablePointer + results.startIndex, results.step, vDSP_Length(x.count))
| `- error: cannot convert value of type 'Int' to expected argument type 'vDSP_Stride' (aka 'Int64')
69 | }
70 | return results
/Users/admin/builder/spi-builder-workspace/Sources/Upsurge/Auxiliary.swift:80:42: error: cannot convert value of type 'Int' to expected argument type 'vDSP_Stride' (aka 'Int64')
78 | let step = results.step
79 | withPointers(x, &results) { xp, yp in
80 | vDSP_vclipD(xp + x.startIndex, x.step, &l, &h, yp + startIndex, step, vDSP_Length(x.count))
| `- error: cannot convert value of type 'Int' to expected argument type 'vDSP_Stride' (aka 'Int64')
81 | }
82 | }
/Users/admin/builder/spi-builder-workspace/Sources/Upsurge/Auxiliary.swift:80:73: error: cannot convert value of type 'Int' to expected argument type 'vDSP_Stride' (aka 'Int64')
78 | let step = results.step
79 | withPointers(x, &results) { xp, yp in
80 | vDSP_vclipD(xp + x.startIndex, x.step, &l, &h, yp + startIndex, step, vDSP_Length(x.count))
| `- error: cannot convert value of type 'Int' to expected argument type 'vDSP_Stride' (aka 'Int64')
81 | }
82 | }
/Users/admin/builder/spi-builder-workspace/Sources/Upsurge/Auxiliary.swift:118:40: error: cannot convert value of type 'Int' to expected argument type 'vDSP_Stride' (aka 'Int64')
116 | let results = ValueArray<Double>(count: x.count)
117 | withPointer(x) { p in
118 | vDSP_vnegD(p + x.startIndex, x.step, results.mutablePointer + results.startIndex, results.step, vDSP_Length(x.count))
| `- error: cannot convert value of type 'Int' to expected argument type 'vDSP_Stride' (aka 'Int64')
119 | }
120 | return results
/Users/admin/builder/spi-builder-workspace/Sources/Upsurge/Auxiliary.swift:118:99: error: cannot convert value of type 'Int' to expected argument type 'vDSP_Stride' (aka 'Int64')
116 | let results = ValueArray<Double>(count: x.count)
117 | withPointer(x) { p in
118 | vDSP_vnegD(p + x.startIndex, x.step, results.mutablePointer + results.startIndex, results.step, vDSP_Length(x.count))
| `- error: cannot convert value of type 'Int' to expected argument type 'vDSP_Stride' (aka 'Int64')
119 | }
120 | return results
/Users/admin/builder/spi-builder-workspace/Sources/Upsurge/Auxiliary.swift:129:41: error: cannot convert value of type 'Int' to expected argument type 'vDSP_Stride' (aka 'Int64')
127 | let step = results.step
128 | withPointers(x, &results) { xp, rp in
129 | vDSP_vnegD(xp + x.startIndex, x.step, rp + startIndex, step, vDSP_Length(x.count))
| `- error: cannot convert value of type 'Int' to expected argument type 'vDSP_Stride' (aka 'Int64')
130 | }
131 | }
/Users/admin/builder/spi-builder-workspace/Sources/Upsurge/Auxiliary.swift:129:64: error: cannot convert value of type 'Int' to expected argument type 'vDSP_Stride' (aka 'Int64')
127 | let step = results.step
128 | withPointers(x, &results) { xp, rp in
129 | vDSP_vnegD(xp + x.startIndex, x.step, rp + startIndex, step, vDSP_Length(x.count))
| `- error: cannot convert value of type 'Int' to expected argument type 'vDSP_Stride' (aka 'Int64')
130 | }
131 | }
/Users/admin/builder/spi-builder-workspace/Sources/Upsurge/Auxiliary.swift:177:40: error: cannot convert value of type 'Int' to expected argument type 'vDSP_Stride' (aka 'Int64')
175 | var results = ValueArray<Double>(count: x.count), y = low
176 | withPointer(x) { p in
177 | vDSP_vthrD(p + x.startIndex, x.step, &y, results.mutablePointer + results.startIndex, results.step, vDSP_Length(x.count))
| `- error: cannot convert value of type 'Int' to expected argument type 'vDSP_Stride' (aka 'Int64')
178 | }
179 | return results
/Users/admin/builder/spi-builder-workspace/Sources/Upsurge/Auxiliary.swift:177:103: error: cannot convert value of type 'Int' to expected argument type 'vDSP_Stride' (aka 'Int64')
175 | var results = ValueArray<Double>(count: x.count), y = low
176 | withPointer(x) { p in
177 | vDSP_vthrD(p + x.startIndex, x.step, &y, results.mutablePointer + results.startIndex, results.step, vDSP_Length(x.count))
| `- error: cannot convert value of type 'Int' to expected argument type 'vDSP_Stride' (aka 'Int64')
178 | }
179 | return results
/Users/admin/builder/spi-builder-workspace/Sources/Upsurge/Auxiliary.swift:189:41: error: cannot convert value of type 'Int' to expected argument type 'vDSP_Stride' (aka 'Int64')
187 | let step = results.step
188 | withPointers(x, &results) { xp, rp in
189 | vDSP_vthrD(xp + x.startIndex, x.step, &l, rp + startIndex, step, vDSP_Length(x.count))
| `- error: cannot convert value of type 'Int' to expected argument type 'vDSP_Stride' (aka 'Int64')
190 | }
191 | }
/Users/admin/builder/spi-builder-workspace/Sources/Upsurge/Auxiliary.swift:189:68: error: cannot convert value of type 'Int' to expected argument type 'vDSP_Stride' (aka 'Int64')
187 | let step = results.step
188 | withPointers(x, &results) { xp, rp in
189 | vDSP_vthrD(xp + x.startIndex, x.step, &l, rp + startIndex, step, vDSP_Length(x.count))
| `- error: cannot convert value of type 'Int' to expected argument type 'vDSP_Stride' (aka 'Int64')
190 | }
191 | }
/Users/admin/builder/spi-builder-workspace/Sources/Upsurge/Auxiliary.swift:238:39: error: cannot convert value of type 'Int' to expected argument type 'vDSP_Stride' (aka 'Int64')
236 | let results = ValueArray<Float>(count: x.count)
237 | withPointer(x) { p in
238 | vDSP_vabs(p + x.startIndex, x.step, results.mutablePointer + results.startIndex, results.step, vDSP_Length(x.count))
| `- error: cannot convert value of type 'Int' to expected argument type 'vDSP_Stride' (aka 'Int64')
239 | }
240 | return results
SwiftCompile normal arm64_32 /Users/admin/builder/spi-builder-workspace/Sources/Upsurge/Auxiliary.swift (in target 'Upsurge' from project 'Upsurge')
cd /Users/admin/builder/spi-builder-workspace/.swiftpm/xcode
builtin-SwiftPerFileCompile Auxiliary.swift
SwiftCompile normal arm64_32 /Users/admin/builder/spi-builder-workspace/Sources/Upsurge/Interval.swift (in target 'Upsurge' from project 'Upsurge')
cd /Users/admin/builder/spi-builder-workspace/.swiftpm/xcode
builtin-SwiftPerFileCompile Interval.swift
/Users/admin/builder/spi-builder-workspace/Sources/Upsurge/Auxiliary.swift:238:98: error: cannot convert value of type 'Int' to expected argument type 'vDSP_Stride' (aka 'Int64')
236 | let results = ValueArray<Float>(count: x.count)
237 | withPointer(x) { p in
238 | vDSP_vabs(p + x.startIndex, x.step, results.mutablePointer + results.startIndex, results.step, vDSP_Length(x.count))
| `- error: cannot convert value of type 'Int' to expected argument type 'vDSP_Stride' (aka 'Int64')
239 | }
240 | return results
/Users/admin/builder/spi-builder-workspace/Sources/Upsurge/Auxiliary.swift:249:40: error: cannot convert value of type 'Int' to expected argument type 'vDSP_Stride' (aka 'Int64')
247 | let step = results.step
248 | withPointers(x, &results) { xp, rp in
249 | vDSP_vabs(xp + x.startIndex, x.step, rp + startIndex, step, vDSP_Length(x.count))
| `- error: cannot convert value of type 'Int' to expected argument type 'vDSP_Stride' (aka 'Int64')
250 | }
251 | }
/Users/admin/builder/spi-builder-workspace/Sources/Upsurge/Auxiliary.swift:249:63: error: cannot convert value of type 'Int' to expected argument type 'vDSP_Stride' (aka 'Int64')
247 | let step = results.step
248 | withPointers(x, &results) { xp, rp in
249 | vDSP_vabs(xp + x.startIndex, x.step, rp + startIndex, step, vDSP_Length(x.count))
| `- error: cannot convert value of type 'Int' to expected argument type 'vDSP_Stride' (aka 'Int64')
250 | }
251 | }
/Users/admin/builder/spi-builder-workspace/Sources/Upsurge/Auxiliary.swift:278:40: error: cannot convert value of type 'Int' to expected argument type 'vDSP_Stride' (aka 'Int64')
276 | var results = ValueArray<Float>(count: x.count), y = low, z = high
277 | withPointer(x) { p in
278 | vDSP_vclip(p + x.startIndex, x.step, &y, &z, results.mutablePointer + results.startIndex, results.step, vDSP_Length(x.count))
| `- error: cannot convert value of type 'Int' to expected argument type 'vDSP_Stride' (aka 'Int64')
279 | }
280 | return results
SwiftCompile normal arm64_32 Compiling\ Matrix.swift,\ MatrixArithmetic.swift /Users/admin/builder/spi-builder-workspace/Sources/Upsurge/Matrix.swift /Users/admin/builder/spi-builder-workspace/Sources/Upsurge/MatrixArithmetic.swift (in target 'Upsurge' from project 'Upsurge')
SwiftCompile normal arm64_32 /Users/admin/builder/spi-builder-workspace/Sources/Upsurge/Matrix.swift (in target 'Upsurge' from project 'Upsurge')
cd /Users/admin/builder/spi-builder-workspace/.swiftpm/xcode
builtin-SwiftPerFileCompile Matrix.swift
SwiftCompile normal arm64_32 /Users/admin/builder/spi-builder-workspace/Sources/Upsurge/MatrixArithmetic.swift (in target 'Upsurge' from project 'Upsurge')
cd /Users/admin/builder/spi-builder-workspace/.swiftpm/xcode
builtin-SwiftPerFileCompile MatrixArithmetic.swift
/Users/admin/builder/spi-builder-workspace/Sources/Upsurge/Matrix.swift:72:29: warning: 'assign(from:count:)' is deprecated: renamed to 'update(from:count:)' [#DeprecatedDeclaration]
70 | let sourcePointer = UnsafeMutablePointer<Element>(mutating: pointer.baseAddress! + (row * quad.stride))
71 | let destPointer = elements.mutablePointer + row * columns
72 | destPointer.assign(from: sourcePointer, count: columns)
| |- warning: 'assign(from:count:)' is deprecated: renamed to 'update(from:count:)' [#DeprecatedDeclaration]
| `- note: use 'update(from:count:)' instead
73 | }
74 | }
/Users/admin/builder/spi-builder-workspace/Sources/Upsurge/MatrixArithmetic.swift:99:28: error: cannot convert value of type 'Int' to expected argument type 'vDSP_Stride' (aka 'Int64')
97 | let step = results.step
98 | withPointers(x, &results) { xp, rp in
99 | vDSP_mtransD(xp, x.step, rp, step, vDSP_Length(rows), vDSP_Length(columns))
| `- error: cannot convert value of type 'Int' to expected argument type 'vDSP_Stride' (aka 'Int64')
100 | }
101 | return results
/Users/admin/builder/spi-builder-workspace/Sources/Upsurge/MatrixArithmetic.swift:99:38: error: cannot convert value of type 'Int' to expected argument type 'vDSP_Stride' (aka 'Int64')
97 | let step = results.step
98 | withPointers(x, &results) { xp, rp in
99 | vDSP_mtransD(xp, x.step, rp, step, vDSP_Length(rows), vDSP_Length(columns))
| `- error: cannot convert value of type 'Int' to expected argument type 'vDSP_Stride' (aka 'Int64')
100 | }
101 | return results
/Users/admin/builder/spi-builder-workspace/Sources/Upsurge/MatrixArithmetic.swift:245:27: error: cannot convert value of type 'Int' to expected argument type 'vDSP_Stride' (aka 'Int64')
243 | let step = results.step
244 | withPointers(x, &results) { xp, rp in
245 | vDSP_mtrans(xp, x.step, rp, step, vDSP_Length(x.columns), vDSP_Length(x.rows))
| `- error: cannot convert value of type 'Int' to expected argument type 'vDSP_Stride' (aka 'Int64')
246 | }
247 | return results
SwiftCompile normal arm64_32 Compiling\ QuadraticType.swift,\ Real.swift /Users/admin/builder/spi-builder-workspace/Sources/Upsurge/QuadraticType.swift /Users/admin/builder/spi-builder-workspace/Sources/Upsurge/Real.swift (in target 'Upsurge' from project 'Upsurge')
/Users/admin/builder/spi-builder-workspace/Sources/Upsurge/QuadraticType.swift:49:5: warning: 'public' modifier is redundant for property declared in a public extension
47 | public extension QuadraticType {
48 | /// The number of valid element in the memory block, taking into account the step size.
49 | public var count: Int {
| `- warning: 'public' modifier is redundant for property declared in a public extension
50 | return rows * columns
51 | }
/Users/admin/builder/spi-builder-workspace/Sources/Upsurge/QuadraticType.swift:53:5: warning: 'public' modifier is redundant for property declared in a public extension
51 | }
52 |
53 | public var dimensions: [Int] {
| `- warning: 'public' modifier is redundant for property declared in a public extension
54 | if arrangement == .rowMajor {
55 | return [rows, columns]
SwiftCompile normal arm64_32 /Users/admin/builder/spi-builder-workspace/Sources/Upsurge/QuadraticType.swift (in target 'Upsurge' from project 'Upsurge')
cd /Users/admin/builder/spi-builder-workspace/.swiftpm/xcode
builtin-SwiftPerFileCompile QuadraticType.swift
SwiftCompile normal arm64_32 /Users/admin/builder/spi-builder-workspace/Sources/Upsurge/Real.swift (in target 'Upsurge' from project 'Upsurge')
cd /Users/admin/builder/spi-builder-workspace/.swiftpm/xcode
builtin-SwiftPerFileCompile Real.swift
SwiftCompile normal arm64_32 Compiling\ TensorSlice.swift /Users/admin/builder/spi-builder-workspace/Sources/Upsurge/TensorSlice.swift (in target 'Upsurge' from project 'Upsurge')
SwiftCompile normal arm64_32 /Users/admin/builder/spi-builder-workspace/Sources/Upsurge/TensorSlice.swift (in target 'Upsurge' from project 'Upsurge')
cd /Users/admin/builder/spi-builder-workspace/.swiftpm/xcode
builtin-SwiftPerFileCompile TensorSlice.swift
SwiftCompile normal arm64_32 Compiling\ TensorType.swift /Users/admin/builder/spi-builder-workspace/Sources/Upsurge/TensorType.swift (in target 'Upsurge' from project 'Upsurge')
/Users/admin/builder/spi-builder-workspace/Sources/Upsurge/TensorType.swift:41:5: warning: 'public' modifier is redundant for property declared in a public extension
39 | public extension TensorType {
40 | /// The size of each dimension
41 | public var dimensions: [Int] {
| `- warning: 'public' modifier is redundant for property declared in a public extension
42 | return span.dimensions
43 | }
/Users/admin/builder/spi-builder-workspace/Sources/Upsurge/TensorType.swift:46:5: warning: 'public' modifier is redundant for property declared in a public extension
44 |
45 | /// The number of dimensions
46 | public var rank: Int {
| `- warning: 'public' modifier is redundant for property declared in a public extension
47 | return span.rank
48 | }
/Users/admin/builder/spi-builder-workspace/Sources/Upsurge/TensorType.swift:51:5: warning: 'public' modifier is redundant for instance method declared in a public extension
49 |
50 | /// Convert a high-dimensional index into an integer index for a LinearType
51 | public func linearIndex(_ indices: [Int]) -> Int {
| `- warning: 'public' modifier is redundant for instance method declared in a public extension
52 | precondition(indexIsValid(indices))
53 | var index = indices[0]
/Users/admin/builder/spi-builder-workspace/Sources/Upsurge/TensorType.swift:61:5: warning: 'public' modifier is redundant for instance method declared in a public extension
59 |
60 | /// Check that an index falls within the span
61 | public func indexIsValid(_ indices: [Int]) -> Bool {
| `- warning: 'public' modifier is redundant for instance method declared in a public extension
62 | return indices.count == rank && indices.enumerated().all { (i, index) in
63 | self.span[i].contains(index)
/Users/admin/builder/spi-builder-workspace/Sources/Upsurge/TensorType.swift:87:18: warning: 'assign(from:count:)' is deprecated: renamed to 'update(from:count:)' [#DeprecatedDeclaration]
85 | precondition(rhs.count <= count)
86 | withPointers(&self, rhs) { lhsp, rhsp in
87 | lhsp.assign(from: UnsafeMutablePointer(mutating: rhsp), count: count)
| |- warning: 'assign(from:count:)' is deprecated: renamed to 'update(from:count:)' [#DeprecatedDeclaration]
| `- note: use 'update(from:count:)' instead
88 | }
89 | }
[#DeprecatedDeclaration]: <https://docs.swift.org/compiler/documentation/diagnostics/deprecated-declaration>
SwiftCompile normal arm64_32 /Users/admin/builder/spi-builder-workspace/Sources/Upsurge/TensorType.swift (in target 'Upsurge' from project 'Upsurge')
cd /Users/admin/builder/spi-builder-workspace/.swiftpm/xcode
builtin-SwiftPerFileCompile TensorType.swift
SwiftCompile normal arm64_32 Compiling\ Value.swift /Users/admin/builder/spi-builder-workspace/Sources/Upsurge/Value.swift (in target 'Upsurge' from project 'Upsurge')
SwiftCompile normal arm64_32 /Users/admin/builder/spi-builder-workspace/Sources/Upsurge/Value.swift (in target 'Upsurge' from project 'Upsurge')
cd /Users/admin/builder/spi-builder-workspace/.swiftpm/xcode
builtin-SwiftPerFileCompile Value.swift
SwiftCompile normal arm64_32 Compiling\ 2DTensorSlice.swift,\ Arithmetic.swift /Users/admin/builder/spi-builder-workspace/Sources/Upsurge/2DTensorSlice.swift /Users/admin/builder/spi-builder-workspace/Sources/Upsurge/Arithmetic.swift (in target 'Upsurge' from project 'Upsurge')
/Users/admin/builder/spi-builder-workspace/Sources/Upsurge/Arithmetic.swift:28:40: error: cannot convert value of type 'Int' to expected argument type 'vDSP_Stride' (aka 'Int64')
26 | var result = 0.0
27 | withPointer(x) { xp in
28 | vDSP_sveD(xp + x.startIndex, x.step, &result, vDSP_Length(x.count))
| `- error: cannot convert value of type 'Int' to expected argument type 'vDSP_Stride' (aka 'Int64')
29 | }
30 | return result
/Users/admin/builder/spi-builder-workspace/Sources/Upsurge/Arithmetic.swift:36:41: error: cannot convert value of type 'Int' to expected argument type 'vDSP_Stride' (aka 'Int64')
34 | var result: Double = 0.0
35 | withPointer(x) { xp in
36 | vDSP_maxvD(xp + x.startIndex, x.step, &result, vDSP_Length(x.count))
| `- error: cannot convert value of type 'Int' to expected argument type 'vDSP_Stride' (aka 'Int64')
37 | }
38 | return result
/Users/admin/builder/spi-builder-workspace/Sources/Upsurge/Arithmetic.swift:44:41: error: cannot convert value of type 'Int' to expected argument type 'vDSP_Stride' (aka 'Int64')
42 | var result: Double = 0.0
43 | withPointer(x) { xp in
44 | vDSP_minvD(xp + x.startIndex, x.step, &result, vDSP_Length(x.count))
| `- error: cannot convert value of type 'Int' to expected argument type 'vDSP_Stride' (aka 'Int64')
45 | }
46 | return result
/Users/admin/builder/spi-builder-workspace/Sources/Upsurge/Arithmetic.swift:52:42: error: cannot convert value of type 'Int' to expected argument type 'vDSP_Stride' (aka 'Int64')
50 | var result: Double = 0.0
51 | withPointer(x) { xp in
52 | vDSP_meanvD(xp + x.startIndex, x.step, &result, vDSP_Length(x.count))
| `- error: cannot convert value of type 'Int' to expected argument type 'vDSP_Stride' (aka 'Int64')
53 | }
54 | return result
/Users/admin/builder/spi-builder-workspace/Sources/Upsurge/Arithmetic.swift:60:43: error: cannot convert value of type 'Int' to expected argument type 'vDSP_Stride' (aka 'Int64')
58 | var result: Double = 0.0
59 | withPointer(x) { xp in
60 | vDSP_meamgvD(xp + x.startIndex, x.step, &result, vDSP_Length(x.count))
| `- error: cannot convert value of type 'Int' to expected argument type 'vDSP_Stride' (aka 'Int64')
61 | }
62 | return result
/Users/admin/builder/spi-builder-workspace/Sources/Upsurge/Arithmetic.swift:68:43: error: cannot convert value of type 'Int' to expected argument type 'vDSP_Stride' (aka 'Int64')
66 | var result: Double = 0.0
67 | withPointer(x) { xp in
68 | vDSP_measqvD(xp + x.startIndex, x.step, &result, vDSP_Length(x.count))
| `- error: cannot convert value of type 'Int' to expected argument type 'vDSP_Stride' (aka 'Int64')
69 | }
70 | return result
/Users/admin/builder/spi-builder-workspace/Sources/Upsurge/Arithmetic.swift:76:42: error: cannot convert value of type 'Int' to expected argument type 'vDSP_Stride' (aka 'Int64')
74 | var result: Double = 0.0
75 | withPointer(x) { xp in
76 | vDSP_rmsqvD(xp + x.startIndex, x.step, &result, vDSP_Length(x.count))
| `- error: cannot convert value of type 'Int' to expected argument type 'vDSP_Stride' (aka 'Int64')
77 | }
78 | return result
/Users/admin/builder/spi-builder-workspace/Sources/Upsurge/Arithmetic.swift:150:48: error: cannot convert value of type 'Int' to expected argument type 'vDSP_Stride' (aka 'Int64')
148 | var result: Double = 0.0
149 | withPointers(lhs, rhs) { lhsp, rhsp in
150 | vDSP_dotprD(lhsp + lhs.startIndex, lhs.step, rhsp + rhs.startIndex, rhs.step, &result, vDSP_Length(lhs.count))
| `- error: cannot convert value of type 'Int' to expected argument type 'vDSP_Stride' (aka 'Int64')
151 | }
152 | return result
/Users/admin/builder/spi-builder-workspace/Sources/Upsurge/Arithmetic.swift:150:81: error: cannot convert value of type 'Int' to expected argument type 'vDSP_Stride' (aka 'Int64')
148 | var result: Double = 0.0
149 | withPointers(lhs, rhs) { lhsp, rhsp in
150 | vDSP_dotprD(lhsp + lhs.startIndex, lhs.step, rhsp + rhs.startIndex, rhs.step, &result, vDSP_Length(lhs.count))
| `- error: cannot convert value of type 'Int' to expected argument type 'vDSP_Stride' (aka 'Int64')
151 | }
152 | return result
/Users/admin/builder/spi-builder-workspace/Sources/Upsurge/Arithmetic.swift:160:39: error: cannot convert value of type 'Int' to expected argument type 'vDSP_Stride' (aka 'Int64')
158 | var result = Float()
159 | withPointer(x) { xp in
160 | vDSP_sve(xp + x.startIndex, x.step, &result, vDSP_Length(x.count))
| `- error: cannot convert value of type 'Int' to expected argument type 'vDSP_Stride' (aka 'Int64')
161 | }
162 | return result
/Users/admin/builder/spi-builder-workspace/Sources/Upsurge/Arithmetic.swift:168:40: error: cannot convert value of type 'Int' to expected argument type 'vDSP_Stride' (aka 'Int64')
166 | var result = Float()
167 | withPointer(x) { xp in
168 | vDSP_maxv(xp + x.startIndex, x.step, &result, vDSP_Length(x.count))
| `- error: cannot convert value of type 'Int' to expected argument type 'vDSP_Stride' (aka 'Int64')
169 | }
170 | return result
/Users/admin/builder/spi-builder-workspace/Sources/Upsurge/Arithmetic.swift:176:40: error: cannot convert value of type 'Int' to expected argument type 'vDSP_Stride' (aka 'Int64')
174 | var result = Float()
175 | withPointer(x) { xp in
176 | vDSP_minv(xp + x.startIndex, x.step, &result, vDSP_Length(x.count))
| `- error: cannot convert value of type 'Int' to expected argument type 'vDSP_Stride' (aka 'Int64')
177 | }
178 | return result
/Users/admin/builder/spi-builder-workspace/Sources/Upsurge/Arithmetic.swift:184:41: error: cannot convert value of type 'Int' to expected argument type 'vDSP_Stride' (aka 'Int64')
182 | var result = Float()
183 | withPointer(x) { xp in
184 | vDSP_meanv(xp + x.startIndex, x.step, &result, vDSP_Length(x.count))
| `- error: cannot convert value of type 'Int' to expected argument type 'vDSP_Stride' (aka 'Int64')
185 | }
186 | return result
/Users/admin/builder/spi-builder-workspace/Sources/Upsurge/Arithmetic.swift:192:42: error: cannot convert value of type 'Int' to expected argument type 'vDSP_Stride' (aka 'Int64')
190 | var result = Float()
191 | withPointer(x) { xp in
192 | vDSP_meamgv(xp + x.startIndex, x.step, &result, vDSP_Length(x.count))
| `- error: cannot convert value of type 'Int' to expected argument type 'vDSP_Stride' (aka 'Int64')
193 | }
194 | return result
/Users/admin/builder/spi-builder-workspace/Sources/Upsurge/Arithmetic.swift:200:42: error: cannot convert value of type 'Int' to expected argument type 'vDSP_Stride' (aka 'Int64')
198 | var result = Float()
199 | withPointer(x) { xp in
200 | vDSP_measqv(xp + x.startIndex, x.step, &result, vDSP_Length(x.count))
| `- error: cannot convert value of type 'Int' to expected argument type 'vDSP_Stride' (aka 'Int64')
201 | }
202 | return result
/Users/admin/builder/spi-builder-workspace/Sources/Upsurge/Arithmetic.swift:208:41: error: cannot convert value of type 'Int' to expected argument type 'vDSP_Stride' (aka 'Int64')
206 | var result = Float()
207 | withPointer(x) { xp in
208 | vDSP_rmsqv(xp + x.startIndex, x.step, &result, vDSP_Length(x.count))
| `- error: cannot convert value of type 'Int' to expected argument type 'vDSP_Stride' (aka 'Int64')
209 | }
210 | return result
/Users/admin/builder/spi-builder-workspace/Sources/Upsurge/Arithmetic.swift:282:47: error: cannot convert value of type 'Int' to expected argument type 'vDSP_Stride' (aka 'Int64')
280 | var result: Float = 0.0
281 | withPointers(lhs, rhs) { lhsp, rhsp in
282 | vDSP_dotpr(lhsp + lhs.startIndex, lhs.step, rhsp + rhs.startIndex, rhs.step, &result, vDSP_Length(lhs.count))
| `- error: cannot convert value of type 'Int' to expected argument type 'vDSP_Stride' (aka 'Int64')
283 | }
284 | return result
/Users/admin/builder/spi-builder-workspace/Sources/Upsurge/Arithmetic.swift:282:80: error: cannot convert value of type 'Int' to expected argument type 'vDSP_Stride' (aka 'Int64')
280 | var result: Float = 0.0
281 | withPointers(lhs, rhs) { lhsp, rhsp in
282 | vDSP_dotpr(lhsp + lhs.startIndex, lhs.step, rhsp + rhs.startIndex, rhs.step, &result, vDSP_Length(lhs.count))
| `- error: cannot convert value of type 'Int' to expected argument type 'vDSP_Stride' (aka 'Int64')
283 | }
284 | return result
Failed frontend command:
/Applications/Xcode-27.0.0-Release.Candidate.app/Contents/Developer/Toolchains/XcodeDefault.xctoolchain/usr/bin/swift-frontend -frontend -c -primary-file /Users/admin/builder/spi-builder-workspace/Sources/Upsurge/2DTensorSlice.swift -primary-file /Users/admin/builder/spi-builder-workspace/Sources/Upsurge/Arithmetic.swift /Users/admin/builder/spi-builder-workspace/Sources/Upsurge/Auxiliary.swift /Users/admin/builder/spi-builder-workspace/Sources/Upsurge/Complex.swift /Users/admin/builder/spi-builder-workspace/Sources/Upsurge/ComplexArithmetic.swift /Users/admin/builder/spi-builder-workspace/Sources/Upsurge/ComplexArray.swift /Users/admin/builder/spi-builder-workspace/Sources/Upsurge/ComplexArrayRealSlice.swift /Users/admin/builder/spi-builder-workspace/Sources/Upsurge/ComplexArraySlice.swift /Users/admin/builder/spi-builder-workspace/Sources/Upsurge/Exponential.swift /Users/admin/builder/spi-builder-workspace/Sources/Upsurge/Interval.swift /Users/admin/builder/spi-builder-workspace/Sources/Upsurge/LinearOperators.swift /Users/admin/builder/spi-builder-workspace/Sources/Upsurge/LinearType.swift /Users/admin/builder/spi-builder-workspace/Sources/Upsurge/Matrix.swift /Users/admin/builder/spi-builder-workspace/Sources/Upsurge/MatrixArithmetic.swift /Users/admin/builder/spi-builder-workspace/Sources/Upsurge/MatrixSlice.swift /Users/admin/builder/spi-builder-workspace/Sources/Upsurge/PointerUtilities.swift /Users/admin/builder/spi-builder-workspace/Sources/Upsurge/QuadraticType.swift /Users/admin/builder/spi-builder-workspace/Sources/Upsurge/Real.swift /Users/admin/builder/spi-builder-workspace/Sources/Upsurge/Sequence.swift /Users/admin/builder/spi-builder-workspace/Sources/Upsurge/Span.swift /Users/admin/builder/spi-builder-workspace/Sources/Upsurge/Tensor.swift /Users/admin/builder/spi-builder-workspace/Sources/Upsurge/TensorSlice.swift /Users/admin/builder/spi-builder-workspace/Sources/Upsurge/TensorType.swift /Users/admin/builder/spi-builder-workspace/Sources/Upsurge/Value.swift /Users/admin/builder/spi-builder-workspace/Sources/Upsurge/ValueArray.swift /Users/admin/builder/spi-builder-workspace/Sources/Upsurge/ValueArraySlice.swift -emit-dependencies-path /Users/admin/builder/spi-builder-workspace/.derivedData/Build/Intermediates.noindex/Upsurge.build/Debug-watchos/Upsurge-t.build/Objects-normal/arm64_32/2DTensorSlice.d -emit-const-values-path /Users/admin/builder/spi-builder-workspace/.derivedData/Build/Intermediates.noindex/Upsurge.build/Debug-watchos/Upsurge-t.build/Objects-normal/arm64_32/2DTensorSlice.swiftconstvalues -emit-reference-dependencies-path /Users/admin/builder/spi-builder-workspace/.derivedData/Build/Intermediates.noindex/Upsurge.build/Debug-watchos/Upsurge-t.build/Objects-normal/arm64_32/2DTensorSlice.swiftdeps -serialize-diagnostics-path /Users/admin/builder/spi-builder-workspace/.derivedData/Build/Intermediates.noindex/Upsurge.build/Debug-watchos/Upsurge-t.build/Objects-normal/arm64_32/2DTensorSlice.dia -emit-dependencies-path /Users/admin/builder/spi-builder-workspace/.derivedData/Build/Intermediates.noindex/Upsurge.build/Debug-watchos/Upsurge-t.build/Objects-normal/arm64_32/Arithmetic.d -emit-const-values-path /Users/admin/builder/spi-builder-workspace/.derivedData/Build/Intermediates.noindex/Upsurge.build/Debug-watchos/Upsurge-t.build/Objects-normal/arm64_32/Arithmetic.swiftconstvalues -emit-reference-dependencies-path /Users/admin/builder/spi-builder-workspace/.derivedData/Build/Intermediates.noindex/Upsurge.build/Debug-watchos/Upsurge-t.build/Objects-normal/arm64_32/Arithmetic.swiftdeps -serialize-diagnostics-path /Users/admin/builder/spi-builder-workspace/.derivedData/Build/Intermediates.noindex/Upsurge.build/Debug-watchos/Upsurge-t.build/Objects-normal/arm64_32/Arithmetic.dia -target arm64_32-apple-watchos9.0 -enable-objc-interop -sdk /Applications/Xcode-27.0.0-Release.Candidate.app/Contents/Developer/Platforms/WatchOS.platform/Developer/SDKs/WatchOS27.0.sdk -I /Users/admin/builder/spi-builder-workspace/.derivedData/Build/Products/Debug-watchos -Isystem /Applications/Xcode-27.0.0-Release.Candidate.app/Contents/Developer/Platforms/WatchOS.platform/Developer/usr/lib -F /Users/admin/builder/spi-builder-workspace/.derivedData/Build/Products/Debug-watchos -F /Applications/Xcode-27.0.0-Release.Candidate.app/Contents/Developer/Platforms/WatchOS.platform/Developer/Library/Frameworks -F /Applications/Xcode-27.0.0-Release.Candidate.app/Contents/Developer/Platforms/WatchOS.platform/Developer/SDKs/WatchOS27.0.sdk/Developer/Library/Frameworks -module-cache-path /Users/admin/builder/spi-builder-workspace/.derivedData/ModuleCache.noindex -no-color-diagnostics -Xcc -fno-color-diagnostics -enable-testing -g -debug-info-format\=dwarf -dwarf-version\=4 -profile-generate -profile-coverage-mapping -swift-version 4 -Onone -D SWIFT_PACKAGE -D DEBUG -D SWIFT_MODULE_RESOURCE_BUNDLE_UNAVAILABLE -D Xcode -serialize-debugging-options -enable-experimental-feature DebugDescriptionMacro -empty-abi-descriptor -plugin-path /Applications/Xcode-27.0.0-Release.Candidate.app/Contents/Developer/Toolchains/XcodeDefault.xctoolchain/usr/lib/swift/host/plugins/testing -validate-clang-modules-once -clang-build-session-file /Users/admin/builder/spi-builder-workspace/.derivedData/ModuleCache.noindex/Session.modulevalidation -Xcc -working-directory -Xcc /Users/admin/builder/spi-builder-workspace/.swiftpm/xcode -enable-anonymous-context-mangled-names -file-compilation-dir /Users/admin/builder/spi-builder-workspace/.swiftpm/xcode -Xcc -D_LIBCPP_HARDENING_MODE\=_LIBCPP_HARDENING_MODE_DEBUG -Xcc -ivfsstatcache -Xcc /Users/admin/builder/spi-builder-workspace/.derivedData/SDKStatCaches.noindex/watchos27.0-24R360-e829b21a6f8c9b70876ba0858053c04477534ef55a1706bf4c1112bbb242f0a2.sdkstatcache -Xcc -fmodules-prune-interval\=86400 -Xcc -fmodules-prune-after\=345600 -Xcc -I/Users/admin/builder/spi-builder-workspace/.derivedData/Build/Products/Debug-watchos/include -Xcc -I/Users/admin/builder/spi-builder-workspace/.derivedData/Build/Intermediates.noindex/Upsurge.build/Debug-watchos/Upsurge-t.build/DerivedSources-normal/arm64_32 -Xcc -I/Users/admin/builder/spi-builder-workspace/.derivedData/Build/Intermediates.noindex/Upsurge.build/Debug-watchos/Upsurge-t.build/DerivedSources/arm64_32 -Xcc -I/Users/admin/builder/spi-builder-workspace/.derivedData/Build/Intermediates.noindex/Upsurge.build/Debug-watchos/Upsurge-t.build/DerivedSources -Xcc -DSWIFT_PACKAGE -Xcc -DDEBUG\=1 -no-auto-bridging-header-chaining -module-name Upsurge -const-gather-protocols-file /Users/admin/builder/spi-builder-workspace/.derivedData/Build/Intermediates.noindex/Upsurge.build/Debug-watchos/Upsurge-t.build/Objects-normal/arm64_32/Upsurge_const_extract_protocols.json -disable-clang-spi -target-sdk-version 27.0 -target-sdk-name watchos27.0 -external-plugin-path /Applications/Xcode-27.0.0-Release.Candidate.app/Contents/Developer/Platforms/WatchOS.platform/Developer/usr/lib/swift/host/plugins\#/Applications/Xcode-27.0.0-Release.Candidate.app/Contents/Developer/Platforms/WatchOS.platform/Developer/usr/bin/swift-plugin-server -external-plugin-path /Applications/Xcode-27.0.0-Release.Candidate.app/Contents/Developer/Platforms/WatchOS.platform/Developer/usr/local/lib/swift/host/plugins\#/Applications/Xcode-27.0.0-Release.Candidate.app/Contents/Developer/Platforms/WatchOS.platform/Developer/usr/bin/swift-plugin-server -in-process-plugin-server-path /Applications/Xcode-27.0.0-Release.Candidate.app/Contents/Developer/Toolchains/XcodeDefault.xctoolchain/usr/lib/swift/host/libSwiftInProcPluginServer.dylib -plugin-path /Applications/Xcode-27.0.0-Release.Candidate.app/Contents/Developer/Toolchains/XcodeDefault.xctoolchain/usr/lib/swift/host/plugins -plugin-path /Applications/Xcode-27.0.0-Release.Candidate.app/Contents/Developer/Toolchains/XcodeDefault.xctoolchain/usr/local/lib/swift/host/plugins -parse-as-library -o /Users/admin/builder/spi-builder-workspace/.derivedData/Build/Intermediates.noindex/Upsurge.build/Debug-watchos/Upsurge-t.build/Objects-normal/arm64_32/2DTensorSlice.o -o /Users/admin/builder/spi-builder-workspace/.derivedData/Build/Intermediates.noindex/Upsurge.build/Debug-watchos/Upsurge-t.build/Objects-normal/arm64_32/Arithmetic.o -index-unit-output-path /Upsurge.build/Debug-watchos/Upsurge-t.build/Objects-normal/arm64_32/2DTensorSlice.o -index-unit-output-path /Upsurge.build/Debug-watchos/Upsurge-t.build/Objects-normal/arm64_32/Arithmetic.o -index-store-path /Users/admin/builder/spi-builder-workspace/.derivedData/Index.noindex/DataStore -index-system-modules
SwiftCompile normal arm64_32 /Users/admin/builder/spi-builder-workspace/Sources/Upsurge/2DTensorSlice.swift (in target 'Upsurge' from project 'Upsurge')
cd /Users/admin/builder/spi-builder-workspace/.swiftpm/xcode
builtin-SwiftPerFileCompile 2DTensorSlice.swift
SwiftCompile normal arm64_32 /Users/admin/builder/spi-builder-workspace/Sources/Upsurge/Arithmetic.swift (in target 'Upsurge' from project 'Upsurge')
cd /Users/admin/builder/spi-builder-workspace/.swiftpm/xcode
builtin-SwiftPerFileCompile Arithmetic.swift
SwiftCompile normal arm64_32 Compiling\ MatrixSlice.swift,\ PointerUtilities.swift /Users/admin/builder/spi-builder-workspace/Sources/Upsurge/MatrixSlice.swift /Users/admin/builder/spi-builder-workspace/Sources/Upsurge/PointerUtilities.swift (in target 'Upsurge' from project 'Upsurge')
SwiftCompile normal arm64_32 /Users/admin/builder/spi-builder-workspace/Sources/Upsurge/MatrixSlice.swift (in target 'Upsurge' from project 'Upsurge')
cd /Users/admin/builder/spi-builder-workspace/.swiftpm/xcode
builtin-SwiftPerFileCompile MatrixSlice.swift
SwiftCompile normal arm64_32 /Users/admin/builder/spi-builder-workspace/Sources/Upsurge/PointerUtilities.swift (in target 'Upsurge' from project 'Upsurge')
cd /Users/admin/builder/spi-builder-workspace/.swiftpm/xcode
builtin-SwiftPerFileCompile PointerUtilities.swift
SwiftCompile normal arm64_32 Compiling\ LinearOperators.swift,\ LinearType.swift /Users/admin/builder/spi-builder-workspace/Sources/Upsurge/LinearOperators.swift /Users/admin/builder/spi-builder-workspace/Sources/Upsurge/LinearType.swift (in target 'Upsurge' from project 'Upsurge')
/Users/admin/builder/spi-builder-workspace/Sources/Upsurge/LinearOperators.swift:31:37: error: cannot convert value of type 'Int' to expected argument type 'vDSP_Stride' (aka 'Int64')
29 | let lhsStep = lhs.step
30 | withPointers(rhs, &lhs) { rhsp, lhsp in
31 | vDSP_vaddD(lhsp + lhsStart, lhsStep, rhsp + rhs.startIndex, rhs.step, lhsp, lhsStep, vDSP_Length(count))
| `- error: cannot convert value of type 'Int' to expected argument type 'vDSP_Stride' (aka 'Int64')
32 | }
33 | }
/Users/admin/builder/spi-builder-workspace/Sources/Upsurge/LinearOperators.swift:31:73: error: cannot convert value of type 'Int' to expected argument type 'vDSP_Stride' (aka 'Int64')
29 | let lhsStep = lhs.step
30 | withPointers(rhs, &lhs) { rhsp, lhsp in
31 | vDSP_vaddD(lhsp + lhsStart, lhsStep, rhsp + rhs.startIndex, rhs.step, lhsp, lhsStep, vDSP_Length(count))
| `- error: cannot convert value of type 'Int' to expected argument type 'vDSP_Stride' (aka 'Int64')
32 | }
33 | }
/Users/admin/builder/spi-builder-workspace/Sources/Upsurge/LinearOperators.swift:31:85: error: cannot convert value of type 'Int' to expected argument type 'vDSP_Stride' (aka 'Int64')
29 | let lhsStep = lhs.step
30 | withPointers(rhs, &lhs) { rhsp, lhsp in
31 | vDSP_vaddD(lhsp + lhsStart, lhsStep, rhsp + rhs.startIndex, rhs.step, lhsp, lhsStep, vDSP_Length(count))
| `- error: cannot convert value of type 'Int' to expected argument type 'vDSP_Stride' (aka 'Int64')
32 | }
33 | }
/Users/admin/builder/spi-builder-workspace/Sources/Upsurge/LinearOperators.swift:39:47: error: cannot convert value of type 'Int' to expected argument type 'vDSP_Stride' (aka 'Int64')
37 | let results = ValueArray<Double>(count: count)
38 | withPointers(lhs, rhs) { lhsp, rhsp in
39 | vDSP_vaddD(lhsp + lhs.startIndex, lhs.step, rhsp + rhs.startIndex, rhs.step, results.mutablePointer, results.step, vDSP_Length(count))
| `- error: cannot convert value of type 'Int' to expected argument type 'vDSP_Stride' (aka 'Int64')
40 | }
41 | return results
/Users/admin/builder/spi-builder-workspace/Sources/Upsurge/LinearOperators.swift:39:80: error: cannot convert value of type 'Int' to expected argument type 'vDSP_Stride' (aka 'Int64')
37 | let results = ValueArray<Double>(count: count)
38 | withPointers(lhs, rhs) { lhsp, rhsp in
39 | vDSP_vaddD(lhsp + lhs.startIndex, lhs.step, rhsp + rhs.startIndex, rhs.step, results.mutablePointer, results.step, vDSP_Length(count))
| `- error: cannot convert value of type 'Int' to expected argument type 'vDSP_Stride' (aka 'Int64')
40 | }
41 | return results
/Users/admin/builder/spi-builder-workspace/Sources/Upsurge/LinearOperators.swift:39:118: error: cannot convert value of type 'Int' to expected argument type 'vDSP_Stride' (aka 'Int64')
37 | let results = ValueArray<Double>(count: count)
38 | withPointers(lhs, rhs) { lhsp, rhsp in
39 | vDSP_vaddD(lhsp + lhs.startIndex, lhs.step, rhsp + rhs.startIndex, rhs.step, results.mutablePointer, results.step, vDSP_Length(count))
| `- error: cannot convert value of type 'Int' to expected argument type 'vDSP_Stride' (aka 'Int64')
40 | }
41 | return results
/Users/admin/builder/spi-builder-workspace/Sources/Upsurge/LinearOperators.swift:50:38: error: cannot convert value of type 'Int' to expected argument type 'vDSP_Stride' (aka 'Int64')
48 | withPointer(&lhs) { lhsp in
49 | var scalar = rhs
50 | vDSP_vsaddD(lhsp + lhsStart, lhsStep, &scalar, lhsp + lhsStart, lhsStep, vDSP_Length(count))
| `- error: cannot convert value of type 'Int' to expected argument type 'vDSP_Stride' (aka 'Int64')
51 | }
52 | }
/Users/admin/builder/spi-builder-workspace/Sources/Upsurge/LinearOperators.swift:50:73: error: cannot convert value of type 'Int' to expected argument type 'vDSP_Stride' (aka 'Int64')
48 | withPointer(&lhs) { lhsp in
49 | var scalar = rhs
50 | vDSP_vsaddD(lhsp + lhsStart, lhsStep, &scalar, lhsp + lhsStart, lhsStep, vDSP_Length(count))
| `- error: cannot convert value of type 'Int' to expected argument type 'vDSP_Stride' (aka 'Int64')
51 | }
52 | }
/Users/admin/builder/spi-builder-workspace/Sources/Upsurge/LinearOperators.swift:58:48: error: cannot convert value of type 'Int' to expected argument type 'vDSP_Stride' (aka 'Int64')
56 | let results = ValueArray<Double>(count: lhs.count)
57 | withPointer(lhs) { lhsp in
58 | vDSP_vsaddD(lhsp + lhs.startIndex, lhs.step, &rhs, results.mutablePointer + results.startIndex, results.step, vDSP_Length(lhs.count))
| `- error: cannot convert value of type 'Int' to expected argument type 'vDSP_Stride' (aka 'Int64')
59 | }
60 | return results
/Users/admin/builder/spi-builder-workspace/Sources/Upsurge/LinearOperators.swift:58:113: error: cannot convert value of type 'Int' to expected argument type 'vDSP_Stride' (aka 'Int64')
56 | let results = ValueArray<Double>(count: lhs.count)
57 | withPointer(lhs) { lhsp in
58 | vDSP_vsaddD(lhsp + lhs.startIndex, lhs.step, &rhs, results.mutablePointer + results.startIndex, results.step, vDSP_Length(lhs.count))
| `- error: cannot convert value of type 'Int' to expected argument type 'vDSP_Stride' (aka 'Int64')
59 | }
60 | return results
/Users/admin/builder/spi-builder-workspace/Sources/Upsurge/LinearOperators.swift:72:43: error: cannot convert value of type 'Int' to expected argument type 'vDSP_Stride' (aka 'Int64')
70 | let lhsStep = lhs.step
71 | withPointers(rhs, &lhs) { rhsp, lhsp in
72 | vDSP_vsubD(rhsp + rhs.startIndex, rhs.step, lhsp + lhsStart, lhsStep, lhsp + lhsStart, lhsStep, vDSP_Length(count))
| `- error: cannot convert value of type 'Int' to expected argument type 'vDSP_Stride' (aka 'Int64')
73 | }
74 | }
/Users/admin/builder/spi-builder-workspace/Sources/Upsurge/LinearOperators.swift:72:66: error: cannot convert value of type 'Int' to expected argument type 'vDSP_Stride' (aka 'Int64')
70 | let lhsStep = lhs.step
71 | withPointers(rhs, &lhs) { rhsp, lhsp in
72 | vDSP_vsubD(rhsp + rhs.startIndex, rhs.step, lhsp + lhsStart, lhsStep, lhsp + lhsStart, lhsStep, vDSP_Length(count))
| `- error: cannot convert value of type 'Int' to expected argument type 'vDSP_Stride' (aka 'Int64')
73 | }
74 | }
/Users/admin/builder/spi-builder-workspace/Sources/Upsurge/LinearOperators.swift:72:92: error: cannot convert value of type 'Int' to expected argument type 'vDSP_Stride' (aka 'Int64')
70 | let lhsStep = lhs.step
71 | withPointers(rhs, &lhs) { rhsp, lhsp in
72 | vDSP_vsubD(rhsp + rhs.startIndex, rhs.step, lhsp + lhsStart, lhsStep, lhsp + lhsStart, lhsStep, vDSP_Length(count))
| `- error: cannot convert value of type 'Int' to expected argument type 'vDSP_Stride' (aka 'Int64')
73 | }
74 | }
/Users/admin/builder/spi-builder-workspace/Sources/Upsurge/LinearOperators.swift:80:47: error: cannot convert value of type 'Int' to expected argument type 'vDSP_Stride' (aka 'Int64')
78 | let results = ValueArray<Double>(count: count)
79 | withPointers(lhs, rhs) { lhsp, rhsp in
80 | vDSP_vsubD(rhsp + rhs.startIndex, rhs.step, lhsp + lhs.startIndex, lhs.step, results.mutablePointer + results.startIndex, results.step, vDSP_Length(count))
| `- error: cannot convert value of type 'Int' to expected argument type 'vDSP_Stride' (aka 'Int64')
81 | }
82 | return results
/Users/admin/builder/spi-builder-workspace/Sources/Upsurge/LinearOperators.swift:80:80: error: cannot convert value of type 'Int' to expected argument type 'vDSP_Stride' (aka 'Int64')
78 | let results = ValueArray<Double>(count: count)
79 | withPointers(lhs, rhs) { lhsp, rhsp in
80 | vDSP_vsubD(rhsp + rhs.startIndex, rhs.step, lhsp + lhs.startIndex, lhs.step, results.mutablePointer + results.startIndex, results.step, vDSP_Length(count))
| `- error: cannot convert value of type 'Int' to expected argument type 'vDSP_Stride' (aka 'Int64')
81 | }
82 | return results
/Users/admin/builder/spi-builder-workspace/Sources/Upsurge/LinearOperators.swift:80:139: error: cannot convert value of type 'Int' to expected argument type 'vDSP_Stride' (aka 'Int64')
78 | let results = ValueArray<Double>(count: count)
79 | withPointers(lhs, rhs) { lhsp, rhsp in
80 | vDSP_vsubD(rhsp + rhs.startIndex, rhs.step, lhsp + lhs.startIndex, lhs.step, results.mutablePointer + results.startIndex, results.step, vDSP_Length(count))
| `- error: cannot convert value of type 'Int' to expected argument type 'vDSP_Stride' (aka 'Int64')
81 | }
82 | return results
/Users/admin/builder/spi-builder-workspace/Sources/Upsurge/LinearOperators.swift:91:38: error: cannot convert value of type 'Int' to expected argument type 'vDSP_Stride' (aka 'Int64')
89 | let lhsStep = lhs.step
90 | withPointer(&lhs) { lhsp in
91 | vDSP_vsaddD(lhsp + lhsStart, lhsStep, &scalar, lhsp + lhsStart, lhsStep, vDSP_Length(count))
| `- error: cannot convert value of type 'Int' to expected argument type 'vDSP_Stride' (aka 'Int64')
92 | }
93 | }
/Users/admin/builder/spi-builder-workspace/Sources/Upsurge/LinearOperators.swift:91:73: error: cannot convert value of type 'Int' to expected argument type 'vDSP_Stride' (aka 'Int64')
89 | let lhsStep = lhs.step
90 | withPointer(&lhs) { lhsp in
91 | vDSP_vsaddD(lhsp + lhsStart, lhsStep, &scalar, lhsp + lhsStart, lhsStep, vDSP_Length(count))
| `- error: cannot convert value of type 'Int' to expected argument type 'vDSP_Stride' (aka 'Int64')
92 | }
93 | }
/Users/admin/builder/spi-builder-workspace/Sources/Upsurge/LinearOperators.swift:99:48: error: cannot convert value of type 'Int' to expected argument type 'vDSP_Stride' (aka 'Int64')
97 | var scalar: Double = -rhs
98 | withPointer(lhs) { lhsp in
99 | vDSP_vsaddD(lhsp + lhs.startIndex, lhs.step, &scalar, results.mutablePointer + results.startIndex, results.step, vDSP_Length(lhs.count))
| `- error: cannot convert value of type 'Int' to expected argument type 'vDSP_Stride' (aka 'Int64')
100 | }
101 | return results
/Users/admin/builder/spi-builder-workspace/Sources/Upsurge/LinearOperators.swift:99:116: error: cannot convert value of type 'Int' to expected argument type 'vDSP_Stride' (aka 'Int64')
97 | var scalar: Double = -rhs
98 | withPointer(lhs) { lhsp in
99 | vDSP_vsaddD(lhsp + lhs.startIndex, lhs.step, &scalar, results.mutablePointer + results.startIndex, results.step, vDSP_Length(lhs.count))
| `- error: cannot convert value of type 'Int' to expected argument type 'vDSP_Stride' (aka 'Int64')
100 | }
101 | return results
/Users/admin/builder/spi-builder-workspace/Sources/Upsurge/LinearOperators.swift:109:48: error: cannot convert value of type 'Int' to expected argument type 'vDSP_Stride' (aka 'Int64')
107 | var scalarm: Double = -1
108 | var scalara: Double = lhs
109 | vDSP_vsmsaD(rhsp + rhs.startIndex, rhs.step, &scalarm, &scalara, results.mutablePointer + results.startIndex, results.step, vDSP_Length(rhs.count))
| `- error: cannot convert value of type 'Int' to expected argument type 'vDSP_Stride' (aka 'Int64')
110 | }
111 | return results
/Users/admin/builder/spi-builder-workspace/Sources/Upsurge/LinearOperators.swift:109:127: error: cannot convert value of type 'Int' to expected argument type 'vDSP_Stride' (aka 'Int64')
107 | var scalarm: Double = -1
108 | var scalara: Double = lhs
109 | vDSP_vsmsaD(rhsp + rhs.startIndex, rhs.step, &scalarm, &scalara, results.mutablePointer + results.startIndex, results.step, vDSP_Length(rhs.count))
| `- error: cannot convert value of type 'Int' to expected argument type 'vDSP_Stride' (aka 'Int64')
110 | }
111 | return results
/Users/admin/builder/spi-builder-workspace/Sources/Upsurge/LinearOperators.swift:119:47: error: cannot convert value of type 'Int' to expected argument type 'vDSP_Stride' (aka 'Int64')
117 | let lhsStep = lhs.step
118 | withPointers(rhs, &lhs) { rhsp, lhsp in
119 | vDSP_vdivD(rhsp + rhs.startIndex, rhs.step, lhsp + lhsStart, lhsStep, lhsp + lhsStart, lhsStep, vDSP_Length(count))
| `- error: cannot convert value of type 'Int' to expected argument type 'vDSP_Stride' (aka 'Int64')
120 | }
121 | }
/Users/admin/builder/spi-builder-workspace/Sources/Upsurge/LinearOperators.swift:119:70: error: cannot convert value of type 'Int' to expected argument type 'vDSP_Stride' (aka 'Int64')
117 | let lhsStep = lhs.step
118 | withPointers(rhs, &lhs) { rhsp, lhsp in
119 | vDSP_vdivD(rhsp + rhs.startIndex, rhs.step, lhsp + lhsStart, lhsStep, lhsp + lhsStart, lhsStep, vDSP_Length(count))
| `- error: cannot convert value of type 'Int' to expected argument type 'vDSP_Stride' (aka 'Int64')
120 | }
121 | }
/Users/admin/builder/spi-builder-workspace/Sources/Upsurge/LinearOperators.swift:119:96: error: cannot convert value of type 'Int' to expected argument type 'vDSP_Stride' (aka 'Int64')
117 | let lhsStep = lhs.step
118 | withPointers(rhs, &lhs) { rhsp, lhsp in
119 | vDSP_vdivD(rhsp + rhs.startIndex, rhs.step, lhsp + lhsStart, lhsStep, lhsp + lhsStart, lhsStep, vDSP_Length(count))
| `- error: cannot convert value of type 'Int' to expected argument type 'vDSP_Stride' (aka 'Int64')
120 | }
121 | }
/Users/admin/builder/spi-builder-workspace/Sources/Upsurge/LinearOperators.swift:127:47: error: cannot convert value of type 'Int' to expected argument type 'vDSP_Stride' (aka 'Int64')
125 | let results = ValueArray<Double>(count: lhs.count)
126 | withPointers(lhs, rhs) { lhsp, rhsp in
127 | vDSP_vdivD(rhsp + rhs.startIndex, rhs.step, lhsp + lhs.startIndex, lhs.step, results.mutablePointer + results.startIndex, results.step, vDSP_Length(count))
| `- error: cannot convert value of type 'Int' to expected argument type 'vDSP_Stride' (aka 'Int64')
128 | }
129 | return results
/Users/admin/builder/spi-builder-workspace/Sources/Upsurge/LinearOperators.swift:127:80: error: cannot convert value of type 'Int' to expected argument type 'vDSP_Stride' (aka 'Int64')
125 | let results = ValueArray<Double>(count: lhs.count)
126 | withPointers(lhs, rhs) { lhsp, rhsp in
127 | vDSP_vdivD(rhsp + rhs.startIndex, rhs.step, lhsp + lhs.startIndex, lhs.step, results.mutablePointer + results.startIndex, results.step, vDSP_Length(count))
| `- error: cannot convert value of type 'Int' to expected argument type 'vDSP_Stride' (aka 'Int64')
128 | }
129 | return results
/Users/admin/builder/spi-builder-workspace/Sources/Upsurge/LinearOperators.swift:127:139: error: cannot convert value of type 'Int' to expected argument type 'vDSP_Stride' (aka 'Int64')
125 | let results = ValueArray<Double>(count: lhs.count)
126 | withPointers(lhs, rhs) { lhsp, rhsp in
127 | vDSP_vdivD(rhsp + rhs.startIndex, rhs.step, lhsp + lhs.startIndex, lhs.step, results.mutablePointer + results.startIndex, results.step, vDSP_Length(count))
| `- error: cannot convert value of type 'Int' to expected argument type 'vDSP_Stride' (aka 'Int64')
128 | }
129 | return results
/Users/admin/builder/spi-builder-workspace/Sources/Upsurge/LinearOperators.swift:138:38: error: cannot convert value of type 'Int' to expected argument type 'vDSP_Stride' (aka 'Int64')
136 | withPointer(&lhs) { lhsp in
137 | var scalar = rhs
138 | vDSP_vsdivD(lhsp + lhsStart, lhsStep, &scalar, lhsp + lhsStart, lhsStep, vDSP_Length(count))
| `- error: cannot convert value of type 'Int' to expected argument type 'vDSP_Stride' (aka 'Int64')
139 | }
140 | }
/Users/admin/builder/spi-builder-workspace/Sources/Upsurge/LinearOperators.swift:138:73: error: cannot convert value of type 'Int' to expected argument type 'vDSP_Stride' (aka 'Int64')
136 | withPointer(&lhs) { lhsp in
137 | var scalar = rhs
138 | vDSP_vsdivD(lhsp + lhsStart, lhsStep, &scalar, lhsp + lhsStart, lhsStep, vDSP_Length(count))
| `- error: cannot convert value of type 'Int' to expected argument type 'vDSP_Stride' (aka 'Int64')
139 | }
140 | }
/Users/admin/builder/spi-builder-workspace/Sources/Upsurge/LinearOperators.swift:146:48: error: cannot convert value of type 'Int' to expected argument type 'vDSP_Stride' (aka 'Int64')
144 | withPointer(lhs) { lhsp in
145 | var scalar = rhs
146 | vDSP_vsdivD(lhsp + lhs.startIndex, lhs.step, &scalar, results.mutablePointer + results.startIndex, results.step, vDSP_Length(lhs.count))
| `- error: cannot convert value of type 'Int' to expected argument type 'vDSP_Stride' (aka 'Int64')
147 | }
148 | return results
/Users/admin/builder/spi-builder-workspace/Sources/Upsurge/LinearOperators.swift:146:116: error: cannot convert value of type 'Int' to expected argument type 'vDSP_Stride' (aka 'Int64')
144 | withPointer(lhs) { lhsp in
145 | var scalar = rhs
146 | vDSP_vsdivD(lhsp + lhs.startIndex, lhs.step, &scalar, results.mutablePointer + results.startIndex, results.step, vDSP_Length(lhs.count))
| `- error: cannot convert value of type 'Int' to expected argument type 'vDSP_Stride' (aka 'Int64')
147 | }
148 | return results
/Users/admin/builder/spi-builder-workspace/Sources/Upsurge/LinearOperators.swift:155:54: error: cannot convert value of type 'Int' to expected argument type 'vDSP_Stride' (aka 'Int64')
153 | let results = ValueArray<Double>(count: rhs.count)
154 | withPointer(rhs) { rhsp in
155 | vDSP_svdivD(&lhs, rhsp + rhs.startIndex, rhs.step, results.mutablePointer + results.startIndex, results.step, vDSP_Length(rhs.count))
| `- error: cannot convert value of type 'Int' to expected argument type 'vDSP_Stride' (aka 'Int64')
156 | }
157 | return results
SwiftCompile normal arm64_32 /Users/admin/builder/spi-builder-workspace/Sources/Upsurge/LinearOperators.swift (in target 'Upsurge' from project 'Upsurge')
cd /Users/admin/builder/spi-builder-workspace/.swiftpm/xcode
builtin-SwiftPerFileCompile LinearOperators.swift
SwiftCompile normal arm64_32 /Users/admin/builder/spi-builder-workspace/Sources/Upsurge/LinearType.swift (in target 'Upsurge' from project 'Upsurge')
cd /Users/admin/builder/spi-builder-workspace/.swiftpm/xcode
builtin-SwiftPerFileCompile LinearType.swift
SwiftEmitModule normal arm64_32 Emitting\ module\ for\ Upsurge (in target 'Upsurge' from project 'Upsurge')
/Users/admin/builder/spi-builder-workspace/Sources/Upsurge/Complex.swift:62:16: warning: 'Hashable.hashValue' is deprecated as a protocol requirement; conform type 'Complex' to 'Hashable' by implementing 'hash(into:)' instead [#DeprecatedDeclaration]
60 | }
61 |
62 | public var hashValue: Int {
| `- warning: 'Hashable.hashValue' is deprecated as a protocol requirement; conform type 'Complex' to 'Hashable' by implementing 'hash(into:)' instead [#DeprecatedDeclaration]
63 | return real.hashValue ^ imag.hashValue
64 | }
/Users/admin/builder/spi-builder-workspace/Sources/Upsurge/LinearType.swift:37:5: warning: 'public' modifier is redundant for property declared in a public extension
35 |
36 | public extension LinearType {
37 | public var dimensions: [Int] {
| `- warning: 'public' modifier is redundant for property declared in a public extension
38 | return [count]
39 | }
/Users/admin/builder/spi-builder-workspace/Sources/Upsurge/LinearType.swift:41:5: warning: 'public' modifier is redundant for instance method declared in a public extension
39 | }
40 |
41 | public func index(after i: Int) -> Int {
| `- warning: 'public' modifier is redundant for instance method declared in a public extension
42 | return i + 1
43 | }
/Users/admin/builder/spi-builder-workspace/Sources/Upsurge/LinearType.swift:45:5: warning: 'public' modifier is redundant for instance method declared in a public extension
43 | }
44 |
45 | public func index(before i: Int) -> Int {
| `- warning: 'public' modifier is redundant for instance method declared in a public extension
46 | return i - 1
47 | }
/Users/admin/builder/spi-builder-workspace/Sources/Upsurge/LinearType.swift:49:5: warning: 'public' modifier is redundant for instance method declared in a public extension
47 | }
48 |
49 | public func formIndex(after i: inout Int) {
| `- warning: 'public' modifier is redundant for instance method declared in a public extension
50 | i += 1
51 | }
/Users/admin/builder/spi-builder-workspace/Sources/Upsurge/LinearType.swift:53:5: warning: 'public' modifier is redundant for property declared in a public extension
51 | }
52 |
53 | public var description: String {
| `- warning: 'public' modifier is redundant for property declared in a public extension
54 | return "[\(map { "\($0)" }.joined(separator: ", "))]"
55 | }
SwiftCompile normal arm64_32 (in target 'Upsurge' from project 'Upsurge')
cd /Users/admin/builder/spi-builder-workspace/.swiftpm/xcode
SwiftEmitModule normal arm64 Emitting\ module\ for\ Upsurge (in target 'Upsurge' from project 'Upsurge')
SwiftCompile normal arm64 (in target 'Upsurge' from project 'Upsurge')
cd /Users/admin/builder/spi-builder-workspace/.swiftpm/xcode
SwiftDriverJobDiscovery normal arm64_32 Compiling Value.swift (in target 'Upsurge' from project 'Upsurge')
SwiftCompile normal arm64 Compiling\ MatrixArithmetic.swift,\ MatrixSlice.swift /Users/admin/builder/spi-builder-workspace/Sources/Upsurge/MatrixArithmetic.swift /Users/admin/builder/spi-builder-workspace/Sources/Upsurge/MatrixSlice.swift (in target 'Upsurge' from project 'Upsurge')
SwiftCompile normal arm64 /Users/admin/builder/spi-builder-workspace/Sources/Upsurge/MatrixArithmetic.swift (in target 'Upsurge' from project 'Upsurge')
cd /Users/admin/builder/spi-builder-workspace/.swiftpm/xcode
builtin-SwiftPerFileCompile MatrixArithmetic.swift
SwiftCompile normal arm64 /Users/admin/builder/spi-builder-workspace/Sources/Upsurge/MatrixSlice.swift (in target 'Upsurge' from project 'Upsurge')
cd /Users/admin/builder/spi-builder-workspace/.swiftpm/xcode
builtin-SwiftPerFileCompile MatrixSlice.swift
SwiftDriverJobDiscovery normal arm64_32 Compiling QuadraticType.swift, Real.swift (in target 'Upsurge' from project 'Upsurge')
SwiftCompile normal arm64_32 Compiling\ Complex.swift /Users/admin/builder/spi-builder-workspace/Sources/Upsurge/Complex.swift (in target 'Upsurge' from project 'Upsurge')
SwiftCompile normal arm64_32 /Users/admin/builder/spi-builder-workspace/Sources/Upsurge/Complex.swift (in target 'Upsurge' from project 'Upsurge')
cd /Users/admin/builder/spi-builder-workspace/.swiftpm/xcode
builtin-SwiftPerFileCompile Complex.swift
SwiftDriverJobDiscovery normal arm64_32 Compiling TensorType.swift (in target 'Upsurge' from project 'Upsurge')
SwiftCompile normal arm64 Compiling\ Complex.swift,\ ComplexArithmetic.swift /Users/admin/builder/spi-builder-workspace/Sources/Upsurge/Complex.swift /Users/admin/builder/spi-builder-workspace/Sources/Upsurge/ComplexArithmetic.swift (in target 'Upsurge' from project 'Upsurge')
SwiftCompile normal arm64 /Users/admin/builder/spi-builder-workspace/Sources/Upsurge/Complex.swift (in target 'Upsurge' from project 'Upsurge')
cd /Users/admin/builder/spi-builder-workspace/.swiftpm/xcode
builtin-SwiftPerFileCompile Complex.swift
SwiftCompile normal arm64 /Users/admin/builder/spi-builder-workspace/Sources/Upsurge/ComplexArithmetic.swift (in target 'Upsurge' from project 'Upsurge')
cd /Users/admin/builder/spi-builder-workspace/.swiftpm/xcode
builtin-SwiftPerFileCompile ComplexArithmetic.swift
SwiftDriverJobDiscovery normal arm64_32 Compiling TensorSlice.swift (in target 'Upsurge' from project 'Upsurge')
SwiftCompile normal arm64 Compiling\ Value.swift /Users/admin/builder/spi-builder-workspace/Sources/Upsurge/Value.swift (in target 'Upsurge' from project 'Upsurge')
SwiftCompile normal arm64 /Users/admin/builder/spi-builder-workspace/Sources/Upsurge/Value.swift (in target 'Upsurge' from project 'Upsurge')
cd /Users/admin/builder/spi-builder-workspace/.swiftpm/xcode
builtin-SwiftPerFileCompile Value.swift
PruneExplicitPrecompiledModules /Users/admin/builder/spi-builder-workspace/.derivedData/Build/Intermediates.noindex/SwiftExplicitPrecompiledModules
PruneExplicitPrecompiledModules /Users/admin/builder/spi-builder-workspace/.derivedData/Build/Intermediates.noindex/ExplicitPrecompiledModules
PruneExplicitPrecompiledModules /Users/admin/builder/spi-builder-workspace/.derivedData/SDKExplicitPrecompiledModules
2026-09-16 21:09:21.234 xcodebuild[691:4581] [MT] IDERunDestination: Supported platforms for the buildables in the current scheme is empty.
** BUILD FAILED **
The following build commands failed:
SwiftCompile normal arm64_32 Compiling\ 2DTensorSlice.swift,\ Arithmetic.swift /Users/admin/builder/spi-builder-workspace/Sources/Upsurge/2DTensorSlice.swift /Users/admin/builder/spi-builder-workspace/Sources/Upsurge/Arithmetic.swift (in target 'Upsurge' from project 'Upsurge')
SwiftCompile normal arm64_32 /Users/admin/builder/spi-builder-workspace/Sources/Upsurge/Arithmetic.swift (in target 'Upsurge' from project 'Upsurge')
Building workspace Upsurge with scheme Upsurge
(3 failures)
BUILD FAILURE 6.4 watchOS